Dec  9 09:27:43 cls sshd[47940]: pam_unix(sshd:auth): authentication failure; logname= uid=0 euid=0 tty=ssh ruser= rhost=101.47.161.202  user=root
Dec  9 09:27:45 cls sshd[47940]: Failed password for root from 101.47.161.202 port 54346 ssh2
Dec  9 09:27:45 cls sshd[47942]: pam_unix(sshd:auth): authentication failure; logname= uid=0 euid=0 tty=ssh ruser= rhost=101.47.162.19  user=root
Dec  9 09:27:46 cls sshd[47940]: Received disconnect from 101.47.161.202 port 54346:11: Bye Bye [preauth]
Dec  9 09:27:46 cls sshd[47940]: Disconnected from authenticating user root 101.47.161.202 port 54346 [preauth]
Dec  9 09:27:48 cls sshd[47942]: Failed password for root from 101.47.162.19 port 49634 ssh2
Dec  9 09:27:48 cls sshd[47942]: Received disconnect from 101.47.162.19 port 49634:11: Bye Bye [preauth]
Dec  9 09:27:48 cls sshd[47942]: Disconnected from authenticating user root 101.47.162.19 port 49634 [preauth]
Dec  9 09:27:52 cls sshd[47963]: Invalid user git from 101.47.141.25 port 60164
Dec  9 09:27:52 cls sshd[47963]: pam_unix(sshd:auth): check pass; user unknown
Dec  9 09:27:52 cls sshd[47963]: pam_unix(sshd:auth): authentication failure; logname= uid=0 euid=0 tty=ssh ruser= rhost=101.47.141.25 
Dec  9 09:27:53 cls sshd[47963]: Failed password for invalid user git from 101.47.141.25 port 60164 ssh2
Dec  9 09:27:53 cls sshd[47963]: Received disconnect from 101.47.141.25 port 60164:11: Bye Bye [preauth]
Dec  9 09:27:53 cls sshd[47963]: Disconnected from invalid user git 101.47.141.25 port 60164 [preauth]
Dec  9 09:27:55 cls sshd[47965]: Invalid user bot from 190.112.222.136 port 60148
Dec  9 09:27:55 cls sshd[47965]: pam_unix(sshd:auth): check pass; user unknown
Dec  9 09:27:55 cls sshd[47965]: pam_unix(sshd:auth): authentication failure; logname= uid=0 euid=0 tty=ssh ruser= rhost=190.112.222.136 
Dec  9 09:27:57 cls sshd[47967]: Invalid user user1 from 117.241.86.211 port 48110
Dec  9 09:27:57 cls sshd[47967]: pam_unix(sshd:auth): check pass; user unknown
Dec  9 09:27:57 cls sshd[47967]: pam_unix(sshd:auth): authentication failure; logname= uid=0 euid=0 tty=ssh ruser= rhost=117.241.86.211 
Dec  9 09:27:58 cls sshd[47965]: Failed password for invalid user bot from 190.112.222.136 port 60148 ssh2
Dec  9 09:27:59 cls sshd[47967]: Failed password for invalid user user1 from 117.241.86.211 port 48110 ssh2
Dec  9 09:27:59 cls sshd[47965]: Received disconnect from 190.112.222.136 port 60148:11: Bye Bye [preauth]
Dec  9 09:27:59 cls sshd[47965]: Disconnected from invalid user bot 190.112.222.136 port 60148 [preauth]
Dec  9 09:28:00 cls sshd[47967]: Received disconnect from 117.241.86.211 port 48110:11: Bye Bye [preauth]
Dec  9 09:28:00 cls sshd[47967]: Disconnected from invalid user user1 117.241.86.211 port 48110 [preauth]
Dec  9 09:28:01 cls sshd[47969]: pam_unix(sshd:auth): authentication failure; logname= uid=0 euid=0 tty=ssh ruser= rhost=103.77.241.7  user=root
Dec  9 09:28:03 cls sshd[47969]: Failed password for root from 103.77.241.7 port 52312 ssh2
Dec  9 09:28:04 cls sshd[47969]: Received disconnect from 103.77.241.7 port 52312:11: Bye Bye [preauth]
Dec  9 09:28:04 cls sshd[47969]: Disconnected from authenticating user root 103.77.241.7 port 52312 [preauth]
Dec  9 09:28:09 cls sshd[47973]: pam_unix(sshd:auth): authentication failure; logname= uid=0 euid=0 tty=ssh ruser= rhost=202.165.22.246  user=root
Dec  9 09:28:11 cls sshd[47973]: Failed password for root from 202.165.22.246 port 52350 ssh2
Dec  9 09:28:11 cls sshd[47973]: Received disconnect from 202.165.22.246 port 52350:11: Bye Bye [preauth]
Dec  9 09:28:11 cls sshd[47973]: Disconnected from authenticating user root 202.165.22.246 port 52350 [preauth]
Dec  9 09:28:22 cls sshd[47979]: Invalid user sysadmin from 177.65.97.67 port 46868
Dec  9 09:28:22 cls sshd[47979]: pam_unix(sshd:auth): check pass; user unknown
Dec  9 09:28:22 cls sshd[47979]: pam_unix(sshd:auth): authentication failure; logname= uid=0 euid=0 tty=ssh ruser= rhost=177.65.97.67 
Dec  9 09:28:24 cls sshd[47979]: Failed password for invalid user sysadmin from 177.65.97.67 port 46868 ssh2
Dec  9 09:28:26 cls sshd[47979]: Received disconnect from 177.65.97.67 port 46868:11: Bye Bye [preauth]
Dec  9 09:28:26 cls sshd[47979]: Disconnected from invalid user sysadmin 177.65.97.67 port 46868 [preauth]
Dec  9 09:28:31 cls sshd[47985]: Invalid user user11 from 190.112.222.136 port 45938
Dec  9 09:28:31 cls sshd[47985]: pam_unix(sshd:auth): check pass; user unknown
Dec  9 09:28:31 cls sshd[47985]: pam_unix(sshd:auth): authentication failure; logname= uid=0 euid=0 tty=ssh ruser= rhost=190.112.222.136 
Dec  9 09:28:34 cls sshd[47985]: Failed password for invalid user user11 from 190.112.222.136 port 45938 ssh2
Dec  9 09:28:35 cls sshd[47985]: Received disconnect from 190.112.222.136 port 45938:11: Bye Bye [preauth]
Dec  9 09:28:35 cls sshd[47985]: Disconnected from invalid user user11 190.112.222.136 port 45938 [preauth]
Dec  9 09:28:48 cls sshd[47991]: pam_unix(sshd:auth): authentication failure; logname= uid=0 euid=0 tty=ssh ruser= rhost=103.77.241.7  user=root
Dec  9 09:28:50 cls sshd[47993]: Invalid user demo from 202.165.22.246 port 36946
Dec  9 09:28:50 cls sshd[47993]: pam_unix(sshd:auth): check pass; user unknown
Dec  9 09:28:50 cls sshd[47993]: pam_unix(sshd:auth): authentication failure; logname= uid=0 euid=0 tty=ssh ruser= rhost=202.165.22.246 
Dec  9 09:28:50 cls sshd[47991]: Failed password for root from 103.77.241.7 port 38616 ssh2
Dec  9 09:28:51 cls sshd[47991]: Received disconnect from 103.77.241.7 port 38616:11: Bye Bye [preauth]
Dec  9 09:28:51 cls sshd[47991]: Disconnected from authenticating user root 103.77.241.7 port 38616 [preauth]
Dec  9 09:28:52 cls sshd[47993]: Failed password for invalid user demo from 202.165.22.246 port 36946 ssh2
Dec  9 09:28:53 cls sshd[47993]: Received disconnect from 202.165.22.246 port 36946:11: Bye Bye [preauth]
Dec  9 09:28:53 cls sshd[47993]: Disconnected from invalid user demo 202.165.22.246 port 36946 [preauth]
Dec  9 09:28:53 cls sshd[48000]: Invalid user bot from 117.241.86.211 port 43499
Dec  9 09:28:53 cls sshd[48000]: pam_unix(sshd:auth): check pass; user unknown
Dec  9 09:28:53 cls sshd[48000]: pam_unix(sshd:auth): authentication failure; logname= uid=0 euid=0 tty=ssh ruser= rhost=117.241.86.211 
Dec  9 09:28:56 cls sshd[48002]: pam_unix(sshd:auth): authentication failure; logname= uid=0 euid=0 tty=ssh ruser= rhost=101.47.161.202  user=root
Dec  9 09:28:56 cls sshd[48000]: Failed password for invalid user bot from 117.241.86.211 port 43499 ssh2
Dec  9 09:28:57 cls sshd[48000]: Received disconnect from 117.241.86.211 port 43499:11: Bye Bye [preauth]
Dec  9 09:28:57 cls sshd[48000]: Disconnected from invalid user bot 117.241.86.211 port 43499 [preauth]
Dec  9 09:28:58 cls sshd[48002]: Failed password for root from 101.47.161.202 port 42124 ssh2
Dec  9 09:28:59 cls sshd[48002]: Received disconnect from 101.47.161.202 port 42124:11: Bye Bye [preauth]
Dec  9 09:28:59 cls sshd[48002]: Disconnected from authenticating user root 101.47.161.202 port 42124 [preauth]
Dec  9 09:29:00 cls sshd[48007]: pam_unix(sshd:auth): authentication failure; logname= uid=0 euid=0 tty=ssh ruser= rhost=101.47.141.25  user=root
Dec  9 09:29:02 cls sshd[48007]: Failed password for root from 101.47.141.25 port 56470 ssh2
Dec  9 09:29:03 cls sshd[48007]: Received disconnect from 101.47.141.25 port 56470:11: Bye Bye [preauth]
Dec  9 09:29:03 cls sshd[48007]: Disconnected from authenticating user root 101.47.141.25 port 56470 [preauth]
Dec  9 09:29:11 cls sshd[48015]: Invalid user ftpuser from 190.112.222.136 port 56366
Dec  9 09:29:11 cls sshd[48015]: pam_unix(sshd:auth): check pass; user unknown
Dec  9 09:29:11 cls sshd[48015]: pam_unix(sshd:auth): authentication failure; logname= uid=0 euid=0 tty=ssh ruser= rhost=190.112.222.136 
Dec  9 09:29:11 cls sshd[48013]: Invalid user user11 from 177.65.97.67 port 57128
Dec  9 09:29:11 cls sshd[48013]: pam_unix(sshd:auth): check pass; user unknown
Dec  9 09:29:11 cls sshd[48013]: pam_unix(sshd:auth): authentication failure; logname= uid=0 euid=0 tty=ssh ruser= rhost=177.65.97.67 
Dec  9 09:29:12 cls sshd[48015]: Failed password for invalid user ftpuser from 190.112.222.136 port 56366 ssh2
Dec  9 09:29:13 cls sshd[48013]: Failed password for invalid user user11 from 177.65.97.67 port 57128 ssh2
Dec  9 09:29:13 cls sshd[48015]: Received disconnect from 190.112.222.136 port 56366:11: Bye Bye [preauth]
Dec  9 09:29:13 cls sshd[48015]: Disconnected from invalid user ftpuser 190.112.222.136 port 56366 [preauth]
Dec  9 09:29:14 cls sshd[48013]: Received disconnect from 177.65.97.67 port 57128:11: Bye Bye [preauth]
Dec  9 09:29:14 cls sshd[48013]: Disconnected from invalid user user11 177.65.97.67 port 57128 [preauth]
Dec  9 09:29:27 cls sshd[48034]: Invalid user admin from 202.165.22.246 port 49774
Dec  9 09:29:27 cls sshd[48034]: pam_unix(sshd:auth): check pass; user unknown
Dec  9 09:29:27 cls sshd[48034]: pam_unix(sshd:auth): authentication failure; logname= uid=0 euid=0 tty=ssh ruser= rhost=202.165.22.246 
Dec  9 09:29:29 cls sshd[48034]: Failed password for invalid user admin from 202.165.22.246 port 49774 ssh2
Dec  9 09:29:30 cls sshd[48034]: Received disconnect from 202.165.22.246 port 49774:11: Bye Bye [preauth]
Dec  9 09:29:30 cls sshd[48034]: Disconnected from invalid user admin 202.165.22.246 port 49774 [preauth]
Dec  9 09:29:36 cls sshd[48040]: Invalid user ylj from 103.77.241.7 port 53148
Dec  9 09:29:36 cls sshd[48040]: pam_unix(sshd:auth): check pass; user unknown
Dec  9 09:29:36 cls sshd[48040]: pam_unix(sshd:auth): authentication failure; logname= uid=0 euid=0 tty=ssh ruser= rhost=103.77.241.7 
Dec  9 09:29:37 cls sshd[48040]: Failed password for invalid user ylj from 103.77.241.7 port 53148 ssh2
Dec  9 09:29:38 cls sshd[48040]: Received disconnect from 103.77.241.7 port 53148:11: Bye Bye [preauth]
Dec  9 09:29:38 cls sshd[48040]: Disconnected from invalid user ylj 103.77.241.7 port 53148 [preauth]
Dec  9 09:29:49 cls sshd[48045]: Invalid user sysadmin from 117.241.86.211 port 48824
Dec  9 09:29:49 cls sshd[48045]: pam_unix(sshd:auth): check pass; user unknown
Dec  9 09:29:49 cls sshd[48045]: pam_unix(sshd:auth): authentication failure; logname= uid=0 euid=0 tty=ssh ruser= rhost=117.241.86.211 
Dec  9 09:29:51 cls sshd[48045]: Failed password for invalid user sysadmin from 117.241.86.211 port 48824 ssh2
Dec  9 09:29:52 cls sshd[48047]: pam_unix(sshd:auth): authentication failure; logname= uid=0 euid=0 tty=ssh ruser= rhost=190.112.222.136  user=root
Dec  9 09:29:53 cls sshd[48045]: Received disconnect from 117.241.86.211 port 48824:11: Bye Bye [preauth]
Dec  9 09:29:53 cls sshd[48045]: Disconnected from invalid user sysadmin 117.241.86.211 port 48824 [preauth]
Dec  9 09:29:53 cls sshd[48047]: Failed password for root from 190.112.222.136 port 36606 ssh2
Dec  9 09:29:54 cls sshd[48047]: Received disconnect from 190.112.222.136 port 36606:11: Bye Bye [preauth]
Dec  9 09:29:54 cls sshd[48047]: Disconnected from authenticating user root 190.112.222.136 port 36606 [preauth]
Dec  9 09:30:02 cls sshd[48081]: Invalid user git from 177.65.97.67 port 56904
Dec  9 09:30:02 cls sshd[48081]: pam_unix(sshd:auth): check pass; user unknown
Dec  9 09:30:02 cls sshd[48081]: pam_unix(sshd:auth): authentication failure; logname= uid=0 euid=0 tty=ssh ruser= rhost=177.65.97.67 
Dec  9 09:30:04 cls sshd[48087]: pam_unix(sshd:auth): authentication failure; logname= uid=0 euid=0 tty=ssh ruser= rhost=101.47.141.25  user=root
Dec  9 09:30:04 cls sshd[48081]: Failed password for invalid user git from 177.65.97.67 port 56904 ssh2
Dec  9 09:30:05 cls sshd[48087]: Failed password for root from 101.47.141.25 port 42560 ssh2
Dec  9 09:30:05 cls sshd[48081]: Received disconnect from 177.65.97.67 port 56904:11: Bye Bye [preauth]
Dec  9 09:30:05 cls sshd[48081]: Disconnected from invalid user git 177.65.97.67 port 56904 [preauth]
Dec  9 09:30:06 cls sshd[48083]: Connection closed by 101.47.162.19 port 37318 [preauth]
Dec  9 09:30:06 cls sshd[48087]: Received disconnect from 101.47.141.25 port 42560:11: Bye Bye [preauth]
Dec  9 09:30:06 cls sshd[48087]: Disconnected from authenticating user root 101.47.141.25 port 42560 [preauth]
Dec  9 09:30:07 cls sshd[48093]: pam_unix(sshd:auth): authentication failure; logname= uid=0 euid=0 tty=ssh ruser= rhost=202.165.22.246  user=root
Dec  9 09:30:09 cls sshd[48093]: Failed password for root from 202.165.22.246 port 34368 ssh2
Dec  9 09:30:10 cls sshd[48093]: Received disconnect from 202.165.22.246 port 34368:11: Bye Bye [preauth]
Dec  9 09:30:10 cls sshd[48093]: Disconnected from authenticating user root 202.165.22.246 port 34368 [preauth]
Dec  9 09:30:11 cls sshd[48095]: Invalid user admin from 101.47.161.202 port 48794
Dec  9 09:30:11 cls sshd[48095]: pam_unix(sshd:auth): check pass; user unknown
Dec  9 09:30:11 cls sshd[48095]: pam_unix(sshd:auth): authentication failure; logname= uid=0 euid=0 tty=ssh ruser= rhost=101.47.161.202 
Dec  9 09:30:12 cls sshd[48095]: Failed password for invalid user admin from 101.47.161.202 port 48794 ssh2
Dec  9 09:30:12 cls sshd[48095]: Received disconnect from 101.47.161.202 port 48794:11: Bye Bye [preauth]
Dec  9 09:30:12 cls sshd[48095]: Disconnected from invalid user admin 101.47.161.202 port 48794 [preauth]
Dec  9 09:30:21 cls sshd[48097]: Invalid user ftpuser from 103.77.241.7 port 39450
Dec  9 09:30:21 cls sshd[48097]: pam_unix(sshd:auth): check pass; user unknown
Dec  9 09:30:21 cls sshd[48097]: pam_unix(sshd:auth): authentication failure; logname= uid=0 euid=0 tty=ssh ruser= rhost=103.77.241.7 
Dec  9 09:30:23 cls sshd[48097]: Failed password for invalid user ftpuser from 103.77.241.7 port 39450 ssh2
Dec  9 09:30:25 cls sshd[48097]: Received disconnect from 103.77.241.7 port 39450:11: Bye Bye [preauth]
Dec  9 09:30:25 cls sshd[48097]: Disconnected from invalid user ftpuser 103.77.241.7 port 39450 [preauth]
Dec  9 09:30:28 cls sshd[48104]: Invalid user zeeshan from 190.112.222.136 port 58328
Dec  9 09:30:28 cls sshd[48104]: pam_unix(sshd:auth): check pass; user unknown
Dec  9 09:30:28 cls sshd[48104]: pam_unix(sshd:auth): authentication failure; logname= uid=0 euid=0 tty=ssh ruser= rhost=190.112.222.136 
Dec  9 09:30:30 cls sshd[48104]: Failed password for invalid user zeeshan from 190.112.222.136 port 58328 ssh2
Dec  9 09:30:30 cls sshd[48104]: Received disconnect from 190.112.222.136 port 58328:11: Bye Bye [preauth]
Dec  9 09:30:30 cls sshd[48104]: Disconnected from invalid user zeeshan 190.112.222.136 port 58328 [preauth]
Dec  9 09:30:45 cls sshd[48114]: pam_unix(sshd:auth): authentication failure; logname= uid=0 euid=0 tty=ssh ruser= rhost=117.241.86.211  user=root
Dec  9 09:30:45 cls sshd[48116]: pam_unix(sshd:auth): authentication failure; logname= uid=0 euid=0 tty=ssh ruser= rhost=202.165.22.246  user=root
Dec  9 09:30:47 cls sshd[48114]: Failed password for root from 117.241.86.211 port 36087 ssh2
Dec  9 09:30:47 cls sshd[48116]: Failed password for root from 202.165.22.246 port 47196 ssh2
Dec  9 09:30:48 cls sshd[48114]: Received disconnect from 117.241.86.211 port 36087:11: Bye Bye [preauth]
Dec  9 09:30:48 cls sshd[48114]: Disconnected from authenticating user root 117.241.86.211 port 36087 [preauth]
Dec  9 09:30:48 cls sshd[48116]: Received disconnect from 202.165.22.246 port 47196:11: Bye Bye [preauth]
Dec  9 09:30:48 cls sshd[48116]: Disconnected from authenticating user root 202.165.22.246 port 47196 [preauth]
Dec  9 09:30:50 cls sshd[48122]: pam_unix(sshd:auth): authentication failure; logname= uid=0 euid=0 tty=ssh ruser= rhost=177.65.97.67  user=root
Dec  9 09:30:52 cls sshd[48122]: Failed password for root from 177.65.97.67 port 41172 ssh2
Dec  9 09:30:53 cls sshd[48122]: Received disconnect from 177.65.97.67 port 41172:11: Bye Bye [preauth]
Dec  9 09:30:53 cls sshd[48122]: Disconnected from authenticating user root 177.65.97.67 port 41172 [preauth]
Dec  9 09:31:05 cls sshd[48154]: pam_unix(sshd:auth): authentication failure; logname= uid=0 euid=0 tty=ssh ruser= rhost=190.112.222.136  user=root
Dec  9 09:31:07 cls sshd[48154]: Failed password for root from 190.112.222.136 port 46296 ssh2
Dec  9 09:31:08 cls sshd[48159]: pam_unix(sshd:auth): authentication failure; logname= uid=0 euid=0 tty=ssh ruser= rhost=103.77.241.7  user=root
Dec  9 09:31:08 cls sshd[48154]: Received disconnect from 190.112.222.136 port 46296:11: Bye Bye [preauth]
Dec  9 09:31:08 cls sshd[48154]: Disconnected from authenticating user root 190.112.222.136 port 46296 [preauth]
Dec  9 09:31:10 cls sshd[48159]: Failed password for root from 103.77.241.7 port 53986 ssh2
Dec  9 09:31:10 cls sshd[48161]: Invalid user httpd from 101.47.162.19 port 52678
Dec  9 09:31:10 cls sshd[48161]: pam_unix(sshd:auth): check pass; user unknown
Dec  9 09:31:10 cls sshd[48161]: pam_unix(sshd:auth): authentication failure; logname= uid=0 euid=0 tty=ssh ruser= rhost=101.47.162.19 
Dec  9 09:31:10 cls sshd[48159]: Received disconnect from 103.77.241.7 port 53986:11: Bye Bye [preauth]
Dec  9 09:31:10 cls sshd[48159]: Disconnected from authenticating user root 103.77.241.7 port 53986 [preauth]
Dec  9 09:31:12 cls sshd[48161]: Failed password for invalid user httpd from 101.47.162.19 port 52678 ssh2
Dec  9 09:31:13 cls sshd[48163]: Invalid user user from 101.47.141.25 port 54376
Dec  9 09:31:13 cls sshd[48163]: pam_unix(sshd:auth): check pass; user unknown
Dec  9 09:31:13 cls sshd[48163]: pam_unix(sshd:auth): authentication failure; logname= uid=0 euid=0 tty=ssh ruser= rhost=101.47.141.25 
Dec  9 09:31:13 cls sshd[48161]: Received disconnect from 101.47.162.19 port 52678:11: Bye Bye [preauth]
Dec  9 09:31:13 cls sshd[48161]: Disconnected from invalid user httpd 101.47.162.19 port 52678 [preauth]
Dec  9 09:31:15 cls sshd[48163]: Failed password for invalid user user from 101.47.141.25 port 54376 ssh2
Dec  9 09:31:16 cls sshd[48163]: Received disconnect from 101.47.141.25 port 54376:11: Bye Bye [preauth]
Dec  9 09:31:16 cls sshd[48163]: Disconnected from invalid user user 101.47.141.25 port 54376 [preauth]
Dec  9 09:31:25 cls sshd[48168]: Invalid user zhang from 202.165.22.246 port 60022
Dec  9 09:31:25 cls sshd[48168]: pam_unix(sshd:auth): check pass; user unknown
Dec  9 09:31:25 cls sshd[48168]: pam_unix(sshd:auth): authentication failure; logname= uid=0 euid=0 tty=ssh ruser= rhost=202.165.22.246 
Dec  9 09:31:27 cls sshd[48168]: Failed password for invalid user zhang from 202.165.22.246 port 60022 ssh2
Dec  9 09:31:27 cls sshd[48168]: Received disconnect from 202.165.22.246 port 60022:11: Bye Bye [preauth]
Dec  9 09:31:27 cls sshd[48168]: Disconnected from invalid user zhang 202.165.22.246 port 60022 [preauth]
Dec  9 09:31:45 cls sshd[48174]: pam_unix(sshd:auth): authentication failure; logname= uid=0 euid=0 tty=ssh ruser= rhost=177.65.97.67  user=root
Dec  9 09:31:46 cls sshd[48176]: pam_unix(sshd:auth): authentication failure; logname= uid=0 euid=0 tty=ssh ruser= rhost=190.112.222.136  user=root
Dec  9 09:31:46 cls sshd[48178]: pam_unix(sshd:auth): authentication failure; logname= uid=0 euid=0 tty=ssh ruser= rhost=117.241.86.211  user=root
Dec  9 09:31:48 cls sshd[48176]: Failed password for root from 190.112.222.136 port 58660 ssh2
Dec  9 09:31:48 cls sshd[48174]: Failed password for root from 177.65.97.67 port 55524 ssh2
Dec  9 09:31:48 cls sshd[48178]: Failed password for root from 117.241.86.211 port 37936 ssh2
Dec  9 09:31:48 cls sshd[48178]: Received disconnect from 117.241.86.211 port 37936:11: Bye Bye [preauth]
Dec  9 09:31:48 cls sshd[48178]: Disconnected from authenticating user root 117.241.86.211 port 37936 [preauth]
Dec  9 09:31:49 cls sshd[48176]: Received disconnect from 190.112.222.136 port 58660:11: Bye Bye [preauth]
Dec  9 09:31:49 cls sshd[48176]: Disconnected from authenticating user root 190.112.222.136 port 58660 [preauth]
Dec  9 09:31:51 cls sshd[48174]: Received disconnect from 177.65.97.67 port 55524:11: Bye Bye [preauth]
Dec  9 09:31:51 cls sshd[48174]: Disconnected from authenticating user root 177.65.97.67 port 55524 [preauth]
Dec  9 09:31:57 cls sshd[48180]: Invalid user oper from 103.77.241.7 port 40288
Dec  9 09:31:57 cls sshd[48180]: pam_unix(sshd:auth): check pass; user unknown
Dec  9 09:31:57 cls sshd[48180]: pam_unix(sshd:auth): authentication failure; logname= uid=0 euid=0 tty=ssh ruser= rhost=103.77.241.7 
Dec  9 09:32:00 cls sshd[48180]: Failed password for invalid user oper from 103.77.241.7 port 40288 ssh2
Dec  9 09:32:01 cls sshd[48180]: Received disconnect from 103.77.241.7 port 40288:11: Bye Bye [preauth]
Dec  9 09:32:01 cls sshd[48180]: Disconnected from invalid user oper 103.77.241.7 port 40288 [preauth]
Dec  9 09:32:08 cls sshd[48184]: Invalid user httpd from 202.165.22.246 port 44620
Dec  9 09:32:08 cls sshd[48184]: pam_unix(sshd:auth): check pass; user unknown
Dec  9 09:32:08 cls sshd[48184]: pam_unix(sshd:auth): authentication failure; logname= uid=0 euid=0 tty=ssh ruser= rhost=202.165.22.246 
Dec  9 09:32:11 cls sshd[48184]: Failed password for invalid user httpd from 202.165.22.246 port 44620 ssh2
Dec  9 09:32:11 cls sshd[48184]: Received disconnect from 202.165.22.246 port 44620:11: Bye Bye [preauth]
Dec  9 09:32:11 cls sshd[48184]: Disconnected from invalid user httpd 202.165.22.246 port 44620 [preauth]
Dec  9 09:32:17 cls sshd[48188]: Invalid user jenkins from 101.47.162.19 port 51252
Dec  9 09:32:18 cls sshd[48188]: pam_unix(sshd:auth): check pass; user unknown
Dec  9 09:32:18 cls sshd[48188]: pam_unix(sshd:auth): authentication failure; logname= uid=0 euid=0 tty=ssh ruser= rhost=101.47.162.19 
Dec  9 09:32:20 cls sshd[48188]: Failed password for invalid user jenkins from 101.47.162.19 port 51252 ssh2
Dec  9 09:32:22 cls sshd[48188]: Received disconnect from 101.47.162.19 port 51252:11: Bye Bye [preauth]
Dec  9 09:32:22 cls sshd[48188]: Disconnected from invalid user jenkins 101.47.162.19 port 51252 [preauth]
Dec  9 09:32:22 cls sshd[48190]: pam_unix(sshd:auth): authentication failure; logname= uid=0 euid=0 tty=ssh ruser= rhost=101.47.141.25  user=root
Dec  9 09:32:24 cls sshd[48190]: Failed password for root from 101.47.141.25 port 53358 ssh2
Dec  9 09:32:25 cls sshd[48192]: pam_unix(sshd:auth): authentication failure; logname= uid=0 euid=0 tty=ssh ruser= rhost=190.112.222.136  user=ubuntu
Dec  9 09:32:25 cls sshd[48190]: Received disconnect from 101.47.141.25 port 53358:11: Bye Bye [preauth]
Dec  9 09:32:25 cls sshd[48190]: Disconnected from authenticating user root 101.47.141.25 port 53358 [preauth]
Dec  9 09:32:26 cls sshd[48192]: Failed password for ubuntu from 190.112.222.136 port 59788 ssh2
Dec  9 09:32:27 cls sshd[48192]: Received disconnect from 190.112.222.136 port 59788:11: Bye Bye [preauth]
Dec  9 09:32:27 cls sshd[48192]: Disconnected from authenticating user ubuntu 190.112.222.136 port 59788 [preauth]
Dec  9 09:32:34 cls sshd[48200]: Invalid user user from 177.65.97.67 port 40466
Dec  9 09:32:34 cls sshd[48200]: pam_unix(sshd:auth): check pass; user unknown
Dec  9 09:32:34 cls sshd[48200]: pam_unix(sshd:auth): authentication failure; logname= uid=0 euid=0 tty=ssh ruser= rhost=177.65.97.67 
Dec  9 09:32:36 cls sshd[48200]: Failed password for invalid user user from 177.65.97.67 port 40466 ssh2
Dec  9 09:32:38 cls sshd[48200]: Received disconnect from 177.65.97.67 port 40466:11: Bye Bye [preauth]
Dec  9 09:32:38 cls sshd[48200]: Disconnected from invalid user user 177.65.97.67 port 40466 [preauth]
Dec  9 09:32:40 cls sshd[48205]: pam_unix(sshd:auth): authentication failure; logname= uid=0 euid=0 tty=ssh ruser= rhost=101.47.161.202  user=ubuntu
Dec  9 09:32:42 cls sshd[48205]: Failed password for ubuntu from 101.47.161.202 port 50532 ssh2
Dec  9 09:32:43 cls sshd[48207]: pam_unix(sshd:auth): authentication failure; logname= uid=0 euid=0 tty=ssh ruser= rhost=117.241.86.211  user=root
Dec  9 09:32:44 cls sshd[48205]: Received disconnect from 101.47.161.202 port 50532:11: Bye Bye [preauth]
Dec  9 09:32:44 cls sshd[48205]: Disconnected from authenticating user ubuntu 101.47.161.202 port 50532 [preauth]
Dec  9 09:32:45 cls sshd[48207]: Failed password for root from 117.241.86.211 port 59602 ssh2
Dec  9 09:32:45 cls sshd[48207]: Received disconnect from 117.241.86.211 port 59602:11: Bye Bye [preauth]
Dec  9 09:32:45 cls sshd[48207]: Disconnected from authenticating user root 117.241.86.211 port 59602 [preauth]
Dec  9 09:32:49 cls sshd[48244]: pam_unix(sshd:auth): authentication failure; logname= uid=0 euid=0 tty=ssh ruser= rhost=103.77.241.7  user=root
Dec  9 09:32:50 cls sshd[48246]: Invalid user sysadmin from 202.165.22.246 port 57448
Dec  9 09:32:50 cls sshd[48246]: pam_unix(sshd:auth): check pass; user unknown
Dec  9 09:32:50 cls sshd[48246]: pam_unix(sshd:auth): authentication failure; logname= uid=0 euid=0 tty=ssh ruser= rhost=202.165.22.246 
Dec  9 09:32:51 cls sshd[48244]: Failed password for root from 103.77.241.7 port 54824 ssh2
Dec  9 09:32:51 cls sshd[48244]: Received disconnect from 103.77.241.7 port 54824:11: Bye Bye [preauth]
Dec  9 09:32:51 cls sshd[48244]: Disconnected from authenticating user root 103.77.241.7 port 54824 [preauth]
Dec  9 09:32:52 cls sshd[48246]: Failed password for invalid user sysadmin from 202.165.22.246 port 57448 ssh2
Dec  9 09:32:53 cls sshd[48246]: Received disconnect from 202.165.22.246 port 57448:11: Bye Bye [preauth]
Dec  9 09:32:53 cls sshd[48246]: Disconnected from invalid user sysadmin 202.165.22.246 port 57448 [preauth]
Dec  9 09:33:02 cls sshd[48251]: pam_unix(sshd:auth): authentication failure; logname= uid=0 euid=0 tty=ssh ruser= rhost=190.112.222.136  user=root
Dec  9 09:33:05 cls sshd[48251]: Failed password for root from 190.112.222.136 port 53244 ssh2
Dec  9 09:33:08 cls sshd[48251]: Received disconnect from 190.112.222.136 port 53244:11: Bye Bye [preauth]
Dec  9 09:33:08 cls sshd[48251]: Disconnected from authenticating user root 190.112.222.136 port 53244 [preauth]
Dec  9 09:33:25 cls sshd[48289]: pam_unix(sshd:auth): authentication failure; logname= uid=0 euid=0 tty=ssh ruser= rhost=177.65.97.67  user=root
Dec  9 09:33:25 cls sshd[48291]: Invalid user elasticsearch from 101.47.162.19 port 47208
Dec  9 09:33:25 cls sshd[48291]: pam_unix(sshd:auth): check pass; user unknown
Dec  9 09:33:25 cls sshd[48291]: pam_unix(sshd:auth): authentication failure; logname= uid=0 euid=0 tty=ssh ruser= rhost=101.47.162.19 
Dec  9 09:33:27 cls sshd[48289]: Failed password for root from 177.65.97.67 port 34906 ssh2
Dec  9 09:33:28 cls sshd[48289]: Received disconnect from 177.65.97.67 port 34906:11: Bye Bye [preauth]
Dec  9 09:33:28 cls sshd[48289]: Disconnected from authenticating user root 177.65.97.67 port 34906 [preauth]
Dec  9 09:33:28 cls sshd[48291]: Failed password for invalid user elasticsearch from 101.47.162.19 port 47208 ssh2
Dec  9 09:33:28 cls sshd[48293]: pam_unix(sshd:auth): authentication failure; logname= uid=0 euid=0 tty=ssh ruser= rhost=202.165.22.246  user=root
Dec  9 09:33:30 cls sshd[48291]: Received disconnect from 101.47.162.19 port 47208:11: Bye Bye [preauth]
Dec  9 09:33:30 cls sshd[48291]: Disconnected from invalid user elasticsearch 101.47.162.19 port 47208 [preauth]
Dec  9 09:33:30 cls sshd[48293]: Failed password for root from 202.165.22.246 port 42042 ssh2
Dec  9 09:33:31 cls sshd[48293]: Received disconnect from 202.165.22.246 port 42042:11: Bye Bye [preauth]
Dec  9 09:33:31 cls sshd[48293]: Disconnected from authenticating user root 202.165.22.246 port 42042 [preauth]
Dec  9 09:33:31 cls sshd[48295]: Invalid user bot from 101.47.141.25 port 42348
Dec  9 09:33:31 cls sshd[48295]: pam_unix(sshd:auth): check pass; user unknown
Dec  9 09:33:31 cls sshd[48295]: pam_unix(sshd:auth): authentication failure; logname= uid=0 euid=0 tty=ssh ruser= rhost=101.47.141.25 
Dec  9 09:33:33 cls sshd[48295]: Failed password for invalid user bot from 101.47.141.25 port 42348 ssh2
Dec  9 09:33:38 cls sshd[48300]: pam_unix(sshd:auth): authentication failure; logname= uid=0 euid=0 tty=ssh ruser= rhost=103.77.241.7  user=root
Dec  9 09:33:39 cls sshd[48302]: pam_unix(sshd:auth): authentication failure; logname= uid=0 euid=0 tty=ssh ruser= rhost=190.112.222.136  user=root
Dec  9 09:33:40 cls sshd[48300]: Failed password for root from 103.77.241.7 port 41130 ssh2
Dec  9 09:33:41 cls sshd[48304]: pam_unix(sshd:auth): authentication failure; logname= uid=0 euid=0 tty=ssh ruser= rhost=117.241.86.211  user=root
Dec  9 09:33:41 cls sshd[48300]: Received disconnect from 103.77.241.7 port 41130:11: Bye Bye [preauth]
Dec  9 09:33:41 cls sshd[48300]: Disconnected from authenticating user root 103.77.241.7 port 41130 [preauth]
Dec  9 09:33:42 cls sshd[48302]: Failed password for root from 190.112.222.136 port 43990 ssh2
Dec  9 09:33:42 cls sshd[48302]: Received disconnect from 190.112.222.136 port 43990:11: Bye Bye [preauth]
Dec  9 09:33:42 cls sshd[48302]: Disconnected from authenticating user root 190.112.222.136 port 43990 [preauth]
Dec  9 09:33:43 cls sshd[48304]: Failed password for root from 117.241.86.211 port 58480 ssh2
Dec  9 09:33:43 cls sshd[48304]: Received disconnect from 117.241.86.211 port 58480:11: Bye Bye [preauth]
Dec  9 09:33:43 cls sshd[48304]: Disconnected from authenticating user root 117.241.86.211 port 58480 [preauth]
Dec  9 09:33:58 cls sshd[48312]: pam_unix(sshd:auth): authentication failure; logname= uid=0 euid=0 tty=ssh ruser= rhost=101.47.161.202  user=root
Dec  9 09:34:00 cls sshd[48312]: Failed password for root from 101.47.161.202 port 50580 ssh2
Dec  9 09:34:05 cls sshd[48312]: Received disconnect from 101.47.161.202 port 50580:11: Bye Bye [preauth]
Dec  9 09:34:05 cls sshd[48312]: Disconnected from authenticating user root 101.47.161.202 port 50580 [preauth]
Dec  9 09:34:05 cls sshd[48321]: Invalid user user from 202.165.22.246 port 54868
Dec  9 09:34:05 cls sshd[48321]: pam_unix(sshd:auth): check pass; user unknown
Dec  9 09:34:05 cls sshd[48321]: pam_unix(sshd:auth): authentication failure; logname= uid=0 euid=0 tty=ssh ruser= rhost=202.165.22.246 
Dec  9 09:34:07 cls sshd[48321]: Failed password for invalid user user from 202.165.22.246 port 54868 ssh2
Dec  9 09:34:09 cls sshd[48321]: Received disconnect from 202.165.22.246 port 54868:11: Bye Bye [preauth]
Dec  9 09:34:09 cls sshd[48321]: Disconnected from invalid user user 202.165.22.246 port 54868 [preauth]
Dec  9 09:34:14 cls sshd[48327]: Invalid user admin from 177.65.97.67 port 38028
Dec  9 09:34:14 cls sshd[48327]: pam_unix(sshd:auth): check pass; user unknown
Dec  9 09:34:14 cls sshd[48327]: pam_unix(sshd:auth): authentication failure; logname= uid=0 euid=0 tty=ssh ruser= rhost=177.65.97.67 
Dec  9 09:34:16 cls sshd[48327]: Failed password for invalid user admin from 177.65.97.67 port 38028 ssh2
Dec  9 09:34:17 cls sshd[48333]: Invalid user wu from 190.112.222.136 port 54228
Dec  9 09:34:17 cls sshd[48333]: pam_unix(sshd:auth): check pass; user unknown
Dec  9 09:34:17 cls sshd[48333]: pam_unix(sshd:auth): authentication failure; logname= uid=0 euid=0 tty=ssh ruser= rhost=190.112.222.136 
Dec  9 09:34:17 cls sshd[48327]: Received disconnect from 177.65.97.67 port 38028:11: Bye Bye [preauth]
Dec  9 09:34:17 cls sshd[48327]: Disconnected from invalid user admin 177.65.97.67 port 38028 [preauth]
Dec  9 09:34:18 cls sshd[48333]: Failed password for invalid user wu from 190.112.222.136 port 54228 ssh2
Dec  9 09:34:20 cls sshd[48333]: Received disconnect from 190.112.222.136 port 54228:11: Bye Bye [preauth]
Dec  9 09:34:20 cls sshd[48333]: Disconnected from invalid user wu 190.112.222.136 port 54228 [preauth]
Dec  9 09:34:30 cls sshd[48348]: Invalid user wanghao from 103.77.241.7 port 55656
Dec  9 09:34:30 cls sshd[48348]: pam_unix(sshd:auth): check pass; user unknown
Dec  9 09:34:30 cls sshd[48348]: pam_unix(sshd:auth): authentication failure; logname= uid=0 euid=0 tty=ssh ruser= rhost=103.77.241.7 
Dec  9 09:34:31 cls sshd[48348]: Failed password for invalid user wanghao from 103.77.241.7 port 55656 ssh2
Dec  9 09:34:32 cls sshd[48348]: Received disconnect from 103.77.241.7 port 55656:11: Bye Bye [preauth]
Dec  9 09:34:32 cls sshd[48348]: Disconnected from invalid user wanghao 103.77.241.7 port 55656 [preauth]
Dec  9 09:34:36 cls sshd[48358]: Invalid user ftpuser from 117.241.86.211 port 50730
Dec  9 09:34:36 cls sshd[48358]: pam_unix(sshd:auth): check pass; user unknown
Dec  9 09:34:36 cls sshd[48358]: pam_unix(sshd:auth): authentication failure; logname= uid=0 euid=0 tty=ssh ruser= rhost=117.241.86.211 
Dec  9 09:34:39 cls sshd[48358]: Failed password for invalid user ftpuser from 117.241.86.211 port 50730 ssh2
Dec  9 09:34:40 cls sshd[48358]: Received disconnect from 117.241.86.211 port 50730:11: Bye Bye [preauth]
Dec  9 09:34:40 cls sshd[48358]: Disconnected from invalid user ftpuser 117.241.86.211 port 50730 [preauth]
Dec  9 09:34:42 cls sshd[48360]: Invalid user ftpuser from 101.47.141.25 port 42526
Dec  9 09:34:42 cls sshd[48360]: pam_unix(sshd:auth): check pass; user unknown
Dec  9 09:34:42 cls sshd[48360]: pam_unix(sshd:auth): authentication failure; logname= uid=0 euid=0 tty=ssh ruser= rhost=101.47.141.25 
Dec  9 09:34:42 cls sshd[48362]: pam_unix(sshd:auth): authentication failure; logname= uid=0 euid=0 tty=ssh ruser= rhost=202.165.22.246  user=root
Dec  9 09:34:44 cls sshd[48360]: Failed password for invalid user ftpuser from 101.47.141.25 port 42526 ssh2
Dec  9 09:34:44 cls sshd[48362]: Failed password for root from 202.165.22.246 port 39464 ssh2
Dec  9 09:34:44 cls sshd[48360]: Received disconnect from 101.47.141.25 port 42526:11: Bye Bye [preauth]
Dec  9 09:34:44 cls sshd[48360]: Disconnected from invalid user ftpuser 101.47.141.25 port 42526 [preauth]
Dec  9 09:34:45 cls sshd[48362]: Received disconnect from 202.165.22.246 port 39464:11: Bye Bye [preauth]
Dec  9 09:34:45 cls sshd[48362]: Disconnected from authenticating user root 202.165.22.246 port 39464 [preauth]
Dec  9 09:34:53 cls sshd[48367]: Invalid user sysadmin from 190.112.222.136 port 33980
Dec  9 09:34:53 cls sshd[48367]: pam_unix(sshd:auth): check pass; user unknown
Dec  9 09:34:53 cls sshd[48367]: pam_unix(sshd:auth): authentication failure; logname= uid=0 euid=0 tty=ssh ruser= rhost=190.112.222.136 
Dec  9 09:34:54 cls sshd[48367]: Failed password for invalid user sysadmin from 190.112.222.136 port 33980 ssh2
Dec  9 09:34:56 cls sshd[48367]: Received disconnect from 190.112.222.136 port 33980:11: Bye Bye [preauth]
Dec  9 09:34:56 cls sshd[48367]: Disconnected from invalid user sysadmin 190.112.222.136 port 33980 [preauth]
Dec  9 09:35:02 cls sshd[48370]: pam_unix(sshd:auth): authentication failure; logname= uid=0 euid=0 tty=ssh ruser= rhost=177.65.97.67  user=root
Dec  9 09:35:05 cls sshd[48370]: Failed password for root from 177.65.97.67 port 54302 ssh2
Dec  9 09:35:05 cls sshd[48370]: Received disconnect from 177.65.97.67 port 54302:11: Bye Bye [preauth]
Dec  9 09:35:05 cls sshd[48370]: Disconnected from authenticating user root 177.65.97.67 port 54302 [preauth]
Dec  9 09:35:17 cls sshd[48373]: Connection closed by 101.47.161.202 port 42390 [preauth]
Dec  9 09:35:18 cls sshd[48375]: pam_unix(sshd:auth): authentication failure; logname= uid=0 euid=0 tty=ssh ruser= rhost=103.77.241.7  user=root
Dec  9 09:35:19 cls sshd[48377]: pam_unix(sshd:auth): authentication failure; logname= uid=0 euid=0 tty=ssh ruser= rhost=202.165.22.246  user=ubuntu
Dec  9 09:35:20 cls sshd[48375]: Failed password for root from 103.77.241.7 port 41960 ssh2
Dec  9 09:35:21 cls sshd[48375]: Received disconnect from 103.77.241.7 port 41960:11: Bye Bye [preauth]
Dec  9 09:35:21 cls sshd[48375]: Disconnected from authenticating user root 103.77.241.7 port 41960 [preauth]
Dec  9 09:35:21 cls sshd[48377]: Failed password for ubuntu from 202.165.22.246 port 52290 ssh2
Dec  9 09:35:23 cls sshd[48377]: Received disconnect from 202.165.22.246 port 52290:11: Bye Bye [preauth]
Dec  9 09:35:23 cls sshd[48377]: Disconnected from authenticating user ubuntu 202.165.22.246 port 52290 [preauth]
Dec  9 09:35:30 cls sshd[48379]: Invalid user admin from 190.112.222.136 port 43628
Dec  9 09:35:30 cls sshd[48379]: pam_unix(sshd:auth): check pass; user unknown
Dec  9 09:35:30 cls sshd[48379]: pam_unix(sshd:auth): authentication failure; logname= uid=0 euid=0 tty=ssh ruser= rhost=190.112.222.136 
Dec  9 09:35:31 cls sshd[48383]: pam_unix(sshd:auth): authentication failure; logname= uid=0 euid=0 tty=ssh ruser= rhost=117.241.86.211  user=root
Dec  9 09:35:31 cls sshd[48379]: Failed password for invalid user admin from 190.112.222.136 port 43628 ssh2
Dec  9 09:35:32 cls sshd[48379]: Received disconnect from 190.112.222.136 port 43628:11: Bye Bye [preauth]
Dec  9 09:35:32 cls sshd[48379]: Disconnected from invalid user admin 190.112.222.136 port 43628 [preauth]
Dec  9 09:35:33 cls sshd[48383]: Failed password for root from 117.241.86.211 port 47450 ssh2
Dec  9 09:35:34 cls sshd[48383]: Received disconnect from 117.241.86.211 port 47450:11: Bye Bye [preauth]
Dec  9 09:35:34 cls sshd[48383]: Disconnected from authenticating user root 117.241.86.211 port 47450 [preauth]
Dec  9 09:35:47 cls sshd[48418]: pam_unix(sshd:auth): authentication failure; logname= uid=0 euid=0 tty=ssh ruser= rhost=101.47.162.19  user=root
Dec  9 09:35:49 cls sshd[48418]: Failed password for root from 101.47.162.19 port 58254 ssh2
Dec  9 09:35:50 cls sshd[48421]: Invalid user wu from 101.47.141.25 port 36162
Dec  9 09:35:50 cls sshd[48421]: pam_unix(sshd:auth): check pass; user unknown
Dec  9 09:35:50 cls sshd[48421]: pam_unix(sshd:auth): authentication failure; logname= uid=0 euid=0 tty=ssh ruser= rhost=101.47.141.25 
Dec  9 09:35:52 cls sshd[48426]: Invalid user alejandro from 177.65.97.67 port 36928
Dec  9 09:35:52 cls sshd[48426]: pam_unix(sshd:auth): check pass; user unknown
Dec  9 09:35:52 cls sshd[48426]: pam_unix(sshd:auth): authentication failure; logname= uid=0 euid=0 tty=ssh ruser= rhost=177.65.97.67 
Dec  9 09:35:52 cls sshd[48421]: Failed password for invalid user wu from 101.47.141.25 port 36162 ssh2
Dec  9 09:35:53 cls sshd[48421]: Received disconnect from 101.47.141.25 port 36162:11: Bye Bye [preauth]
Dec  9 09:35:53 cls sshd[48421]: Disconnected from invalid user wu 101.47.141.25 port 36162 [preauth]
Dec  9 09:35:53 cls sshd[48426]: Failed password for invalid user alejandro from 177.65.97.67 port 36928 ssh2
Dec  9 09:35:54 cls sshd[48426]: Received disconnect from 177.65.97.67 port 36928:11: Bye Bye [preauth]
Dec  9 09:35:54 cls sshd[48426]: Disconnected from invalid user alejandro 177.65.97.67 port 36928 [preauth]
Dec  9 09:36:01 cls sshd[48433]: Invalid user user11 from 202.165.22.246 port 36886
Dec  9 09:36:01 cls sshd[48433]: pam_unix(sshd:auth): check pass; user unknown
Dec  9 09:36:01 cls sshd[48433]: pam_unix(sshd:auth): authentication failure; logname= uid=0 euid=0 tty=ssh ruser= rhost=202.165.22.246 
Dec  9 09:36:03 cls sshd[48433]: Failed password for invalid user user11 from 202.165.22.246 port 36886 ssh2
Dec  9 09:36:04 cls sshd[48433]: Received disconnect from 202.165.22.246 port 36886:11: Bye Bye [preauth]
Dec  9 09:36:04 cls sshd[48433]: Disconnected from invalid user user11 202.165.22.246 port 36886 [preauth]
Dec  9 09:36:06 cls sshd[48441]: pam_unix(sshd:auth): authentication failure; logname= uid=0 euid=0 tty=ssh ruser= rhost=103.77.241.7  user=root
Dec  9 09:36:06 cls sshd[48439]: pam_unix(sshd:auth): authentication failure; logname= uid=0 euid=0 tty=ssh ruser= rhost=190.112.222.136  user=root
Dec  9 09:36:08 cls sshd[48441]: Failed password for root from 103.77.241.7 port 56496 ssh2
Dec  9 09:36:08 cls sshd[48441]: Received disconnect from 103.77.241.7 port 56496:11: Bye Bye [preauth]
Dec  9 09:36:08 cls sshd[48441]: Disconnected from authenticating user root 103.77.241.7 port 56496 [preauth]
Dec  9 09:36:09 cls sshd[48439]: Failed password for root from 190.112.222.136 port 45142 ssh2
Dec  9 09:36:09 cls sshd[48439]: Received disconnect from 190.112.222.136 port 45142:11: Bye Bye [preauth]
Dec  9 09:36:09 cls sshd[48439]: Disconnected from authenticating user root 190.112.222.136 port 45142 [preauth]
Dec  9 09:36:27 cls sshd[48448]: Invalid user zeeshan from 117.241.86.211 port 37225
Dec  9 09:36:27 cls sshd[48448]: pam_unix(sshd:auth): check pass; user unknown
Dec  9 09:36:27 cls sshd[48448]: pam_unix(sshd:auth): authentication failure; logname= uid=0 euid=0 tty=ssh ruser= rhost=117.241.86.211 
Dec  9 09:36:29 cls sshd[48448]: Failed password for invalid user zeeshan from 117.241.86.211 port 37225 ssh2
Dec  9 09:36:30 cls sshd[48448]: Received disconnect from 117.241.86.211 port 37225:11: Bye Bye [preauth]
Dec  9 09:36:30 cls sshd[48448]: Disconnected from invalid user zeeshan 117.241.86.211 port 37225 [preauth]
Dec  9 09:36:39 cls sshd[48455]: Invalid user zhang from 177.65.97.67 port 35954
Dec  9 09:36:39 cls sshd[48455]: pam_unix(sshd:auth): check pass; user unknown
Dec  9 09:36:39 cls sshd[48455]: pam_unix(sshd:auth): authentication failure; logname= uid=0 euid=0 tty=ssh ruser= rhost=177.65.97.67 
Dec  9 09:36:41 cls sshd[48455]: Failed password for invalid user zhang from 177.65.97.67 port 35954 ssh2
Dec  9 09:36:41 cls sshd[48455]: Received disconnect from 177.65.97.67 port 35954:11: Bye Bye [preauth]
Dec  9 09:36:41 cls sshd[48455]: Disconnected from invalid user zhang 177.65.97.67 port 35954 [preauth]
Dec  9 09:36:42 cls sshd[48457]: Invalid user demo from 190.112.222.136 port 43438
Dec  9 09:36:42 cls sshd[48457]: pam_unix(sshd:auth): check pass; user unknown
Dec  9 09:36:42 cls sshd[48457]: pam_unix(sshd:auth): authentication failure; logname= uid=0 euid=0 tty=ssh ruser= rhost=190.112.222.136 
Dec  9 09:36:43 cls sshd[48457]: Failed password for invalid user demo from 190.112.222.136 port 43438 ssh2
Dec  9 09:36:45 cls sshd[48457]: Received disconnect from 190.112.222.136 port 43438:11: Bye Bye [preauth]
Dec  9 09:36:45 cls sshd[48457]: Disconnected from invalid user demo 190.112.222.136 port 43438 [preauth]
Dec  9 09:36:52 cls sshd[48465]: pam_unix(sshd:auth): authentication failure; logname= uid=0 euid=0 tty=ssh ruser= rhost=103.77.241.7  user=root
Dec  9 09:36:53 cls sshd[48465]: Failed password for root from 103.77.241.7 port 42798 ssh2
Dec  9 09:36:54 cls sshd[48465]: Received disconnect from 103.77.241.7 port 42798:11: Bye Bye [preauth]
Dec  9 09:36:54 cls sshd[48465]: Disconnected from authenticating user root 103.77.241.7 port 42798 [preauth]
Dec  9 09:36:58 cls sshd[48469]: pam_unix(sshd:auth): authentication failure; logname= uid=0 euid=0 tty=ssh ruser= rhost=101.47.141.25  user=root
Dec  9 09:36:59 cls sshd[48467]: Connection closed by 101.47.162.19 port 50798 [preauth]
Dec  9 09:37:00 cls sshd[48469]: Failed password for root from 101.47.141.25 port 42438 ssh2
Dec  9 09:37:04 cls sshd[48469]: Received disconnect from 101.47.141.25 port 42438:11: Bye Bye [preauth]
Dec  9 09:37:04 cls sshd[48469]: Disconnected from authenticating user root 101.47.141.25 port 42438 [preauth]
Dec  9 09:37:20 cls sshd[48476]: Invalid user ict from 190.112.222.136 port 58204
Dec  9 09:37:20 cls sshd[48476]: pam_unix(sshd:auth): check pass; user unknown
Dec  9 09:37:20 cls sshd[48476]: pam_unix(sshd:auth): authentication failure; logname= uid=0 euid=0 tty=ssh ruser= rhost=190.112.222.136 
Dec  9 09:37:20 cls sshd[48478]: Invalid user demo from 117.241.86.211 port 60466
Dec  9 09:37:20 cls sshd[48478]: pam_unix(sshd:auth): check pass; user unknown
Dec  9 09:37:20 cls sshd[48478]: pam_unix(sshd:auth): authentication failure; logname= uid=0 euid=0 tty=ssh ruser= rhost=117.241.86.211 
Dec  9 09:37:22 cls sshd[48476]: Failed password for invalid user ict from 190.112.222.136 port 58204 ssh2
Dec  9 09:37:22 cls sshd[48478]: Failed password for invalid user demo from 117.241.86.211 port 60466 ssh2
Dec  9 09:37:23 cls sshd[48476]: Received disconnect from 190.112.222.136 port 58204:11: Bye Bye [preauth]
Dec  9 09:37:23 cls sshd[48476]: Disconnected from invalid user ict 190.112.222.136 port 58204 [preauth]
Dec  9 09:37:23 cls sshd[48478]: Received disconnect from 117.241.86.211 port 60466:11: Bye Bye [preauth]
Dec  9 09:37:23 cls sshd[48478]: Disconnected from invalid user demo 117.241.86.211 port 60466 [preauth]
Dec  9 09:37:25 cls sshd[48483]: pam_unix(sshd:auth): authentication failure; logname= uid=0 euid=0 tty=ssh ruser= rhost=177.65.97.67  user=root
Dec  9 09:37:27 cls sshd[48483]: Failed password for root from 177.65.97.67 port 48112 ssh2
Dec  9 09:37:28 cls sshd[48483]: Received disconnect from 177.65.97.67 port 48112:11: Bye Bye [preauth]
Dec  9 09:37:28 cls sshd[48483]: Disconnected from authenticating user root 177.65.97.67 port 48112 [preauth]
Dec  9 09:37:38 cls sshd[48485]: Invalid user user from 103.77.241.7 port 57332
Dec  9 09:37:38 cls sshd[48485]: pam_unix(sshd:auth): check pass; user unknown
Dec  9 09:37:38 cls sshd[48485]: pam_unix(sshd:auth): authentication failure; logname= uid=0 euid=0 tty=ssh ruser= rhost=103.77.241.7 
Dec  9 09:37:41 cls sshd[48485]: Failed password for invalid user user from 103.77.241.7 port 57332 ssh2
Dec  9 09:37:41 cls sshd[48485]: Received disconnect from 103.77.241.7 port 57332:11: Bye Bye [preauth]
Dec  9 09:37:41 cls sshd[48485]: Disconnected from invalid user user 103.77.241.7 port 57332 [preauth]
Dec  9 09:37:46 cls sshd[48489]: Invalid user admin from 101.47.161.202 port 48370
Dec  9 09:37:46 cls sshd[48489]: pam_unix(sshd:auth): check pass; user unknown
Dec  9 09:37:46 cls sshd[48489]: pam_unix(sshd:auth): authentication failure; logname= uid=0 euid=0 tty=ssh ruser= rhost=101.47.161.202 
Dec  9 09:37:47 cls sshd[48489]: Failed password for invalid user admin from 101.47.161.202 port 48370 ssh2
Dec  9 09:37:48 cls sshd[48489]: Received disconnect from 101.47.161.202 port 48370:11: Bye Bye [preauth]
Dec  9 09:37:48 cls sshd[48489]: Disconnected from invalid user admin 101.47.161.202 port 48370 [preauth]
Dec  9 09:37:56 cls sshd[48495]: Invalid user user from 190.112.222.136 port 38866
Dec  9 09:37:56 cls sshd[48495]: pam_unix(sshd:auth): check pass; user unknown
Dec  9 09:37:56 cls sshd[48495]: pam_unix(sshd:auth): authentication failure; logname= uid=0 euid=0 tty=ssh ruser= rhost=190.112.222.136 
Dec  9 09:37:58 cls sshd[48495]: Failed password for invalid user user from 190.112.222.136 port 38866 ssh2
Dec  9 09:38:00 cls sshd[48495]: Received disconnect from 190.112.222.136 port 38866:11: Bye Bye [preauth]
Dec  9 09:38:00 cls sshd[48495]: Disconnected from invalid user user 190.112.222.136 port 38866 [preauth]
Dec  9 09:38:04 cls sshd[48503]: pam_unix(sshd:auth): authentication failure; logname= uid=0 euid=0 tty=ssh ruser= rhost=101.47.162.19  user=root
Dec  9 09:38:06 cls sshd[48503]: Failed password for root from 101.47.162.19 port 55654 ssh2
Dec  9 09:38:07 cls sshd[48503]: Received disconnect from 101.47.162.19 port 55654:11: Bye Bye [preauth]
Dec  9 09:38:07 cls sshd[48503]: Disconnected from authenticating user root 101.47.162.19 port 55654 [preauth]
Dec  9 09:38:13 cls sshd[48511]: pam_unix(sshd:auth): authentication failure; logname= uid=0 euid=0 tty=ssh ruser= rhost=177.65.97.67  user=root
Dec  9 09:38:15 cls sshd[48511]: Failed password for root from 177.65.97.67 port 41436 ssh2
Dec  9 09:38:15 cls sshd[48513]: pam_unix(sshd:auth): authentication failure; logname= uid=0 euid=0 tty=ssh ruser= rhost=117.241.86.211  user=root
Dec  9 09:38:16 cls sshd[48511]: Received disconnect from 177.65.97.67 port 41436:11: Bye Bye [preauth]
Dec  9 09:38:16 cls sshd[48511]: Disconnected from authenticating user root 177.65.97.67 port 41436 [preauth]
Dec  9 09:38:18 cls sshd[48513]: Failed password for root from 117.241.86.211 port 42654 ssh2
Dec  9 09:38:18 cls sshd[48513]: Received disconnect from 117.241.86.211 port 42654:11: Bye Bye [preauth]
Dec  9 09:38:18 cls sshd[48513]: Disconnected from authenticating user root 117.241.86.211 port 42654 [preauth]
Dec  9 09:38:27 cls sshd[48522]: Invalid user danial from 103.77.241.7 port 43636
Dec  9 09:38:27 cls sshd[48522]: pam_unix(sshd:auth): check pass; user unknown
Dec  9 09:38:27 cls sshd[48522]: pam_unix(sshd:auth): authentication failure; logname= uid=0 euid=0 tty=ssh ruser= rhost=103.77.241.7 
Dec  9 09:38:29 cls sshd[48522]: Failed password for invalid user danial from 103.77.241.7 port 43636 ssh2
Dec  9 09:38:29 cls sshd[48522]: Received disconnect from 103.77.241.7 port 43636:11: Bye Bye [preauth]
Dec  9 09:38:29 cls sshd[48522]: Disconnected from invalid user danial 103.77.241.7 port 43636 [preauth]
Dec  9 09:38:32 cls sshd[48527]: pam_unix(sshd:auth): authentication failure; logname= uid=0 euid=0 tty=ssh ruser= rhost=190.112.222.136  user=root
Dec  9 09:38:34 cls sshd[48527]: Failed password for root from 190.112.222.136 port 56110 ssh2
Dec  9 09:38:35 cls sshd[48527]: Received disconnect from 190.112.222.136 port 56110:11: Bye Bye [preauth]
Dec  9 09:38:35 cls sshd[48527]: Disconnected from authenticating user root 190.112.222.136 port 56110 [preauth]
Dec  9 09:38:58 cls sshd[48539]: pam_unix(sshd:auth): authentication failure; logname= uid=0 euid=0 tty=ssh ruser= rhost=101.47.161.202  user=root
Dec  9 09:39:00 cls sshd[48539]: Failed password for root from 101.47.161.202 port 42344 ssh2
Dec  9 09:39:01 cls sshd[48539]: Received disconnect from 101.47.161.202 port 42344:11: Bye Bye [preauth]
Dec  9 09:39:01 cls sshd[48539]: Disconnected from authenticating user root 101.47.161.202 port 42344 [preauth]
Dec  9 09:39:01 cls CRON[48612]: pam_unix(cron:session): session opened for user root by (uid=0)
Dec  9 09:39:01 cls CRON[48612]: pam_unix(cron:session): session closed for user root
Dec  9 09:39:02 cls sshd[48541]: pam_unix(sshd:auth): authentication failure; logname= uid=0 euid=0 tty=ssh ruser= rhost=177.65.97.67  user=ubuntu
Dec  9 09:39:04 cls sshd[48541]: Failed password for ubuntu from 177.65.97.67 port 47332 ssh2
Dec  9 09:39:07 cls sshd[48541]: Received disconnect from 177.65.97.67 port 47332:11: Bye Bye [preauth]
Dec  9 09:39:07 cls sshd[48541]: Disconnected from authenticating user ubuntu 177.65.97.67 port 47332 [preauth]
