Dec  9 08:00:07 cls sshd[44953]: pam_unix(sshd:auth): authentication failure; logname= uid=0 euid=0 tty=ssh ruser= rhost=118.193.39.127  user=root
Dec  9 08:00:08 cls sshd[44951]: Failed password for mysql from 81.211.72.167 port 57034 ssh2
Dec  9 08:00:08 cls sshd[44953]: Failed password for root from 118.193.39.127 port 54932 ssh2
Dec  9 08:00:09 cls sshd[44951]: Received disconnect from 81.211.72.167 port 57034:11: Bye Bye [preauth]
Dec  9 08:00:09 cls sshd[44951]: Disconnected from authenticating user mysql 81.211.72.167 port 57034 [preauth]
Dec  9 08:00:09 cls sshd[44956]: Invalid user yasin from 45.78.217.127 port 53854
Dec  9 08:00:09 cls sshd[44956]: pam_unix(sshd:auth): check pass; user unknown
Dec  9 08:00:09 cls sshd[44956]: pam_unix(sshd:auth): authentication failure; logname= uid=0 euid=0 tty=ssh ruser= rhost=45.78.217.127 
Dec  9 08:00:10 cls sshd[44953]: Received disconnect from 118.193.39.127 port 54932:11: Bye Bye [preauth]
Dec  9 08:00:10 cls sshd[44953]: Disconnected from authenticating user root 118.193.39.127 port 54932 [preauth]
Dec  9 08:00:10 cls sshd[44956]: Failed password for invalid user yasin from 45.78.217.127 port 53854 ssh2
Dec  9 08:00:11 cls sshd[44956]: Received disconnect from 45.78.217.127 port 53854:11: Bye Bye [preauth]
Dec  9 08:00:11 cls sshd[44956]: Disconnected from invalid user yasin 45.78.217.127 port 53854 [preauth]
Dec  9 08:00:13 cls sshd[44961]: pam_unix(sshd:auth): authentication failure; logname= uid=0 euid=0 tty=ssh ruser= rhost=160.242.96.43  user=root
Dec  9 08:00:15 cls sshd[44961]: Failed password for root from 160.242.96.43 port 58338 ssh2
Dec  9 08:00:16 cls sshd[44961]: Received disconnect from 160.242.96.43 port 58338:11: Bye Bye [preauth]
Dec  9 08:00:16 cls sshd[44961]: Disconnected from authenticating user root 160.242.96.43 port 58338 [preauth]
Dec  9 08:00:16 cls sshd[44963]: pam_unix(sshd:auth): authentication failure; logname= uid=0 euid=0 tty=ssh ruser= rhost=138.124.20.112  user=root
Dec  9 08:00:18 cls sshd[44963]: Failed password for root from 138.124.20.112 port 53024 ssh2
Dec  9 08:00:18 cls sshd[44965]: pam_unix(sshd:auth): authentication failure; logname= uid=0 euid=0 tty=ssh ruser= rhost=83.235.16.111  user=root
Dec  9 08:00:19 cls sshd[44963]: Received disconnect from 138.124.20.112 port 53024:11: Bye Bye [preauth]
Dec  9 08:00:19 cls sshd[44963]: Disconnected from authenticating user root 138.124.20.112 port 53024 [preauth]
Dec  9 08:00:20 cls sshd[44965]: Failed password for root from 83.235.16.111 port 49372 ssh2
Dec  9 08:00:21 cls sshd[44965]: Received disconnect from 83.235.16.111 port 49372:11: Bye Bye [preauth]
Dec  9 08:00:21 cls sshd[44965]: Disconnected from authenticating user root 83.235.16.111 port 49372 [preauth]
Dec  9 08:00:27 cls sshd[44970]: pam_unix(sshd:auth): authentication failure; logname= uid=0 euid=0 tty=ssh ruser= rhost=118.194.250.47  user=root
Dec  9 08:00:28 cls sshd[44970]: Failed password for root from 118.194.250.47 port 34546 ssh2
Dec  9 08:00:30 cls sshd[44970]: Received disconnect from 118.194.250.47 port 34546:11: Bye Bye [preauth]
Dec  9 08:00:30 cls sshd[44970]: Disconnected from authenticating user root 118.194.250.47 port 34546 [preauth]
Dec  9 08:00:36 cls sshd[44972]: pam_unix(sshd:auth): authentication failure; logname= uid=0 euid=0 tty=ssh ruser= rhost=101.47.140.130  user=root
Dec  9 08:00:39 cls sshd[44972]: Failed password for root from 101.47.140.130 port 48090 ssh2
Dec  9 08:00:39 cls sshd[44972]: Received disconnect from 101.47.140.130 port 48090:11: Bye Bye [preauth]
Dec  9 08:00:39 cls sshd[44972]: Disconnected from authenticating user root 101.47.140.130 port 48090 [preauth]
Dec  9 08:00:41 cls sshd[44976]: Invalid user ghostuser from 118.193.39.127 port 37546
Dec  9 08:00:41 cls sshd[44976]: pam_unix(sshd:auth): check pass; user unknown
Dec  9 08:00:41 cls sshd[44976]: pam_unix(sshd:auth): authentication failure; logname= uid=0 euid=0 tty=ssh ruser= rhost=118.193.39.127 
Dec  9 08:00:41 cls sshd[44978]: pam_unix(sshd:auth): authentication failure; logname= uid=0 euid=0 tty=ssh ruser= rhost=203.190.11.42  user=root
Dec  9 08:00:42 cls sshd[44976]: Failed password for invalid user ghostuser from 118.193.39.127 port 37546 ssh2
Dec  9 08:00:43 cls sshd[44978]: Failed password for root from 203.190.11.42 port 51120 ssh2
Dec  9 08:00:43 cls sshd[44976]: Received disconnect from 118.193.39.127 port 37546:11: Bye Bye [preauth]
Dec  9 08:00:43 cls sshd[44976]: Disconnected from invalid user ghostuser 118.193.39.127 port 37546 [preauth]
Dec  9 08:00:44 cls sshd[44974]: Invalid user windows from 187.72.57.84 port 50117
Dec  9 08:00:44 cls sshd[44974]: pam_unix(sshd:auth): check pass; user unknown
Dec  9 08:00:44 cls sshd[44974]: pam_unix(sshd:auth): authentication failure; logname= uid=0 euid=0 tty=ssh ruser= rhost=187.72.57.84 
Dec  9 08:00:44 cls sshd[44980]: pam_unix(sshd:auth): authentication failure; logname= uid=0 euid=0 tty=ssh ruser= rhost=81.211.72.167  user=root
Dec  9 08:00:44 cls sshd[44978]: Received disconnect from 203.190.11.42 port 51120:11: Bye Bye [preauth]
Dec  9 08:00:44 cls sshd[44978]: Disconnected from authenticating user root 203.190.11.42 port 51120 [preauth]
Dec  9 08:00:46 cls sshd[44974]: Failed password for invalid user windows from 187.72.57.84 port 50117 ssh2
Dec  9 08:00:46 cls sshd[44980]: Failed password for root from 81.211.72.167 port 35096 ssh2
Dec  9 08:00:46 cls sshd[44980]: Received disconnect from 81.211.72.167 port 35096:11: Bye Bye [preauth]
Dec  9 08:00:46 cls sshd[44980]: Disconnected from authenticating user root 81.211.72.167 port 35096 [preauth]
Dec  9 08:00:48 cls sshd[44974]: Received disconnect from 187.72.57.84 port 50117:11: Bye Bye [preauth]
Dec  9 08:00:48 cls sshd[44974]: Disconnected from invalid user windows 187.72.57.84 port 50117 [preauth]
Dec  9 08:00:53 cls sshd[44993]: pam_unix(sshd:auth): authentication failure; logname= uid=0 euid=0 tty=ssh ruser= rhost=83.235.16.111  user=root
Dec  9 08:00:54 cls sshd[44993]: Failed password for root from 83.235.16.111 port 33698 ssh2
Dec  9 08:00:56 cls sshd[44993]: Received disconnect from 83.235.16.111 port 33698:11: Bye Bye [preauth]
Dec  9 08:00:56 cls sshd[44993]: Disconnected from authenticating user root 83.235.16.111 port 33698 [preauth]
Dec  9 08:01:02 cls sshd[44997]: Invalid user user from 160.242.96.43 port 53166
Dec  9 08:01:02 cls sshd[44997]: pam_unix(sshd:auth): check pass; user unknown
Dec  9 08:01:02 cls sshd[44997]: pam_unix(sshd:auth): authentication failure; logname= uid=0 euid=0 tty=ssh ruser= rhost=160.242.96.43 
Dec  9 08:01:02 cls sshd[44999]: pam_unix(sshd:auth): authentication failure; logname= uid=0 euid=0 tty=ssh ruser= rhost=138.124.20.112  user=root
Dec  9 08:01:04 cls sshd[44997]: Failed password for invalid user user from 160.242.96.43 port 53166 ssh2
Dec  9 08:01:04 cls sshd[44999]: Failed password for root from 138.124.20.112 port 42390 ssh2
Dec  9 08:01:05 cls sshd[44999]: Received disconnect from 138.124.20.112 port 42390:11: Bye Bye [preauth]
Dec  9 08:01:05 cls sshd[44999]: Disconnected from authenticating user root 138.124.20.112 port 42390 [preauth]
Dec  9 08:01:06 cls sshd[44997]: Received disconnect from 160.242.96.43 port 53166:11: Bye Bye [preauth]
Dec  9 08:01:06 cls sshd[44997]: Disconnected from invalid user user 160.242.96.43 port 53166 [preauth]
Dec  9 08:01:11 cls sshd[45006]: Invalid user student3 from 118.194.250.47 port 47924
Dec  9 08:01:11 cls sshd[45006]: pam_unix(sshd:auth): check pass; user unknown
Dec  9 08:01:11 cls sshd[45006]: pam_unix(sshd:auth): authentication failure; logname= uid=0 euid=0 tty=ssh ruser= rhost=118.194.250.47 
Dec  9 08:01:13 cls sshd[45006]: Failed password for invalid user student3 from 118.194.250.47 port 47924 ssh2
Dec  9 08:01:14 cls sshd[45006]: Received disconnect from 118.194.250.47 port 47924:11: Bye Bye [preauth]
Dec  9 08:01:14 cls sshd[45006]: Disconnected from invalid user student3 118.194.250.47 port 47924 [preauth]
Dec  9 08:01:14 cls sshd[45008]: Invalid user centos from 118.193.39.127 port 39048
Dec  9 08:01:14 cls sshd[45008]: pam_unix(sshd:auth): check pass; user unknown
Dec  9 08:01:14 cls sshd[45008]: pam_unix(sshd:auth): authentication failure; logname= uid=0 euid=0 tty=ssh ruser= rhost=118.193.39.127 
Dec  9 08:01:16 cls sshd[45008]: Failed password for invalid user centos from 118.193.39.127 port 39048 ssh2
Dec  9 08:01:17 cls sshd[45008]: Received disconnect from 118.193.39.127 port 39048:11: Bye Bye [preauth]
Dec  9 08:01:17 cls sshd[45008]: Disconnected from invalid user centos 118.193.39.127 port 39048 [preauth]
Dec  9 08:01:18 cls sshd[45013]: Invalid user user from 81.211.72.167 port 41390
Dec  9 08:01:18 cls sshd[45013]: pam_unix(sshd:auth): check pass; user unknown
Dec  9 08:01:18 cls sshd[45013]: pam_unix(sshd:auth): authentication failure; logname= uid=0 euid=0 tty=ssh ruser= rhost=81.211.72.167 
Dec  9 08:01:20 cls sshd[45013]: Failed password for invalid user user from 81.211.72.167 port 41390 ssh2
Dec  9 08:01:22 cls sshd[45013]: Received disconnect from 81.211.72.167 port 41390:11: Bye Bye [preauth]
Dec  9 08:01:22 cls sshd[45013]: Disconnected from invalid user user 81.211.72.167 port 41390 [preauth]
Dec  9 08:01:24 cls sshd[45015]: pam_unix(sshd:auth): authentication failure; logname= uid=0 euid=0 tty=ssh ruser= rhost=45.78.217.127  user=root
Dec  9 08:01:26 cls sshd[45015]: Failed password for root from 45.78.217.127 port 49720 ssh2
Dec  9 08:01:26 cls sshd[45017]: Invalid user httpd from 187.72.57.84 port 56597
Dec  9 08:01:26 cls sshd[45017]: pam_unix(sshd:auth): check pass; user unknown
Dec  9 08:01:26 cls sshd[45017]: pam_unix(sshd:auth): authentication failure; logname= uid=0 euid=0 tty=ssh ruser= rhost=187.72.57.84 
Dec  9 08:01:27 cls sshd[45019]: pam_unix(sshd:auth): authentication failure; logname= uid=0 euid=0 tty=ssh ruser= rhost=203.190.11.42  user=root
Dec  9 08:01:27 cls sshd[45015]: Received disconnect from 45.78.217.127 port 49720:11: Bye Bye [preauth]
Dec  9 08:01:27 cls sshd[45015]: Disconnected from authenticating user root 45.78.217.127 port 49720 [preauth]
Dec  9 08:01:28 cls sshd[45019]: Failed password for root from 203.190.11.42 port 50864 ssh2
Dec  9 08:01:28 cls sshd[45017]: Failed password for invalid user httpd from 187.72.57.84 port 56597 ssh2
Dec  9 08:01:29 cls sshd[45021]: Invalid user wangjie from 83.235.16.111 port 46254
Dec  9 08:01:29 cls sshd[45021]: pam_unix(sshd:auth): check pass; user unknown
Dec  9 08:01:29 cls sshd[45021]: pam_unix(sshd:auth): authentication failure; logname= uid=0 euid=0 tty=ssh ruser= rhost=83.235.16.111 
Dec  9 08:01:29 cls sshd[45019]: Received disconnect from 203.190.11.42 port 50864:11: Bye Bye [preauth]
Dec  9 08:01:29 cls sshd[45019]: Disconnected from authenticating user root 203.190.11.42 port 50864 [preauth]
Dec  9 08:01:30 cls sshd[45017]: Received disconnect from 187.72.57.84 port 56597:11: Bye Bye [preauth]
Dec  9 08:01:30 cls sshd[45017]: Disconnected from invalid user httpd 187.72.57.84 port 56597 [preauth]
Dec  9 08:01:31 cls sshd[45021]: Failed password for invalid user wangjie from 83.235.16.111 port 46254 ssh2
Dec  9 08:01:31 cls sshd[45021]: Received disconnect from 83.235.16.111 port 46254:11: Bye Bye [preauth]
Dec  9 08:01:31 cls sshd[45021]: Disconnected from invalid user wangjie 83.235.16.111 port 46254 [preauth]
Dec  9 08:01:38 cls sshd[45026]: pam_unix(sshd:auth): authentication failure; logname= uid=0 euid=0 tty=ssh ruser= rhost=101.47.140.130  user=root
Dec  9 08:01:40 cls sshd[45026]: Failed password for root from 101.47.140.130 port 40994 ssh2
Dec  9 08:01:40 cls sshd[45026]: Received disconnect from 101.47.140.130 port 40994:11: Bye Bye [preauth]
Dec  9 08:01:40 cls sshd[45026]: Disconnected from authenticating user root 101.47.140.130 port 40994 [preauth]
Dec  9 08:01:44 cls sshd[45028]: pam_unix(sshd:auth): authentication failure; logname= uid=0 euid=0 tty=ssh ruser= rhost=138.124.20.112  user=root
Dec  9 08:01:47 cls sshd[45028]: Failed password for root from 138.124.20.112 port 55956 ssh2
Dec  9 08:01:47 cls sshd[45028]: Received disconnect from 138.124.20.112 port 55956:11: Bye Bye [preauth]
Dec  9 08:01:47 cls sshd[45028]: Disconnected from authenticating user root 138.124.20.112 port 55956 [preauth]
Dec  9 08:01:48 cls sshd[45030]: pam_unix(sshd:auth): authentication failure; logname= uid=0 euid=0 tty=ssh ruser= rhost=118.193.39.127  user=root
Dec  9 08:01:50 cls sshd[45030]: Failed password for root from 118.193.39.127 port 60250 ssh2
Dec  9 08:01:50 cls sshd[45030]: Received disconnect from 118.193.39.127 port 60250:11: Bye Bye [preauth]
Dec  9 08:01:50 cls sshd[45030]: Disconnected from authenticating user root 118.193.39.127 port 60250 [preauth]
Dec  9 08:01:55 cls sshd[45033]: pam_unix(sshd:auth): authentication failure; logname= uid=0 euid=0 tty=ssh ruser= rhost=160.242.96.43  user=root
Dec  9 08:01:55 cls sshd[45035]: Invalid user ladyaspb from 118.194.250.47 port 38336
Dec  9 08:01:55 cls sshd[45035]: pam_unix(sshd:auth): check pass; user unknown
Dec  9 08:01:55 cls sshd[45035]: pam_unix(sshd:auth): authentication failure; logname= uid=0 euid=0 tty=ssh ruser= rhost=118.194.250.47 
Dec  9 08:01:58 cls sshd[45033]: Failed password for root from 160.242.96.43 port 44180 ssh2
Dec  9 08:01:58 cls sshd[45035]: Failed password for invalid user ladyaspb from 118.194.250.47 port 38336 ssh2
Dec  9 08:01:58 cls sshd[45033]: Received disconnect from 160.242.96.43 port 44180:11: Bye Bye [preauth]
Dec  9 08:01:58 cls sshd[45033]: Disconnected from authenticating user root 160.242.96.43 port 44180 [preauth]
Dec  9 08:01:59 cls sshd[45035]: Received disconnect from 118.194.250.47 port 38336:11: Bye Bye [preauth]
Dec  9 08:01:59 cls sshd[45035]: Disconnected from invalid user ladyaspb 118.194.250.47 port 38336 [preauth]
Dec  9 08:02:05 cls sshd[45043]: Invalid user ossuser from 83.235.16.111 port 58808
Dec  9 08:02:05 cls sshd[45043]: pam_unix(sshd:auth): check pass; user unknown
Dec  9 08:02:05 cls sshd[45043]: pam_unix(sshd:auth): authentication failure; logname= uid=0 euid=0 tty=ssh ruser= rhost=83.235.16.111 
Dec  9 08:02:07 cls sshd[45043]: Failed password for invalid user ossuser from 83.235.16.111 port 58808 ssh2
Dec  9 08:02:09 cls sshd[45043]: Received disconnect from 83.235.16.111 port 58808:11: Bye Bye [preauth]
Dec  9 08:02:09 cls sshd[45043]: Disconnected from invalid user ossuser 83.235.16.111 port 58808 [preauth]
Dec  9 08:02:14 cls sshd[45048]: Invalid user auditor from 203.190.11.42 port 47722
Dec  9 08:02:14 cls sshd[45048]: pam_unix(sshd:auth): check pass; user unknown
Dec  9 08:02:14 cls sshd[45048]: pam_unix(sshd:auth): authentication failure; logname= uid=0 euid=0 tty=ssh ruser= rhost=203.190.11.42 
Dec  9 08:02:17 cls sshd[45048]: Failed password for invalid user auditor from 203.190.11.42 port 47722 ssh2
Dec  9 08:02:18 cls sshd[45048]: Received disconnect from 203.190.11.42 port 47722:11: Bye Bye [preauth]
Dec  9 08:02:18 cls sshd[45048]: Disconnected from invalid user auditor 203.190.11.42 port 47722 [preauth]
Dec  9 08:02:18 cls sshd[45050]: pam_unix(sshd:auth): authentication failure; logname= uid=0 euid=0 tty=ssh ruser= rhost=187.72.57.84  user=root
Dec  9 08:02:20 cls sshd[45050]: Failed password for root from 187.72.57.84 port 34847 ssh2
Dec  9 08:02:21 cls sshd[45055]: Invalid user git from 118.193.39.127 port 43104
Dec  9 08:02:21 cls sshd[45055]: pam_unix(sshd:auth): check pass; user unknown
Dec  9 08:02:21 cls sshd[45055]: pam_unix(sshd:auth): authentication failure; logname= uid=0 euid=0 tty=ssh ruser= rhost=118.193.39.127 
Dec  9 08:02:21 cls sshd[45050]: Received disconnect from 187.72.57.84 port 34847:11: Bye Bye [preauth]
Dec  9 08:02:21 cls sshd[45050]: Disconnected from authenticating user root 187.72.57.84 port 34847 [preauth]
Dec  9 08:02:23 cls sshd[45055]: Failed password for invalid user git from 118.193.39.127 port 43104 ssh2
Dec  9 08:02:24 cls sshd[45055]: Received disconnect from 118.193.39.127 port 43104:11: Bye Bye [preauth]
Dec  9 08:02:24 cls sshd[45055]: Disconnected from invalid user git 118.193.39.127 port 43104 [preauth]
Dec  9 08:02:27 cls sshd[45057]: Invalid user gitlab-runner from 138.124.20.112 port 47548
Dec  9 08:02:27 cls sshd[45057]: pam_unix(sshd:auth): check pass; user unknown
Dec  9 08:02:27 cls sshd[45057]: pam_unix(sshd:auth): authentication failure; logname= uid=0 euid=0 tty=ssh ruser= rhost=138.124.20.112 
Dec  9 08:02:29 cls sshd[45059]: Invalid user app from 81.211.72.167 port 53981
Dec  9 08:02:29 cls sshd[45059]: pam_unix(sshd:auth): check pass; user unknown
Dec  9 08:02:29 cls sshd[45059]: pam_unix(sshd:auth): authentication failure; logname= uid=0 euid=0 tty=ssh ruser= rhost=81.211.72.167 
Dec  9 08:02:29 cls sshd[45057]: Failed password for invalid user gitlab-runner from 138.124.20.112 port 47548 ssh2
Dec  9 08:02:30 cls sshd[45057]: Received disconnect from 138.124.20.112 port 47548:11: Bye Bye [preauth]
Dec  9 08:02:30 cls sshd[45057]: Disconnected from invalid user gitlab-runner 138.124.20.112 port 47548 [preauth]
Dec  9 08:02:30 cls sshd[45059]: Failed password for invalid user app from 81.211.72.167 port 53981 ssh2
Dec  9 08:02:32 cls sshd[45059]: Received disconnect from 81.211.72.167 port 53981:11: Bye Bye [preauth]
Dec  9 08:02:32 cls sshd[45059]: Disconnected from invalid user app 81.211.72.167 port 53981 [preauth]
Dec  9 08:02:38 cls sshd[45064]: pam_unix(sshd:auth): authentication failure; logname= uid=0 euid=0 tty=ssh ruser= rhost=118.194.250.47  user=root
Dec  9 08:02:41 cls sshd[45064]: Failed password for root from 118.194.250.47 port 52426 ssh2
Dec  9 08:02:41 cls sshd[45066]: pam_unix(sshd:auth): authentication failure; logname= uid=0 euid=0 tty=ssh ruser= rhost=83.235.16.111  user=root
Dec  9 08:02:43 cls sshd[45068]: Invalid user chromeuser from 45.78.217.127 port 56220
Dec  9 08:02:43 cls sshd[45068]: pam_unix(sshd:auth): check pass; user unknown
Dec  9 08:02:43 cls sshd[45068]: pam_unix(sshd:auth): authentication failure; logname= uid=0 euid=0 tty=ssh ruser= rhost=45.78.217.127 
Dec  9 08:02:43 cls sshd[45066]: Failed password for root from 83.235.16.111 port 43128 ssh2
Dec  9 08:02:43 cls sshd[45064]: Received disconnect from 118.194.250.47 port 52426:11: Bye Bye [preauth]
Dec  9 08:02:43 cls sshd[45064]: Disconnected from authenticating user root 118.194.250.47 port 52426 [preauth]
Dec  9 08:02:44 cls sshd[45066]: Received disconnect from 83.235.16.111 port 43128:11: Bye Bye [preauth]
Dec  9 08:02:44 cls sshd[45066]: Disconnected from authenticating user root 83.235.16.111 port 43128 [preauth]
Dec  9 08:02:45 cls sshd[45071]: Invalid user centos from 101.47.140.130 port 42024
Dec  9 08:02:45 cls sshd[45071]: pam_unix(sshd:auth): check pass; user unknown
Dec  9 08:02:45 cls sshd[45071]: pam_unix(sshd:auth): authentication failure; logname= uid=0 euid=0 tty=ssh ruser= rhost=101.47.140.130 
Dec  9 08:02:45 cls sshd[45068]: Failed password for invalid user chromeuser from 45.78.217.127 port 56220 ssh2
Dec  9 08:02:46 cls sshd[45068]: Received disconnect from 45.78.217.127 port 56220:11: Bye Bye [preauth]
Dec  9 08:02:46 cls sshd[45068]: Disconnected from invalid user chromeuser 45.78.217.127 port 56220 [preauth]
Dec  9 08:02:46 cls sshd[45071]: Failed password for invalid user centos from 101.47.140.130 port 42024 ssh2
Dec  9 08:02:47 cls sshd[45071]: Received disconnect from 101.47.140.130 port 42024:11: Bye Bye [preauth]
Dec  9 08:02:47 cls sshd[45071]: Disconnected from invalid user centos 101.47.140.130 port 42024 [preauth]
Dec  9 08:02:48 cls sshd[45080]: Invalid user gitlab-runner from 160.242.96.43 port 33368
Dec  9 08:02:48 cls sshd[45080]: pam_unix(sshd:auth): check pass; user unknown
Dec  9 08:02:48 cls sshd[45080]: pam_unix(sshd:auth): authentication failure; logname= uid=0 euid=0 tty=ssh ruser= rhost=160.242.96.43 
Dec  9 08:02:50 cls sshd[45080]: Failed password for invalid user gitlab-runner from 160.242.96.43 port 33368 ssh2
Dec  9 08:02:50 cls sshd[45080]: Received disconnect from 160.242.96.43 port 33368:11: Bye Bye [preauth]
Dec  9 08:02:50 cls sshd[45080]: Disconnected from invalid user gitlab-runner 160.242.96.43 port 33368 [preauth]
Dec  9 08:02:55 cls sshd[45082]: Invalid user httpd from 118.193.39.127 port 45162
Dec  9 08:02:55 cls sshd[45082]: pam_unix(sshd:auth): check pass; user unknown
Dec  9 08:02:55 cls sshd[45082]: pam_unix(sshd:auth): authentication failure; logname= uid=0 euid=0 tty=ssh ruser= rhost=118.193.39.127 
Dec  9 08:02:57 cls sshd[45082]: Failed password for invalid user httpd from 118.193.39.127 port 45162 ssh2
Dec  9 08:02:58 cls sshd[45082]: Received disconnect from 118.193.39.127 port 45162:11: Bye Bye [preauth]
Dec  9 08:02:58 cls sshd[45082]: Disconnected from invalid user httpd 118.193.39.127 port 45162 [preauth]
Dec  9 08:03:01 cls sshd[45088]: Invalid user httpd from 81.211.72.167 port 60276
Dec  9 08:03:01 cls sshd[45088]: pam_unix(sshd:auth): check pass; user unknown
Dec  9 08:03:01 cls sshd[45088]: pam_unix(sshd:auth): authentication failure; logname= uid=0 euid=0 tty=ssh ruser= rhost=81.211.72.167 
Dec  9 08:03:03 cls sshd[45093]: pam_unix(sshd:auth): authentication failure; logname= uid=0 euid=0 tty=ssh ruser= rhost=203.190.11.42  user=root
Dec  9 08:03:04 cls sshd[45088]: Failed password for invalid user httpd from 81.211.72.167 port 60276 ssh2
Dec  9 08:03:04 cls sshd[45088]: Received disconnect from 81.211.72.167 port 60276:11: Bye Bye [preauth]
Dec  9 08:03:04 cls sshd[45088]: Disconnected from invalid user httpd 81.211.72.167 port 60276 [preauth]
Dec  9 08:03:05 cls sshd[45093]: Failed password for root from 203.190.11.42 port 41934 ssh2
Dec  9 08:03:06 cls sshd[45093]: Received disconnect from 203.190.11.42 port 41934:11: Bye Bye [preauth]
Dec  9 08:03:06 cls sshd[45093]: Disconnected from authenticating user root 203.190.11.42 port 41934 [preauth]
Dec  9 08:03:07 cls sshd[45095]: Invalid user test001 from 187.72.57.84 port 41329
Dec  9 08:03:07 cls sshd[45095]: pam_unix(sshd:auth): check pass; user unknown
Dec  9 08:03:07 cls sshd[45095]: pam_unix(sshd:auth): authentication failure; logname= uid=0 euid=0 tty=ssh ruser= rhost=187.72.57.84 
Dec  9 08:03:09 cls sshd[45095]: Failed password for invalid user test001 from 187.72.57.84 port 41329 ssh2
Dec  9 08:03:11 cls sshd[45095]: Received disconnect from 187.72.57.84 port 41329:11: Bye Bye [preauth]
Dec  9 08:03:11 cls sshd[45095]: Disconnected from invalid user test001 187.72.57.84 port 41329 [preauth]
Dec  9 08:03:13 cls sshd[45098]: Invalid user httpd from 138.124.20.112 port 58396
Dec  9 08:03:13 cls sshd[45098]: pam_unix(sshd:auth): check pass; user unknown
Dec  9 08:03:13 cls sshd[45098]: pam_unix(sshd:auth): authentication failure; logname= uid=0 euid=0 tty=ssh ruser= rhost=138.124.20.112 
Dec  9 08:03:15 cls sshd[45100]: pam_unix(sshd:auth): authentication failure; logname= uid=0 euid=0 tty=ssh ruser= rhost=83.235.16.111  user=root
Dec  9 08:03:15 cls sshd[45098]: Failed password for invalid user httpd from 138.124.20.112 port 58396 ssh2
Dec  9 08:03:16 cls sshd[45098]: Received disconnect from 138.124.20.112 port 58396:11: Bye Bye [preauth]
Dec  9 08:03:16 cls sshd[45098]: Disconnected from invalid user httpd 138.124.20.112 port 58396 [preauth]
Dec  9 08:03:16 cls sshd[45100]: Failed password for root from 83.235.16.111 port 55676 ssh2
Dec  9 08:03:17 cls sshd[45100]: Received disconnect from 83.235.16.111 port 55676:11: Bye Bye [preauth]
Dec  9 08:03:17 cls sshd[45100]: Disconnected from authenticating user root 83.235.16.111 port 55676 [preauth]
Dec  9 08:03:22 cls sshd[45104]: pam_unix(sshd:auth): authentication failure; logname= uid=0 euid=0 tty=ssh ruser= rhost=118.194.250.47  user=root
Dec  9 08:03:24 cls sshd[45104]: Failed password for root from 118.194.250.47 port 38552 ssh2
Dec  9 08:03:25 cls sshd[45104]: Received disconnect from 118.194.250.47 port 38552:11: Bye Bye [preauth]
Dec  9 08:03:25 cls sshd[45104]: Disconnected from authenticating user root 118.194.250.47 port 38552 [preauth]
Dec  9 08:03:30 cls sshd[45106]: pam_unix(sshd:auth): authentication failure; logname= uid=0 euid=0 tty=ssh ruser= rhost=118.193.39.127  user=root
Dec  9 08:03:32 cls sshd[45106]: Failed password for root from 118.193.39.127 port 36896 ssh2
Dec  9 08:03:32 cls sshd[45106]: Received disconnect from 118.193.39.127 port 36896:11: Bye Bye [preauth]
Dec  9 08:03:32 cls sshd[45106]: Disconnected from authenticating user root 118.193.39.127 port 36896 [preauth]
Dec  9 08:03:36 cls sshd[45109]: pam_unix(sshd:auth): authentication failure; logname= uid=0 euid=0 tty=ssh ruser= rhost=81.211.72.167  user=root
Dec  9 08:03:38 cls sshd[45109]: Failed password for root from 81.211.72.167 port 38339 ssh2
Dec  9 08:03:38 cls sshd[45111]: Invalid user chromeuser from 160.242.96.43 port 34330
Dec  9 08:03:38 cls sshd[45111]: pam_unix(sshd:auth): check pass; user unknown
Dec  9 08:03:38 cls sshd[45111]: pam_unix(sshd:auth): authentication failure; logname= uid=0 euid=0 tty=ssh ruser= rhost=160.242.96.43 
Dec  9 08:03:39 cls sshd[45109]: Received disconnect from 81.211.72.167 port 38339:11: Bye Bye [preauth]
Dec  9 08:03:39 cls sshd[45109]: Disconnected from authenticating user root 81.211.72.167 port 38339 [preauth]
Dec  9 08:03:41 cls sshd[45111]: Failed password for invalid user chromeuser from 160.242.96.43 port 34330 ssh2
Dec  9 08:03:42 cls sshd[45111]: Received disconnect from 160.242.96.43 port 34330:11: Bye Bye [preauth]
Dec  9 08:03:42 cls sshd[45111]: Disconnected from invalid user chromeuser 160.242.96.43 port 34330 [preauth]
Dec  9 08:03:48 cls sshd[45114]: Invalid user testuser from 203.190.11.42 port 44112
Dec  9 08:03:48 cls sshd[45114]: pam_unix(sshd:auth): check pass; user unknown
Dec  9 08:03:48 cls sshd[45114]: pam_unix(sshd:auth): authentication failure; logname= uid=0 euid=0 tty=ssh ruser= rhost=203.190.11.42 
Dec  9 08:03:50 cls sshd[45116]: Invalid user stefano from 83.235.16.111 port 40000
Dec  9 08:03:50 cls sshd[45116]: pam_unix(sshd:auth): check pass; user unknown
Dec  9 08:03:50 cls sshd[45116]: pam_unix(sshd:auth): authentication failure; logname= uid=0 euid=0 tty=ssh ruser= rhost=83.235.16.111 
Dec  9 08:03:50 cls sshd[45114]: Failed password for invalid user testuser from 203.190.11.42 port 44112 ssh2
Dec  9 08:03:51 cls sshd[45114]: Received disconnect from 203.190.11.42 port 44112:11: Bye Bye [preauth]
Dec  9 08:03:51 cls sshd[45114]: Disconnected from invalid user testuser 203.190.11.42 port 44112 [preauth]
Dec  9 08:03:52 cls sshd[45116]: Failed password for invalid user stefano from 83.235.16.111 port 40000 ssh2
Dec  9 08:03:52 cls sshd[45116]: Received disconnect from 83.235.16.111 port 40000:11: Bye Bye [preauth]
Dec  9 08:03:52 cls sshd[45116]: Disconnected from invalid user stefano 83.235.16.111 port 40000 [preauth]
Dec  9 08:03:54 cls sshd[45118]: Invalid user r from 101.47.140.130 port 60872
Dec  9 08:03:54 cls sshd[45118]: pam_unix(sshd:auth): check pass; user unknown
Dec  9 08:03:54 cls sshd[45118]: pam_unix(sshd:auth): authentication failure; logname= uid=0 euid=0 tty=ssh ruser= rhost=101.47.140.130 
Dec  9 08:03:56 cls sshd[45118]: Failed password for invalid user r from 101.47.140.130 port 60872 ssh2
Dec  9 08:03:56 cls sshd[45118]: Received disconnect from 101.47.140.130 port 60872:11: Bye Bye [preauth]
Dec  9 08:03:56 cls sshd[45118]: Disconnected from invalid user r 101.47.140.130 port 60872 [preauth]
Dec  9 08:03:57 cls sshd[45120]: Invalid user gitlab-runner from 187.72.57.84 port 47809
Dec  9 08:03:57 cls sshd[45120]: pam_unix(sshd:auth): check pass; user unknown
Dec  9 08:03:57 cls sshd[45120]: pam_unix(sshd:auth): authentication failure; logname= uid=0 euid=0 tty=ssh ruser= rhost=187.72.57.84 
Dec  9 08:03:58 cls sshd[45122]: pam_unix(sshd:auth): authentication failure; logname= uid=0 euid=0 tty=ssh ruser= rhost=45.78.217.127  user=root
Dec  9 08:03:59 cls sshd[45120]: Failed password for invalid user gitlab-runner from 187.72.57.84 port 47809 ssh2
Dec  9 08:04:00 cls sshd[45124]: Invalid user rob from 138.124.20.112 port 42404
Dec  9 08:04:00 cls sshd[45124]: pam_unix(sshd:auth): check pass; user unknown
Dec  9 08:04:00 cls sshd[45124]: pam_unix(sshd:auth): authentication failure; logname= uid=0 euid=0 tty=ssh ruser= rhost=138.124.20.112 
Dec  9 08:04:00 cls sshd[45122]: Failed password for root from 45.78.217.127 port 59584 ssh2
Dec  9 08:04:00 cls sshd[45120]: Received disconnect from 187.72.57.84 port 47809:11: Bye Bye [preauth]
Dec  9 08:04:00 cls sshd[45120]: Disconnected from invalid user gitlab-runner 187.72.57.84 port 47809 [preauth]
Dec  9 08:04:01 cls sshd[45122]: Received disconnect from 45.78.217.127 port 59584:11: Bye Bye [preauth]
Dec  9 08:04:01 cls sshd[45122]: Disconnected from authenticating user root 45.78.217.127 port 59584 [preauth]
Dec  9 08:04:02 cls sshd[45124]: Failed password for invalid user rob from 138.124.20.112 port 42404 ssh2
Dec  9 08:04:03 cls sshd[45124]: Received disconnect from 138.124.20.112 port 42404:11: Bye Bye [preauth]
Dec  9 08:04:03 cls sshd[45124]: Disconnected from invalid user rob 138.124.20.112 port 42404 [preauth]
Dec  9 08:04:06 cls sshd[45129]: pam_unix(sshd:auth): authentication failure; logname= uid=0 euid=0 tty=ssh ruser= rhost=118.193.39.127  user=root
Dec  9 08:04:08 cls sshd[45129]: Failed password for root from 118.193.39.127 port 56710 ssh2
Dec  9 08:04:08 cls sshd[45131]: pam_unix(sshd:auth): authentication failure; logname= uid=0 euid=0 tty=ssh ruser= rhost=118.194.250.47  user=root
Dec  9 08:04:09 cls sshd[45129]: Received disconnect from 118.193.39.127 port 56710:11: Bye Bye [preauth]
Dec  9 08:04:09 cls sshd[45129]: Disconnected from authenticating user root 118.193.39.127 port 56710 [preauth]
Dec  9 08:04:11 cls sshd[45131]: Failed password for root from 118.194.250.47 port 52020 ssh2
Dec  9 08:04:11 cls sshd[45131]: Received disconnect from 118.194.250.47 port 52020:11: Bye Bye [preauth]
Dec  9 08:04:11 cls sshd[45131]: Disconnected from authenticating user root 118.194.250.47 port 52020 [preauth]
Dec  9 08:04:25 cls sshd[45135]: pam_unix(sshd:auth): authentication failure; logname= uid=0 euid=0 tty=ssh ruser= rhost=83.235.16.111  user=root
Dec  9 08:04:27 cls sshd[45135]: Failed password for root from 83.235.16.111 port 52556 ssh2
Dec  9 08:04:28 cls sshd[45135]: Received disconnect from 83.235.16.111 port 52556:11: Bye Bye [preauth]
Dec  9 08:04:28 cls sshd[45135]: Disconnected from authenticating user root 83.235.16.111 port 52556 [preauth]
Dec  9 08:04:30 cls sshd[45140]: pam_unix(sshd:auth): authentication failure; logname= uid=0 euid=0 tty=ssh ruser= rhost=160.242.96.43  user=root
Dec  9 08:04:31 cls sshd[45144]: Invalid user user from 203.190.11.42 port 44504
Dec  9 08:04:31 cls sshd[45144]: pam_unix(sshd:auth): check pass; user unknown
Dec  9 08:04:31 cls sshd[45144]: pam_unix(sshd:auth): authentication failure; logname= uid=0 euid=0 tty=ssh ruser= rhost=203.190.11.42 
Dec  9 08:04:33 cls sshd[45140]: Failed password for root from 160.242.96.43 port 58834 ssh2
Dec  9 08:04:33 cls sshd[45140]: Received disconnect from 160.242.96.43 port 58834:11: Bye Bye [preauth]
Dec  9 08:04:33 cls sshd[45140]: Disconnected from authenticating user root 160.242.96.43 port 58834 [preauth]
Dec  9 08:04:34 cls sshd[45144]: Failed password for invalid user user from 203.190.11.42 port 44504 ssh2
Dec  9 08:04:34 cls sshd[45144]: Received disconnect from 203.190.11.42 port 44504:11: Bye Bye [preauth]
Dec  9 08:04:34 cls sshd[45144]: Disconnected from invalid user user 203.190.11.42 port 44504 [preauth]
Dec  9 08:04:41 cls sshd[45149]: pam_unix(sshd:auth): authentication failure; logname= uid=0 euid=0 tty=ssh ruser= rhost=118.193.39.127  user=root
Dec  9 08:04:43 cls sshd[45149]: Failed password for root from 118.193.39.127 port 46776 ssh2
Dec  9 08:04:44 cls sshd[45149]: Received disconnect from 118.193.39.127 port 46776:11: Bye Bye [preauth]
Dec  9 08:04:44 cls sshd[45149]: Disconnected from authenticating user root 118.193.39.127 port 46776 [preauth]
Dec  9 08:04:45 cls sshd[45154]: pam_unix(sshd:auth): authentication failure; logname= uid=0 euid=0 tty=ssh ruser= rhost=138.124.20.112  user=root
Dec  9 08:04:47 cls sshd[45154]: Failed password for root from 138.124.20.112 port 53332 ssh2
Dec  9 08:04:48 cls sshd[45154]: Received disconnect from 138.124.20.112 port 53332:11: Bye Bye [preauth]
Dec  9 08:04:48 cls sshd[45154]: Disconnected from authenticating user root 138.124.20.112 port 53332 [preauth]
Dec  9 08:04:50 cls sshd[45156]: Invalid user testuser from 187.72.57.84 port 54290
Dec  9 08:04:50 cls sshd[45156]: pam_unix(sshd:auth): check pass; user unknown
Dec  9 08:04:50 cls sshd[45156]: pam_unix(sshd:auth): authentication failure; logname= uid=0 euid=0 tty=ssh ruser= rhost=187.72.57.84 
Dec  9 08:04:52 cls sshd[45156]: Failed password for invalid user testuser from 187.72.57.84 port 54290 ssh2
Dec  9 08:04:53 cls sshd[45156]: Received disconnect from 187.72.57.84 port 54290:11: Bye Bye [preauth]
Dec  9 08:04:53 cls sshd[45156]: Disconnected from invalid user testuser 187.72.57.84 port 54290 [preauth]
Dec  9 08:04:54 cls sshd[45159]: pam_unix(sshd:auth): authentication failure; logname= uid=0 euid=0 tty=ssh ruser= rhost=118.194.250.47  user=root
Dec  9 08:04:56 cls sshd[45159]: Failed password for root from 118.194.250.47 port 52780 ssh2
Dec  9 08:04:56 cls sshd[45159]: Received disconnect from 118.194.250.47 port 52780:11: Bye Bye [preauth]
Dec  9 08:04:56 cls sshd[45159]: Disconnected from authenticating user root 118.194.250.47 port 52780 [preauth]
Dec  9 08:05:00 cls sshd[45161]: pam_unix(sshd:auth): authentication failure; logname= uid=0 euid=0 tty=ssh ruser= rhost=83.235.16.111  user=ubuntu
Dec  9 08:05:02 cls sshd[45161]: Failed password for ubuntu from 83.235.16.111 port 36876 ssh2
Dec  9 08:05:02 cls sshd[45161]: Received disconnect from 83.235.16.111 port 36876:11: Bye Bye [preauth]
Dec  9 08:05:02 cls sshd[45161]: Disconnected from authenticating user ubuntu 83.235.16.111 port 36876 [preauth]
Dec  9 08:05:06 cls sshd[45163]: Invalid user student3 from 101.47.140.130 port 39824
Dec  9 08:05:06 cls sshd[45163]: pam_unix(sshd:auth): check pass; user unknown
Dec  9 08:05:06 cls sshd[45163]: pam_unix(sshd:auth): authentication failure; logname= uid=0 euid=0 tty=ssh ruser= rhost=101.47.140.130 
Dec  9 08:05:09 cls sshd[45163]: Failed password for invalid user student3 from 101.47.140.130 port 39824 ssh2
Dec  9 08:05:09 cls sshd[45163]: Received disconnect from 101.47.140.130 port 39824:11: Bye Bye [preauth]
Dec  9 08:05:09 cls sshd[45163]: Disconnected from invalid user student3 101.47.140.130 port 39824 [preauth]
Dec  9 08:05:14 cls sshd[45171]: pam_unix(sshd:auth): authentication failure; logname= uid=0 euid=0 tty=ssh ruser= rhost=203.190.11.42  user=root
Dec  9 08:05:16 cls sshd[45175]: pam_unix(sshd:auth): authentication failure; logname= uid=0 euid=0 tty=ssh ruser= rhost=118.193.39.127  user=root
Dec  9 08:05:16 cls sshd[45171]: Failed password for root from 203.190.11.42 port 46148 ssh2
Dec  9 08:05:16 cls sshd[45171]: Received disconnect from 203.190.11.42 port 46148:11: Bye Bye [preauth]
Dec  9 08:05:16 cls sshd[45171]: Disconnected from authenticating user root 203.190.11.42 port 46148 [preauth]
Dec  9 08:05:17 cls sshd[45173]: Invalid user testuser from 45.78.217.127 port 46558
Dec  9 08:05:17 cls sshd[45173]: pam_unix(sshd:auth): check pass; user unknown
Dec  9 08:05:17 cls sshd[45173]: pam_unix(sshd:auth): authentication failure; logname= uid=0 euid=0 tty=ssh ruser= rhost=45.78.217.127 
Dec  9 08:05:18 cls sshd[45175]: Failed password for root from 118.193.39.127 port 57542 ssh2
Dec  9 08:05:18 cls sshd[45175]: Received disconnect from 118.193.39.127 port 57542:11: Bye Bye [preauth]
Dec  9 08:05:18 cls sshd[45175]: Disconnected from authenticating user root 118.193.39.127 port 57542 [preauth]
Dec  9 08:05:19 cls sshd[45173]: Failed password for invalid user testuser from 45.78.217.127 port 46558 ssh2
Dec  9 08:05:20 cls sshd[45177]: Invalid user rob from 160.242.96.43 port 59822
Dec  9 08:05:20 cls sshd[45177]: pam_unix(sshd:auth): check pass; user unknown
Dec  9 08:05:20 cls sshd[45177]: pam_unix(sshd:auth): authentication failure; logname= uid=0 euid=0 tty=ssh ruser= rhost=160.242.96.43 
Dec  9 08:05:20 cls sshd[45173]: Received disconnect from 45.78.217.127 port 46558:11: Bye Bye [preauth]
Dec  9 08:05:20 cls sshd[45173]: Disconnected from invalid user testuser 45.78.217.127 port 46558 [preauth]
Dec  9 08:05:22 cls sshd[45177]: Failed password for invalid user rob from 160.242.96.43 port 59822 ssh2
Dec  9 08:05:23 cls sshd[45177]: Received disconnect from 160.242.96.43 port 59822:11: Bye Bye [preauth]
Dec  9 08:05:23 cls sshd[45177]: Disconnected from invalid user rob 160.242.96.43 port 59822 [preauth]
Dec  9 08:05:28 cls sshd[45182]: pam_unix(sshd:auth): authentication failure; logname= uid=0 euid=0 tty=ssh ruser= rhost=138.124.20.112  user=root
Dec  9 08:05:30 cls sshd[45182]: Failed password for root from 138.124.20.112 port 38812 ssh2
Dec  9 08:05:31 cls sshd[45182]: Received disconnect from 138.124.20.112 port 38812:11: Bye Bye [preauth]
Dec  9 08:05:31 cls sshd[45182]: Disconnected from authenticating user root 138.124.20.112 port 38812 [preauth]
Dec  9 08:05:34 cls sshd[45185]: Invalid user debian from 83.235.16.111 port 49432
Dec  9 08:05:34 cls sshd[45185]: pam_unix(sshd:auth): check pass; user unknown
Dec  9 08:05:34 cls sshd[45185]: pam_unix(sshd:auth): authentication failure; logname= uid=0 euid=0 tty=ssh ruser= rhost=83.235.16.111 
Dec  9 08:05:36 cls sshd[45185]: Failed password for invalid user debian from 83.235.16.111 port 49432 ssh2
Dec  9 08:05:37 cls sshd[45185]: Received disconnect from 83.235.16.111 port 49432:11: Bye Bye [preauth]
Dec  9 08:05:37 cls sshd[45185]: Disconnected from invalid user debian 83.235.16.111 port 49432 [preauth]
Dec  9 08:05:40 cls sshd[45189]: pam_unix(sshd:auth): authentication failure; logname= uid=0 euid=0 tty=ssh ruser= rhost=187.72.57.84  user=root
Dec  9 08:05:41 cls sshd[45191]: Invalid user user1 from 118.194.250.47 port 43458
Dec  9 08:05:41 cls sshd[45191]: pam_unix(sshd:auth): check pass; user unknown
Dec  9 08:05:41 cls sshd[45191]: pam_unix(sshd:auth): authentication failure; logname= uid=0 euid=0 tty=ssh ruser= rhost=118.194.250.47 
Dec  9 08:05:42 cls sshd[45189]: Failed password for root from 187.72.57.84 port 60771 ssh2
Dec  9 08:05:43 cls sshd[45189]: Received disconnect from 187.72.57.84 port 60771:11: Bye Bye [preauth]
Dec  9 08:05:43 cls sshd[45189]: Disconnected from authenticating user root 187.72.57.84 port 60771 [preauth]
Dec  9 08:05:43 cls sshd[45191]: Failed password for invalid user user1 from 118.194.250.47 port 43458 ssh2
Dec  9 08:05:44 cls sshd[45191]: Received disconnect from 118.194.250.47 port 43458:11: Bye Bye [preauth]
Dec  9 08:05:44 cls sshd[45191]: Disconnected from invalid user user1 118.194.250.47 port 43458 [preauth]
Dec  9 08:05:51 cls sshd[45199]: pam_unix(sshd:auth): authentication failure; logname= uid=0 euid=0 tty=ssh ruser= rhost=118.193.39.127  user=root
Dec  9 08:05:53 cls sshd[45199]: Failed password for root from 118.193.39.127 port 34976 ssh2
Dec  9 08:05:53 cls sshd[45199]: Received disconnect from 118.193.39.127 port 34976:11: Bye Bye [preauth]
Dec  9 08:05:53 cls sshd[45199]: Disconnected from authenticating user root 118.193.39.127 port 34976 [preauth]
Dec  9 08:05:57 cls sshd[45203]: Invalid user gitlab-runner from 203.190.11.42 port 46834
Dec  9 08:05:57 cls sshd[45203]: pam_unix(sshd:auth): check pass; user unknown
Dec  9 08:05:57 cls sshd[45203]: pam_unix(sshd:auth): authentication failure; logname= uid=0 euid=0 tty=ssh ruser= rhost=203.190.11.42 
Dec  9 08:05:58 cls sshd[45203]: Failed password for invalid user gitlab-runner from 203.190.11.42 port 46834 ssh2
Dec  9 08:05:59 cls sshd[45203]: Received disconnect from 203.190.11.42 port 46834:11: Bye Bye [preauth]
Dec  9 08:05:59 cls sshd[45203]: Disconnected from invalid user gitlab-runner 203.190.11.42 port 46834 [preauth]
Dec  9 08:06:07 cls sshd[45205]: Invalid user fiscal from 83.235.16.111 port 33754
Dec  9 08:06:07 cls sshd[45205]: pam_unix(sshd:auth): check pass; user unknown
Dec  9 08:06:07 cls sshd[45205]: pam_unix(sshd:auth): authentication failure; logname= uid=0 euid=0 tty=ssh ruser= rhost=83.235.16.111 
Dec  9 08:06:09 cls sshd[45205]: Failed password for invalid user fiscal from 83.235.16.111 port 33754 ssh2
Dec  9 08:06:09 cls sshd[45205]: Received disconnect from 83.235.16.111 port 33754:11: Bye Bye [preauth]
Dec  9 08:06:09 cls sshd[45205]: Disconnected from invalid user fiscal 83.235.16.111 port 33754 [preauth]
Dec  9 08:06:10 cls sshd[45209]: pam_unix(sshd:auth): authentication failure; logname= uid=0 euid=0 tty=ssh ruser= rhost=160.242.96.43  user=root
Dec  9 08:06:10 cls sshd[45207]: pam_unix(sshd:auth): authentication failure; logname= uid=0 euid=0 tty=ssh ruser= rhost=101.47.140.130  user=root
Dec  9 08:06:11 cls sshd[45209]: Failed password for root from 160.242.96.43 port 34442 ssh2
Dec  9 08:06:12 cls sshd[45207]: Failed password for root from 101.47.140.130 port 39190 ssh2
Dec  9 08:06:12 cls sshd[45216]: Invalid user admin from 138.124.20.112 port 56372
Dec  9 08:06:12 cls sshd[45216]: pam_unix(sshd:auth): check pass; user unknown
Dec  9 08:06:12 cls sshd[45216]: pam_unix(sshd:auth): authentication failure; logname= uid=0 euid=0 tty=ssh ruser= rhost=138.124.20.112 
Dec  9 08:06:12 cls sshd[45209]: Received disconnect from 160.242.96.43 port 34442:11: Bye Bye [preauth]
Dec  9 08:06:12 cls sshd[45209]: Disconnected from authenticating user root 160.242.96.43 port 34442 [preauth]
Dec  9 08:06:13 cls sshd[45207]: Received disconnect from 101.47.140.130 port 39190:11: Bye Bye [preauth]
Dec  9 08:06:13 cls sshd[45207]: Disconnected from authenticating user root 101.47.140.130 port 39190 [preauth]
Dec  9 08:06:14 cls sshd[45216]: Failed password for invalid user admin from 138.124.20.112 port 56372 ssh2
Dec  9 08:06:16 cls sshd[45216]: Received disconnect from 138.124.20.112 port 56372:11: Bye Bye [preauth]
Dec  9 08:06:16 cls sshd[45216]: Disconnected from invalid user admin 138.124.20.112 port 56372 [preauth]
Dec  9 08:06:26 cls sshd[45219]: pam_unix(sshd:auth): authentication failure; logname= uid=0 euid=0 tty=ssh ruser= rhost=118.194.250.47  user=root
Dec  9 08:06:26 cls sshd[45221]: pam_unix(sshd:auth): authentication failure; logname= uid=0 euid=0 tty=ssh ruser= rhost=118.193.39.127  user=root
Dec  9 08:06:28 cls sshd[45219]: Failed password for root from 118.194.250.47 port 58418 ssh2
Dec  9 08:06:29 cls sshd[45221]: Failed password for root from 118.193.39.127 port 49264 ssh2
Dec  9 08:06:30 cls sshd[45223]: pam_unix(sshd:auth): authentication failure; logname= uid=0 euid=0 tty=ssh ruser= rhost=187.72.57.84  user=root
Dec  9 08:06:31 cls sshd[45219]: Received disconnect from 118.194.250.47 port 58418:11: Bye Bye [preauth]
Dec  9 08:06:31 cls sshd[45219]: Disconnected from authenticating user root 118.194.250.47 port 58418 [preauth]
Dec  9 08:06:31 cls sshd[45225]: pam_unix(sshd:auth): authentication failure; logname= uid=0 euid=0 tty=ssh ruser= rhost=45.78.217.127  user=root
Dec  9 08:06:32 cls sshd[45221]: Received disconnect from 118.193.39.127 port 49264:11: Bye Bye [preauth]
Dec  9 08:06:32 cls sshd[45221]: Disconnected from authenticating user root 118.193.39.127 port 49264 [preauth]
Dec  9 08:06:32 cls sshd[45223]: Failed password for root from 187.72.57.84 port 39017 ssh2
Dec  9 08:06:33 cls sshd[45225]: Failed password for root from 45.78.217.127 port 48912 ssh2
Dec  9 08:06:34 cls sshd[45223]: Received disconnect from 187.72.57.84 port 39017:11: Bye Bye [preauth]
Dec  9 08:06:34 cls sshd[45223]: Disconnected from authenticating user root 187.72.57.84 port 39017 [preauth]
Dec  9 08:06:34 cls sshd[45225]: Received disconnect from 45.78.217.127 port 48912:11: Bye Bye [preauth]
Dec  9 08:06:34 cls sshd[45225]: Disconnected from authenticating user root 45.78.217.127 port 48912 [preauth]
Dec  9 08:06:40 cls sshd[45228]: pam_unix(sshd:auth): authentication failure; logname= uid=0 euid=0 tty=ssh ruser= rhost=203.190.11.42  user=root
Dec  9 08:06:41 cls sshd[45229]: pam_unix(sshd:auth): authentication failure; logname= uid=0 euid=0 tty=ssh ruser= rhost=83.235.16.111  user=ubuntu
Dec  9 08:06:42 cls sshd[45228]: Failed password for root from 203.190.11.42 port 46966 ssh2
Dec  9 08:06:43 cls sshd[45229]: Failed password for ubuntu from 83.235.16.111 port 46308 ssh2
Dec  9 08:06:43 cls sshd[45228]: Received disconnect from 203.190.11.42 port 46966:11: Bye Bye [preauth]
Dec  9 08:06:43 cls sshd[45228]: Disconnected from authenticating user root 203.190.11.42 port 46966 [preauth]
Dec  9 08:06:45 cls sshd[45229]: Received disconnect from 83.235.16.111 port 46308:11: Bye Bye [preauth]
Dec  9 08:06:45 cls sshd[45229]: Disconnected from authenticating user ubuntu 83.235.16.111 port 46308 [preauth]
Dec  9 08:06:58 cls sshd[45233]: pam_unix(sshd:auth): authentication failure; logname= uid=0 euid=0 tty=ssh ruser= rhost=138.124.20.112  user=root
Dec  9 08:06:59 cls sshd[45235]: Invalid user deployer from 160.242.96.43 port 47776
Dec  9 08:06:59 cls sshd[45235]: pam_unix(sshd:auth): check pass; user unknown
Dec  9 08:06:59 cls sshd[45235]: pam_unix(sshd:auth): authentication failure; logname= uid=0 euid=0 tty=ssh ruser= rhost=160.242.96.43 
Dec  9 08:06:59 cls sshd[45233]: Failed password for root from 138.124.20.112 port 54990 ssh2
Dec  9 08:07:00 cls sshd[45233]: Received disconnect from 138.124.20.112 port 54990:11: Bye Bye [preauth]
Dec  9 08:07:00 cls sshd[45233]: Disconnected from authenticating user root 138.124.20.112 port 54990 [preauth]
Dec  9 08:07:01 cls sshd[45240]: pam_unix(sshd:auth): authentication failure; logname= uid=0 euid=0 tty=ssh ruser= rhost=118.193.39.127  user=root
Dec  9 08:07:01 cls sshd[45235]: Failed password for invalid user deployer from 160.242.96.43 port 47776 ssh2
Dec  9 08:07:03 cls sshd[45235]: Received disconnect from 160.242.96.43 port 47776:11: Bye Bye [preauth]
Dec  9 08:07:03 cls sshd[45235]: Disconnected from invalid user deployer 160.242.96.43 port 47776 [preauth]
Dec  9 08:07:03 cls sshd[45240]: Failed password for root from 118.193.39.127 port 52102 ssh2
Dec  9 08:07:04 cls sshd[45240]: Received disconnect from 118.193.39.127 port 52102:11: Bye Bye [preauth]
Dec  9 08:07:04 cls sshd[45240]: Disconnected from authenticating user root 118.193.39.127 port 52102 [preauth]
Dec  9 08:07:12 cls sshd[45242]: Invalid user tp from 118.194.250.47 port 43400
Dec  9 08:07:12 cls sshd[45242]: pam_unix(sshd:auth): check pass; user unknown
Dec  9 08:07:12 cls sshd[45242]: pam_unix(sshd:auth): authentication failure; logname= uid=0 euid=0 tty=ssh ruser= rhost=118.194.250.47 
Dec  9 08:07:13 cls sshd[45244]: Invalid user dockeradmin from 83.235.16.111 port 58862
Dec  9 08:07:13 cls sshd[45244]: pam_unix(sshd:auth): check pass; user unknown
Dec  9 08:07:13 cls sshd[45244]: pam_unix(sshd:auth): authentication failure; logname= uid=0 euid=0 tty=ssh ruser= rhost=83.235.16.111 
Dec  9 08:07:14 cls sshd[45242]: Failed password for invalid user tp from 118.194.250.47 port 43400 ssh2
Dec  9 08:07:15 cls sshd[45244]: Failed password for invalid user dockeradmin from 83.235.16.111 port 58862 ssh2
Dec  9 08:07:15 cls sshd[45246]: Invalid user tp from 101.47.140.130 port 39284
Dec  9 08:07:15 cls sshd[45246]: pam_unix(sshd:auth): check pass; user unknown
Dec  9 08:07:15 cls sshd[45246]: pam_unix(sshd:auth): authentication failure; logname= uid=0 euid=0 tty=ssh ruser= rhost=101.47.140.130 
Dec  9 08:07:15 cls sshd[45242]: Received disconnect from 118.194.250.47 port 43400:11: Bye Bye [preauth]
Dec  9 08:07:15 cls sshd[45242]: Disconnected from invalid user tp 118.194.250.47 port 43400 [preauth]
Dec  9 08:07:17 cls sshd[45246]: Failed password for invalid user tp from 101.47.140.130 port 39284 ssh2
Dec  9 08:07:17 cls sshd[45244]: Received disconnect from 83.235.16.111 port 58862:11: Bye Bye [preauth]
Dec  9 08:07:17 cls sshd[45244]: Disconnected from invalid user dockeradmin 83.235.16.111 port 58862 [preauth]
Dec  9 08:07:19 cls sshd[45246]: Received disconnect from 101.47.140.130 port 39284:11: Bye Bye [preauth]
Dec  9 08:07:19 cls sshd[45246]: Disconnected from invalid user tp 101.47.140.130 port 39284 [preauth]
Dec  9 08:07:20 cls sshd[45248]: Invalid user chromeuser from 187.72.57.84 port 45499
Dec  9 08:07:20 cls sshd[45248]: pam_unix(sshd:auth): check pass; user unknown
Dec  9 08:07:20 cls sshd[45248]: pam_unix(sshd:auth): authentication failure; logname= uid=0 euid=0 tty=ssh ruser= rhost=187.72.57.84 
Dec  9 08:07:22 cls sshd[45248]: Failed password for invalid user chromeuser from 187.72.57.84 port 45499 ssh2
Dec  9 08:07:22 cls sshd[45253]: pam_unix(sshd:auth): authentication failure; logname= uid=0 euid=0 tty=ssh ruser= rhost=203.190.11.42  user=root
Dec  9 08:07:24 cls sshd[45253]: Failed password for root from 203.190.11.42 port 55874 ssh2
Dec  9 08:07:25 cls sshd[45253]: Received disconnect from 203.190.11.42 port 55874:11: Bye Bye [preauth]
Dec  9 08:07:25 cls sshd[45253]: Disconnected from authenticating user root 203.190.11.42 port 55874 [preauth]
Dec  9 08:07:27 cls sshd[45248]: Received disconnect from 187.72.57.84 port 45499:11: Bye Bye [preauth]
Dec  9 08:07:27 cls sshd[45248]: Disconnected from invalid user chromeuser 187.72.57.84 port 45499 [preauth]
Dec  9 08:07:36 cls sshd[45259]: pam_unix(sshd:auth): authentication failure; logname= uid=0 euid=0 tty=ssh ruser= rhost=118.193.39.127  user=games
Dec  9 08:07:38 cls sshd[45259]: Failed password for games from 118.193.39.127 port 38156 ssh2
Dec  9 08:07:38 cls sshd[45259]: Received disconnect from 118.193.39.127 port 38156:11: Bye Bye [preauth]
Dec  9 08:07:38 cls sshd[45259]: Disconnected from authenticating user games 118.193.39.127 port 38156 [preauth]
Dec  9 08:07:39 cls sshd[45276]: Invalid user chromeuser from 138.124.20.112 port 37588
