Dec  8 22:31:51 cls sshd[25271]: pam_unix(sshd:auth): authentication failure; logname= uid=0 euid=0 tty=ssh ruser= rhost=162.241.127.152 
Dec  8 22:31:53 cls sshd[25271]: Failed password for invalid user ts3 from 162.241.127.152 port 48456 ssh2
Dec  8 22:31:53 cls sshd[25273]: Invalid user tiptop from 186.80.18.158 port 50126
Dec  8 22:31:53 cls sshd[25273]: pam_unix(sshd:auth): check pass; user unknown
Dec  8 22:31:53 cls sshd[25273]: pam_unix(sshd:auth): authentication failure; logname= uid=0 euid=0 tty=ssh ruser= rhost=186.80.18.158 
Dec  8 22:31:54 cls sshd[25271]: Received disconnect from 162.241.127.152 port 48456:11: Bye Bye [preauth]
Dec  8 22:31:54 cls sshd[25271]: Disconnected from invalid user ts3 162.241.127.152 port 48456 [preauth]
Dec  8 22:31:55 cls sshd[25273]: Failed password for invalid user tiptop from 186.80.18.158 port 50126 ssh2
Dec  8 22:31:56 cls sshd[25273]: Received disconnect from 186.80.18.158 port 50126:11: Bye Bye [preauth]
Dec  8 22:31:56 cls sshd[25273]: Disconnected from invalid user tiptop 186.80.18.158 port 50126 [preauth]
Dec  8 22:32:09 cls sshd[25278]: pam_unix(sshd:auth): authentication failure; logname= uid=0 euid=0 tty=ssh ruser= rhost=191.100.23.154  user=root
Dec  8 22:32:11 cls sshd[25278]: Failed password for root from 191.100.23.154 port 34354 ssh2
Dec  8 22:32:11 cls sshd[25280]: Invalid user botuser from 185.208.156.50 port 39060
Dec  8 22:32:11 cls sshd[25280]: pam_unix(sshd:auth): check pass; user unknown
Dec  8 22:32:11 cls sshd[25280]: pam_unix(sshd:auth): authentication failure; logname= uid=0 euid=0 tty=ssh ruser= rhost=185.208.156.50 
Dec  8 22:32:12 cls sshd[25278]: Received disconnect from 191.100.23.154 port 34354:11: Bye Bye [preauth]
Dec  8 22:32:12 cls sshd[25278]: Disconnected from authenticating user root 191.100.23.154 port 34354 [preauth]
Dec  8 22:32:13 cls sshd[25282]: Invalid user app from 179.57.170.71 port 21826
Dec  8 22:32:13 cls sshd[25282]: pam_unix(sshd:auth): check pass; user unknown
Dec  8 22:32:13 cls sshd[25282]: pam_unix(sshd:auth): authentication failure; logname= uid=0 euid=0 tty=ssh ruser= rhost=179.57.170.71 
Dec  8 22:32:13 cls sshd[25280]: Failed password for invalid user botuser from 185.208.156.50 port 39060 ssh2
Dec  8 22:32:15 cls sshd[25280]: Received disconnect from 185.208.156.50 port 39060:11: Bye Bye [preauth]
Dec  8 22:32:15 cls sshd[25280]: Disconnected from invalid user botuser 185.208.156.50 port 39060 [preauth]
Dec  8 22:32:15 cls sshd[25282]: Failed password for invalid user app from 179.57.170.71 port 21826 ssh2
Dec  8 22:32:16 cls sshd[25284]: pam_unix(sshd:auth): authentication failure; logname= uid=0 euid=0 tty=ssh ruser= rhost=64.227.160.133  user=root
Dec  8 22:32:17 cls sshd[25282]: Received disconnect from 179.57.170.71 port 21826:11: Bye Bye [preauth]
Dec  8 22:32:17 cls sshd[25282]: Disconnected from invalid user app 179.57.170.71 port 21826 [preauth]
Dec  8 22:32:18 cls sshd[25284]: Failed password for root from 64.227.160.133 port 34474 ssh2
Dec  8 22:32:19 cls sshd[25284]: Received disconnect from 64.227.160.133 port 34474:11: Bye Bye [preauth]
Dec  8 22:32:19 cls sshd[25284]: Disconnected from authenticating user root 64.227.160.133 port 34474 [preauth]
Dec  8 22:32:21 cls sshd[25288]: pam_unix(sshd:auth): authentication failure; logname= uid=0 euid=0 tty=ssh ruser= rhost=47.236.20.199  user=root
Dec  8 22:32:23 cls sshd[25288]: Failed password for root from 47.236.20.199 port 39950 ssh2
Dec  8 22:32:24 cls sshd[25288]: Received disconnect from 47.236.20.199 port 39950:11: Bye Bye [preauth]
Dec  8 22:32:24 cls sshd[25288]: Disconnected from authenticating user root 47.236.20.199 port 39950 [preauth]
Dec  8 22:32:24 cls sshd[25290]: Invalid user cdr from 69.10.60.50 port 55084
Dec  8 22:32:24 cls sshd[25290]: pam_unix(sshd:auth): check pass; user unknown
Dec  8 22:32:24 cls sshd[25290]: pam_unix(sshd:auth): authentication failure; logname= uid=0 euid=0 tty=ssh ruser= rhost=69.10.60.50 
Dec  8 22:32:27 cls sshd[25290]: Failed password for invalid user cdr from 69.10.60.50 port 55084 ssh2
Dec  8 22:32:29 cls sshd[25290]: Received disconnect from 69.10.60.50 port 55084:11: Bye Bye [preauth]
Dec  8 22:32:29 cls sshd[25290]: Disconnected from invalid user cdr 69.10.60.50 port 55084 [preauth]
Dec  8 22:32:32 cls sshd[25296]: pam_unix(sshd:auth): authentication failure; logname= uid=0 euid=0 tty=ssh ruser= rhost=64.227.107.145  user=root
Dec  8 22:32:34 cls sshd[25296]: Failed password for root from 64.227.107.145 port 44108 ssh2
Dec  8 22:32:35 cls sshd[25296]: Received disconnect from 64.227.107.145 port 44108:11: Bye Bye [preauth]
Dec  8 22:32:35 cls sshd[25296]: Disconnected from authenticating user root 64.227.107.145 port 44108 [preauth]
Dec  8 22:32:35 cls sshd[25298]: Invalid user support from 93.113.63.124 port 60638
Dec  8 22:32:35 cls sshd[25298]: pam_unix(sshd:auth): check pass; user unknown
Dec  8 22:32:35 cls sshd[25298]: pam_unix(sshd:auth): authentication failure; logname= uid=0 euid=0 tty=ssh ruser= rhost=93.113.63.124 
Dec  8 22:32:38 cls sshd[25298]: Failed password for invalid user support from 93.113.63.124 port 60638 ssh2
Dec  8 22:32:38 cls sshd[25300]: pam_unix(sshd:auth): authentication failure; logname= uid=0 euid=0 tty=ssh ruser= rhost=45.78.228.32  user=root
Dec  8 22:32:39 cls sshd[25318]: Invalid user ubuntu22 from 8.217.103.123 port 54406
Dec  8 22:32:39 cls sshd[25318]: pam_unix(sshd:auth): check pass; user unknown
Dec  8 22:32:39 cls sshd[25318]: pam_unix(sshd:auth): authentication failure; logname= uid=0 euid=0 tty=ssh ruser= rhost=8.217.103.123 
Dec  8 22:32:39 cls sshd[25298]: Received disconnect from 93.113.63.124 port 60638:11: Bye Bye [preauth]
Dec  8 22:32:39 cls sshd[25298]: Disconnected from invalid user support 93.113.63.124 port 60638 [preauth]
Dec  8 22:32:39 cls sshd[25300]: Failed password for root from 45.78.228.32 port 55932 ssh2
Dec  8 22:32:39 cls sshd[25300]: Received disconnect from 45.78.228.32 port 55932:11: Bye Bye [preauth]
Dec  8 22:32:39 cls sshd[25300]: Disconnected from authenticating user root 45.78.228.32 port 55932 [preauth]
Dec  8 22:32:41 cls sshd[25318]: Failed password for invalid user ubuntu22 from 8.217.103.123 port 54406 ssh2
Dec  8 22:32:42 cls sshd[25318]: Received disconnect from 8.217.103.123 port 54406:11: Bye Bye [preauth]
Dec  8 22:32:42 cls sshd[25318]: Disconnected from invalid user ubuntu22 8.217.103.123 port 54406 [preauth]
Dec  8 22:32:43 cls sshd[25323]: pam_unix(sshd:auth): authentication failure; logname= uid=0 euid=0 tty=ssh ruser= rhost=101.47.163.94  user=root
Dec  8 22:32:45 cls sshd[25344]: Invalid user postgres from 209.141.47.217 port 43070
Dec  8 22:32:45 cls sshd[25344]: pam_unix(sshd:auth): check pass; user unknown
Dec  8 22:32:45 cls sshd[25344]: pam_unix(sshd:auth): authentication failure; logname= uid=0 euid=0 tty=ssh ruser= rhost=209.141.47.217 
Dec  8 22:32:45 cls sshd[25323]: Failed password for root from 101.47.163.94 port 33026 ssh2
Dec  8 22:32:46 cls sshd[25346]: pam_unix(sshd:auth): authentication failure; logname= uid=0 euid=0 tty=ssh ruser= rhost=118.99.80.0  user=root
Dec  8 22:32:47 cls sshd[25344]: Failed password for invalid user postgres from 209.141.47.217 port 43070 ssh2
Dec  8 22:32:48 cls sshd[25344]: Received disconnect from 209.141.47.217 port 43070:11: Bye Bye [preauth]
Dec  8 22:32:48 cls sshd[25344]: Disconnected from invalid user postgres 209.141.47.217 port 43070 [preauth]
Dec  8 22:32:48 cls sshd[25323]: Received disconnect from 101.47.163.94 port 33026:11: Bye Bye [preauth]
Dec  8 22:32:48 cls sshd[25323]: Disconnected from authenticating user root 101.47.163.94 port 33026 [preauth]
Dec  8 22:32:48 cls sshd[25346]: Failed password for root from 118.99.80.0 port 15009 ssh2
Dec  8 22:32:49 cls sshd[25346]: Received disconnect from 118.99.80.0 port 15009:11: Bye Bye [preauth]
Dec  8 22:32:49 cls sshd[25346]: Disconnected from authenticating user root 118.99.80.0 port 15009 [preauth]
Dec  8 22:33:02 cls sshd[25461]: pam_unix(sshd:auth): authentication failure; logname= uid=0 euid=0 tty=ssh ruser= rhost=103.147.211.2  user=root
Dec  8 22:33:03 cls sshd[25443]: pam_unix(sshd:auth): authentication failure; logname= uid=0 euid=0 tty=ssh ruser= rhost=181.2.146.184  user=root
Dec  8 22:33:04 cls sshd[25461]: Failed password for root from 103.147.211.2 port 56208 ssh2
Dec  8 22:33:04 cls sshd[25461]: Received disconnect from 103.147.211.2 port 56208:11: Bye Bye [preauth]
Dec  8 22:33:04 cls sshd[25461]: Disconnected from authenticating user root 103.147.211.2 port 56208 [preauth]
Dec  8 22:33:05 cls sshd[25443]: Failed password for root from 181.2.146.184 port 46748 ssh2
Dec  8 22:33:05 cls sshd[25466]: Invalid user aaa from 186.80.18.158 port 39086
Dec  8 22:33:05 cls sshd[25466]: pam_unix(sshd:auth): check pass; user unknown
Dec  8 22:33:05 cls sshd[25466]: pam_unix(sshd:auth): authentication failure; logname= uid=0 euid=0 tty=ssh ruser= rhost=186.80.18.158 
Dec  8 22:33:06 cls sshd[25443]: Received disconnect from 181.2.146.184 port 46748:11: Bye Bye [preauth]
Dec  8 22:33:06 cls sshd[25443]: Disconnected from authenticating user root 181.2.146.184 port 46748 [preauth]
Dec  8 22:33:07 cls sshd[25473]: Invalid user dev from 162.241.127.152 port 49632
Dec  8 22:33:07 cls sshd[25473]: pam_unix(sshd:auth): check pass; user unknown
Dec  8 22:33:07 cls sshd[25473]: pam_unix(sshd:auth): authentication failure; logname= uid=0 euid=0 tty=ssh ruser= rhost=162.241.127.152 
Dec  8 22:33:08 cls sshd[25466]: Failed password for invalid user aaa from 186.80.18.158 port 39086 ssh2
Dec  8 22:33:09 cls sshd[25466]: Received disconnect from 186.80.18.158 port 39086:11: Bye Bye [preauth]
Dec  8 22:33:09 cls sshd[25466]: Disconnected from invalid user aaa 186.80.18.158 port 39086 [preauth]
Dec  8 22:33:09 cls sshd[25473]: Failed password for invalid user dev from 162.241.127.152 port 49632 ssh2
Dec  8 22:33:09 cls sshd[25473]: Received disconnect from 162.241.127.152 port 49632:11: Bye Bye [preauth]
Dec  8 22:33:09 cls sshd[25473]: Disconnected from invalid user dev 162.241.127.152 port 49632 [preauth]
Dec  8 22:33:11 cls sshd[25514]: Invalid user odoo from 185.208.156.50 port 45088
Dec  8 22:33:11 cls sshd[25514]: pam_unix(sshd:auth): check pass; user unknown
Dec  8 22:33:11 cls sshd[25514]: pam_unix(sshd:auth): authentication failure; logname= uid=0 euid=0 tty=ssh ruser= rhost=185.208.156.50 
Dec  8 22:33:13 cls sshd[25514]: Failed password for invalid user odoo from 185.208.156.50 port 45088 ssh2
Dec  8 22:33:14 cls sshd[25514]: Received disconnect from 185.208.156.50 port 45088:11: Bye Bye [preauth]
Dec  8 22:33:14 cls sshd[25514]: Disconnected from invalid user odoo 185.208.156.50 port 45088 [preauth]
Dec  8 22:33:21 cls sshd[25594]: pam_unix(sshd:auth): authentication failure; logname= uid=0 euid=0 tty=ssh ruser= rhost=64.227.107.145  user=root
Dec  8 22:33:23 cls sshd[25594]: Failed password for root from 64.227.107.145 port 45630 ssh2
Dec  8 22:33:24 cls sshd[25594]: Received disconnect from 64.227.107.145 port 45630:11: Bye Bye [preauth]
Dec  8 22:33:24 cls sshd[25594]: Disconnected from authenticating user root 64.227.107.145 port 45630 [preauth]
Dec  8 22:33:26 cls sshd[25619]: Invalid user bharath from 69.10.60.50 port 38588
Dec  8 22:33:26 cls sshd[25619]: pam_unix(sshd:auth): check pass; user unknown
Dec  8 22:33:26 cls sshd[25619]: pam_unix(sshd:auth): authentication failure; logname= uid=0 euid=0 tty=ssh ruser= rhost=69.10.60.50 
Dec  8 22:33:28 cls sshd[25619]: Failed password for invalid user bharath from 69.10.60.50 port 38588 ssh2
Dec  8 22:33:28 cls sshd[25619]: Received disconnect from 69.10.60.50 port 38588:11: Bye Bye [preauth]
Dec  8 22:33:28 cls sshd[25619]: Disconnected from invalid user bharath 69.10.60.50 port 38588 [preauth]
Dec  8 22:33:31 cls sshd[25679]: pam_unix(sshd:auth): authentication failure; logname= uid=0 euid=0 tty=ssh ruser= rhost=64.227.160.133  user=root
Dec  8 22:33:31 cls sshd[25660]: Invalid user admin from 107.150.104.184 port 43836
Dec  8 22:33:31 cls sshd[25660]: pam_unix(sshd:auth): check pass; user unknown
Dec  8 22:33:31 cls sshd[25660]: pam_unix(sshd:auth): authentication failure; logname= uid=0 euid=0 tty=ssh ruser= rhost=107.150.104.184 
Dec  8 22:33:33 cls sshd[25679]: Failed password for root from 64.227.160.133 port 34082 ssh2
Dec  8 22:33:33 cls sshd[25660]: Failed password for invalid user admin from 107.150.104.184 port 43836 ssh2
Dec  8 22:33:34 cls sshd[25679]: Received disconnect from 64.227.160.133 port 34082:11: Bye Bye [preauth]
Dec  8 22:33:34 cls sshd[25679]: Disconnected from authenticating user root 64.227.160.133 port 34082 [preauth]
Dec  8 22:33:35 cls sshd[25660]: Received disconnect from 107.150.104.184 port 43836:11: Bye Bye [preauth]
Dec  8 22:33:35 cls sshd[25660]: Disconnected from invalid user admin 107.150.104.184 port 43836 [preauth]
Dec  8 22:33:40 cls sshd[25683]: pam_unix(sshd:auth): authentication failure; logname= uid=0 euid=0 tty=ssh ruser= rhost=45.78.204.252  user=root
Dec  8 22:33:42 cls sshd[25683]: Failed password for root from 45.78.204.252 port 51842 ssh2
Dec  8 22:33:43 cls sshd[25683]: Received disconnect from 45.78.204.252 port 51842:11: Bye Bye [preauth]
Dec  8 22:33:43 cls sshd[25683]: Disconnected from authenticating user root 45.78.204.252 port 51842 [preauth]
Dec  8 22:33:43 cls sshd[25722]: pam_unix(sshd:auth): authentication failure; logname= uid=0 euid=0 tty=ssh ruser= rhost=179.57.170.71  user=root
Dec  8 22:33:45 cls sshd[25741]: pam_unix(sshd:auth): authentication failure; logname= uid=0 euid=0 tty=ssh ruser= rhost=101.47.142.111  user=root
Dec  8 22:33:45 cls sshd[25722]: Failed password for root from 179.57.170.71 port 15260 ssh2
Dec  8 22:33:46 cls sshd[25722]: Received disconnect from 179.57.170.71 port 15260:11: Bye Bye [preauth]
Dec  8 22:33:46 cls sshd[25722]: Disconnected from authenticating user root 179.57.170.71 port 15260 [preauth]
Dec  8 22:33:46 cls sshd[25741]: Failed password for root from 101.47.142.111 port 43396 ssh2
Dec  8 22:33:47 cls sshd[25741]: Received disconnect from 101.47.142.111 port 43396:11: Bye Bye [preauth]
Dec  8 22:33:47 cls sshd[25741]: Disconnected from authenticating user root 101.47.142.111 port 43396 [preauth]
Dec  8 22:33:48 cls sshd[25770]: pam_unix(sshd:auth): authentication failure; logname= uid=0 euid=0 tty=ssh ruser= rhost=93.113.63.124  user=root
Dec  8 22:33:49 cls sshd[25778]: pam_unix(sshd:auth): authentication failure; logname= uid=0 euid=0 tty=ssh ruser= rhost=191.100.23.154  user=root
Dec  8 22:33:49 cls sshd[25788]: Invalid user rust from 47.236.20.199 port 41860
Dec  8 22:33:49 cls sshd[25788]: pam_unix(sshd:auth): check pass; user unknown
Dec  8 22:33:49 cls sshd[25788]: pam_unix(sshd:auth): authentication failure; logname= uid=0 euid=0 tty=ssh ruser= rhost=47.236.20.199 
Dec  8 22:33:50 cls sshd[25778]: Failed password for root from 191.100.23.154 port 52926 ssh2
Dec  8 22:33:50 cls sshd[25770]: Failed password for root from 93.113.63.124 port 51876 ssh2
Dec  8 22:33:50 cls sshd[25790]: Invalid user hadoop from 209.141.47.217 port 36048
Dec  8 22:33:50 cls sshd[25790]: pam_unix(sshd:auth): check pass; user unknown
Dec  8 22:33:50 cls sshd[25790]: pam_unix(sshd:auth): authentication failure; logname= uid=0 euid=0 tty=ssh ruser= rhost=209.141.47.217 
Dec  8 22:33:51 cls sshd[25788]: Failed password for invalid user rust from 47.236.20.199 port 41860 ssh2
Dec  8 22:33:51 cls sshd[25770]: Received disconnect from 93.113.63.124 port 51876:11: Bye Bye [preauth]
Dec  8 22:33:51 cls sshd[25770]: Disconnected from authenticating user root 93.113.63.124 port 51876 [preauth]
Dec  8 22:33:51 cls sshd[25788]: Received disconnect from 47.236.20.199 port 41860:11: Bye Bye [preauth]
Dec  8 22:33:51 cls sshd[25788]: Disconnected from invalid user rust 47.236.20.199 port 41860 [preauth]
Dec  8 22:33:52 cls sshd[25778]: Received disconnect from 191.100.23.154 port 52926:11: Bye Bye [preauth]
Dec  8 22:33:52 cls sshd[25778]: Disconnected from authenticating user root 191.100.23.154 port 52926 [preauth]
Dec  8 22:33:52 cls sshd[25790]: Failed password for invalid user hadoop from 209.141.47.217 port 36048 ssh2
Dec  8 22:33:53 cls sshd[25790]: Received disconnect from 209.141.47.217 port 36048:11: Bye Bye [preauth]
Dec  8 22:33:53 cls sshd[25790]: Disconnected from invalid user hadoop 209.141.47.217 port 36048 [preauth]
Dec  8 22:34:01 cls sshd[25859]: Invalid user abc from 8.217.103.123 port 38426
Dec  8 22:34:01 cls sshd[25859]: pam_unix(sshd:auth): check pass; user unknown
Dec  8 22:34:01 cls sshd[25859]: pam_unix(sshd:auth): authentication failure; logname= uid=0 euid=0 tty=ssh ruser= rhost=8.217.103.123 
Dec  8 22:34:03 cls sshd[25859]: Failed password for invalid user abc from 8.217.103.123 port 38426 ssh2
Dec  8 22:34:04 cls sshd[25859]: Received disconnect from 8.217.103.123 port 38426:11: Bye Bye [preauth]
Dec  8 22:34:04 cls sshd[25859]: Disconnected from invalid user abc 8.217.103.123 port 38426 [preauth]
Dec  8 22:34:05 cls sshd[25886]: Invalid user payam from 118.99.80.0 port 12484
Dec  8 22:34:05 cls sshd[25886]: pam_unix(sshd:auth): check pass; user unknown
Dec  8 22:34:05 cls sshd[25886]: pam_unix(sshd:auth): authentication failure; logname= uid=0 euid=0 tty=ssh ruser= rhost=118.99.80.0 
Dec  8 22:34:07 cls sshd[25886]: Failed password for invalid user payam from 118.99.80.0 port 12484 ssh2
Dec  8 22:34:07 cls sshd[25886]: Received disconnect from 118.99.80.0 port 12484:11: Bye Bye [preauth]
Dec  8 22:34:07 cls sshd[25886]: Disconnected from invalid user payam 118.99.80.0 port 12484 [preauth]
Dec  8 22:34:08 cls sshd[25922]: pam_unix(sshd:auth): authentication failure; logname= uid=0 euid=0 tty=ssh ruser= rhost=64.227.107.145  user=root
Dec  8 22:34:10 cls sshd[25922]: Failed password for root from 64.227.107.145 port 34368 ssh2
Dec  8 22:34:11 cls sshd[25935]: Invalid user braun from 185.208.156.50 port 44240
Dec  8 22:34:11 cls sshd[25935]: pam_unix(sshd:auth): check pass; user unknown
Dec  8 22:34:11 cls sshd[25935]: pam_unix(sshd:auth): authentication failure; logname= uid=0 euid=0 tty=ssh ruser= rhost=185.208.156.50 
Dec  8 22:34:11 cls sshd[25922]: Received disconnect from 64.227.107.145 port 34368:11: Bye Bye [preauth]
Dec  8 22:34:11 cls sshd[25922]: Disconnected from authenticating user root 64.227.107.145 port 34368 [preauth]
Dec  8 22:34:13 cls sshd[25935]: Failed password for invalid user braun from 185.208.156.50 port 44240 ssh2
Dec  8 22:34:14 cls sshd[25935]: Received disconnect from 185.208.156.50 port 44240:11: Bye Bye [preauth]
Dec  8 22:34:14 cls sshd[25935]: Disconnected from invalid user braun 185.208.156.50 port 44240 [preauth]
Dec  8 22:34:15 cls sshd[25956]: Invalid user platform from 186.80.18.158 port 55124
Dec  8 22:34:15 cls sshd[25956]: pam_unix(sshd:auth): check pass; user unknown
Dec  8 22:34:15 cls sshd[25956]: pam_unix(sshd:auth): authentication failure; logname= uid=0 euid=0 tty=ssh ruser= rhost=186.80.18.158 
Dec  8 22:34:17 cls sshd[25956]: Failed password for invalid user platform from 186.80.18.158 port 55124 ssh2
Dec  8 22:34:17 cls sshd[25956]: Received disconnect from 186.80.18.158 port 55124:11: Bye Bye [preauth]
Dec  8 22:34:17 cls sshd[25956]: Disconnected from invalid user platform 186.80.18.158 port 55124 [preauth]
Dec  8 22:34:19 cls sshd[25995]: Invalid user solr from 103.147.211.2 port 53888
Dec  8 22:34:19 cls sshd[25995]: pam_unix(sshd:auth): check pass; user unknown
Dec  8 22:34:19 cls sshd[25995]: pam_unix(sshd:auth): authentication failure; logname= uid=0 euid=0 tty=ssh ruser= rhost=103.147.211.2 
Dec  8 22:34:22 cls sshd[25995]: Failed password for invalid user solr from 103.147.211.2 port 53888 ssh2
Dec  8 22:34:22 cls sshd[26016]: pam_unix(sshd:auth): authentication failure; logname= uid=0 euid=0 tty=ssh ruser= rhost=162.241.127.152  user=root
Dec  8 22:34:23 cls sshd[25995]: Received disconnect from 103.147.211.2 port 53888:11: Bye Bye [preauth]
Dec  8 22:34:23 cls sshd[25995]: Disconnected from invalid user solr 103.147.211.2 port 53888 [preauth]
Dec  8 22:34:24 cls sshd[26016]: Failed password for root from 162.241.127.152 port 50824 ssh2
Dec  8 22:34:24 cls sshd[26020]: pam_unix(sshd:auth): authentication failure; logname= uid=0 euid=0 tty=ssh ruser= rhost=69.10.60.50  user=root
Dec  8 22:34:25 cls sshd[26016]: Received disconnect from 162.241.127.152 port 50824:11: Bye Bye [preauth]
Dec  8 22:34:25 cls sshd[26016]: Disconnected from authenticating user root 162.241.127.152 port 50824 [preauth]
Dec  8 22:34:26 cls sshd[26020]: Failed password for root from 69.10.60.50 port 45580 ssh2
Dec  8 22:34:27 cls sshd[26020]: Received disconnect from 69.10.60.50 port 45580:11: Bye Bye [preauth]
Dec  8 22:34:27 cls sshd[26020]: Disconnected from authenticating user root 69.10.60.50 port 45580 [preauth]
Dec  8 22:34:42 cls sshd[26141]: pam_unix(sshd:auth): authentication failure; logname= uid=0 euid=0 tty=ssh ruser= rhost=64.227.160.133  user=root
Dec  8 22:34:44 cls sshd[26143]: Invalid user mcserver from 181.2.146.184 port 53770
Dec  8 22:34:44 cls sshd[26143]: pam_unix(sshd:auth): check pass; user unknown
Dec  8 22:34:44 cls sshd[26143]: pam_unix(sshd:auth): authentication failure; logname= uid=0 euid=0 tty=ssh ruser= rhost=181.2.146.184 
Dec  8 22:34:44 cls sshd[26141]: Failed password for root from 64.227.160.133 port 43760 ssh2
Dec  8 22:34:45 cls sshd[26141]: Received disconnect from 64.227.160.133 port 43760:11: Bye Bye [preauth]
Dec  8 22:34:45 cls sshd[26141]: Disconnected from authenticating user root 64.227.160.133 port 43760 [preauth]
Dec  8 22:34:46 cls sshd[26143]: Failed password for invalid user mcserver from 181.2.146.184 port 53770 ssh2
Dec  8 22:34:48 cls sshd[26143]: Received disconnect from 181.2.146.184 port 53770:11: Bye Bye [preauth]
Dec  8 22:34:48 cls sshd[26143]: Disconnected from invalid user mcserver 181.2.146.184 port 53770 [preauth]
Dec  8 22:34:51 cls sshd[26207]: Invalid user admin from 209.141.47.217 port 51990
Dec  8 22:34:51 cls sshd[26207]: pam_unix(sshd:auth): check pass; user unknown
Dec  8 22:34:51 cls sshd[26207]: pam_unix(sshd:auth): authentication failure; logname= uid=0 euid=0 tty=ssh ruser= rhost=209.141.47.217 
Dec  8 22:34:54 cls sshd[26207]: Failed password for invalid user admin from 209.141.47.217 port 51990 ssh2
Dec  8 22:34:54 cls sshd[26210]: pam_unix(sshd:auth): authentication failure; logname= uid=0 euid=0 tty=ssh ruser= rhost=45.78.228.32  user=root
Dec  8 22:34:55 cls sshd[26212]: Invalid user narges from 64.227.107.145 port 38774
Dec  8 22:34:55 cls sshd[26212]: pam_unix(sshd:auth): check pass; user unknown
Dec  8 22:34:55 cls sshd[26212]: pam_unix(sshd:auth): authentication failure; logname= uid=0 euid=0 tty=ssh ruser= rhost=64.227.107.145 
Dec  8 22:34:55 cls sshd[26207]: Received disconnect from 209.141.47.217 port 51990:11: Bye Bye [preauth]
Dec  8 22:34:55 cls sshd[26207]: Disconnected from invalid user admin 209.141.47.217 port 51990 [preauth]
Dec  8 22:34:56 cls sshd[26210]: Failed password for root from 45.78.228.32 port 39744 ssh2
Dec  8 22:34:56 cls sshd[26212]: Failed password for invalid user narges from 64.227.107.145 port 38774 ssh2
Dec  8 22:34:57 cls sshd[26210]: Received disconnect from 45.78.228.32 port 39744:11: Bye Bye [preauth]
Dec  8 22:34:57 cls sshd[26210]: Disconnected from authenticating user root 45.78.228.32 port 39744 [preauth]
Dec  8 22:34:58 cls sshd[26212]: Received disconnect from 64.227.107.145 port 38774:11: Bye Bye [preauth]
Dec  8 22:34:58 cls sshd[26212]: Disconnected from invalid user narges 64.227.107.145 port 38774 [preauth]
Dec  8 22:34:59 cls sshd[26251]: Invalid user braun from 93.113.63.124 port 46564
Dec  8 22:34:59 cls sshd[26251]: pam_unix(sshd:auth): check pass; user unknown
Dec  8 22:34:59 cls sshd[26251]: pam_unix(sshd:auth): authentication failure; logname= uid=0 euid=0 tty=ssh ruser= rhost=93.113.63.124 
Dec  8 22:35:01 cls sshd[26251]: Failed password for invalid user braun from 93.113.63.124 port 46564 ssh2
Dec  8 22:35:01 cls sshd[26251]: Received disconnect from 93.113.63.124 port 46564:11: Bye Bye [preauth]
Dec  8 22:35:01 cls sshd[26251]: Disconnected from invalid user braun 93.113.63.124 port 46564 [preauth]
Dec  8 22:35:11 cls sshd[26341]: pam_unix(sshd:auth): authentication failure; logname= uid=0 euid=0 tty=ssh ruser= rhost=185.208.156.50  user=ubuntu
Dec  8 22:35:12 cls sshd[26345]: pam_unix(sshd:auth): authentication failure; logname= uid=0 euid=0 tty=ssh ruser= rhost=179.57.170.71  user=root
Dec  8 22:35:13 cls sshd[26341]: Failed password for ubuntu from 185.208.156.50 port 32826 ssh2
Dec  8 22:35:13 cls sshd[26351]: Invalid user solr from 47.236.20.199 port 43770
Dec  8 22:35:13 cls sshd[26351]: pam_unix(sshd:auth): check pass; user unknown
Dec  8 22:35:13 cls sshd[26351]: pam_unix(sshd:auth): authentication failure; logname= uid=0 euid=0 tty=ssh ruser= rhost=47.236.20.199 
Dec  8 22:35:14 cls sshd[26345]: Failed password for root from 179.57.170.71 port 51634 ssh2
Dec  8 22:35:14 cls sshd[26341]: Received disconnect from 185.208.156.50 port 32826:11: Bye Bye [preauth]
Dec  8 22:35:14 cls sshd[26341]: Disconnected from authenticating user ubuntu 185.208.156.50 port 32826 [preauth]
Dec  8 22:35:15 cls sshd[26345]: Received disconnect from 179.57.170.71 port 51634:11: Bye Bye [preauth]
Dec  8 22:35:15 cls sshd[26345]: Disconnected from authenticating user root 179.57.170.71 port 51634 [preauth]
Dec  8 22:35:16 cls sshd[26351]: Failed password for invalid user solr from 47.236.20.199 port 43770 ssh2
Dec  8 22:35:16 cls sshd[26356]: Invalid user samba from 101.47.163.94 port 60028
Dec  8 22:35:16 cls sshd[26356]: pam_unix(sshd:auth): check pass; user unknown
Dec  8 22:35:16 cls sshd[26356]: pam_unix(sshd:auth): authentication failure; logname= uid=0 euid=0 tty=ssh ruser= rhost=101.47.163.94 
Dec  8 22:35:17 cls sshd[26351]: Received disconnect from 47.236.20.199 port 43770:11: Bye Bye [preauth]
Dec  8 22:35:17 cls sshd[26351]: Disconnected from invalid user solr 47.236.20.199 port 43770 [preauth]
Dec  8 22:35:18 cls sshd[26356]: Failed password for invalid user samba from 101.47.163.94 port 60028 ssh2
Dec  8 22:35:18 cls sshd[26356]: Received disconnect from 101.47.163.94 port 60028:11: Bye Bye [preauth]
Dec  8 22:35:18 cls sshd[26356]: Disconnected from invalid user samba 101.47.163.94 port 60028 [preauth]
Dec  8 22:35:20 cls sshd[26358]: Invalid user test1 from 8.217.103.123 port 54868
Dec  8 22:35:20 cls sshd[26358]: pam_unix(sshd:auth): check pass; user unknown
Dec  8 22:35:20 cls sshd[26358]: pam_unix(sshd:auth): authentication failure; logname= uid=0 euid=0 tty=ssh ruser= rhost=8.217.103.123 
Dec  8 22:35:20 cls sshd[26360]: Invalid user deploy from 118.99.80.0 port 3867
Dec  8 22:35:20 cls sshd[26360]: pam_unix(sshd:auth): check pass; user unknown
Dec  8 22:35:20 cls sshd[26360]: pam_unix(sshd:auth): authentication failure; logname= uid=0 euid=0 tty=ssh ruser= rhost=118.99.80.0 
Dec  8 22:35:23 cls sshd[26358]: Failed password for invalid user test1 from 8.217.103.123 port 54868 ssh2
Dec  8 22:35:23 cls sshd[26360]: Failed password for invalid user deploy from 118.99.80.0 port 3867 ssh2
Dec  8 22:35:24 cls sshd[26360]: Received disconnect from 118.99.80.0 port 3867:11: Bye Bye [preauth]
Dec  8 22:35:24 cls sshd[26360]: Disconnected from invalid user deploy 118.99.80.0 port 3867 [preauth]
Dec  8 22:35:24 cls sshd[26358]: Received disconnect from 8.217.103.123 port 54868:11: Bye Bye [preauth]
Dec  8 22:35:24 cls sshd[26358]: Disconnected from invalid user test1 8.217.103.123 port 54868 [preauth]
Dec  8 22:35:25 cls sshd[26364]: Invalid user app from 69.10.60.50 port 43954
Dec  8 22:35:25 cls sshd[26364]: pam_unix(sshd:auth): check pass; user unknown
Dec  8 22:35:25 cls sshd[26364]: pam_unix(sshd:auth): authentication failure; logname= uid=0 euid=0 tty=ssh ruser= rhost=69.10.60.50 
Dec  8 22:35:25 cls sshd[26362]: Invalid user user from 186.80.18.158 port 39866
Dec  8 22:35:25 cls sshd[26362]: pam_unix(sshd:auth): check pass; user unknown
Dec  8 22:35:25 cls sshd[26362]: pam_unix(sshd:auth): authentication failure; logname= uid=0 euid=0 tty=ssh ruser= rhost=186.80.18.158 
Dec  8 22:35:26 cls sshd[26366]: pam_unix(sshd:auth): authentication failure; logname= uid=0 euid=0 tty=ssh ruser= rhost=191.100.23.154  user=root
Dec  8 22:35:27 cls sshd[26364]: Failed password for invalid user app from 69.10.60.50 port 43954 ssh2
Dec  8 22:35:28 cls sshd[26362]: Failed password for invalid user user from 186.80.18.158 port 39866 ssh2
Dec  8 22:35:28 cls sshd[26366]: Failed password for root from 191.100.23.154 port 54838 ssh2
Dec  8 22:35:29 cls sshd[26366]: Received disconnect from 191.100.23.154 port 54838:11: Bye Bye [preauth]
Dec  8 22:35:29 cls sshd[26366]: Disconnected from authenticating user root 191.100.23.154 port 54838 [preauth]
Dec  8 22:35:29 cls sshd[26364]: Received disconnect from 69.10.60.50 port 43954:11: Bye Bye [preauth]
Dec  8 22:35:29 cls sshd[26364]: Disconnected from invalid user app 69.10.60.50 port 43954 [preauth]
Dec  8 22:35:29 cls sshd[26362]: Received disconnect from 186.80.18.158 port 39866:11: Bye Bye [preauth]
Dec  8 22:35:29 cls sshd[26362]: Disconnected from invalid user user 186.80.18.158 port 39866 [preauth]
Dec  8 22:35:33 cls sshd[26380]: Invalid user narges from 103.147.211.2 port 40320
Dec  8 22:35:33 cls sshd[26380]: pam_unix(sshd:auth): check pass; user unknown
Dec  8 22:35:33 cls sshd[26380]: pam_unix(sshd:auth): authentication failure; logname= uid=0 euid=0 tty=ssh ruser= rhost=103.147.211.2 
Dec  8 22:35:35 cls sshd[26380]: Failed password for invalid user narges from 103.147.211.2 port 40320 ssh2
Dec  8 22:35:36 cls sshd[26380]: Received disconnect from 103.147.211.2 port 40320:11: Bye Bye [preauth]
Dec  8 22:35:36 cls sshd[26380]: Disconnected from invalid user narges 103.147.211.2 port 40320 [preauth]
Dec  8 22:35:38 cls sshd[26384]: Invalid user mcserver from 64.227.107.145 port 60100
Dec  8 22:35:38 cls sshd[26384]: pam_unix(sshd:auth): check pass; user unknown
Dec  8 22:35:38 cls sshd[26384]: pam_unix(sshd:auth): authentication failure; logname= uid=0 euid=0 tty=ssh ruser= rhost=64.227.107.145 
Dec  8 22:35:38 cls sshd[26386]: pam_unix(sshd:auth): authentication failure; logname= uid=0 euid=0 tty=ssh ruser= rhost=162.241.127.152  user=root
Dec  8 22:35:40 cls sshd[26384]: Failed password for invalid user mcserver from 64.227.107.145 port 60100 ssh2
Dec  8 22:35:40 cls sshd[26386]: Failed password for root from 162.241.127.152 port 52008 ssh2
Dec  8 22:35:41 cls sshd[26386]: Received disconnect from 162.241.127.152 port 52008:11: Bye Bye [preauth]
Dec  8 22:35:41 cls sshd[26386]: Disconnected from authenticating user root 162.241.127.152 port 52008 [preauth]
Dec  8 22:35:41 cls sshd[26384]: Received disconnect from 64.227.107.145 port 60100:11: Bye Bye [preauth]
Dec  8 22:35:41 cls sshd[26384]: Disconnected from invalid user mcserver 64.227.107.145 port 60100 [preauth]
Dec  8 22:35:54 cls sshd[26455]: Invalid user hello from 209.141.47.217 port 35414
Dec  8 22:35:54 cls sshd[26455]: pam_unix(sshd:auth): check pass; user unknown
Dec  8 22:35:54 cls sshd[26455]: pam_unix(sshd:auth): authentication failure; logname= uid=0 euid=0 tty=ssh ruser= rhost=209.141.47.217 
Dec  8 22:35:55 cls sshd[26459]: Invalid user narges from 64.227.160.133 port 48434
Dec  8 22:35:55 cls sshd[26459]: pam_unix(sshd:auth): check pass; user unknown
Dec  8 22:35:55 cls sshd[26459]: pam_unix(sshd:auth): authentication failure; logname= uid=0 euid=0 tty=ssh ruser= rhost=64.227.160.133 
Dec  8 22:35:56 cls sshd[26455]: Failed password for invalid user hello from 209.141.47.217 port 35414 ssh2
Dec  8 22:35:57 cls sshd[26455]: Received disconnect from 209.141.47.217 port 35414:11: Bye Bye [preauth]
Dec  8 22:35:57 cls sshd[26455]: Disconnected from invalid user hello 209.141.47.217 port 35414 [preauth]
Dec  8 22:35:58 cls sshd[26459]: Failed password for invalid user narges from 64.227.160.133 port 48434 ssh2
Dec  8 22:35:59 cls sshd[26459]: Received disconnect from 64.227.160.133 port 48434:11: Bye Bye [preauth]
Dec  8 22:35:59 cls sshd[26459]: Disconnected from invalid user narges 64.227.160.133 port 48434 [preauth]
Dec  8 22:36:04 cls sshd[26486]: Invalid user user from 45.78.216.149 port 45492
Dec  8 22:36:04 cls sshd[26486]: pam_unix(sshd:auth): check pass; user unknown
Dec  8 22:36:04 cls sshd[26486]: pam_unix(sshd:auth): authentication failure; logname= uid=0 euid=0 tty=ssh ruser= rhost=45.78.216.149 
Dec  8 22:36:06 cls sshd[26486]: Failed password for invalid user user from 45.78.216.149 port 45492 ssh2
Dec  8 22:36:07 cls sshd[26486]: Received disconnect from 45.78.216.149 port 45492:11: Bye Bye [preauth]
Dec  8 22:36:07 cls sshd[26486]: Disconnected from invalid user user 45.78.216.149 port 45492 [preauth]
Dec  8 22:36:10 cls sshd[26525]: Invalid user ftp_user from 93.113.63.124 port 57808
Dec  8 22:36:10 cls sshd[26525]: pam_unix(sshd:auth): check pass; user unknown
Dec  8 22:36:10 cls sshd[26525]: pam_unix(sshd:auth): authentication failure; logname= uid=0 euid=0 tty=ssh ruser= rhost=93.113.63.124 
Dec  8 22:36:12 cls sshd[26525]: Failed password for invalid user ftp_user from 93.113.63.124 port 57808 ssh2
Dec  8 22:36:12 cls sshd[26543]: Invalid user support from 185.208.156.50 port 57760
Dec  8 22:36:12 cls sshd[26543]: pam_unix(sshd:auth): check pass; user unknown
Dec  8 22:36:12 cls sshd[26543]: pam_unix(sshd:auth): authentication failure; logname= uid=0 euid=0 tty=ssh ruser= rhost=185.208.156.50 
Dec  8 22:36:13 cls sshd[26525]: Received disconnect from 93.113.63.124 port 57808:11: Bye Bye [preauth]
Dec  8 22:36:13 cls sshd[26525]: Disconnected from invalid user ftp_user 93.113.63.124 port 57808 [preauth]
Dec  8 22:36:14 cls sshd[26543]: Failed password for invalid user support from 185.208.156.50 port 57760 ssh2
Dec  8 22:36:14 cls sshd[26543]: Received disconnect from 185.208.156.50 port 57760:11: Bye Bye [preauth]
Dec  8 22:36:14 cls sshd[26543]: Disconnected from invalid user support 185.208.156.50 port 57760 [preauth]
Dec  8 22:36:16 cls sshd[26585]: pam_unix(sshd:auth): authentication failure; logname= uid=0 euid=0 tty=ssh ruser= rhost=101.47.142.111  user=root
Dec  8 22:36:18 cls sshd[26585]: Failed password for root from 101.47.142.111 port 55776 ssh2
Dec  8 22:36:18 cls sshd[26585]: Received disconnect from 101.47.142.111 port 55776:11: Bye Bye [preauth]
Dec  8 22:36:18 cls sshd[26585]: Disconnected from authenticating user root 101.47.142.111 port 55776 [preauth]
Dec  8 22:36:22 cls sshd[26613]: pam_unix(sshd:auth): authentication failure; logname= uid=0 euid=0 tty=ssh ruser= rhost=181.2.146.184  user=root
Dec  8 22:36:24 cls sshd[26613]: Failed password for root from 181.2.146.184 port 47786 ssh2
Dec  8 22:36:25 cls sshd[26656]: pam_unix(sshd:auth): authentication failure; logname= uid=0 euid=0 tty=ssh ruser= rhost=64.227.107.145  user=root
Dec  8 22:36:27 cls sshd[26662]: pam_unix(sshd:auth): authentication failure; logname= uid=0 euid=0 tty=ssh ruser= rhost=69.10.60.50  user=root
Dec  8 22:36:27 cls sshd[26656]: Failed password for root from 64.227.107.145 port 37198 ssh2
Dec  8 22:36:27 cls sshd[26613]: Received disconnect from 181.2.146.184 port 47786:11: Bye Bye [preauth]
Dec  8 22:36:27 cls sshd[26613]: Disconnected from authenticating user root 181.2.146.184 port 47786 [preauth]
Dec  8 22:36:28 cls sshd[26656]: Received disconnect from 64.227.107.145 port 37198:11: Bye Bye [preauth]
Dec  8 22:36:28 cls sshd[26656]: Disconnected from authenticating user root 64.227.107.145 port 37198 [preauth]
Dec  8 22:36:29 cls sshd[26662]: Failed password for root from 69.10.60.50 port 52766 ssh2
Dec  8 22:36:30 cls sshd[26662]: Received disconnect from 69.10.60.50 port 52766:11: Bye Bye [preauth]
Dec  8 22:36:30 cls sshd[26662]: Disconnected from authenticating user root 69.10.60.50 port 52766 [preauth]
Dec  8 22:36:38 cls sshd[26756]: Invalid user runner from 118.99.80.0 port 12655
Dec  8 22:36:38 cls sshd[26756]: pam_unix(sshd:auth): check pass; user unknown
Dec  8 22:36:38 cls sshd[26756]: pam_unix(sshd:auth): authentication failure; logname= uid=0 euid=0 tty=ssh ruser= rhost=118.99.80.0 
Dec  8 22:36:39 cls sshd[26764]: Invalid user test from 47.236.20.199 port 45688
Dec  8 22:36:39 cls sshd[26764]: pam_unix(sshd:auth): check pass; user unknown
Dec  8 22:36:39 cls sshd[26764]: pam_unix(sshd:auth): authentication failure; logname= uid=0 euid=0 tty=ssh ruser= rhost=47.236.20.199 
Dec  8 22:36:40 cls sshd[26760]: Invalid user wade from 179.57.170.71 port 38680
Dec  8 22:36:40 cls sshd[26760]: pam_unix(sshd:auth): check pass; user unknown
Dec  8 22:36:40 cls sshd[26760]: pam_unix(sshd:auth): authentication failure; logname= uid=0 euid=0 tty=ssh ruser= rhost=179.57.170.71 
Dec  8 22:36:40 cls sshd[26756]: Failed password for invalid user runner from 118.99.80.0 port 12655 ssh2
Dec  8 22:36:40 cls sshd[26756]: Received disconnect from 118.99.80.0 port 12655:11: Bye Bye [preauth]
Dec  8 22:36:40 cls sshd[26756]: Disconnected from invalid user runner 118.99.80.0 port 12655 [preauth]
Dec  8 22:36:42 cls sshd[26764]: Failed password for invalid user test from 47.236.20.199 port 45688 ssh2
Dec  8 22:36:42 cls sshd[26810]: pam_unix(sshd:auth): authentication failure; logname= uid=0 euid=0 tty=ssh ruser= rhost=8.217.103.123  user=root
Dec  8 22:36:43 cls sshd[26764]: Received disconnect from 47.236.20.199 port 45688:11: Bye Bye [preauth]
Dec  8 22:36:43 cls sshd[26764]: Disconnected from invalid user test 47.236.20.199 port 45688 [preauth]
Dec  8 22:36:43 cls sshd[26793]: pam_unix(sshd:auth): authentication failure; logname= uid=0 euid=0 tty=ssh ruser= rhost=186.80.18.158  user=root
Dec  8 22:36:43 cls sshd[26760]: Failed password for invalid user wade from 179.57.170.71 port 38680 ssh2
Dec  8 22:36:43 cls sshd[26760]: Received disconnect from 179.57.170.71 port 38680:11: Bye Bye [preauth]
Dec  8 22:36:43 cls sshd[26760]: Disconnected from invalid user wade 179.57.170.71 port 38680 [preauth]
Dec  8 22:36:44 cls sshd[26810]: Failed password for root from 8.217.103.123 port 53852 ssh2
Dec  8 22:36:44 cls sshd[26793]: Failed password for root from 186.80.18.158 port 38488 ssh2
Dec  8 22:36:45 cls sshd[26810]: Received disconnect from 8.217.103.123 port 53852:11: Bye Bye [preauth]
Dec  8 22:36:45 cls sshd[26810]: Disconnected from authenticating user root 8.217.103.123 port 53852 [preauth]
Dec  8 22:36:45 cls sshd[26793]: Received disconnect from 186.80.18.158 port 38488:11: Bye Bye [preauth]
Dec  8 22:36:45 cls sshd[26793]: Disconnected from authenticating user root 186.80.18.158 port 38488 [preauth]
Dec  8 22:36:48 cls sshd[26844]: pam_unix(sshd:auth): authentication failure; logname= uid=0 euid=0 tty=ssh ruser= rhost=103.147.211.2  user=ubuntu
Dec  8 22:36:50 cls sshd[26844]: Failed password for ubuntu from 103.147.211.2 port 49864 ssh2
Dec  8 22:36:50 cls sshd[26844]: Received disconnect from 103.147.211.2 port 49864:11: Bye Bye [preauth]
Dec  8 22:36:50 cls sshd[26844]: Disconnected from authenticating user ubuntu 103.147.211.2 port 49864 [preauth]
Dec  8 22:36:59 cls sshd[26917]: Invalid user github from 209.141.47.217 port 35080
Dec  8 22:36:59 cls sshd[26917]: pam_unix(sshd:auth): check pass; user unknown
Dec  8 22:36:59 cls sshd[26917]: pam_unix(sshd:auth): authentication failure; logname= uid=0 euid=0 tty=ssh ruser= rhost=209.141.47.217 
Dec  8 22:37:01 cls sshd[26917]: Failed password for invalid user github from 209.141.47.217 port 35080 ssh2
Dec  8 22:37:02 cls sshd[26917]: Received disconnect from 209.141.47.217 port 35080:11: Bye Bye [preauth]
Dec  8 22:37:02 cls sshd[26917]: Disconnected from invalid user github 209.141.47.217 port 35080 [preauth]
Dec  8 22:37:03 cls sshd[26962]: Invalid user oracle from 191.100.23.154 port 53514
Dec  8 22:37:03 cls sshd[26962]: pam_unix(sshd:auth): check pass; user unknown
Dec  8 22:37:03 cls sshd[26962]: pam_unix(sshd:auth): authentication failure; logname= uid=0 euid=0 tty=ssh ruser= rhost=191.100.23.154 
Dec  8 22:37:06 cls sshd[26962]: Failed password for invalid user oracle from 191.100.23.154 port 53514 ssh2
Dec  8 22:37:06 cls sshd[26962]: Received disconnect from 191.100.23.154 port 53514:11: Bye Bye [preauth]
Dec  8 22:37:06 cls sshd[26962]: Disconnected from invalid user oracle 191.100.23.154 port 53514 [preauth]
Dec  8 22:37:09 cls sshd[26994]: pam_unix(sshd:auth): authentication failure; logname= uid=0 euid=0 tty=ssh ruser= rhost=64.227.160.133  user=root
Dec  8 22:37:11 cls sshd[26994]: Failed password for root from 64.227.160.133 port 53006 ssh2
Dec  8 22:37:11 cls sshd[26994]: Received disconnect from 64.227.160.133 port 53006:11: Bye Bye [preauth]
Dec  8 22:37:11 cls sshd[26994]: Disconnected from authenticating user root 64.227.160.133 port 53006 [preauth]
Dec  8 22:37:15 cls sshd[27033]: Invalid user ansible from 45.78.228.32 port 59902
Dec  8 22:37:15 cls sshd[27033]: pam_unix(sshd:auth): check pass; user unknown
Dec  8 22:37:15 cls sshd[27033]: pam_unix(sshd:auth): authentication failure; logname= uid=0 euid=0 tty=ssh ruser= rhost=45.78.228.32 
Dec  8 22:37:15 cls sshd[27040]: Invalid user user from 185.208.156.50 port 50424
Dec  8 22:37:15 cls sshd[27040]: pam_unix(sshd:auth): check pass; user unknown
Dec  8 22:37:15 cls sshd[27040]: pam_unix(sshd:auth): authentication failure; logname= uid=0 euid=0 tty=ssh ruser= rhost=185.208.156.50 
Dec  8 22:37:17 cls sshd[27033]: Failed password for invalid user ansible from 45.78.228.32 port 59902 ssh2
Dec  8 22:37:17 cls sshd[27040]: Failed password for invalid user user from 185.208.156.50 port 50424 ssh2
Dec  8 22:37:18 cls sshd[27040]: Received disconnect from 185.208.156.50 port 50424:11: Bye Bye [preauth]
Dec  8 22:37:18 cls sshd[27040]: Disconnected from invalid user user 185.208.156.50 port 50424 [preauth]
Dec  8 22:37:19 cls sshd[27033]: Received disconnect from 45.78.228.32 port 59902:11: Bye Bye [preauth]
Dec  8 22:37:19 cls sshd[27033]: Disconnected from invalid user ansible 45.78.228.32 port 59902 [preauth]
Dec  8 22:37:23 cls sshd[27103]: Invalid user odoo from 93.113.63.124 port 46404
Dec  8 22:37:23 cls sshd[27103]: pam_unix(sshd:auth): check pass; user unknown
Dec  8 22:37:23 cls sshd[27103]: pam_unix(sshd:auth): authentication failure; logname= uid=0 euid=0 tty=ssh ruser= rhost=93.113.63.124 
Dec  8 22:37:25 cls sshd[27103]: Failed password for invalid user odoo from 93.113.63.124 port 46404 ssh2
Dec  8 22:37:25 cls sshd[27103]: Received disconnect from 93.113.63.124 port 46404:11: Bye Bye [preauth]
Dec  8 22:37:25 cls sshd[27103]: Disconnected from invalid user odoo 93.113.63.124 port 46404 [preauth]
Dec  8 22:37:29 cls sshd[27161]: pam_unix(sshd:auth): authentication failure; logname= uid=0 euid=0 tty=ssh ruser= rhost=69.10.60.50  user=root
Dec  8 22:37:31 cls sshd[27161]: Failed password for root from 69.10.60.50 port 60264 ssh2
Dec  8 22:37:32 cls sshd[27161]: Received disconnect from 69.10.60.50 port 60264:11: Bye Bye [preauth]
Dec  8 22:37:32 cls sshd[27161]: Disconnected from authenticating user root 69.10.60.50 port 60264 [preauth]
Dec  8 22:37:49 cls sshd[27298]: Invalid user hdfs from 101.47.163.94 port 43808
Dec  8 22:37:49 cls sshd[27298]: pam_unix(sshd:auth): check pass; user unknown
Dec  8 22:37:49 cls sshd[27298]: pam_unix(sshd:auth): authentication failure; logname= uid=0 euid=0 tty=ssh ruser= rhost=101.47.163.94 
Dec  8 22:37:51 cls sshd[27298]: Failed password for invalid user hdfs from 101.47.163.94 port 43808 ssh2
Dec  8 22:37:53 cls sshd[27298]: Received disconnect from 101.47.163.94 port 43808:11: Bye Bye [preauth]
Dec  8 22:37:53 cls sshd[27298]: Disconnected from invalid user hdfs 101.47.163.94 port 43808 [preauth]
Dec  8 22:37:55 cls sshd[26924]: Connection closed by 107.150.104.184 port 35472 [preauth]
Dec  8 22:37:59 cls sshd[27383]: Invalid user server from 118.99.80.0 port 14474
Dec  8 22:37:59 cls sshd[27383]: pam_unix(sshd:auth): check pass; user unknown
Dec  8 22:37:59 cls sshd[27383]: pam_unix(sshd:auth): authentication failure; logname= uid=0 euid=0 tty=ssh ruser= rhost=118.99.80.0 
Dec  8 22:38:00 cls sshd[27371]: pam_unix(sshd:auth): authentication failure; logname= uid=0 euid=0 tty=ssh ruser= rhost=186.80.18.158  user=root
Dec  8 22:38:01 cls sshd[27383]: Failed password for invalid user server from 118.99.80.0 port 14474 ssh2
Dec  8 22:38:02 cls sshd[27383]: Received disconnect from 118.99.80.0 port 14474:11: Bye Bye [preauth]
Dec  8 22:38:02 cls sshd[27383]: Disconnected from invalid user server 118.99.80.0 port 14474 [preauth]
Dec  8 22:38:02 cls sshd[27371]: Failed password for root from 186.80.18.158 port 58386 ssh2
Dec  8 22:38:03 cls sshd[27371]: Received disconnect from 186.80.18.158 port 58386:11: Bye Bye [preauth]
Dec  8 22:38:03 cls sshd[27371]: Disconnected from authenticating user root 186.80.18.158 port 58386 [preauth]
Dec  8 22:38:04 cls sshd[27387]: Invalid user testuser from 181.2.146.184 port 59718
Dec  8 22:38:04 cls sshd[27387]: pam_unix(sshd:auth): check pass; user unknown
Dec  8 22:38:04 cls sshd[27387]: pam_unix(sshd:auth): authentication failure; logname= uid=0 euid=0 tty=ssh ruser= rhost=181.2.146.184 
Dec  8 22:38:05 cls sshd[27420]: Invalid user sistemas from 103.147.211.2 port 54134
Dec  8 22:38:05 cls sshd[27420]: pam_unix(sshd:auth): check pass; user unknown
Dec  8 22:38:05 cls sshd[27420]: pam_unix(sshd:auth): authentication failure; logname= uid=0 euid=0 tty=ssh ruser= rhost=103.147.211.2 
Dec  8 22:38:06 cls sshd[27387]: Failed password for invalid user testuser from 181.2.146.184 port 59718 ssh2
Dec  8 22:38:06 cls sshd[27428]: Invalid user koha from 209.141.47.217 port 34108
Dec  8 22:38:06 cls sshd[27428]: pam_unix(sshd:auth): check pass; user unknown
Dec  8 22:38:06 cls sshd[27428]: pam_unix(sshd:auth): authentication failure; logname= uid=0 euid=0 tty=ssh ruser= rhost=209.141.47.217 
Dec  8 22:38:07 cls sshd[27433]: Invalid user ftpuser from 8.217.103.123 port 60768
Dec  8 22:38:07 cls sshd[27433]: pam_unix(sshd:auth): check pass; user unknown
Dec  8 22:38:07 cls sshd[27433]: pam_unix(sshd:auth): authentication failure; logname= uid=0 euid=0 tty=ssh ruser= rhost=8.217.103.123 
Dec  8 22:38:07 cls sshd[27436]: Invalid user deploy from 47.236.20.199 port 47606
Dec  8 22:38:07 cls sshd[27436]: pam_unix(sshd:auth): check pass; user unknown
Dec  8 22:38:07 cls sshd[27436]: pam_unix(sshd:auth): authentication failure; logname= uid=0 euid=0 tty=ssh ruser= rhost=47.236.20.199 
Dec  8 22:38:07 cls sshd[27420]: Failed password for invalid user sistemas from 103.147.211.2 port 54134 ssh2
Dec  8 22:38:08 cls sshd[27387]: Received disconnect from 181.2.146.184 port 59718:11: Bye Bye [preauth]
Dec  8 22:38:08 cls sshd[27387]: Disconnected from invalid user testuser 181.2.146.184 port 59718 [preauth]
Dec  8 22:38:08 cls sshd[27420]: Received disconnect from 103.147.211.2 port 54134:11: Bye Bye [preauth]
Dec  8 22:38:08 cls sshd[27420]: Disconnected from invalid user sistemas 103.147.211.2 port 54134 [preauth]
Dec  8 22:38:08 cls sshd[27432]: pam_unix(sshd:auth): authentication failure; logname= uid=0 euid=0 tty=ssh ruser= rhost=179.57.170.71  user=root
Dec  8 22:38:08 cls sshd[27428]: Failed password for invalid user koha from 209.141.47.217 port 34108 ssh2
Dec  8 22:38:08 cls sshd[27433]: Failed password for invalid user ftpuser from 8.217.103.123 port 60768 ssh2
Dec  8 22:38:09 cls sshd[27436]: Failed password for invalid user deploy from 47.236.20.199 port 47606 ssh2
Dec  8 22:38:09 cls sshd[27433]: Received disconnect from 8.217.103.123 port 60768:11: Bye Bye [preauth]
Dec  8 22:38:09 cls sshd[27433]: Disconnected from invalid user ftpuser 8.217.103.123 port 60768 [preauth]
Dec  8 22:38:09 cls sshd[27428]: Received disconnect from 209.141.47.217 port 34108:11: Bye Bye [preauth]
Dec  8 22:38:09 cls sshd[27428]: Disconnected from invalid user koha 209.141.47.217 port 34108 [preauth]
Dec  8 22:38:10 cls sshd[27436]: Received disconnect from 47.236.20.199 port 47606:11: Bye Bye [preauth]
Dec  8 22:38:10 cls sshd[27436]: Disconnected from invalid user deploy 47.236.20.199 port 47606 [preauth]
Dec  8 22:38:10 cls sshd[27432]: Failed password for root from 179.57.170.71 port 40744 ssh2
Dec  8 22:38:11 cls sshd[27432]: Received disconnect from 179.57.170.71 port 40744:11: Bye Bye [preauth]
Dec  8 22:38:11 cls sshd[27432]: Disconnected from authenticating user root 179.57.170.71 port 40744 [preauth]
Dec  8 22:38:18 cls sshd[27528]: Invalid user testtest from 185.208.156.50 port 59906
Dec  8 22:38:18 cls sshd[27528]: pam_unix(sshd:auth): check pass; user unknown
Dec  8 22:38:18 cls sshd[27528]: pam_unix(sshd:auth): authentication failure; logname= uid=0 euid=0 tty=ssh ruser= rhost=185.208.156.50 
Dec  8 22:38:20 cls sshd[27528]: Failed password for invalid user testtest from 185.208.156.50 port 59906 ssh2
Dec  8 22:38:20 cls sshd[27528]: Received disconnect from 185.208.156.50 port 59906:11: Bye Bye [preauth]
Dec  8 22:38:20 cls sshd[27528]: Disconnected from invalid user testtest 185.208.156.50 port 59906 [preauth]
Dec  8 22:38:22 cls sshd[27574]: Invalid user user from 45.78.216.149 port 32802
Dec  8 22:38:22 cls sshd[27574]: pam_unix(sshd:auth): check pass; user unknown
Dec  8 22:38:22 cls sshd[27574]: pam_unix(sshd:auth): authentication failure; logname= uid=0 euid=0 tty=ssh ruser= rhost=45.78.216.149 
Dec  8 22:38:25 cls sshd[27574]: Failed password for invalid user user from 45.78.216.149 port 32802 ssh2
Dec  8 22:38:25 cls sshd[27602]: pam_unix(sshd:auth): authentication failure; logname= uid=0 euid=0 tty=ssh ruser= rhost=64.227.160.133  user=root
Dec  8 22:38:26 cls sshd[27574]: Received disconnect from 45.78.216.149 port 32802:11: Bye Bye [preauth]
Dec  8 22:38:26 cls sshd[27574]: Disconnected from invalid user user 45.78.216.149 port 32802 [preauth]
Dec  8 22:38:27 cls sshd[27604]: Invalid user hdfs from 14.103.120.124 port 46212
Dec  8 22:38:27 cls sshd[27604]: pam_unix(sshd:auth): check pass; user unknown
