Dec  8 22:07:25 cls sshd[23701]: Received disconnect from 162.241.127.152 port 54210:11: Bye Bye [preauth]
Dec  8 22:07:25 cls sshd[23701]: Disconnected from invalid user zxl 162.241.127.152 port 54210 [preauth]
Dec  8 22:07:42 cls sshd[23716]: Invalid user gamer from 8.217.103.123 port 52122
Dec  8 22:07:42 cls sshd[23716]: pam_unix(sshd:auth): check pass; user unknown
Dec  8 22:07:42 cls sshd[23716]: pam_unix(sshd:auth): authentication failure; logname= uid=0 euid=0 tty=ssh ruser= rhost=8.217.103.123 
Dec  8 22:07:43 cls sshd[23716]: Failed password for invalid user gamer from 8.217.103.123 port 52122 ssh2
Dec  8 22:07:44 cls sshd[23716]: Received disconnect from 8.217.103.123 port 52122:11: Bye Bye [preauth]
Dec  8 22:07:44 cls sshd[23716]: Disconnected from invalid user gamer 8.217.103.123 port 52122 [preauth]
Dec  8 22:08:25 cls sshd[23742]: pam_unix(sshd:auth): authentication failure; logname= uid=0 euid=0 tty=ssh ruser= rhost=162.241.127.152  user=root
Dec  8 22:08:27 cls sshd[23742]: Failed password for root from 162.241.127.152 port 55396 ssh2
Dec  8 22:08:28 cls sshd[23742]: Received disconnect from 162.241.127.152 port 55396:11: Bye Bye [preauth]
Dec  8 22:08:28 cls sshd[23742]: Disconnected from authenticating user root 162.241.127.152 port 55396 [preauth]
Dec  8 22:08:51 cls sshd[23765]: Invalid user ovpn from 118.99.80.0 port 2180
Dec  8 22:08:51 cls sshd[23765]: pam_unix(sshd:auth): check pass; user unknown
Dec  8 22:08:51 cls sshd[23765]: pam_unix(sshd:auth): authentication failure; logname= uid=0 euid=0 tty=ssh ruser= rhost=118.99.80.0 
Dec  8 22:08:53 cls sshd[23765]: Failed password for invalid user ovpn from 118.99.80.0 port 2180 ssh2
Dec  8 22:08:54 cls sshd[23765]: Received disconnect from 118.99.80.0 port 2180:11: Bye Bye [preauth]
Dec  8 22:08:54 cls sshd[23765]: Disconnected from invalid user ovpn 118.99.80.0 port 2180 [preauth]
Dec  8 22:09:01 cls CRON[23769]: pam_unix(cron:session): session opened for user root by (uid=0)
Dec  8 22:09:01 cls CRON[23769]: pam_unix(cron:session): session closed for user root
Dec  8 22:09:01 cls sshd[23767]: pam_unix(sshd:auth): authentication failure; logname= uid=0 euid=0 tty=ssh ruser= rhost=8.217.103.123  user=root
Dec  8 22:09:03 cls sshd[23767]: Failed password for root from 8.217.103.123 port 35538 ssh2
Dec  8 22:09:04 cls sshd[23767]: Received disconnect from 8.217.103.123 port 35538:11: Bye Bye [preauth]
Dec  8 22:09:04 cls sshd[23767]: Disconnected from authenticating user root 8.217.103.123 port 35538 [preauth]
Dec  8 22:09:36 cls sshd[23881]: Invalid user amits from 162.241.127.152 port 56570
Dec  8 22:09:36 cls sshd[23881]: pam_unix(sshd:auth): check pass; user unknown
Dec  8 22:09:36 cls sshd[23881]: pam_unix(sshd:auth): authentication failure; logname= uid=0 euid=0 tty=ssh ruser= rhost=162.241.127.152 
Dec  8 22:09:38 cls sshd[23881]: Failed password for invalid user amits from 162.241.127.152 port 56570 ssh2
Dec  8 22:09:39 cls sshd[23881]: Received disconnect from 162.241.127.152 port 56570:11: Bye Bye [preauth]
Dec  8 22:09:39 cls sshd[23881]: Disconnected from invalid user amits 162.241.127.152 port 56570 [preauth]
Dec  8 22:10:20 cls sshd[23959]: Invalid user larry from 8.217.103.123 port 44174
Dec  8 22:10:20 cls sshd[23959]: pam_unix(sshd:auth): check pass; user unknown
Dec  8 22:10:20 cls sshd[23959]: pam_unix(sshd:auth): authentication failure; logname= uid=0 euid=0 tty=ssh ruser= rhost=8.217.103.123 
Dec  8 22:10:21 cls sshd[23959]: Failed password for invalid user larry from 8.217.103.123 port 44174 ssh2
Dec  8 22:10:22 cls sshd[23959]: Received disconnect from 8.217.103.123 port 44174:11: Bye Bye [preauth]
Dec  8 22:10:22 cls sshd[23959]: Disconnected from invalid user larry 8.217.103.123 port 44174 [preauth]
Dec  8 22:10:52 cls sshd[23972]: Invalid user ftpuser from 162.241.127.152 port 57746
Dec  8 22:10:52 cls sshd[23972]: pam_unix(sshd:auth): check pass; user unknown
Dec  8 22:10:52 cls sshd[23972]: pam_unix(sshd:auth): authentication failure; logname= uid=0 euid=0 tty=ssh ruser= rhost=162.241.127.152 
Dec  8 22:10:54 cls sshd[23972]: Failed password for invalid user ftpuser from 162.241.127.152 port 57746 ssh2
Dec  8 22:10:56 cls sshd[23972]: Received disconnect from 162.241.127.152 port 57746:11: Bye Bye [preauth]
Dec  8 22:10:56 cls sshd[23972]: Disconnected from invalid user ftpuser 162.241.127.152 port 57746 [preauth]
Dec  8 22:11:42 cls sshd[23985]: Invalid user staging from 8.217.103.123 port 40578
Dec  8 22:11:42 cls sshd[23985]: pam_unix(sshd:auth): check pass; user unknown
Dec  8 22:11:42 cls sshd[23985]: pam_unix(sshd:auth): authentication failure; logname= uid=0 euid=0 tty=ssh ruser= rhost=8.217.103.123 
Dec  8 22:11:44 cls sshd[23985]: Failed password for invalid user staging from 8.217.103.123 port 40578 ssh2
Dec  8 22:11:44 cls sshd[23985]: Received disconnect from 8.217.103.123 port 40578:11: Bye Bye [preauth]
Dec  8 22:11:44 cls sshd[23985]: Disconnected from invalid user staging 8.217.103.123 port 40578 [preauth]
Dec  8 22:11:51 cls sshd[23987]: Invalid user wade from 167.71.36.180 port 37658
Dec  8 22:11:51 cls sshd[23987]: pam_unix(sshd:auth): check pass; user unknown
Dec  8 22:11:51 cls sshd[23987]: pam_unix(sshd:auth): authentication failure; logname= uid=0 euid=0 tty=ssh ruser= rhost=167.71.36.180 
Dec  8 22:11:54 cls sshd[23987]: Failed password for invalid user wade from 167.71.36.180 port 37658 ssh2
Dec  8 22:11:54 cls sshd[23987]: Received disconnect from 167.71.36.180 port 37658:11: Bye Bye [preauth]
Dec  8 22:11:54 cls sshd[23987]: Disconnected from invalid user wade 167.71.36.180 port 37658 [preauth]
Dec  8 22:11:58 cls sshd[23989]: Invalid user sistemas from 181.2.146.184 port 33724
Dec  8 22:11:58 cls sshd[23989]: pam_unix(sshd:auth): check pass; user unknown
Dec  8 22:11:58 cls sshd[23989]: pam_unix(sshd:auth): authentication failure; logname= uid=0 euid=0 tty=ssh ruser= rhost=181.2.146.184 
Dec  8 22:12:01 cls sshd[23989]: Failed password for invalid user sistemas from 181.2.146.184 port 33724 ssh2
Dec  8 22:12:01 cls sshd[23989]: Received disconnect from 181.2.146.184 port 33724:11: Bye Bye [preauth]
Dec  8 22:12:01 cls sshd[23989]: Disconnected from invalid user sistemas 181.2.146.184 port 33724 [preauth]
Dec  8 22:12:12 cls sshd[24001]: Invalid user ubuntu22 from 162.241.127.152 port 58922
Dec  8 22:12:12 cls sshd[24001]: pam_unix(sshd:auth): check pass; user unknown
Dec  8 22:12:12 cls sshd[24001]: pam_unix(sshd:auth): authentication failure; logname= uid=0 euid=0 tty=ssh ruser= rhost=162.241.127.152 
Dec  8 22:12:14 cls sshd[24001]: Failed password for invalid user ubuntu22 from 162.241.127.152 port 58922 ssh2
Dec  8 22:12:15 cls sshd[24001]: Received disconnect from 162.241.127.152 port 58922:11: Bye Bye [preauth]
Dec  8 22:12:15 cls sshd[24001]: Disconnected from invalid user ubuntu22 162.241.127.152 port 58922 [preauth]
Dec  8 22:12:23 cls sshd[24011]: pam_unix(sshd:auth): authentication failure; logname= uid=0 euid=0 tty=ssh ruser= rhost=103.147.211.2  user=root
Dec  8 22:12:25 cls sshd[24011]: Failed password for root from 103.147.211.2 port 33528 ssh2
Dec  8 22:12:26 cls sshd[24015]: pam_unix(sshd:auth): authentication failure; logname= uid=0 euid=0 tty=ssh ruser= rhost=64.227.160.133  user=root
Dec  8 22:12:28 cls sshd[24015]: Failed password for root from 64.227.160.133 port 60680 ssh2
Dec  8 22:12:28 cls sshd[24015]: Received disconnect from 64.227.160.133 port 60680:11: Bye Bye [preauth]
Dec  8 22:12:28 cls sshd[24015]: Disconnected from authenticating user root 64.227.160.133 port 60680 [preauth]
Dec  8 22:12:37 cls sshd[24021]: Invalid user oracle from 69.10.60.50 port 55590
Dec  8 22:12:37 cls sshd[24021]: pam_unix(sshd:auth): check pass; user unknown
Dec  8 22:12:37 cls sshd[24021]: pam_unix(sshd:auth): authentication failure; logname= uid=0 euid=0 tty=ssh ruser= rhost=69.10.60.50 
Dec  8 22:12:39 cls sshd[24021]: Failed password for invalid user oracle from 69.10.60.50 port 55590 ssh2
Dec  8 22:12:40 cls sshd[24021]: Received disconnect from 69.10.60.50 port 55590:11: Bye Bye [preauth]
Dec  8 22:12:40 cls sshd[24021]: Disconnected from invalid user oracle 69.10.60.50 port 55590 [preauth]
Dec  8 22:12:42 cls sshd[24011]: Received disconnect from 103.147.211.2 port 33528:11: Bye Bye [preauth]
Dec  8 22:12:42 cls sshd[24011]: Disconnected from authenticating user root 103.147.211.2 port 33528 [preauth]
Dec  8 22:12:46 cls sshd[24029]: Invalid user library from 118.99.80.0 port 14278
Dec  8 22:12:46 cls sshd[24029]: pam_unix(sshd:auth): check pass; user unknown
Dec  8 22:12:46 cls sshd[24029]: pam_unix(sshd:auth): authentication failure; logname= uid=0 euid=0 tty=ssh ruser= rhost=118.99.80.0 
Dec  8 22:12:48 cls sshd[24029]: Failed password for invalid user library from 118.99.80.0 port 14278 ssh2
Dec  8 22:12:48 cls sshd[24029]: Received disconnect from 118.99.80.0 port 14278:11: Bye Bye [preauth]
Dec  8 22:12:48 cls sshd[24029]: Disconnected from invalid user library 118.99.80.0 port 14278 [preauth]
Dec  8 22:12:48 cls sshd[24031]: pam_unix(sshd:auth): authentication failure; logname= uid=0 euid=0 tty=ssh ruser= rhost=64.227.107.145  user=root
Dec  8 22:12:50 cls sshd[24031]: Failed password for root from 64.227.107.145 port 47800 ssh2
Dec  8 22:12:51 cls sshd[24031]: Received disconnect from 64.227.107.145 port 47800:11: Bye Bye [preauth]
Dec  8 22:12:51 cls sshd[24031]: Disconnected from authenticating user root 64.227.107.145 port 47800 [preauth]
Dec  8 22:13:08 cls sshd[24033]: pam_unix(sshd:auth): authentication failure; logname= uid=0 euid=0 tty=ssh ruser= rhost=8.217.103.123  user=root
Dec  8 22:13:10 cls sshd[24033]: Failed password for root from 8.217.103.123 port 43158 ssh2
Dec  8 22:13:11 cls sshd[24033]: Received disconnect from 8.217.103.123 port 43158:11: Bye Bye [preauth]
Dec  8 22:13:11 cls sshd[24033]: Disconnected from authenticating user root 8.217.103.123 port 43158 [preauth]
Dec  8 22:13:34 cls sshd[24039]: pam_unix(sshd:auth): authentication failure; logname= uid=0 euid=0 tty=ssh ruser= rhost=162.241.127.152  user=root
Dec  8 22:13:37 cls sshd[24039]: Failed password for root from 162.241.127.152 port 60126 ssh2
Dec  8 22:13:37 cls sshd[24039]: Received disconnect from 162.241.127.152 port 60126:11: Bye Bye [preauth]
Dec  8 22:13:37 cls sshd[24039]: Disconnected from authenticating user root 162.241.127.152 port 60126 [preauth]
Dec  8 22:13:49 cls sshd[24041]: pam_unix(sshd:auth): authentication failure; logname= uid=0 euid=0 tty=ssh ruser= rhost=47.236.20.199  user=root
Dec  8 22:13:51 cls sshd[24041]: Failed password for root from 47.236.20.199 port 33642 ssh2
Dec  8 22:13:51 cls sshd[24041]: Received disconnect from 47.236.20.199 port 33642:11: Bye Bye [preauth]
Dec  8 22:13:51 cls sshd[24041]: Disconnected from authenticating user root 47.236.20.199 port 33642 [preauth]
Dec  8 22:13:53 cls sshd[24045]: Connection closed by 14.103.112.243 port 63750 [preauth]
Dec  8 22:13:57 cls sshd[24049]: pam_unix(sshd:auth): authentication failure; logname= uid=0 euid=0 tty=ssh ruser= rhost=45.78.204.252  user=root
Dec  8 22:13:59 cls sshd[24049]: Failed password for root from 45.78.204.252 port 34326 ssh2
Dec  8 22:14:00 cls sshd[24049]: Received disconnect from 45.78.204.252 port 34326:11: Bye Bye [preauth]
Dec  8 22:14:00 cls sshd[24049]: Disconnected from authenticating user root 45.78.204.252 port 34326 [preauth]
Dec  8 22:14:08 cls sshd[24057]: Invalid user webmin from 167.71.36.180 port 55690
Dec  8 22:14:08 cls sshd[24057]: pam_unix(sshd:auth): check pass; user unknown
Dec  8 22:14:08 cls sshd[24057]: pam_unix(sshd:auth): authentication failure; logname= uid=0 euid=0 tty=ssh ruser= rhost=167.71.36.180 
Dec  8 22:14:09 cls sshd[24057]: Failed password for invalid user webmin from 167.71.36.180 port 55690 ssh2
Dec  8 22:14:10 cls sshd[24057]: Received disconnect from 167.71.36.180 port 55690:11: Bye Bye [preauth]
Dec  8 22:14:10 cls sshd[24057]: Disconnected from invalid user webmin 167.71.36.180 port 55690 [preauth]
Dec  8 22:14:12 cls sshd[24059]: pam_unix(sshd:auth): authentication failure; logname= uid=0 euid=0 tty=ssh ruser= rhost=118.99.80.0  user=root
Dec  8 22:14:14 cls sshd[24059]: Failed password for root from 118.99.80.0 port 8747 ssh2
Dec  8 22:14:15 cls sshd[24059]: Received disconnect from 118.99.80.0 port 8747:11: Bye Bye [preauth]
Dec  8 22:14:15 cls sshd[24059]: Disconnected from authenticating user root 118.99.80.0 port 8747 [preauth]
Dec  8 22:14:21 cls sshd[24066]: Invalid user mika from 107.150.104.184 port 39598
Dec  8 22:14:21 cls sshd[24066]: pam_unix(sshd:auth): check pass; user unknown
Dec  8 22:14:21 cls sshd[24066]: pam_unix(sshd:auth): authentication failure; logname= uid=0 euid=0 tty=ssh ruser= rhost=107.150.104.184 
Dec  8 22:14:24 cls sshd[24066]: Failed password for invalid user mika from 107.150.104.184 port 39598 ssh2
Dec  8 22:14:25 cls sshd[24066]: Received disconnect from 107.150.104.184 port 39598:11: Bye Bye [preauth]
Dec  8 22:14:25 cls sshd[24066]: Disconnected from invalid user mika 107.150.104.184 port 39598 [preauth]
Dec  8 22:14:30 cls sshd[24068]: Invalid user rust from 64.227.107.145 port 37070
Dec  8 22:14:30 cls sshd[24068]: pam_unix(sshd:auth): check pass; user unknown
Dec  8 22:14:30 cls sshd[24068]: pam_unix(sshd:auth): authentication failure; logname= uid=0 euid=0 tty=ssh ruser= rhost=64.227.107.145 
Dec  8 22:14:31 cls sshd[24068]: Failed password for invalid user rust from 64.227.107.145 port 37070 ssh2
Dec  8 22:14:32 cls sshd[24068]: Received disconnect from 64.227.107.145 port 37070:11: Bye Bye [preauth]
Dec  8 22:14:32 cls sshd[24068]: Disconnected from invalid user rust 64.227.107.145 port 37070 [preauth]
Dec  8 22:14:33 cls sshd[24070]: pam_unix(sshd:auth): authentication failure; logname= uid=0 euid=0 tty=ssh ruser= rhost=122.224.50.41  user=root
Dec  8 22:14:34 cls sshd[24074]: Invalid user user01 from 8.217.103.123 port 44584
Dec  8 22:14:34 cls sshd[24074]: pam_unix(sshd:auth): check pass; user unknown
Dec  8 22:14:34 cls sshd[24074]: pam_unix(sshd:auth): authentication failure; logname= uid=0 euid=0 tty=ssh ruser= rhost=8.217.103.123 
Dec  8 22:14:34 cls sshd[24072]: pam_unix(sshd:auth): authentication failure; logname= uid=0 euid=0 tty=ssh ruser= rhost=209.141.47.217  user=root
Dec  8 22:14:36 cls sshd[24070]: Failed password for root from 122.224.50.41 port 55457 ssh2
Dec  8 22:14:37 cls sshd[24074]: Failed password for invalid user user01 from 8.217.103.123 port 44584 ssh2
Dec  8 22:14:37 cls sshd[24072]: Failed password for root from 209.141.47.217 port 58532 ssh2
Dec  8 22:14:38 cls sshd[24074]: Received disconnect from 8.217.103.123 port 44584:11: Bye Bye [preauth]
Dec  8 22:14:38 cls sshd[24074]: Disconnected from invalid user user01 8.217.103.123 port 44584 [preauth]
Dec  8 22:14:40 cls sshd[24072]: Received disconnect from 209.141.47.217 port 58532:11: Bye Bye [preauth]
Dec  8 22:14:40 cls sshd[24072]: Disconnected from authenticating user root 209.141.47.217 port 58532 [preauth]
Dec  8 22:14:40 cls sshd[24087]: Invalid user app from 167.71.36.180 port 23140
Dec  8 22:14:40 cls sshd[24087]: pam_unix(sshd:auth): check pass; user unknown
Dec  8 22:14:40 cls sshd[24087]: pam_unix(sshd:auth): authentication failure; logname= uid=0 euid=0 tty=ssh ruser= rhost=167.71.36.180 
Dec  8 22:14:41 cls sshd[24089]: Invalid user testtest from 93.113.63.124 port 60486
Dec  8 22:14:41 cls sshd[24089]: pam_unix(sshd:auth): check pass; user unknown
Dec  8 22:14:41 cls sshd[24089]: pam_unix(sshd:auth): authentication failure; logname= uid=0 euid=0 tty=ssh ruser= rhost=93.113.63.124 
Dec  8 22:14:42 cls sshd[24087]: Failed password for invalid user app from 167.71.36.180 port 23140 ssh2
Dec  8 22:14:43 cls sshd[24089]: Failed password for invalid user testtest from 93.113.63.124 port 60486 ssh2
Dec  8 22:14:44 cls sshd[24087]: Received disconnect from 167.71.36.180 port 23140:11: Bye Bye [preauth]
Dec  8 22:14:44 cls sshd[24087]: Disconnected from invalid user app 167.71.36.180 port 23140 [preauth]
Dec  8 22:14:45 cls sshd[24089]: Received disconnect from 93.113.63.124 port 60486:11: Bye Bye [preauth]
Dec  8 22:14:45 cls sshd[24089]: Disconnected from invalid user testtest 93.113.63.124 port 60486 [preauth]
Dec  8 22:14:50 cls sshd[24120]: pam_unix(sshd:auth): authentication failure; logname= uid=0 euid=0 tty=ssh ruser= rhost=179.57.170.71  user=root
Dec  8 22:14:51 cls sshd[24120]: Failed password for root from 179.57.170.71 port 47372 ssh2
Dec  8 22:14:52 cls sshd[24120]: Received disconnect from 179.57.170.71 port 47372:11: Bye Bye [preauth]
Dec  8 22:14:52 cls sshd[24120]: Disconnected from authenticating user root 179.57.170.71 port 47372 [preauth]
Dec  8 22:14:54 cls sshd[24122]: pam_unix(sshd:auth): authentication failure; logname= uid=0 euid=0 tty=ssh ruser= rhost=162.241.127.152  user=root
Dec  8 22:14:55 cls sshd[24122]: Failed password for root from 162.241.127.152 port 33080 ssh2
Dec  8 22:14:55 cls sshd[24122]: Received disconnect from 162.241.127.152 port 33080:11: Bye Bye [preauth]
Dec  8 22:14:55 cls sshd[24122]: Disconnected from authenticating user root 162.241.127.152 port 33080 [preauth]
Dec  8 22:15:11 cls sshd[24126]: pam_unix(sshd:auth): authentication failure; logname= uid=0 euid=0 tty=ssh ruser= rhost=191.100.23.154  user=root
Dec  8 22:15:13 cls sshd[24128]: pam_unix(sshd:auth): authentication failure; logname= uid=0 euid=0 tty=ssh ruser= rhost=167.71.36.180  user=root
Dec  8 22:15:13 cls sshd[24126]: Failed password for root from 191.100.23.154 port 43812 ssh2
Dec  8 22:15:14 cls sshd[24126]: Received disconnect from 191.100.23.154 port 43812:11: Bye Bye [preauth]
Dec  8 22:15:14 cls sshd[24126]: Disconnected from authenticating user root 191.100.23.154 port 43812 [preauth]
Dec  8 22:15:14 cls sshd[24128]: Failed password for root from 167.71.36.180 port 45720 ssh2
Dec  8 22:15:16 cls sshd[24128]: Received disconnect from 167.71.36.180 port 45720:11: Bye Bye [preauth]
Dec  8 22:15:16 cls sshd[24128]: Disconnected from authenticating user root 167.71.36.180 port 45720 [preauth]
Dec  8 22:15:18 cls sshd[24130]: pam_unix(sshd:auth): authentication failure; logname= uid=0 euid=0 tty=ssh ruser= rhost=64.227.107.145  user=root
Dec  8 22:15:20 cls sshd[24130]: Failed password for root from 64.227.107.145 port 34386 ssh2
Dec  8 22:15:20 cls sshd[24132]: Invalid user susi from 185.208.156.50 port 34352
Dec  8 22:15:20 cls sshd[24132]: pam_unix(sshd:auth): check pass; user unknown
Dec  8 22:15:20 cls sshd[24132]: pam_unix(sshd:auth): authentication failure; logname= uid=0 euid=0 tty=ssh ruser= rhost=185.208.156.50 
Dec  8 22:15:21 cls sshd[24130]: Received disconnect from 64.227.107.145 port 34386:11: Bye Bye [preauth]
Dec  8 22:15:21 cls sshd[24130]: Disconnected from authenticating user root 64.227.107.145 port 34386 [preauth]
Dec  8 22:15:22 cls sshd[24132]: Failed password for invalid user susi from 185.208.156.50 port 34352 ssh2
Dec  8 22:15:23 cls sshd[24132]: Received disconnect from 185.208.156.50 port 34352:11: Bye Bye [preauth]
Dec  8 22:15:23 cls sshd[24132]: Disconnected from invalid user susi 185.208.156.50 port 34352 [preauth]
Dec  8 22:15:33 cls sshd[24135]: pam_unix(sshd:auth): authentication failure; logname= uid=0 euid=0 tty=ssh ruser= rhost=118.99.80.0  user=root
Dec  8 22:15:35 cls sshd[24135]: Failed password for root from 118.99.80.0 port 6753 ssh2
Dec  8 22:15:36 cls sshd[24135]: Received disconnect from 118.99.80.0 port 6753:11: Bye Bye [preauth]
Dec  8 22:15:36 cls sshd[24135]: Disconnected from authenticating user root 118.99.80.0 port 6753 [preauth]
Dec  8 22:15:46 cls sshd[24137]: pam_unix(sshd:auth): authentication failure; logname= uid=0 euid=0 tty=ssh ruser= rhost=167.71.36.180  user=root
Dec  8 22:15:48 cls sshd[24137]: Failed password for root from 167.71.36.180 port 21112 ssh2
Dec  8 22:15:49 cls sshd[24137]: Received disconnect from 167.71.36.180 port 21112:11: Bye Bye [preauth]
Dec  8 22:15:49 cls sshd[24137]: Disconnected from authenticating user root 167.71.36.180 port 21112 [preauth]
Dec  8 22:15:52 cls sshd[24139]: pam_unix(sshd:auth): authentication failure; logname= uid=0 euid=0 tty=ssh ruser= rhost=181.2.146.184  user=root
Dec  8 22:15:54 cls sshd[24139]: Failed password for root from 181.2.146.184 port 39158 ssh2
Dec  8 22:15:55 cls sshd[24139]: Received disconnect from 181.2.146.184 port 39158:11: Bye Bye [preauth]
Dec  8 22:15:55 cls sshd[24139]: Disconnected from authenticating user root 181.2.146.184 port 39158 [preauth]
Dec  8 22:16:00 cls sshd[24143]: pam_unix(sshd:auth): authentication failure; logname= uid=0 euid=0 tty=ssh ruser= rhost=8.217.103.123  user=root
Dec  8 22:16:01 cls sshd[24145]: Invalid user sales1 from 101.47.142.111 port 46384
Dec  8 22:16:01 cls sshd[24145]: pam_unix(sshd:auth): check pass; user unknown
Dec  8 22:16:01 cls sshd[24145]: pam_unix(sshd:auth): authentication failure; logname= uid=0 euid=0 tty=ssh ruser= rhost=101.47.142.111 
Dec  8 22:16:02 cls sshd[24143]: Failed password for root from 8.217.103.123 port 53330 ssh2
Dec  8 22:16:03 cls sshd[24145]: Failed password for invalid user sales1 from 101.47.142.111 port 46384 ssh2
Dec  8 22:16:03 cls sshd[24143]: Received disconnect from 8.217.103.123 port 53330:11: Bye Bye [preauth]
Dec  8 22:16:03 cls sshd[24143]: Disconnected from authenticating user root 8.217.103.123 port 53330 [preauth]
Dec  8 22:16:04 cls sshd[24145]: Received disconnect from 101.47.142.111 port 46384:11: Bye Bye [preauth]
Dec  8 22:16:04 cls sshd[24145]: Disconnected from invalid user sales1 101.47.142.111 port 46384 [preauth]
Dec  8 22:16:04 cls sshd[24149]: pam_unix(sshd:auth): authentication failure; logname= uid=0 euid=0 tty=ssh ruser= rhost=45.78.228.32  user=root
Dec  8 22:16:05 cls sshd[24152]: pam_unix(sshd:auth): authentication failure; logname= uid=0 euid=0 tty=ssh ruser= rhost=64.227.107.145  user=root
Dec  8 22:16:07 cls sshd[24149]: Failed password for root from 45.78.228.32 port 42882 ssh2
Dec  8 22:16:07 cls sshd[24149]: Received disconnect from 45.78.228.32 port 42882:11: Bye Bye [preauth]
Dec  8 22:16:07 cls sshd[24149]: Disconnected from authenticating user root 45.78.228.32 port 42882 [preauth]
Dec  8 22:16:08 cls sshd[24152]: Failed password for root from 64.227.107.145 port 53964 ssh2
Dec  8 22:16:08 cls sshd[24152]: Received disconnect from 64.227.107.145 port 53964:11: Bye Bye [preauth]
Dec  8 22:16:08 cls sshd[24152]: Disconnected from authenticating user root 64.227.107.145 port 53964 [preauth]
Dec  8 22:16:08 cls sshd[24160]: Invalid user deploy from 64.227.160.133 port 60390
Dec  8 22:16:08 cls sshd[24160]: pam_unix(sshd:auth): check pass; user unknown
Dec  8 22:16:08 cls sshd[24160]: pam_unix(sshd:auth): authentication failure; logname= uid=0 euid=0 tty=ssh ruser= rhost=64.227.160.133 
Dec  8 22:16:10 cls sshd[24168]: Invalid user mcserver from 103.147.211.2 port 39864
Dec  8 22:16:10 cls sshd[24168]: pam_unix(sshd:auth): check pass; user unknown
Dec  8 22:16:10 cls sshd[24168]: pam_unix(sshd:auth): authentication failure; logname= uid=0 euid=0 tty=ssh ruser= rhost=103.147.211.2 
Dec  8 22:16:10 cls sshd[24160]: Failed password for invalid user deploy from 64.227.160.133 port 60390 ssh2
Dec  8 22:16:11 cls sshd[24170]: pam_unix(sshd:auth): authentication failure; logname= uid=0 euid=0 tty=ssh ruser= rhost=162.241.127.152  user=root
Dec  8 22:16:12 cls sshd[24168]: Failed password for invalid user mcserver from 103.147.211.2 port 39864 ssh2
Dec  8 22:16:12 cls sshd[24160]: Received disconnect from 64.227.160.133 port 60390:11: Bye Bye [preauth]
Dec  8 22:16:12 cls sshd[24160]: Disconnected from invalid user deploy 64.227.160.133 port 60390 [preauth]
Dec  8 22:16:13 cls sshd[24168]: Received disconnect from 103.147.211.2 port 39864:11: Bye Bye [preauth]
Dec  8 22:16:13 cls sshd[24168]: Disconnected from invalid user mcserver 103.147.211.2 port 39864 [preauth]
Dec  8 22:16:13 cls sshd[24170]: Failed password for root from 162.241.127.152 port 34264 ssh2
Dec  8 22:16:14 cls sshd[24170]: Received disconnect from 162.241.127.152 port 34264:11: Bye Bye [preauth]
Dec  8 22:16:14 cls sshd[24170]: Disconnected from authenticating user root 162.241.127.152 port 34264 [preauth]
Dec  8 22:16:20 cls sshd[24187]: pam_unix(sshd:auth): authentication failure; logname= uid=0 euid=0 tty=ssh ruser= rhost=167.71.36.180  user=root
Dec  8 22:16:22 cls sshd[24187]: Failed password for root from 167.71.36.180 port 22296 ssh2
Dec  8 22:16:23 cls sshd[24187]: Received disconnect from 167.71.36.180 port 22296:11: Bye Bye [preauth]
Dec  8 22:16:23 cls sshd[24187]: Disconnected from authenticating user root 167.71.36.180 port 22296 [preauth]
Dec  8 22:16:24 cls sshd[24191]: pam_unix(sshd:auth): authentication failure; logname= uid=0 euid=0 tty=ssh ruser= rhost=47.236.20.199  user=root
Dec  8 22:16:24 cls sshd[24189]: Invalid user hik from 209.141.47.217 port 58312
Dec  8 22:16:24 cls sshd[24189]: pam_unix(sshd:auth): check pass; user unknown
Dec  8 22:16:24 cls sshd[24189]: pam_unix(sshd:auth): authentication failure; logname= uid=0 euid=0 tty=ssh ruser= rhost=209.141.47.217 
Dec  8 22:16:25 cls sshd[24191]: Failed password for root from 47.236.20.199 port 47128 ssh2
Dec  8 22:16:26 cls sshd[24189]: Failed password for invalid user hik from 209.141.47.217 port 58312 ssh2
Dec  8 22:16:26 cls sshd[24189]: Received disconnect from 209.141.47.217 port 58312:11: Bye Bye [preauth]
Dec  8 22:16:26 cls sshd[24189]: Disconnected from invalid user hik 209.141.47.217 port 58312 [preauth]
Dec  8 22:16:26 cls sshd[24191]: Received disconnect from 47.236.20.199 port 47128:11: Bye Bye [preauth]
Dec  8 22:16:26 cls sshd[24191]: Disconnected from authenticating user root 47.236.20.199 port 47128 [preauth]
Dec  8 22:16:27 cls sshd[24193]: Invalid user mika from 69.10.60.50 port 59290
Dec  8 22:16:27 cls sshd[24193]: pam_unix(sshd:auth): check pass; user unknown
Dec  8 22:16:27 cls sshd[24193]: pam_unix(sshd:auth): authentication failure; logname= uid=0 euid=0 tty=ssh ruser= rhost=69.10.60.50 
Dec  8 22:16:29 cls sshd[24193]: Failed password for invalid user mika from 69.10.60.50 port 59290 ssh2
Dec  8 22:16:30 cls sshd[24197]: pam_unix(sshd:auth): authentication failure; logname= uid=0 euid=0 tty=ssh ruser= rhost=185.208.156.50  user=root
Dec  8 22:16:31 cls sshd[24193]: Received disconnect from 69.10.60.50 port 59290:11: Bye Bye [preauth]
Dec  8 22:16:31 cls sshd[24193]: Disconnected from invalid user mika 69.10.60.50 port 59290 [preauth]
Dec  8 22:16:31 cls sshd[24197]: Failed password for root from 185.208.156.50 port 52924 ssh2
Dec  8 22:16:33 cls sshd[24197]: Received disconnect from 185.208.156.50 port 52924:11: Bye Bye [preauth]
Dec  8 22:16:33 cls sshd[24197]: Disconnected from authenticating user root 185.208.156.50 port 52924 [preauth]
Dec  8 22:16:50 cls sshd[24207]: Invalid user thomas from 118.99.80.0 port 10493
Dec  8 22:16:50 cls sshd[24207]: pam_unix(sshd:auth): check pass; user unknown
Dec  8 22:16:50 cls sshd[24207]: pam_unix(sshd:auth): authentication failure; logname= uid=0 euid=0 tty=ssh ruser= rhost=118.99.80.0 
Dec  8 22:16:51 cls sshd[24209]: Invalid user vikas from 64.227.107.145 port 39728
Dec  8 22:16:51 cls sshd[24209]: pam_unix(sshd:auth): check pass; user unknown
Dec  8 22:16:51 cls sshd[24209]: pam_unix(sshd:auth): authentication failure; logname= uid=0 euid=0 tty=ssh ruser= rhost=64.227.107.145 
Dec  8 22:16:52 cls sshd[24207]: Failed password for invalid user thomas from 118.99.80.0 port 10493 ssh2
Dec  8 22:16:53 cls sshd[24209]: Failed password for invalid user vikas from 64.227.107.145 port 39728 ssh2
Dec  8 22:16:54 cls sshd[24207]: Received disconnect from 118.99.80.0 port 10493:11: Bye Bye [preauth]
Dec  8 22:16:54 cls sshd[24207]: Disconnected from invalid user thomas 118.99.80.0 port 10493 [preauth]
Dec  8 22:16:54 cls sshd[24217]: Invalid user mika from 167.71.36.180 port 24754
Dec  8 22:16:54 cls sshd[24217]: pam_unix(sshd:auth): check pass; user unknown
Dec  8 22:16:54 cls sshd[24217]: pam_unix(sshd:auth): authentication failure; logname= uid=0 euid=0 tty=ssh ruser= rhost=167.71.36.180 
Dec  8 22:16:55 cls sshd[24209]: Received disconnect from 64.227.107.145 port 39728:11: Bye Bye [preauth]
Dec  8 22:16:55 cls sshd[24209]: Disconnected from invalid user vikas 64.227.107.145 port 39728 [preauth]
Dec  8 22:16:56 cls sshd[24217]: Failed password for invalid user mika from 167.71.36.180 port 24754 ssh2
Dec  8 22:16:56 cls sshd[24217]: Received disconnect from 167.71.36.180 port 24754:11: Bye Bye [preauth]
Dec  8 22:16:56 cls sshd[24217]: Disconnected from invalid user mika 167.71.36.180 port 24754 [preauth]
Dec  8 22:17:01 cls CRON[24228]: pam_unix(cron:session): session opened for user root by (uid=0)
Dec  8 22:17:01 cls CRON[24228]: pam_unix(cron:session): session closed for user root
Dec  8 22:17:07 cls sshd[24239]: Invalid user wiki from 93.113.63.124 port 38426
Dec  8 22:17:07 cls sshd[24239]: pam_unix(sshd:auth): check pass; user unknown
Dec  8 22:17:07 cls sshd[24239]: pam_unix(sshd:auth): authentication failure; logname= uid=0 euid=0 tty=ssh ruser= rhost=93.113.63.124 
Dec  8 22:17:08 cls sshd[24239]: Failed password for invalid user wiki from 93.113.63.124 port 38426 ssh2
Dec  8 22:17:10 cls sshd[24239]: Received disconnect from 93.113.63.124 port 38426:11: Bye Bye [preauth]
Dec  8 22:17:10 cls sshd[24239]: Disconnected from invalid user wiki 93.113.63.124 port 38426 [preauth]
Dec  8 22:17:11 cls sshd[24243]: pam_unix(sshd:auth): authentication failure; logname= uid=0 euid=0 tty=ssh ruser= rhost=45.78.204.252  user=root
Dec  8 22:17:13 cls sshd[24243]: Failed password for root from 45.78.204.252 port 53116 ssh2
Dec  8 22:17:13 cls sshd[24243]: Received disconnect from 45.78.204.252 port 53116:11: Bye Bye [preauth]
Dec  8 22:17:13 cls sshd[24243]: Disconnected from authenticating user root 45.78.204.252 port 53116 [preauth]
Dec  8 22:17:13 cls sshd[24258]: pam_unix(sshd:auth): authentication failure; logname= uid=0 euid=0 tty=ssh ruser= rhost=179.57.170.71  user=root
Dec  8 22:17:14 cls sshd[24262]: pam_unix(sshd:auth): authentication failure; logname= uid=0 euid=0 tty=ssh ruser= rhost=191.100.23.154  user=root
Dec  8 22:17:15 cls sshd[24258]: Failed password for root from 179.57.170.71 port 44978 ssh2
Dec  8 22:17:16 cls sshd[24262]: Failed password for root from 191.100.23.154 port 51452 ssh2
Dec  8 22:17:16 cls sshd[24258]: Received disconnect from 179.57.170.71 port 44978:11: Bye Bye [preauth]
Dec  8 22:17:16 cls sshd[24258]: Disconnected from authenticating user root 179.57.170.71 port 44978 [preauth]
Dec  8 22:17:17 cls sshd[24262]: Received disconnect from 191.100.23.154 port 51452:11: Bye Bye [preauth]
Dec  8 22:17:17 cls sshd[24262]: Disconnected from authenticating user root 191.100.23.154 port 51452 [preauth]
Dec  8 22:17:23 cls sshd[24273]: pam_unix(sshd:auth): authentication failure; logname= uid=0 euid=0 tty=ssh ruser= rhost=181.2.146.184  user=root
Dec  8 22:17:24 cls sshd[24275]: Invalid user superadmin from 8.217.103.123 port 43876
Dec  8 22:17:24 cls sshd[24275]: pam_unix(sshd:auth): check pass; user unknown
Dec  8 22:17:24 cls sshd[24275]: pam_unix(sshd:auth): authentication failure; logname= uid=0 euid=0 tty=ssh ruser= rhost=8.217.103.123 
Dec  8 22:17:25 cls sshd[24277]: Invalid user cdr from 167.71.36.180 port 25006
Dec  8 22:17:25 cls sshd[24277]: pam_unix(sshd:auth): check pass; user unknown
Dec  8 22:17:25 cls sshd[24277]: pam_unix(sshd:auth): authentication failure; logname= uid=0 euid=0 tty=ssh ruser= rhost=167.71.36.180 
Dec  8 22:17:25 cls sshd[24273]: Failed password for root from 181.2.146.184 port 38866 ssh2
Dec  8 22:17:26 cls sshd[24275]: Failed password for invalid user superadmin from 8.217.103.123 port 43876 ssh2
Dec  8 22:17:26 cls sshd[24273]: Received disconnect from 181.2.146.184 port 38866:11: Bye Bye [preauth]
Dec  8 22:17:26 cls sshd[24273]: Disconnected from authenticating user root 181.2.146.184 port 38866 [preauth]
Dec  8 22:17:26 cls sshd[24275]: Received disconnect from 8.217.103.123 port 43876:11: Bye Bye [preauth]
Dec  8 22:17:26 cls sshd[24275]: Disconnected from invalid user superadmin 8.217.103.123 port 43876 [preauth]
Dec  8 22:17:27 cls sshd[24277]: Failed password for invalid user cdr from 167.71.36.180 port 25006 ssh2
Dec  8 22:17:27 cls sshd[24277]: Received disconnect from 167.71.36.180 port 25006:11: Bye Bye [preauth]
Dec  8 22:17:27 cls sshd[24277]: Disconnected from invalid user cdr 167.71.36.180 port 25006 [preauth]
Dec  8 22:17:28 cls sshd[24286]: pam_unix(sshd:auth): authentication failure; logname= uid=0 euid=0 tty=ssh ruser= rhost=107.150.104.184  user=root
Dec  8 22:17:30 cls sshd[24289]: Invalid user superadmin from 162.241.127.152 port 35444
Dec  8 22:17:30 cls sshd[24289]: pam_unix(sshd:auth): check pass; user unknown
Dec  8 22:17:30 cls sshd[24289]: pam_unix(sshd:auth): authentication failure; logname= uid=0 euid=0 tty=ssh ruser= rhost=162.241.127.152 
Dec  8 22:17:30 cls sshd[24291]: Invalid user cgpexpert from 209.141.47.217 port 45476
Dec  8 22:17:30 cls sshd[24291]: pam_unix(sshd:auth): check pass; user unknown
Dec  8 22:17:30 cls sshd[24291]: pam_unix(sshd:auth): authentication failure; logname= uid=0 euid=0 tty=ssh ruser= rhost=209.141.47.217 
Dec  8 22:17:30 cls sshd[24286]: Failed password for root from 107.150.104.184 port 53230 ssh2
Dec  8 22:17:30 cls sshd[24293]: pam_unix(sshd:auth): authentication failure; logname= uid=0 euid=0 tty=ssh ruser= rhost=64.227.160.133  user=ubuntu
Dec  8 22:17:31 cls sshd[24295]: pam_unix(sshd:auth): authentication failure; logname= uid=0 euid=0 tty=ssh ruser= rhost=103.147.211.2  user=root
Dec  8 22:17:31 cls sshd[24286]: Received disconnect from 107.150.104.184 port 53230:11: Bye Bye [preauth]
Dec  8 22:17:31 cls sshd[24286]: Disconnected from authenticating user root 107.150.104.184 port 53230 [preauth]
Dec  8 22:17:31 cls sshd[24289]: Failed password for invalid user superadmin from 162.241.127.152 port 35444 ssh2
Dec  8 22:17:32 cls sshd[24291]: Failed password for invalid user cgpexpert from 209.141.47.217 port 45476 ssh2
Dec  8 22:17:32 cls sshd[24296]: Invalid user liang from 69.10.60.50 port 50114
Dec  8 22:17:32 cls sshd[24296]: pam_unix(sshd:auth): check pass; user unknown
Dec  8 22:17:32 cls sshd[24296]: pam_unix(sshd:auth): authentication failure; logname= uid=0 euid=0 tty=ssh ruser= rhost=69.10.60.50 
Dec  8 22:17:32 cls sshd[24293]: Failed password for ubuntu from 64.227.160.133 port 38442 ssh2
Dec  8 22:17:32 cls sshd[24295]: Failed password for root from 103.147.211.2 port 39186 ssh2
Dec  8 22:17:32 cls sshd[24293]: Received disconnect from 64.227.160.133 port 38442:11: Bye Bye [preauth]
Dec  8 22:17:32 cls sshd[24293]: Disconnected from authenticating user ubuntu 64.227.160.133 port 38442 [preauth]
Dec  8 22:17:33 cls sshd[24289]: Received disconnect from 162.241.127.152 port 35444:11: Bye Bye [preauth]
Dec  8 22:17:33 cls sshd[24289]: Disconnected from invalid user superadmin 162.241.127.152 port 35444 [preauth]
Dec  8 22:17:33 cls sshd[24291]: Received disconnect from 209.141.47.217 port 45476:11: Bye Bye [preauth]
Dec  8 22:17:33 cls sshd[24291]: Disconnected from invalid user cgpexpert 209.141.47.217 port 45476 [preauth]
Dec  8 22:17:33 cls sshd[24295]: Received disconnect from 103.147.211.2 port 39186:11: Bye Bye [preauth]
Dec  8 22:17:33 cls sshd[24295]: Disconnected from authenticating user root 103.147.211.2 port 39186 [preauth]
Dec  8 22:17:34 cls sshd[24296]: Failed password for invalid user liang from 69.10.60.50 port 50114 ssh2
Dec  8 22:17:34 cls sshd[24296]: Received disconnect from 69.10.60.50 port 50114:11: Bye Bye [preauth]
Dec  8 22:17:34 cls sshd[24296]: Disconnected from invalid user liang 69.10.60.50 port 50114 [preauth]
Dec  8 22:17:35 cls sshd[24309]: pam_unix(sshd:auth): authentication failure; logname= uid=0 euid=0 tty=ssh ruser= rhost=64.227.107.145  user=root
Dec  8 22:17:37 cls sshd[24311]: Invalid user ftp_user from 185.208.156.50 port 38772
Dec  8 22:17:37 cls sshd[24311]: pam_unix(sshd:auth): check pass; user unknown
Dec  8 22:17:37 cls sshd[24311]: pam_unix(sshd:auth): authentication failure; logname= uid=0 euid=0 tty=ssh ruser= rhost=185.208.156.50 
Dec  8 22:17:37 cls sshd[24309]: Failed password for root from 64.227.107.145 port 37702 ssh2
Dec  8 22:17:39 cls sshd[24311]: Failed password for invalid user ftp_user from 185.208.156.50 port 38772 ssh2
Dec  8 22:17:40 cls sshd[24311]: Received disconnect from 185.208.156.50 port 38772:11: Bye Bye [preauth]
Dec  8 22:17:40 cls sshd[24311]: Disconnected from invalid user ftp_user 185.208.156.50 port 38772 [preauth]
Dec  8 22:17:40 cls sshd[24309]: Received disconnect from 64.227.107.145 port 37702:11: Bye Bye [preauth]
Dec  8 22:17:40 cls sshd[24309]: Disconnected from authenticating user root 64.227.107.145 port 37702 [preauth]
Dec  8 22:17:53 cls sshd[24318]: pam_unix(sshd:auth): authentication failure; logname= uid=0 euid=0 tty=ssh ruser= rhost=47.236.20.199  user=root
Dec  8 22:17:54 cls sshd[24320]: pam_unix(sshd:auth): authentication failure; logname= uid=0 euid=0 tty=ssh ruser= rhost=167.71.36.180  user=root
Dec  8 22:17:55 cls sshd[24318]: Failed password for root from 47.236.20.199 port 49044 ssh2
Dec  8 22:17:55 cls sshd[24318]: Received disconnect from 47.236.20.199 port 49044:11: Bye Bye [preauth]
Dec  8 22:17:55 cls sshd[24318]: Disconnected from authenticating user root 47.236.20.199 port 49044 [preauth]
Dec  8 22:17:56 cls sshd[24320]: Failed password for root from 167.71.36.180 port 53784 ssh2
Dec  8 22:17:57 cls sshd[24320]: Received disconnect from 167.71.36.180 port 53784:11: Bye Bye [preauth]
Dec  8 22:17:57 cls sshd[24320]: Disconnected from authenticating user root 167.71.36.180 port 53784 [preauth]
Dec  8 22:18:08 cls sshd[24324]: Invalid user test from 118.99.80.0 port 11047
Dec  8 22:18:08 cls sshd[24324]: pam_unix(sshd:auth): check pass; user unknown
Dec  8 22:18:08 cls sshd[24324]: pam_unix(sshd:auth): authentication failure; logname= uid=0 euid=0 tty=ssh ruser= rhost=118.99.80.0 
Dec  8 22:18:10 cls sshd[24324]: Failed password for invalid user test from 118.99.80.0 port 11047 ssh2
Dec  8 22:18:11 cls sshd[24324]: Received disconnect from 118.99.80.0 port 11047:11: Bye Bye [preauth]
Dec  8 22:18:11 cls sshd[24324]: Disconnected from invalid user test 118.99.80.0 port 11047 [preauth]
Dec  8 22:18:23 cls sshd[24331]: pam_unix(sshd:auth): authentication failure; logname= uid=0 euid=0 tty=ssh ruser= rhost=93.113.63.124  user=root
Dec  8 22:18:23 cls sshd[24333]: Invalid user deploy from 64.227.107.145 port 39276
Dec  8 22:18:23 cls sshd[24333]: pam_unix(sshd:auth): check pass; user unknown
Dec  8 22:18:23 cls sshd[24333]: pam_unix(sshd:auth): authentication failure; logname= uid=0 euid=0 tty=ssh ruser= rhost=64.227.107.145 
Dec  8 22:18:25 cls sshd[24331]: Failed password for root from 93.113.63.124 port 36270 ssh2
Dec  8 22:18:25 cls sshd[24333]: Failed password for invalid user deploy from 64.227.107.145 port 39276 ssh2
Dec  8 22:18:25 cls sshd[24331]: Received disconnect from 93.113.63.124 port 36270:11: Bye Bye [preauth]
Dec  8 22:18:25 cls sshd[24331]: Disconnected from authenticating user root 93.113.63.124 port 36270 [preauth]
Dec  8 22:18:26 cls sshd[24333]: Received disconnect from 64.227.107.145 port 39276:11: Bye Bye [preauth]
Dec  8 22:18:26 cls sshd[24333]: Disconnected from invalid user deploy 64.227.107.145 port 39276 [preauth]
Dec  8 22:18:29 cls sshd[24349]: pam_unix(sshd:auth): authentication failure; logname= uid=0 euid=0 tty=ssh ruser= rhost=167.71.36.180  user=root
Dec  8 22:18:32 cls sshd[24351]: Invalid user leonardo from 45.78.228.32 port 57808
Dec  8 22:18:32 cls sshd[24351]: pam_unix(sshd:auth): check pass; user unknown
Dec  8 22:18:32 cls sshd[24351]: pam_unix(sshd:auth): authentication failure; logname= uid=0 euid=0 tty=ssh ruser= rhost=45.78.228.32 
Dec  8 22:18:32 cls sshd[24349]: Failed password for root from 167.71.36.180 port 28628 ssh2
Dec  8 22:18:33 cls sshd[24351]: Failed password for invalid user leonardo from 45.78.228.32 port 57808 ssh2
Dec  8 22:18:35 cls sshd[24349]: Received disconnect from 167.71.36.180 port 28628:11: Bye Bye [preauth]
Dec  8 22:18:35 cls sshd[24349]: Disconnected from authenticating user root 167.71.36.180 port 28628 [preauth]
Dec  8 22:18:35 cls sshd[24351]: Received disconnect from 45.78.228.32 port 57808:11: Bye Bye [preauth]
Dec  8 22:18:35 cls sshd[24351]: Disconnected from invalid user leonardo 45.78.228.32 port 57808 [preauth]
Dec  8 22:18:36 cls sshd[24360]: pam_unix(sshd:auth): authentication failure; logname= uid=0 euid=0 tty=ssh ruser= rhost=209.141.47.217  user=root
Dec  8 22:18:37 cls sshd[24360]: Failed password for root from 209.141.47.217 port 46100 ssh2
Dec  8 22:18:38 cls sshd[24362]: Invalid user ansible from 69.10.60.50 port 43136
Dec  8 22:18:38 cls sshd[24362]: pam_unix(sshd:auth): check pass; user unknown
Dec  8 22:18:38 cls sshd[24362]: pam_unix(sshd:auth): authentication failure; logname= uid=0 euid=0 tty=ssh ruser= rhost=69.10.60.50 
Dec  8 22:18:38 cls sshd[24360]: Received disconnect from 209.141.47.217 port 46100:11: Bye Bye [preauth]
Dec  8 22:18:38 cls sshd[24360]: Disconnected from authenticating user root 209.141.47.217 port 46100 [preauth]
Dec  8 22:18:40 cls sshd[24364]: pam_unix(sshd:auth): authentication failure; logname= uid=0 euid=0 tty=ssh ruser= rhost=185.208.156.50  user=root
Dec  8 22:18:40 cls sshd[24362]: Failed password for invalid user ansible from 69.10.60.50 port 43136 ssh2
Dec  8 22:18:40 cls sshd[24362]: Received disconnect from 69.10.60.50 port 43136:11: Bye Bye [preauth]
Dec  8 22:18:40 cls sshd[24362]: Disconnected from invalid user ansible 69.10.60.50 port 43136 [preauth]
Dec  8 22:18:41 cls sshd[24366]: Invalid user mdm from 101.47.142.111 port 42500
Dec  8 22:18:41 cls sshd[24366]: pam_unix(sshd:auth): check pass; user unknown
Dec  8 22:18:41 cls sshd[24366]: pam_unix(sshd:auth): authentication failure; logname= uid=0 euid=0 tty=ssh ruser= rhost=101.47.142.111 
Dec  8 22:18:42 cls sshd[24364]: Failed password for root from 185.208.156.50 port 53942 ssh2
Dec  8 22:18:42 cls sshd[24368]: Invalid user bharath from 191.100.23.154 port 42112
Dec  8 22:18:42 cls sshd[24368]: pam_unix(sshd:auth): check pass; user unknown
Dec  8 22:18:42 cls sshd[24368]: pam_unix(sshd:auth): authentication failure; logname= uid=0 euid=0 tty=ssh ruser= rhost=191.100.23.154 
Dec  8 22:18:42 cls sshd[24364]: Received disconnect from 185.208.156.50 port 53942:11: Bye Bye [preauth]
Dec  8 22:18:42 cls sshd[24364]: Disconnected from authenticating user root 185.208.156.50 port 53942 [preauth]
Dec  8 22:18:43 cls sshd[24366]: Failed password for invalid user mdm from 101.47.142.111 port 42500 ssh2
Dec  8 22:18:44 cls sshd[24366]: Received disconnect from 101.47.142.111 port 42500:11: Bye Bye [preauth]
Dec  8 22:18:44 cls sshd[24366]: Disconnected from invalid user mdm 101.47.142.111 port 42500 [preauth]
Dec  8 22:18:44 cls sshd[24368]: Failed password for invalid user bharath from 191.100.23.154 port 42112 ssh2
Dec  8 22:18:46 cls sshd[24368]: Received disconnect from 191.100.23.154 port 42112:11: Bye Bye [preauth]
Dec  8 22:18:46 cls sshd[24368]: Disconnected from invalid user bharath 191.100.23.154 port 42112 [preauth]
Dec  8 22:18:47 cls sshd[24376]: Invalid user abc from 162.241.127.152 port 36620
Dec  8 22:18:47 cls sshd[24376]: pam_unix(sshd:auth): check pass; user unknown
Dec  8 22:18:47 cls sshd[24376]: pam_unix(sshd:auth): authentication failure; logname= uid=0 euid=0 tty=ssh ruser= rhost=162.241.127.152 
Dec  8 22:18:47 cls sshd[24382]: pam_unix(sshd:auth): authentication failure; logname= uid=0 euid=0 tty=ssh ruser= rhost=64.227.160.133  user=root
Dec  8 22:18:48 cls sshd[24384]: Invalid user amits from 8.217.103.123 port 55630
Dec  8 22:18:48 cls sshd[24384]: pam_unix(sshd:auth): check pass; user unknown
Dec  8 22:18:48 cls sshd[24384]: pam_unix(sshd:auth): authentication failure; logname= uid=0 euid=0 tty=ssh ruser= rhost=8.217.103.123 
Dec  8 22:18:48 cls sshd[24378]: Invalid user test from 179.57.170.71 port 60308
Dec  8 22:18:48 cls sshd[24378]: pam_unix(sshd:auth): check pass; user unknown
Dec  8 22:18:48 cls sshd[24378]: pam_unix(sshd:auth): authentication failure; logname= uid=0 euid=0 tty=ssh ruser= rhost=179.57.170.71 
Dec  8 22:18:49 cls sshd[24376]: Failed password for invalid user abc from 162.241.127.152 port 36620 ssh2
Dec  8 22:18:50 cls sshd[24382]: Failed password for root from 64.227.160.133 port 37162 ssh2
Dec  8 22:18:50 cls sshd[24384]: Failed password for invalid user amits from 8.217.103.123 port 55630 ssh2
Dec  8 22:18:50 cls sshd[24378]: Failed password for invalid user test from 179.57.170.71 port 60308 ssh2
Dec  8 22:18:50 cls sshd[24382]: Received disconnect from 64.227.160.133 port 37162:11: Bye Bye [preauth]
Dec  8 22:18:50 cls sshd[24382]: Disconnected from authenticating user root 64.227.160.133 port 37162 [preauth]
Dec  8 22:18:50 cls sshd[24376]: Received disconnect from 162.241.127.152 port 36620:11: Bye Bye [preauth]
Dec  8 22:18:50 cls sshd[24376]: Disconnected from invalid user abc 162.241.127.152 port 36620 [preauth]
Dec  8 22:18:50 cls sshd[24384]: Received disconnect from 8.217.103.123 port 55630:11: Bye Bye [preauth]
Dec  8 22:18:50 cls sshd[24384]: Disconnected from invalid user amits 8.217.103.123 port 55630 [preauth]
Dec  8 22:18:51 cls sshd[24378]: Received disconnect from 179.57.170.71 port 60308:11: Bye Bye [preauth]
Dec  8 22:18:51 cls sshd[24378]: Disconnected from invalid user test 179.57.170.71 port 60308 [preauth]
Dec  8 22:18:53 cls sshd[24400]: pam_unix(sshd:auth): authentication failure; logname= uid=0 euid=0 tty=ssh ruser= rhost=103.147.211.2  user=root
Dec  8 22:18:55 cls sshd[24398]: pam_unix(sshd:auth): authentication failure; logname= uid=0 euid=0 tty=ssh ruser= rhost=181.2.146.184  user=root
Dec  8 22:18:56 cls sshd[24400]: Failed password for root from 103.147.211.2 port 58260 ssh2
Dec  8 22:18:57 cls sshd[24398]: Failed password for root from 181.2.146.184 port 52018 ssh2
Dec  8 22:18:58 cls sshd[24398]: Received disconnect from 181.2.146.184 port 52018:11: Bye Bye [preauth]
Dec  8 22:18:58 cls sshd[24398]: Disconnected from authenticating user root 181.2.146.184 port 52018 [preauth]
Dec  8 22:18:59 cls sshd[24400]: Received disconnect from 103.147.211.2 port 58260:11: Bye Bye [preauth]
Dec  8 22:18:59 cls sshd[24400]: Disconnected from authenticating user root 103.147.211.2 port 58260 [preauth]
Dec  8 22:19:05 cls sshd[24412]: Invalid user leonardo from 167.71.36.180 port 12444
Dec  8 22:19:05 cls sshd[24412]: pam_unix(sshd:auth): check pass; user unknown
Dec  8 22:19:05 cls sshd[24412]: pam_unix(sshd:auth): authentication failure; logname= uid=0 euid=0 tty=ssh ruser= rhost=167.71.36.180 
Dec  8 22:19:07 cls sshd[24412]: Failed password for invalid user leonardo from 167.71.36.180 port 12444 ssh2
Dec  8 22:19:08 cls sshd[24412]: Received disconnect from 167.71.36.180 port 12444:11: Bye Bye [preauth]
Dec  8 22:19:08 cls sshd[24412]: Disconnected from invalid user leonardo 167.71.36.180 port 12444 [preauth]
Dec  8 22:19:10 cls sshd[24414]: pam_unix(sshd:auth): authentication failure; logname= uid=0 euid=0 tty=ssh ruser= rhost=64.227.107.145  user=root
Dec  8 22:19:12 cls sshd[24414]: Failed password for root from 64.227.107.145 port 60100 ssh2
Dec  8 22:19:13 cls sshd[24414]: Received disconnect from 64.227.107.145 port 60100:11: Bye Bye [preauth]
Dec  8 22:19:13 cls sshd[24414]: Disconnected from authenticating user root 64.227.107.145 port 60100 [preauth]
Dec  8 22:19:24 cls sshd[24420]: pam_unix(sshd:auth): authentication failure; logname= uid=0 euid=0 tty=ssh ruser= rhost=47.236.20.199  user=root
Dec  8 22:19:26 cls sshd[24420]: Failed password for root from 47.236.20.199 port 50966 ssh2
Dec  8 22:19:26 cls sshd[24422]: Invalid user demo from 118.99.80.0 port 11702
Dec  8 22:19:26 cls sshd[24422]: pam_unix(sshd:auth): check pass; user unknown
Dec  8 22:19:26 cls sshd[24422]: pam_unix(sshd:auth): authentication failure; logname= uid=0 euid=0 tty=ssh ruser= rhost=118.99.80.0 
Dec  8 22:19:27 cls sshd[24420]: Received disconnect from 47.236.20.199 port 50966:11: Bye Bye [preauth]
Dec  8 22:19:27 cls sshd[24420]: Disconnected from authenticating user root 47.236.20.199 port 50966 [preauth]
Dec  8 22:19:29 cls sshd[24422]: Failed password for invalid user demo from 118.99.80.0 port 11702 ssh2
Dec  8 22:19:29 cls sshd[24422]: Received disconnect from 118.99.80.0 port 11702:11: Bye Bye [preauth]
Dec  8 22:19:29 cls sshd[24422]: Disconnected from invalid user demo 118.99.80.0 port 11702 [preauth]
Dec  8 22:19:35 cls sshd[24428]: pam_unix(sshd:auth): authentication failure; logname= uid=0 euid=0 tty=ssh ruser= rhost=93.113.63.124  user=root
Dec  8 22:19:35 cls sshd[24430]: Invalid user ftp_user from 167.71.36.180 port 54780
Dec  8 22:19:35 cls sshd[24430]: pam_unix(sshd:auth): check pass; user unknown
Dec  8 22:19:35 cls sshd[24430]: pam_unix(sshd:auth): authentication failure; logname= uid=0 euid=0 tty=ssh ruser= rhost=167.71.36.180 
Dec  8 22:19:36 cls sshd[24432]: Invalid user github from 45.78.204.252 port 38264
Dec  8 22:19:36 cls sshd[24432]: pam_unix(sshd:auth): check pass; user unknown
Dec  8 22:19:36 cls sshd[24432]: pam_unix(sshd:auth): authentication failure; logname= uid=0 euid=0 tty=ssh ruser= rhost=45.78.204.252 
Dec  8 22:19:37 cls sshd[24432]: Failed password for invalid user github from 45.78.204.252 port 38264 ssh2
Dec  8 22:19:37 cls sshd[24428]: Failed password for root from 93.113.63.124 port 48624 ssh2
Dec  8 22:19:38 cls sshd[24430]: Failed password for invalid user ftp_user from 167.71.36.180 port 54780 ssh2
Dec  8 22:19:38 cls sshd[24432]: Received disconnect from 45.78.204.252 port 38264:11: Bye Bye [preauth]
Dec  8 22:19:38 cls sshd[24432]: Disconnected from invalid user github 45.78.204.252 port 38264 [preauth]
Dec  8 22:19:38 cls sshd[24428]: Received disconnect from 93.113.63.124 port 48624:11: Bye Bye [preauth]
