Dec  9 09:15:44 cls sshd[47411]: Disconnected from invalid user deployer 202.165.22.246 port 34490 [preauth]
Dec  9 09:16:11 cls sshd[47440]: Invalid user user11 from 101.47.161.202 port 45630
Dec  9 09:16:11 cls sshd[47440]: pam_unix(sshd:auth): check pass; user unknown
Dec  9 09:16:11 cls sshd[47440]: pam_unix(sshd:auth): authentication failure; logname= uid=0 euid=0 tty=ssh ruser= rhost=101.47.161.202 
Dec  9 09:16:13 cls sshd[47440]: Failed password for invalid user user11 from 101.47.161.202 port 45630 ssh2
Dec  9 09:16:14 cls sshd[47440]: Received disconnect from 101.47.161.202 port 45630:11: Bye Bye [preauth]
Dec  9 09:16:14 cls sshd[47440]: Disconnected from invalid user user11 101.47.161.202 port 45630 [preauth]
Dec  9 09:16:16 cls sshd[47444]: Invalid user admin from 117.241.86.211 port 40194
Dec  9 09:16:16 cls sshd[47444]: pam_unix(sshd:auth): check pass; user unknown
Dec  9 09:16:16 cls sshd[47444]: pam_unix(sshd:auth): authentication failure; logname= uid=0 euid=0 tty=ssh ruser= rhost=117.241.86.211 
Dec  9 09:16:19 cls sshd[47444]: Failed password for invalid user admin from 117.241.86.211 port 40194 ssh2
Dec  9 09:16:20 cls sshd[47444]: Received disconnect from 117.241.86.211 port 40194:11: Bye Bye [preauth]
Dec  9 09:16:20 cls sshd[47444]: Disconnected from invalid user admin 117.241.86.211 port 40194 [preauth]
Dec  9 09:16:20 cls sshd[47453]: Invalid user alejandro from 202.165.22.246 port 47318
Dec  9 09:16:20 cls sshd[47453]: pam_unix(sshd:auth): check pass; user unknown
Dec  9 09:16:20 cls sshd[47453]: pam_unix(sshd:auth): authentication failure; logname= uid=0 euid=0 tty=ssh ruser= rhost=202.165.22.246 
Dec  9 09:16:22 cls sshd[47453]: Failed password for invalid user alejandro from 202.165.22.246 port 47318 ssh2
Dec  9 09:16:22 cls sshd[47453]: Received disconnect from 202.165.22.246 port 47318:11: Bye Bye [preauth]
Dec  9 09:16:22 cls sshd[47453]: Disconnected from invalid user alejandro 202.165.22.246 port 47318 [preauth]
Dec  9 09:16:22 cls sshd[47455]: Invalid user bot from 177.65.97.67 port 58290
Dec  9 09:16:22 cls sshd[47455]: pam_unix(sshd:auth): check pass; user unknown
Dec  9 09:16:22 cls sshd[47455]: pam_unix(sshd:auth): authentication failure; logname= uid=0 euid=0 tty=ssh ruser= rhost=177.65.97.67 
Dec  9 09:16:24 cls sshd[47455]: Failed password for invalid user bot from 177.65.97.67 port 58290 ssh2
Dec  9 09:16:25 cls sshd[47455]: Received disconnect from 177.65.97.67 port 58290:11: Bye Bye [preauth]
Dec  9 09:16:25 cls sshd[47455]: Disconnected from invalid user bot 177.65.97.67 port 58290 [preauth]
Dec  9 09:16:58 cls sshd[47490]: pam_unix(sshd:auth): authentication failure; logname= uid=0 euid=0 tty=ssh ruser= rhost=202.165.22.246  user=root
Dec  9 09:17:00 cls sshd[47490]: Failed password for root from 202.165.22.246 port 60144 ssh2
Dec  9 09:17:01 cls sshd[47490]: Received disconnect from 202.165.22.246 port 60144:11: Bye Bye [preauth]
Dec  9 09:17:01 cls sshd[47490]: Disconnected from authenticating user root 202.165.22.246 port 60144 [preauth]
Dec  9 09:17:01 cls CRON[47492]: pam_unix(cron:session): session opened for user root by (uid=0)
Dec  9 09:17:01 cls CRON[47492]: pam_unix(cron:session): session closed for user root
Dec  9 09:17:11 cls sshd[47501]: Invalid user git from 117.241.86.211 port 39081
Dec  9 09:17:11 cls sshd[47501]: pam_unix(sshd:auth): check pass; user unknown
Dec  9 09:17:11 cls sshd[47501]: pam_unix(sshd:auth): authentication failure; logname= uid=0 euid=0 tty=ssh ruser= rhost=117.241.86.211 
Dec  9 09:17:13 cls sshd[47501]: Failed password for invalid user git from 117.241.86.211 port 39081 ssh2
Dec  9 09:17:13 cls sshd[47501]: Received disconnect from 117.241.86.211 port 39081:11: Bye Bye [preauth]
Dec  9 09:17:13 cls sshd[47501]: Disconnected from invalid user git 117.241.86.211 port 39081 [preauth]
Dec  9 09:17:36 cls sshd[47507]: pam_unix(sshd:auth): authentication failure; logname= uid=0 euid=0 tty=ssh ruser= rhost=202.165.22.246  user=root
Dec  9 09:17:37 cls sshd[47507]: Failed password for root from 202.165.22.246 port 44738 ssh2
Dec  9 09:17:38 cls sshd[47507]: Received disconnect from 202.165.22.246 port 44738:11: Bye Bye [preauth]
Dec  9 09:17:38 cls sshd[47507]: Disconnected from authenticating user root 202.165.22.246 port 44738 [preauth]
Dec  9 09:18:00 cls sshd[47511]: Invalid user httpd from 190.112.222.136 port 38108
Dec  9 09:18:00 cls sshd[47511]: pam_unix(sshd:auth): check pass; user unknown
Dec  9 09:18:00 cls sshd[47511]: pam_unix(sshd:auth): authentication failure; logname= uid=0 euid=0 tty=ssh ruser= rhost=190.112.222.136 
Dec  9 09:18:01 cls sshd[47513]: Invalid user alejandro from 117.241.86.211 port 41740
Dec  9 09:18:01 cls sshd[47513]: pam_unix(sshd:auth): check pass; user unknown
Dec  9 09:18:01 cls sshd[47513]: pam_unix(sshd:auth): authentication failure; logname= uid=0 euid=0 tty=ssh ruser= rhost=117.241.86.211 
Dec  9 09:18:02 cls sshd[47511]: Failed password for invalid user httpd from 190.112.222.136 port 38108 ssh2
Dec  9 09:18:02 cls sshd[47513]: Failed password for invalid user alejandro from 117.241.86.211 port 41740 ssh2
Dec  9 09:18:03 cls sshd[47513]: Received disconnect from 117.241.86.211 port 41740:11: Bye Bye [preauth]
Dec  9 09:18:03 cls sshd[47513]: Disconnected from invalid user alejandro 117.241.86.211 port 41740 [preauth]
Dec  9 09:18:03 cls sshd[47511]: Received disconnect from 190.112.222.136 port 38108:11: Bye Bye [preauth]
Dec  9 09:18:03 cls sshd[47511]: Disconnected from invalid user httpd 190.112.222.136 port 38108 [preauth]
Dec  9 09:18:17 cls sshd[47517]: Invalid user bot from 202.165.22.246 port 57566
Dec  9 09:18:17 cls sshd[47517]: pam_unix(sshd:auth): check pass; user unknown
Dec  9 09:18:17 cls sshd[47517]: pam_unix(sshd:auth): authentication failure; logname= uid=0 euid=0 tty=ssh ruser= rhost=202.165.22.246 
Dec  9 09:18:18 cls sshd[47517]: Failed password for invalid user bot from 202.165.22.246 port 57566 ssh2
Dec  9 09:18:19 cls sshd[47517]: Received disconnect from 202.165.22.246 port 57566:11: Bye Bye [preauth]
Dec  9 09:18:19 cls sshd[47517]: Disconnected from invalid user bot 202.165.22.246 port 57566 [preauth]
Dec  9 09:18:28 cls sshd[47526]: pam_unix(sshd:auth): authentication failure; logname= uid=0 euid=0 tty=ssh ruser= rhost=101.47.141.25  user=root
Dec  9 09:18:30 cls sshd[47526]: Failed password for root from 101.47.141.25 port 33510 ssh2
Dec  9 09:18:32 cls sshd[47526]: Received disconnect from 101.47.141.25 port 33510:11: Bye Bye [preauth]
Dec  9 09:18:32 cls sshd[47526]: Disconnected from authenticating user root 101.47.141.25 port 33510 [preauth]
Dec  9 09:18:33 cls sshd[47528]: Invalid user httpd from 177.65.97.67 port 38756
Dec  9 09:18:33 cls sshd[47528]: pam_unix(sshd:auth): check pass; user unknown
Dec  9 09:18:33 cls sshd[47528]: pam_unix(sshd:auth): authentication failure; logname= uid=0 euid=0 tty=ssh ruser= rhost=177.65.97.67 
Dec  9 09:18:35 cls sshd[47524]: Received disconnect from 101.47.162.19 port 39152:11: Bye Bye [preauth]
Dec  9 09:18:35 cls sshd[47524]: Disconnected from 101.47.162.19 port 39152 [preauth]
Dec  9 09:18:35 cls sshd[47528]: Failed password for invalid user httpd from 177.65.97.67 port 38756 ssh2
Dec  9 09:18:36 cls sshd[47528]: Received disconnect from 177.65.97.67 port 38756:11: Bye Bye [preauth]
Dec  9 09:18:36 cls sshd[47528]: Disconnected from invalid user httpd 177.65.97.67 port 38756 [preauth]
Dec  9 09:18:50 cls sshd[47532]: pam_unix(sshd:auth): authentication failure; logname= uid=0 euid=0 tty=ssh ruser= rhost=101.47.161.202  user=root
Dec  9 09:18:51 cls sshd[47536]: Invalid user httpd from 117.241.86.211 port 45572
Dec  9 09:18:51 cls sshd[47536]: pam_unix(sshd:auth): check pass; user unknown
Dec  9 09:18:51 cls sshd[47536]: pam_unix(sshd:auth): authentication failure; logname= uid=0 euid=0 tty=ssh ruser= rhost=117.241.86.211 
Dec  9 09:18:52 cls sshd[47534]: pam_unix(sshd:auth): authentication failure; logname= uid=0 euid=0 tty=ssh ruser= rhost=190.112.222.136  user=root
Dec  9 09:18:52 cls sshd[47532]: Failed password for root from 101.47.161.202 port 34870 ssh2
Dec  9 09:18:53 cls sshd[47532]: Received disconnect from 101.47.161.202 port 34870:11: Bye Bye [preauth]
Dec  9 09:18:53 cls sshd[47532]: Disconnected from authenticating user root 101.47.161.202 port 34870 [preauth]
Dec  9 09:18:53 cls sshd[47541]: pam_unix(sshd:auth): authentication failure; logname= uid=0 euid=0 tty=ssh ruser= rhost=202.165.22.246  user=root
Dec  9 09:18:53 cls sshd[47536]: Failed password for invalid user httpd from 117.241.86.211 port 45572 ssh2
Dec  9 09:18:54 cls sshd[47534]: Failed password for root from 190.112.222.136 port 35806 ssh2
Dec  9 09:18:54 cls sshd[47536]: Received disconnect from 117.241.86.211 port 45572:11: Bye Bye [preauth]
Dec  9 09:18:54 cls sshd[47536]: Disconnected from invalid user httpd 117.241.86.211 port 45572 [preauth]
Dec  9 09:18:54 cls sshd[47534]: Received disconnect from 190.112.222.136 port 35806:11: Bye Bye [preauth]
Dec  9 09:18:54 cls sshd[47534]: Disconnected from authenticating user root 190.112.222.136 port 35806 [preauth]
Dec  9 09:18:56 cls sshd[47541]: Failed password for root from 202.165.22.246 port 42160 ssh2
Dec  9 09:18:56 cls sshd[47541]: Received disconnect from 202.165.22.246 port 42160:11: Bye Bye [preauth]
Dec  9 09:18:56 cls sshd[47541]: Disconnected from authenticating user root 202.165.22.246 port 42160 [preauth]
Dec  9 09:19:19 cls sshd[47543]: Invalid user zeeshan from 177.65.97.67 port 51956
Dec  9 09:19:19 cls sshd[47543]: pam_unix(sshd:auth): check pass; user unknown
Dec  9 09:19:19 cls sshd[47543]: pam_unix(sshd:auth): authentication failure; logname= uid=0 euid=0 tty=ssh ruser= rhost=177.65.97.67 
Dec  9 09:19:21 cls sshd[47543]: Failed password for invalid user zeeshan from 177.65.97.67 port 51956 ssh2
Dec  9 09:19:22 cls sshd[47543]: Received disconnect from 177.65.97.67 port 51956:11: Bye Bye [preauth]
Dec  9 09:19:22 cls sshd[47543]: Disconnected from invalid user zeeshan 177.65.97.67 port 51956 [preauth]
Dec  9 09:19:29 cls sshd[47552]: pam_unix(sshd:auth): authentication failure; logname= uid=0 euid=0 tty=ssh ruser= rhost=103.77.241.7  user=mysql
Dec  9 09:19:30 cls sshd[47550]: Invalid user zhang from 190.112.222.136 port 36438
Dec  9 09:19:30 cls sshd[47550]: pam_unix(sshd:auth): check pass; user unknown
Dec  9 09:19:30 cls sshd[47550]: pam_unix(sshd:auth): authentication failure; logname= uid=0 euid=0 tty=ssh ruser= rhost=190.112.222.136 
Dec  9 09:19:30 cls sshd[47556]: Invalid user ftpuser from 202.165.22.246 port 54986
Dec  9 09:19:30 cls sshd[47556]: pam_unix(sshd:auth): check pass; user unknown
Dec  9 09:19:30 cls sshd[47556]: pam_unix(sshd:auth): authentication failure; logname= uid=0 euid=0 tty=ssh ruser= rhost=202.165.22.246 
Dec  9 09:19:31 cls sshd[47550]: Failed password for invalid user zhang from 190.112.222.136 port 36438 ssh2
Dec  9 09:19:32 cls sshd[47552]: Failed password for mysql from 103.77.241.7 port 47304 ssh2
Dec  9 09:19:32 cls sshd[47556]: Failed password for invalid user ftpuser from 202.165.22.246 port 54986 ssh2
Dec  9 09:19:32 cls sshd[47550]: Received disconnect from 190.112.222.136 port 36438:11: Bye Bye [preauth]
Dec  9 09:19:32 cls sshd[47550]: Disconnected from invalid user zhang 190.112.222.136 port 36438 [preauth]
Dec  9 09:19:32 cls sshd[47556]: Received disconnect from 202.165.22.246 port 54986:11: Bye Bye [preauth]
Dec  9 09:19:32 cls sshd[47556]: Disconnected from invalid user ftpuser 202.165.22.246 port 54986 [preauth]
Dec  9 09:19:33 cls sshd[47552]: Received disconnect from 103.77.241.7 port 47304:11: Bye Bye [preauth]
Dec  9 09:19:33 cls sshd[47552]: Disconnected from authenticating user mysql 103.77.241.7 port 47304 [preauth]
Dec  9 09:19:42 cls sshd[47565]: Invalid user ict from 117.241.86.211 port 43849
Dec  9 09:19:42 cls sshd[47565]: pam_unix(sshd:auth): check pass; user unknown
Dec  9 09:19:42 cls sshd[47565]: pam_unix(sshd:auth): authentication failure; logname= uid=0 euid=0 tty=ssh ruser= rhost=117.241.86.211 
Dec  9 09:19:43 cls sshd[47567]: pam_unix(sshd:auth): authentication failure; logname= uid=0 euid=0 tty=ssh ruser= rhost=101.47.162.19  user=root
Dec  9 09:19:44 cls sshd[47565]: Failed password for invalid user ict from 117.241.86.211 port 43849 ssh2
Dec  9 09:19:45 cls sshd[47565]: Received disconnect from 117.241.86.211 port 43849:11: Bye Bye [preauth]
Dec  9 09:19:45 cls sshd[47565]: Disconnected from invalid user ict 117.241.86.211 port 43849 [preauth]
Dec  9 09:19:45 cls sshd[47567]: Failed password for root from 101.47.162.19 port 33854 ssh2
Dec  9 09:19:46 cls sshd[47567]: Received disconnect from 101.47.162.19 port 33854:11: Bye Bye [preauth]
Dec  9 09:19:46 cls sshd[47567]: Disconnected from authenticating user root 101.47.162.19 port 33854 [preauth]
Dec  9 09:19:47 cls sshd[47563]: Connection closed by 101.47.141.25 port 52054 [preauth]
Dec  9 09:20:09 cls sshd[47573]: Invalid user git from 190.112.222.136 port 44148
Dec  9 09:20:09 cls sshd[47573]: pam_unix(sshd:auth): check pass; user unknown
Dec  9 09:20:09 cls sshd[47573]: pam_unix(sshd:auth): authentication failure; logname= uid=0 euid=0 tty=ssh ruser= rhost=190.112.222.136 
Dec  9 09:20:10 cls sshd[47571]: pam_unix(sshd:auth): authentication failure; logname= uid=0 euid=0 tty=ssh ruser= rhost=177.65.97.67  user=root
Dec  9 09:20:10 cls sshd[47575]: Invalid user admin from 202.165.22.246 port 39582
Dec  9 09:20:10 cls sshd[47575]: pam_unix(sshd:auth): check pass; user unknown
Dec  9 09:20:10 cls sshd[47575]: pam_unix(sshd:auth): authentication failure; logname= uid=0 euid=0 tty=ssh ruser= rhost=202.165.22.246 
Dec  9 09:20:11 cls sshd[47573]: Failed password for invalid user git from 190.112.222.136 port 44148 ssh2
Dec  9 09:20:12 cls sshd[47571]: Failed password for root from 177.65.97.67 port 44578 ssh2
Dec  9 09:20:12 cls sshd[47573]: Received disconnect from 190.112.222.136 port 44148:11: Bye Bye [preauth]
Dec  9 09:20:12 cls sshd[47573]: Disconnected from invalid user git 190.112.222.136 port 44148 [preauth]
Dec  9 09:20:13 cls sshd[47571]: Received disconnect from 177.65.97.67 port 44578:11: Bye Bye [preauth]
Dec  9 09:20:13 cls sshd[47571]: Disconnected from authenticating user root 177.65.97.67 port 44578 [preauth]
Dec  9 09:20:13 cls sshd[47575]: Failed password for invalid user admin from 202.165.22.246 port 39582 ssh2
Dec  9 09:20:13 cls sshd[47580]: Invalid user user1 from 101.47.161.202 port 52570
Dec  9 09:20:13 cls sshd[47580]: pam_unix(sshd:auth): check pass; user unknown
Dec  9 09:20:13 cls sshd[47580]: pam_unix(sshd:auth): authentication failure; logname= uid=0 euid=0 tty=ssh ruser= rhost=101.47.161.202 
Dec  9 09:20:14 cls sshd[47575]: Received disconnect from 202.165.22.246 port 39582:11: Bye Bye [preauth]
Dec  9 09:20:14 cls sshd[47575]: Disconnected from invalid user admin 202.165.22.246 port 39582 [preauth]
Dec  9 09:20:14 cls sshd[47582]: pam_unix(sshd:auth): authentication failure; logname= uid=0 euid=0 tty=ssh ruser= rhost=103.77.241.7  user=root
Dec  9 09:20:15 cls sshd[47580]: Failed password for invalid user user1 from 101.47.161.202 port 52570 ssh2
Dec  9 09:20:16 cls sshd[47580]: Received disconnect from 101.47.161.202 port 52570:11: Bye Bye [preauth]
Dec  9 09:20:16 cls sshd[47580]: Disconnected from invalid user user1 101.47.161.202 port 52570 [preauth]
Dec  9 09:20:17 cls sshd[47582]: Failed password for root from 103.77.241.7 port 33606 ssh2
Dec  9 09:20:17 cls sshd[47582]: Received disconnect from 103.77.241.7 port 33606:11: Bye Bye [preauth]
Dec  9 09:20:17 cls sshd[47582]: Disconnected from authenticating user root 103.77.241.7 port 33606 [preauth]
Dec  9 09:20:34 cls sshd[47601]: Invalid user admin from 117.241.86.211 port 55736
Dec  9 09:20:34 cls sshd[47601]: pam_unix(sshd:auth): check pass; user unknown
Dec  9 09:20:34 cls sshd[47601]: pam_unix(sshd:auth): authentication failure; logname= uid=0 euid=0 tty=ssh ruser= rhost=117.241.86.211 
Dec  9 09:20:36 cls sshd[47601]: Failed password for invalid user admin from 117.241.86.211 port 55736 ssh2
Dec  9 09:20:37 cls sshd[47601]: Received disconnect from 117.241.86.211 port 55736:11: Bye Bye [preauth]
Dec  9 09:20:37 cls sshd[47601]: Disconnected from invalid user admin 117.241.86.211 port 55736 [preauth]
Dec  9 09:20:50 cls sshd[47617]: pam_unix(sshd:auth): authentication failure; logname= uid=0 euid=0 tty=ssh ruser= rhost=190.112.222.136  user=root
Dec  9 09:20:51 cls sshd[47645]: Invalid user ict from 202.165.22.246 port 52410
Dec  9 09:20:51 cls sshd[47645]: pam_unix(sshd:auth): check pass; user unknown
Dec  9 09:20:51 cls sshd[47645]: pam_unix(sshd:auth): authentication failure; logname= uid=0 euid=0 tty=ssh ruser= rhost=202.165.22.246 
Dec  9 09:20:52 cls sshd[47643]: pam_unix(sshd:auth): authentication failure; logname= uid=0 euid=0 tty=ssh ruser= rhost=101.47.162.19  user=root
Dec  9 09:20:52 cls sshd[47617]: Failed password for root from 190.112.222.136 port 35578 ssh2
Dec  9 09:20:53 cls sshd[47617]: Received disconnect from 190.112.222.136 port 35578:11: Bye Bye [preauth]
Dec  9 09:20:53 cls sshd[47617]: Disconnected from authenticating user root 190.112.222.136 port 35578 [preauth]
Dec  9 09:20:53 cls sshd[47645]: Failed password for invalid user ict from 202.165.22.246 port 52410 ssh2
Dec  9 09:20:54 cls sshd[47643]: Failed password for root from 101.47.162.19 port 48244 ssh2
Dec  9 09:20:54 cls sshd[47645]: Received disconnect from 202.165.22.246 port 52410:11: Bye Bye [preauth]
Dec  9 09:20:54 cls sshd[47645]: Disconnected from invalid user ict 202.165.22.246 port 52410 [preauth]
Dec  9 09:20:54 cls sshd[47647]: Invalid user demo from 101.47.141.25 port 40790
Dec  9 09:20:54 cls sshd[47647]: pam_unix(sshd:auth): check pass; user unknown
Dec  9 09:20:54 cls sshd[47647]: pam_unix(sshd:auth): authentication failure; logname= uid=0 euid=0 tty=ssh ruser= rhost=101.47.141.25 
Dec  9 09:20:55 cls sshd[47643]: Received disconnect from 101.47.162.19 port 48244:11: Bye Bye [preauth]
Dec  9 09:20:55 cls sshd[47643]: Disconnected from authenticating user root 101.47.162.19 port 48244 [preauth]
Dec  9 09:20:57 cls sshd[47647]: Failed password for invalid user demo from 101.47.141.25 port 40790 ssh2
Dec  9 09:20:57 cls sshd[47647]: Received disconnect from 101.47.141.25 port 40790:11: Bye Bye [preauth]
Dec  9 09:20:57 cls sshd[47647]: Disconnected from invalid user demo 101.47.141.25 port 40790 [preauth]
Dec  9 09:21:00 cls sshd[47656]: pam_unix(sshd:auth): authentication failure; logname= uid=0 euid=0 tty=ssh ruser= rhost=103.77.241.7  user=root
Dec  9 09:21:01 cls sshd[47654]: pam_unix(sshd:auth): authentication failure; logname= uid=0 euid=0 tty=ssh ruser= rhost=177.65.97.67  user=root
Dec  9 09:21:03 cls sshd[47656]: Failed password for root from 103.77.241.7 port 48142 ssh2
Dec  9 09:21:03 cls sshd[47654]: Failed password for root from 177.65.97.67 port 55424 ssh2
Dec  9 09:21:03 cls sshd[47656]: Received disconnect from 103.77.241.7 port 48142:11: Bye Bye [preauth]
Dec  9 09:21:03 cls sshd[47656]: Disconnected from authenticating user root 103.77.241.7 port 48142 [preauth]
Dec  9 09:21:04 cls sshd[47654]: Received disconnect from 177.65.97.67 port 55424:11: Bye Bye [preauth]
Dec  9 09:21:04 cls sshd[47654]: Disconnected from authenticating user root 177.65.97.67 port 55424 [preauth]
Dec  9 09:21:24 cls sshd[47663]: Invalid user zhang from 117.241.86.211 port 47110
Dec  9 09:21:24 cls sshd[47663]: pam_unix(sshd:auth): check pass; user unknown
Dec  9 09:21:24 cls sshd[47663]: pam_unix(sshd:auth): authentication failure; logname= uid=0 euid=0 tty=ssh ruser= rhost=117.241.86.211 
Dec  9 09:21:26 cls sshd[47665]: Invalid user coder from 190.112.222.136 port 58760
Dec  9 09:21:26 cls sshd[47665]: pam_unix(sshd:auth): check pass; user unknown
Dec  9 09:21:26 cls sshd[47665]: pam_unix(sshd:auth): authentication failure; logname= uid=0 euid=0 tty=ssh ruser= rhost=190.112.222.136 
Dec  9 09:21:26 cls sshd[47663]: Failed password for invalid user zhang from 117.241.86.211 port 47110 ssh2
Dec  9 09:21:28 cls sshd[47665]: Failed password for invalid user coder from 190.112.222.136 port 58760 ssh2
Dec  9 09:21:28 cls sshd[47663]: Received disconnect from 117.241.86.211 port 47110:11: Bye Bye [preauth]
Dec  9 09:21:28 cls sshd[47663]: Disconnected from invalid user zhang 117.241.86.211 port 47110 [preauth]
Dec  9 09:21:29 cls sshd[47665]: Received disconnect from 190.112.222.136 port 58760:11: Bye Bye [preauth]
Dec  9 09:21:29 cls sshd[47665]: Disconnected from invalid user coder 190.112.222.136 port 58760 [preauth]
Dec  9 09:21:33 cls sshd[47670]: Invalid user wu from 202.165.22.246 port 37006
Dec  9 09:21:33 cls sshd[47670]: pam_unix(sshd:auth): check pass; user unknown
Dec  9 09:21:33 cls sshd[47670]: pam_unix(sshd:auth): authentication failure; logname= uid=0 euid=0 tty=ssh ruser= rhost=202.165.22.246 
Dec  9 09:21:35 cls sshd[47670]: Failed password for invalid user wu from 202.165.22.246 port 37006 ssh2
Dec  9 09:21:35 cls sshd[47670]: Received disconnect from 202.165.22.246 port 37006:11: Bye Bye [preauth]
Dec  9 09:21:35 cls sshd[47670]: Disconnected from invalid user wu 202.165.22.246 port 37006 [preauth]
Dec  9 09:21:44 cls sshd[47675]: Invalid user malik from 103.77.241.7 port 34444
Dec  9 09:21:44 cls sshd[47675]: pam_unix(sshd:auth): check pass; user unknown
Dec  9 09:21:44 cls sshd[47675]: pam_unix(sshd:auth): authentication failure; logname= uid=0 euid=0 tty=ssh ruser= rhost=103.77.241.7 
Dec  9 09:21:46 cls sshd[47675]: Failed password for invalid user malik from 103.77.241.7 port 34444 ssh2
Dec  9 09:21:48 cls sshd[47675]: Received disconnect from 103.77.241.7 port 34444:11: Bye Bye [preauth]
Dec  9 09:21:48 cls sshd[47675]: Disconnected from invalid user malik 103.77.241.7 port 34444 [preauth]
Dec  9 09:21:48 cls sshd[47677]: pam_unix(sshd:auth): authentication failure; logname= uid=0 euid=0 tty=ssh ruser= rhost=177.65.97.67  user=root
Dec  9 09:21:50 cls sshd[47677]: Failed password for root from 177.65.97.67 port 39986 ssh2
Dec  9 09:21:51 cls sshd[47677]: Received disconnect from 177.65.97.67 port 39986:11: Bye Bye [preauth]
Dec  9 09:21:51 cls sshd[47677]: Disconnected from authenticating user root 177.65.97.67 port 39986 [preauth]
Dec  9 09:22:01 cls sshd[47679]: Invalid user wh from 190.112.222.136 port 37726
Dec  9 09:22:01 cls sshd[47679]: pam_unix(sshd:auth): check pass; user unknown
Dec  9 09:22:01 cls sshd[47679]: pam_unix(sshd:auth): authentication failure; logname= uid=0 euid=0 tty=ssh ruser= rhost=190.112.222.136 
Dec  9 09:22:01 cls sshd[47681]: Invalid user vyos from 101.47.162.19 port 51730
Dec  9 09:22:01 cls sshd[47681]: pam_unix(sshd:auth): check pass; user unknown
Dec  9 09:22:01 cls sshd[47681]: pam_unix(sshd:auth): authentication failure; logname= uid=0 euid=0 tty=ssh ruser= rhost=101.47.162.19 
Dec  9 09:22:03 cls sshd[47679]: Failed password for invalid user wh from 190.112.222.136 port 37726 ssh2
Dec  9 09:22:03 cls sshd[47681]: Failed password for invalid user vyos from 101.47.162.19 port 51730 ssh2
Dec  9 09:22:04 cls sshd[47679]: Received disconnect from 190.112.222.136 port 37726:11: Bye Bye [preauth]
Dec  9 09:22:04 cls sshd[47679]: Disconnected from invalid user wh 190.112.222.136 port 37726 [preauth]
Dec  9 09:22:05 cls sshd[47681]: Received disconnect from 101.47.162.19 port 51730:11: Bye Bye [preauth]
Dec  9 09:22:05 cls sshd[47681]: Disconnected from invalid user vyos 101.47.162.19 port 51730 [preauth]
Dec  9 09:22:06 cls sshd[47690]: Invalid user zeeshan from 101.47.141.25 port 47498
Dec  9 09:22:06 cls sshd[47690]: pam_unix(sshd:auth): check pass; user unknown
Dec  9 09:22:06 cls sshd[47690]: pam_unix(sshd:auth): authentication failure; logname= uid=0 euid=0 tty=ssh ruser= rhost=101.47.141.25 
Dec  9 09:22:08 cls sshd[47696]: Invalid user git from 202.165.22.246 port 49832
Dec  9 09:22:08 cls sshd[47696]: pam_unix(sshd:auth): check pass; user unknown
Dec  9 09:22:08 cls sshd[47696]: pam_unix(sshd:auth): authentication failure; logname= uid=0 euid=0 tty=ssh ruser= rhost=202.165.22.246 
Dec  9 09:22:08 cls sshd[47690]: Failed password for invalid user zeeshan from 101.47.141.25 port 47498 ssh2
Dec  9 09:22:09 cls sshd[47690]: Received disconnect from 101.47.141.25 port 47498:11: Bye Bye [preauth]
Dec  9 09:22:09 cls sshd[47690]: Disconnected from invalid user zeeshan 101.47.141.25 port 47498 [preauth]
Dec  9 09:22:10 cls sshd[47696]: Failed password for invalid user git from 202.165.22.246 port 49832 ssh2
Dec  9 09:22:11 cls sshd[47696]: Received disconnect from 202.165.22.246 port 49832:11: Bye Bye [preauth]
Dec  9 09:22:11 cls sshd[47696]: Disconnected from invalid user git 202.165.22.246 port 49832 [preauth]
Dec  9 09:22:20 cls sshd[47700]: pam_unix(sshd:auth): authentication failure; logname= uid=0 euid=0 tty=ssh ruser= rhost=117.241.86.211  user=root
Dec  9 09:22:22 cls sshd[47700]: Failed password for root from 117.241.86.211 port 44346 ssh2
Dec  9 09:22:23 cls sshd[47700]: Received disconnect from 117.241.86.211 port 44346:11: Bye Bye [preauth]
Dec  9 09:22:23 cls sshd[47700]: Disconnected from authenticating user root 117.241.86.211 port 44346 [preauth]
Dec  9 09:22:26 cls sshd[47702]: pam_unix(sshd:auth): authentication failure; logname= uid=0 euid=0 tty=ssh ruser= rhost=103.77.241.7  user=ubuntu
Dec  9 09:22:28 cls sshd[47702]: Failed password for ubuntu from 103.77.241.7 port 48976 ssh2
Dec  9 09:22:30 cls sshd[47702]: Received disconnect from 103.77.241.7 port 48976:11: Bye Bye [preauth]
Dec  9 09:22:30 cls sshd[47702]: Disconnected from authenticating user ubuntu 103.77.241.7 port 48976 [preauth]
Dec  9 09:22:36 cls sshd[47708]: pam_unix(sshd:auth): authentication failure; logname= uid=0 euid=0 tty=ssh ruser= rhost=177.65.97.67  user=root
Dec  9 09:22:37 cls sshd[47712]: Invalid user alejandro from 190.112.222.136 port 58722
Dec  9 09:22:37 cls sshd[47712]: pam_unix(sshd:auth): check pass; user unknown
Dec  9 09:22:37 cls sshd[47712]: pam_unix(sshd:auth): authentication failure; logname= uid=0 euid=0 tty=ssh ruser= rhost=190.112.222.136 
Dec  9 09:22:38 cls sshd[47708]: Failed password for root from 177.65.97.67 port 52582 ssh2
Dec  9 09:22:39 cls sshd[47708]: Received disconnect from 177.65.97.67 port 52582:11: Bye Bye [preauth]
Dec  9 09:22:39 cls sshd[47708]: Disconnected from authenticating user root 177.65.97.67 port 52582 [preauth]
Dec  9 09:22:39 cls sshd[47712]: Failed password for invalid user alejandro from 190.112.222.136 port 58722 ssh2
Dec  9 09:22:39 cls sshd[47712]: Received disconnect from 190.112.222.136 port 58722:11: Bye Bye [preauth]
Dec  9 09:22:39 cls sshd[47712]: Disconnected from invalid user alejandro 190.112.222.136 port 58722 [preauth]
Dec  9 09:22:44 cls sshd[47719]: Connection closed by 101.47.161.202 port 47326 [preauth]
Dec  9 09:22:49 cls sshd[47721]: pam_unix(sshd:auth): authentication failure; logname= uid=0 euid=0 tty=ssh ruser= rhost=202.165.22.246  user=root
Dec  9 09:22:50 cls sshd[47721]: Failed password for root from 202.165.22.246 port 34428 ssh2
Dec  9 09:22:51 cls sshd[47721]: Received disconnect from 202.165.22.246 port 34428:11: Bye Bye [preauth]
Dec  9 09:22:51 cls sshd[47721]: Disconnected from authenticating user root 202.165.22.246 port 34428 [preauth]
Dec  9 09:23:06 cls sshd[47725]: pam_unix(sshd:auth): authentication failure; logname= uid=0 euid=0 tty=ssh ruser= rhost=103.77.241.7  user=root
Dec  9 09:23:09 cls sshd[47725]: Failed password for root from 103.77.241.7 port 35276 ssh2
Dec  9 09:23:09 cls sshd[47725]: Received disconnect from 103.77.241.7 port 35276:11: Bye Bye [preauth]
Dec  9 09:23:09 cls sshd[47725]: Disconnected from authenticating user root 103.77.241.7 port 35276 [preauth]
Dec  9 09:23:11 cls sshd[47727]: Invalid user deployer from 190.112.222.136 port 36078
Dec  9 09:23:11 cls sshd[47727]: pam_unix(sshd:auth): check pass; user unknown
Dec  9 09:23:11 cls sshd[47727]: pam_unix(sshd:auth): authentication failure; logname= uid=0 euid=0 tty=ssh ruser= rhost=190.112.222.136 
Dec  9 09:23:13 cls sshd[47727]: Failed password for invalid user deployer from 190.112.222.136 port 36078 ssh2
Dec  9 09:23:13 cls sshd[47727]: Received disconnect from 190.112.222.136 port 36078:11: Bye Bye [preauth]
Dec  9 09:23:13 cls sshd[47727]: Disconnected from invalid user deployer 190.112.222.136 port 36078 [preauth]
Dec  9 09:23:14 cls sshd[47734]: Invalid user deployer from 117.241.86.211 port 42516
Dec  9 09:23:14 cls sshd[47734]: pam_unix(sshd:auth): check pass; user unknown
Dec  9 09:23:14 cls sshd[47734]: pam_unix(sshd:auth): authentication failure; logname= uid=0 euid=0 tty=ssh ruser= rhost=117.241.86.211 
Dec  9 09:23:17 cls sshd[47734]: Failed password for invalid user deployer from 117.241.86.211 port 42516 ssh2
Dec  9 09:23:18 cls sshd[47734]: Received disconnect from 117.241.86.211 port 42516:11: Bye Bye [preauth]
Dec  9 09:23:18 cls sshd[47734]: Disconnected from invalid user deployer 117.241.86.211 port 42516 [preauth]
Dec  9 09:23:18 cls sshd[47732]: Connection closed by 101.47.141.25 port 57290 [preauth]
Dec  9 09:23:22 cls sshd[47739]: Invalid user deployer from 177.65.97.67 port 49398
Dec  9 09:23:22 cls sshd[47739]: pam_unix(sshd:auth): check pass; user unknown
Dec  9 09:23:22 cls sshd[47739]: pam_unix(sshd:auth): authentication failure; logname= uid=0 euid=0 tty=ssh ruser= rhost=177.65.97.67 
Dec  9 09:23:23 cls sshd[47739]: Failed password for invalid user deployer from 177.65.97.67 port 49398 ssh2
Dec  9 09:23:24 cls sshd[47739]: Received disconnect from 177.65.97.67 port 49398:11: Bye Bye [preauth]
Dec  9 09:23:24 cls sshd[47739]: Disconnected from invalid user deployer 177.65.97.67 port 49398 [preauth]
Dec  9 09:23:29 cls sshd[47741]: pam_unix(sshd:auth): authentication failure; logname= uid=0 euid=0 tty=ssh ruser= rhost=202.165.22.246  user=root
Dec  9 09:23:31 cls sshd[47741]: Failed password for root from 202.165.22.246 port 47254 ssh2
Dec  9 09:23:31 cls sshd[47741]: Received disconnect from 202.165.22.246 port 47254:11: Bye Bye [preauth]
Dec  9 09:23:31 cls sshd[47741]: Disconnected from authenticating user root 202.165.22.246 port 47254 [preauth]
Dec  9 09:23:45 cls sshd[47745]: pam_unix(sshd:auth): authentication failure; logname= uid=0 euid=0 tty=ssh ruser= rhost=190.112.222.136  user=root
Dec  9 09:23:46 cls sshd[47751]: Invalid user opc from 103.77.241.7 port 49808
Dec  9 09:23:46 cls sshd[47751]: pam_unix(sshd:auth): check pass; user unknown
Dec  9 09:23:46 cls sshd[47751]: pam_unix(sshd:auth): authentication failure; logname= uid=0 euid=0 tty=ssh ruser= rhost=103.77.241.7 
Dec  9 09:23:47 cls sshd[47745]: Failed password for root from 190.112.222.136 port 51330 ssh2
Dec  9 09:23:47 cls sshd[47745]: Received disconnect from 190.112.222.136 port 51330:11: Bye Bye [preauth]
Dec  9 09:23:47 cls sshd[47745]: Disconnected from authenticating user root 190.112.222.136 port 51330 [preauth]
Dec  9 09:23:47 cls sshd[47751]: Failed password for invalid user opc from 103.77.241.7 port 49808 ssh2
Dec  9 09:23:48 cls sshd[47751]: Received disconnect from 103.77.241.7 port 49808:11: Bye Bye [preauth]
Dec  9 09:23:48 cls sshd[47751]: Disconnected from invalid user opc 103.77.241.7 port 49808 [preauth]
Dec  9 09:23:58 cls sshd[47756]: pam_unix(sshd:auth): authentication failure; logname= uid=0 euid=0 tty=ssh ruser= rhost=101.47.161.202  user=root
Dec  9 09:24:00 cls sshd[47756]: Failed password for root from 101.47.161.202 port 49858 ssh2
Dec  9 09:24:01 cls sshd[47756]: Received disconnect from 101.47.161.202 port 49858:11: Bye Bye [preauth]
Dec  9 09:24:01 cls sshd[47756]: Disconnected from authenticating user root 101.47.161.202 port 49858 [preauth]
Dec  9 09:24:06 cls sshd[47773]: Invalid user coder from 202.165.22.246 port 60082
Dec  9 09:24:06 cls sshd[47773]: pam_unix(sshd:auth): check pass; user unknown
Dec  9 09:24:06 cls sshd[47773]: pam_unix(sshd:auth): authentication failure; logname= uid=0 euid=0 tty=ssh ruser= rhost=202.165.22.246 
Dec  9 09:24:08 cls sshd[47773]: Failed password for invalid user coder from 202.165.22.246 port 60082 ssh2
Dec  9 09:24:08 cls sshd[47781]: Invalid user wh from 117.241.86.211 port 34094
Dec  9 09:24:08 cls sshd[47781]: pam_unix(sshd:auth): check pass; user unknown
Dec  9 09:24:08 cls sshd[47781]: pam_unix(sshd:auth): authentication failure; logname= uid=0 euid=0 tty=ssh ruser= rhost=117.241.86.211 
Dec  9 09:24:09 cls sshd[47773]: Received disconnect from 202.165.22.246 port 60082:11: Bye Bye [preauth]
Dec  9 09:24:09 cls sshd[47773]: Disconnected from invalid user coder 202.165.22.246 port 60082 [preauth]
Dec  9 09:24:10 cls sshd[47781]: Failed password for invalid user wh from 117.241.86.211 port 34094 ssh2
Dec  9 09:24:10 cls sshd[47783]: Invalid user coder from 177.65.97.67 port 38514
Dec  9 09:24:10 cls sshd[47783]: pam_unix(sshd:auth): check pass; user unknown
Dec  9 09:24:10 cls sshd[47783]: pam_unix(sshd:auth): authentication failure; logname= uid=0 euid=0 tty=ssh ruser= rhost=177.65.97.67 
Dec  9 09:24:11 cls sshd[47781]: Received disconnect from 117.241.86.211 port 34094:11: Bye Bye [preauth]
Dec  9 09:24:11 cls sshd[47781]: Disconnected from invalid user wh 117.241.86.211 port 34094 [preauth]
Dec  9 09:24:12 cls sshd[47783]: Failed password for invalid user coder from 177.65.97.67 port 38514 ssh2
Dec  9 09:24:12 cls sshd[47783]: Received disconnect from 177.65.97.67 port 38514:11: Bye Bye [preauth]
Dec  9 09:24:12 cls sshd[47783]: Disconnected from invalid user coder 177.65.97.67 port 38514 [preauth]
Dec  9 09:24:20 cls sshd[47789]: Invalid user user1 from 190.112.222.136 port 60500
Dec  9 09:24:20 cls sshd[47789]: pam_unix(sshd:auth): check pass; user unknown
Dec  9 09:24:20 cls sshd[47789]: pam_unix(sshd:auth): authentication failure; logname= uid=0 euid=0 tty=ssh ruser= rhost=190.112.222.136 
Dec  9 09:24:21 cls sshd[47793]: Invalid user ansible from 101.47.162.19 port 39596
Dec  9 09:24:21 cls sshd[47793]: pam_unix(sshd:auth): check pass; user unknown
Dec  9 09:24:21 cls sshd[47793]: pam_unix(sshd:auth): authentication failure; logname= uid=0 euid=0 tty=ssh ruser= rhost=101.47.162.19 
Dec  9 09:24:22 cls sshd[47789]: Failed password for invalid user user1 from 190.112.222.136 port 60500 ssh2
Dec  9 09:24:22 cls sshd[47793]: Failed password for invalid user ansible from 101.47.162.19 port 39596 ssh2
Dec  9 09:24:23 cls sshd[47789]: Received disconnect from 190.112.222.136 port 60500:11: Bye Bye [preauth]
Dec  9 09:24:23 cls sshd[47789]: Disconnected from invalid user user1 190.112.222.136 port 60500 [preauth]
Dec  9 09:24:23 cls sshd[47793]: Received disconnect from 101.47.162.19 port 39596:11: Bye Bye [preauth]
Dec  9 09:24:23 cls sshd[47793]: Disconnected from invalid user ansible 101.47.162.19 port 39596 [preauth]
Dec  9 09:24:24 cls sshd[47795]: Invalid user adminer from 103.77.241.7 port 36108
Dec  9 09:24:24 cls sshd[47795]: pam_unix(sshd:auth): check pass; user unknown
Dec  9 09:24:24 cls sshd[47795]: pam_unix(sshd:auth): authentication failure; logname= uid=0 euid=0 tty=ssh ruser= rhost=103.77.241.7 
Dec  9 09:24:26 cls sshd[47795]: Failed password for invalid user adminer from 103.77.241.7 port 36108 ssh2
Dec  9 09:24:28 cls sshd[47795]: Received disconnect from 103.77.241.7 port 36108:11: Bye Bye [preauth]
Dec  9 09:24:28 cls sshd[47795]: Disconnected from invalid user adminer 103.77.241.7 port 36108 [preauth]
Dec  9 09:24:46 cls sshd[47807]: Invalid user user1 from 202.165.22.246 port 44676
Dec  9 09:24:46 cls sshd[47807]: pam_unix(sshd:auth): check pass; user unknown
Dec  9 09:24:46 cls sshd[47807]: pam_unix(sshd:auth): authentication failure; logname= uid=0 euid=0 tty=ssh ruser= rhost=202.165.22.246 
Dec  9 09:24:48 cls sshd[47807]: Failed password for invalid user user1 from 202.165.22.246 port 44676 ssh2
Dec  9 09:24:48 cls sshd[47807]: Received disconnect from 202.165.22.246 port 44676:11: Bye Bye [preauth]
Dec  9 09:24:48 cls sshd[47807]: Disconnected from invalid user user1 202.165.22.246 port 44676 [preauth]
Dec  9 09:24:54 cls sshd[47809]: pam_unix(sshd:auth): authentication failure; logname= uid=0 euid=0 tty=ssh ruser= rhost=190.112.222.136  user=root
Dec  9 09:24:56 cls sshd[47809]: Failed password for root from 190.112.222.136 port 58214 ssh2
Dec  9 09:24:58 cls sshd[47809]: Received disconnect from 190.112.222.136 port 58214:11: Bye Bye [preauth]
Dec  9 09:24:58 cls sshd[47809]: Disconnected from authenticating user root 190.112.222.136 port 58214 [preauth]
Dec  9 09:25:00 cls sshd[47816]: Invalid user ftpuser from 177.65.97.67 port 42578
Dec  9 09:25:00 cls sshd[47816]: pam_unix(sshd:auth): check pass; user unknown
Dec  9 09:25:00 cls sshd[47816]: pam_unix(sshd:auth): authentication failure; logname= uid=0 euid=0 tty=ssh ruser= rhost=177.65.97.67 
Dec  9 09:25:01 cls sshd[47816]: Failed password for invalid user ftpuser from 177.65.97.67 port 42578 ssh2
Dec  9 09:25:02 cls sshd[47816]: Received disconnect from 177.65.97.67 port 42578:11: Bye Bye [preauth]
Dec  9 09:25:02 cls sshd[47816]: Disconnected from invalid user ftpuser 177.65.97.67 port 42578 [preauth]
Dec  9 09:25:03 cls sshd[47821]: pam_unix(sshd:auth): authentication failure; logname= uid=0 euid=0 tty=ssh ruser= rhost=117.241.86.211  user=root
Dec  9 09:25:05 cls sshd[47821]: Failed password for root from 117.241.86.211 port 52220 ssh2
Dec  9 09:25:06 cls sshd[47823]: Invalid user super from 103.77.241.7 port 50642
Dec  9 09:25:06 cls sshd[47823]: pam_unix(sshd:auth): check pass; user unknown
Dec  9 09:25:06 cls sshd[47823]: pam_unix(sshd:auth): authentication failure; logname= uid=0 euid=0 tty=ssh ruser= rhost=103.77.241.7 
Dec  9 09:25:06 cls sshd[47821]: Received disconnect from 117.241.86.211 port 52220:11: Bye Bye [preauth]
Dec  9 09:25:06 cls sshd[47821]: Disconnected from authenticating user root 117.241.86.211 port 52220 [preauth]
Dec  9 09:25:07 cls sshd[47825]: Invalid user alejandro from 101.47.161.202 port 60232
Dec  9 09:25:07 cls sshd[47825]: pam_unix(sshd:auth): check pass; user unknown
Dec  9 09:25:07 cls sshd[47825]: pam_unix(sshd:auth): authentication failure; logname= uid=0 euid=0 tty=ssh ruser= rhost=101.47.161.202 
Dec  9 09:25:08 cls sshd[47823]: Failed password for invalid user super from 103.77.241.7 port 50642 ssh2
Dec  9 09:25:09 cls sshd[47823]: Received disconnect from 103.77.241.7 port 50642:11: Bye Bye [preauth]
Dec  9 09:25:09 cls sshd[47823]: Disconnected from invalid user super 103.77.241.7 port 50642 [preauth]
Dec  9 09:25:09 cls sshd[47825]: Failed password for invalid user alejandro from 101.47.161.202 port 60232 ssh2
Dec  9 09:25:11 cls sshd[47825]: Received disconnect from 101.47.161.202 port 60232:11: Bye Bye [preauth]
Dec  9 09:25:11 cls sshd[47825]: Disconnected from invalid user alejandro 101.47.161.202 port 60232 [preauth]
Dec  9 09:25:22 cls sshd[47830]: pam_unix(sshd:auth): authentication failure; logname= uid=0 euid=0 tty=ssh ruser= rhost=202.165.22.246  user=root
Dec  9 09:25:24 cls sshd[47830]: Failed password for root from 202.165.22.246 port 57502 ssh2
Dec  9 09:25:24 cls sshd[47830]: Received disconnect from 202.165.22.246 port 57502:11: Bye Bye [preauth]
Dec  9 09:25:24 cls sshd[47830]: Disconnected from authenticating user root 202.165.22.246 port 57502 [preauth]
Dec  9 09:25:28 cls sshd[47832]: Invalid user music from 101.47.162.19 port 60474
Dec  9 09:25:28 cls sshd[47832]: pam_unix(sshd:auth): check pass; user unknown
Dec  9 09:25:28 cls sshd[47832]: pam_unix(sshd:auth): authentication failure; logname= uid=0 euid=0 tty=ssh ruser= rhost=101.47.162.19 
Dec  9 09:25:30 cls sshd[47834]: pam_unix(sshd:auth): authentication failure; logname= uid=0 euid=0 tty=ssh ruser= rhost=190.112.222.136  user=root
Dec  9 09:25:30 cls sshd[47832]: Failed password for invalid user music from 101.47.162.19 port 60474 ssh2
Dec  9 09:25:31 cls sshd[47832]: Received disconnect from 101.47.162.19 port 60474:11: Bye Bye [preauth]
Dec  9 09:25:31 cls sshd[47832]: Disconnected from invalid user music 101.47.162.19 port 60474 [preauth]
Dec  9 09:25:32 cls sshd[47843]: Invalid user admin from 101.47.141.25 port 56808
Dec  9 09:25:32 cls sshd[47843]: pam_unix(sshd:auth): check pass; user unknown
Dec  9 09:25:32 cls sshd[47843]: pam_unix(sshd:auth): authentication failure; logname= uid=0 euid=0 tty=ssh ruser= rhost=101.47.141.25 
Dec  9 09:25:32 cls sshd[47834]: Failed password for root from 190.112.222.136 port 40634 ssh2
Dec  9 09:25:33 cls sshd[47834]: Received disconnect from 190.112.222.136 port 40634:11: Bye Bye [preauth]
Dec  9 09:25:33 cls sshd[47834]: Disconnected from authenticating user root 190.112.222.136 port 40634 [preauth]
Dec  9 09:25:34 cls sshd[47843]: Failed password for invalid user admin from 101.47.141.25 port 56808 ssh2
Dec  9 09:25:35 cls sshd[47843]: Received disconnect from 101.47.141.25 port 56808:11: Bye Bye [preauth]
Dec  9 09:25:35 cls sshd[47843]: Disconnected from invalid user admin 101.47.141.25 port 56808 [preauth]
Dec  9 09:25:46 cls sshd[47848]: Invalid user es from 103.77.241.7 port 36942
Dec  9 09:25:46 cls sshd[47848]: pam_unix(sshd:auth): check pass; user unknown
Dec  9 09:25:46 cls sshd[47848]: pam_unix(sshd:auth): authentication failure; logname= uid=0 euid=0 tty=ssh ruser= rhost=103.77.241.7 
Dec  9 09:25:48 cls sshd[47848]: Failed password for invalid user es from 103.77.241.7 port 36942 ssh2
Dec  9 09:25:49 cls sshd[47848]: Received disconnect from 103.77.241.7 port 36942:11: Bye Bye [preauth]
Dec  9 09:25:49 cls sshd[47848]: Disconnected from invalid user es 103.77.241.7 port 36942 [preauth]
Dec  9 09:25:50 cls sshd[47850]: pam_unix(sshd:auth): authentication failure; logname= uid=0 euid=0 tty=ssh ruser= rhost=177.65.97.67  user=root
Dec  9 09:25:52 cls sshd[47850]: Failed password for root from 177.65.97.67 port 59932 ssh2
Dec  9 09:25:53 cls sshd[47850]: Received disconnect from 177.65.97.67 port 59932:11: Bye Bye [preauth]
Dec  9 09:25:53 cls sshd[47850]: Disconnected from authenticating user root 177.65.97.67 port 59932 [preauth]
Dec  9 09:26:00 cls sshd[47852]: pam_unix(sshd:auth): authentication failure; logname= uid=0 euid=0 tty=ssh ruser= rhost=117.241.86.211  user=ubuntu
Dec  9 09:26:02 cls sshd[47852]: Failed password for ubuntu from 117.241.86.211 port 40087 ssh2
Dec  9 09:26:03 cls sshd[47855]: Invalid user wh from 202.165.22.246 port 42098
Dec  9 09:26:03 cls sshd[47855]: pam_unix(sshd:auth): check pass; user unknown
Dec  9 09:26:03 cls sshd[47855]: pam_unix(sshd:auth): authentication failure; logname= uid=0 euid=0 tty=ssh ruser= rhost=202.165.22.246 
Dec  9 09:26:05 cls sshd[47855]: Failed password for invalid user wh from 202.165.22.246 port 42098 ssh2
Dec  9 09:26:05 cls sshd[47861]: pam_unix(sshd:auth): authentication failure; logname= uid=0 euid=0 tty=ssh ruser= rhost=190.112.222.136  user=root
Dec  9 09:26:06 cls sshd[47855]: Received disconnect from 202.165.22.246 port 42098:11: Bye Bye [preauth]
Dec  9 09:26:06 cls sshd[47855]: Disconnected from invalid user wh 202.165.22.246 port 42098 [preauth]
Dec  9 09:26:06 cls sshd[47852]: Received disconnect from 117.241.86.211 port 40087:11: Bye Bye [preauth]
Dec  9 09:26:06 cls sshd[47852]: Disconnected from authenticating user ubuntu 117.241.86.211 port 40087 [preauth]
Dec  9 09:26:07 cls sshd[47861]: Failed password for root from 190.112.222.136 port 48114 ssh2
Dec  9 09:26:08 cls sshd[47861]: Received disconnect from 190.112.222.136 port 48114:11: Bye Bye [preauth]
Dec  9 09:26:08 cls sshd[47861]: Disconnected from authenticating user root 190.112.222.136 port 48114 [preauth]
Dec  9 09:26:28 cls sshd[47879]: Invalid user xh from 103.77.241.7 port 51472
Dec  9 09:26:28 cls sshd[47879]: pam_unix(sshd:auth): check pass; user unknown
Dec  9 09:26:28 cls sshd[47879]: pam_unix(sshd:auth): authentication failure; logname= uid=0 euid=0 tty=ssh ruser= rhost=103.77.241.7 
Dec  9 09:26:29 cls sshd[47881]: pam_unix(sshd:auth): authentication failure; logname= uid=0 euid=0 tty=ssh ruser= rhost=101.47.161.202  user=root
Dec  9 09:26:30 cls sshd[47879]: Failed password for invalid user xh from 103.77.241.7 port 51472 ssh2
Dec  9 09:26:30 cls sshd[47879]: Received disconnect from 103.77.241.7 port 51472:11: Bye Bye [preauth]
Dec  9 09:26:30 cls sshd[47879]: Disconnected from invalid user xh 103.77.241.7 port 51472 [preauth]
Dec  9 09:26:31 cls sshd[47881]: Failed password for root from 101.47.161.202 port 59344 ssh2
Dec  9 09:26:31 cls sshd[47881]: Received disconnect from 101.47.161.202 port 59344:11: Bye Bye [preauth]
Dec  9 09:26:31 cls sshd[47881]: Disconnected from authenticating user root 101.47.161.202 port 59344 [preauth]
Dec  9 09:26:35 cls sshd[47883]: Invalid user dd from 101.47.162.19 port 56260
Dec  9 09:26:35 cls sshd[47883]: pam_unix(sshd:auth): check pass; user unknown
Dec  9 09:26:35 cls sshd[47883]: pam_unix(sshd:auth): authentication failure; logname= uid=0 euid=0 tty=ssh ruser= rhost=101.47.162.19 
Dec  9 09:26:37 cls sshd[47883]: Failed password for invalid user dd from 101.47.162.19 port 56260 ssh2
Dec  9 09:26:37 cls sshd[47883]: Received disconnect from 101.47.162.19 port 56260:11: Bye Bye [preauth]
Dec  9 09:26:37 cls sshd[47883]: Disconnected from invalid user dd 101.47.162.19 port 56260 [preauth]
Dec  9 09:26:40 cls sshd[47885]: Invalid user ict from 177.65.97.67 port 49078
Dec  9 09:26:40 cls sshd[47885]: pam_unix(sshd:auth): check pass; user unknown
Dec  9 09:26:40 cls sshd[47885]: pam_unix(sshd:auth): authentication failure; logname= uid=0 euid=0 tty=ssh ruser= rhost=177.65.97.67 
Dec  9 09:26:40 cls sshd[47887]: Invalid user user11 from 101.47.141.25 port 54806
Dec  9 09:26:40 cls sshd[47887]: pam_unix(sshd:auth): check pass; user unknown
Dec  9 09:26:40 cls sshd[47887]: pam_unix(sshd:auth): authentication failure; logname= uid=0 euid=0 tty=ssh ruser= rhost=101.47.141.25 
Dec  9 09:26:41 cls sshd[47889]: Invalid user admin from 190.112.222.136 port 34254
Dec  9 09:26:41 cls sshd[47889]: pam_unix(sshd:auth): check pass; user unknown
Dec  9 09:26:41 cls sshd[47889]: pam_unix(sshd:auth): authentication failure; logname= uid=0 euid=0 tty=ssh ruser= rhost=190.112.222.136 
Dec  9 09:26:41 cls sshd[47885]: Failed password for invalid user ict from 177.65.97.67 port 49078 ssh2
Dec  9 09:26:42 cls sshd[47887]: Failed password for invalid user user11 from 101.47.141.25 port 54806 ssh2
Dec  9 09:26:43 cls sshd[47885]: Received disconnect from 177.65.97.67 port 49078:11: Bye Bye [preauth]
Dec  9 09:26:43 cls sshd[47885]: Disconnected from invalid user ict 177.65.97.67 port 49078 [preauth]
Dec  9 09:26:43 cls sshd[47889]: Failed password for invalid user admin from 190.112.222.136 port 34254 ssh2
Dec  9 09:26:44 cls sshd[47887]: Received disconnect from 101.47.141.25 port 54806:11: Bye Bye [preauth]
Dec  9 09:26:44 cls sshd[47887]: Disconnected from invalid user user11 101.47.141.25 port 54806 [preauth]
Dec  9 09:26:45 cls sshd[47889]: Received disconnect from 190.112.222.136 port 34254:11: Bye Bye [preauth]
Dec  9 09:26:45 cls sshd[47889]: Disconnected from invalid user admin 190.112.222.136 port 34254 [preauth]
Dec  9 09:26:46 cls sshd[47894]: pam_unix(sshd:auth): authentication failure; logname= uid=0 euid=0 tty=ssh ruser= rhost=202.165.22.246  user=root
Dec  9 09:26:48 cls sshd[47894]: Failed password for root from 202.165.22.246 port 54926 ssh2
Dec  9 09:26:48 cls sshd[47894]: Received disconnect from 202.165.22.246 port 54926:11: Bye Bye [preauth]
Dec  9 09:26:48 cls sshd[47894]: Disconnected from authenticating user root 202.165.22.246 port 54926 [preauth]
Dec  9 09:26:56 cls sshd[47898]: Invalid user wu from 117.241.86.211 port 50169
Dec  9 09:26:56 cls sshd[47898]: pam_unix(sshd:auth): check pass; user unknown
Dec  9 09:26:56 cls sshd[47898]: pam_unix(sshd:auth): authentication failure; logname= uid=0 euid=0 tty=ssh ruser= rhost=117.241.86.211 
Dec  9 09:26:59 cls sshd[47898]: Failed password for invalid user wu from 117.241.86.211 port 50169 ssh2
Dec  9 09:26:59 cls sshd[47898]: Received disconnect from 117.241.86.211 port 50169:11: Bye Bye [preauth]
Dec  9 09:26:59 cls sshd[47898]: Disconnected from invalid user wu 117.241.86.211 port 50169 [preauth]
Dec  9 09:27:14 cls sshd[47917]: pam_unix(sshd:auth): authentication failure; logname= uid=0 euid=0 tty=ssh ruser= rhost=103.77.241.7  user=root
Dec  9 09:27:16 cls sshd[47917]: Failed password for root from 103.77.241.7 port 37776 ssh2
Dec  9 09:27:16 cls sshd[47917]: Received disconnect from 103.77.241.7 port 37776:11: Bye Bye [preauth]
Dec  9 09:27:16 cls sshd[47917]: Disconnected from authenticating user root 103.77.241.7 port 37776 [preauth]
Dec  9 09:27:18 cls sshd[47924]: pam_unix(sshd:auth): authentication failure; logname= uid=0 euid=0 tty=ssh ruser= rhost=190.112.222.136  user=root
Dec  9 09:27:20 cls sshd[47924]: Failed password for root from 190.112.222.136 port 58184 ssh2
Dec  9 09:27:21 cls sshd[47924]: Received disconnect from 190.112.222.136 port 58184:11: Bye Bye [preauth]
Dec  9 09:27:21 cls sshd[47924]: Disconnected from authenticating user root 190.112.222.136 port 58184 [preauth]
Dec  9 09:27:25 cls sshd[47929]: pam_unix(sshd:auth): authentication failure; logname= uid=0 euid=0 tty=ssh ruser= rhost=202.165.22.246  user=root
Dec  9 09:27:27 cls sshd[47929]: Failed password for root from 202.165.22.246 port 39522 ssh2
Dec  9 09:27:27 cls sshd[47929]: Received disconnect from 202.165.22.246 port 39522:11: Bye Bye [preauth]
Dec  9 09:27:27 cls sshd[47929]: Disconnected from authenticating user root 202.165.22.246 port 39522 [preauth]
Dec  9 09:27:30 cls sshd[47931]: pam_unix(sshd:auth): authentication failure; logname= uid=0 euid=0 tty=ssh ruser= rhost=177.65.97.67  user=root
Dec  9 09:27:32 cls sshd[47931]: Failed password for root from 177.65.97.67 port 33112 ssh2
Dec  9 09:27:33 cls sshd[47931]: Received disconnect from 177.65.97.67 port 33112:11: Bye Bye [preauth]
Dec  9 09:27:33 cls sshd[47931]: Disconnected from authenticating user root 177.65.97.67 port 33112 [preauth]
