Dec  8 22:38:27 cls sshd[27604]: pam_unix(sshd:auth): authentication failure; logname= uid=0 euid=0 tty=ssh ruser= rhost=14.103.120.124 
Dec  8 22:38:27 cls sshd[27602]: Failed password for root from 64.227.160.133 port 53680 ssh2
Dec  8 22:38:27 cls sshd[27602]: Received disconnect from 64.227.160.133 port 53680:11: Bye Bye [preauth]
Dec  8 22:38:27 cls sshd[27602]: Disconnected from authenticating user root 64.227.160.133 port 53680 [preauth]
Dec  8 22:38:29 cls sshd[27604]: Failed password for invalid user hdfs from 14.103.120.124 port 46212 ssh2
Dec  8 22:38:34 cls sshd[27651]: Invalid user wade from 69.10.60.50 port 60232
Dec  8 22:38:34 cls sshd[27651]: pam_unix(sshd:auth): check pass; user unknown
Dec  8 22:38:34 cls sshd[27651]: pam_unix(sshd:auth): authentication failure; logname= uid=0 euid=0 tty=ssh ruser= rhost=69.10.60.50 
Dec  8 22:38:37 cls sshd[27651]: Failed password for invalid user wade from 69.10.60.50 port 60232 ssh2
Dec  8 22:38:37 cls sshd[27680]: pam_unix(sshd:auth): authentication failure; logname= uid=0 euid=0 tty=ssh ruser= rhost=93.113.63.124  user=root
Dec  8 22:38:37 cls sshd[27651]: Received disconnect from 69.10.60.50 port 60232:11: Bye Bye [preauth]
Dec  8 22:38:37 cls sshd[27651]: Disconnected from invalid user wade 69.10.60.50 port 60232 [preauth]
Dec  8 22:38:39 cls sshd[27680]: Failed password for root from 93.113.63.124 port 39350 ssh2
Dec  8 22:38:40 cls sshd[27680]: Received disconnect from 93.113.63.124 port 39350:11: Bye Bye [preauth]
Dec  8 22:38:40 cls sshd[27680]: Disconnected from authenticating user root 93.113.63.124 port 39350 [preauth]
Dec  8 22:38:41 cls sshd[27722]: pam_unix(sshd:auth): authentication failure; logname= uid=0 euid=0 tty=ssh ruser= rhost=191.100.23.154  user=root
Dec  8 22:38:43 cls sshd[27722]: Failed password for root from 191.100.23.154 port 37208 ssh2
Dec  8 22:38:44 cls sshd[27722]: Received disconnect from 191.100.23.154 port 37208:11: Bye Bye [preauth]
Dec  8 22:38:44 cls sshd[27722]: Disconnected from authenticating user root 191.100.23.154 port 37208 [preauth]
Dec  8 22:38:47 cls sshd[27751]: pam_unix(sshd:auth): authentication failure; logname= uid=0 euid=0 tty=ssh ruser= rhost=101.47.142.111  user=root
Dec  8 22:38:49 cls sshd[27751]: Failed password for root from 101.47.142.111 port 44846 ssh2
Dec  8 22:38:49 cls sshd[27751]: Received disconnect from 101.47.142.111 port 44846:11: Bye Bye [preauth]
Dec  8 22:38:49 cls sshd[27751]: Disconnected from authenticating user root 101.47.142.111 port 44846 [preauth]
Dec  8 22:38:53 cls sshd[27759]: Connection closed by 107.150.104.184 port 59526 [preauth]
Dec  8 22:39:01 cls CRON[27977]: pam_unix(cron:session): session opened for user root by (uid=0)
Dec  8 22:39:01 cls CRON[27977]: pam_unix(cron:session): session closed for user root
Dec  8 22:39:10 cls sshd[28023]: pam_unix(sshd:auth): authentication failure; logname= uid=0 euid=0 tty=ssh ruser= rhost=209.141.47.217  user=root
Dec  8 22:39:13 cls sshd[28023]: Failed password for root from 209.141.47.217 port 58268 ssh2
Dec  8 22:39:13 cls sshd[28023]: Received disconnect from 209.141.47.217 port 58268:11: Bye Bye [preauth]
Dec  8 22:39:13 cls sshd[28023]: Disconnected from authenticating user root 209.141.47.217 port 58268 [preauth]
Dec  8 22:39:19 cls sshd[28087]: pam_unix(sshd:auth): authentication failure; logname= uid=0 euid=0 tty=ssh ruser= rhost=118.99.80.0  user=root
Dec  8 22:39:20 cls sshd[28108]: Invalid user postgres from 186.80.18.158 port 35112
Dec  8 22:39:20 cls sshd[28108]: pam_unix(sshd:auth): check pass; user unknown
Dec  8 22:39:20 cls sshd[28108]: pam_unix(sshd:auth): authentication failure; logname= uid=0 euid=0 tty=ssh ruser= rhost=186.80.18.158 
Dec  8 22:39:21 cls sshd[28087]: Failed password for root from 118.99.80.0 port 13325 ssh2
Dec  8 22:39:21 cls sshd[28087]: Received disconnect from 118.99.80.0 port 13325:11: Bye Bye [preauth]
Dec  8 22:39:21 cls sshd[28087]: Disconnected from authenticating user root 118.99.80.0 port 13325 [preauth]
Dec  8 22:39:21 cls sshd[28124]: Invalid user web from 185.208.156.50 port 39278
Dec  8 22:39:21 cls sshd[28124]: pam_unix(sshd:auth): check pass; user unknown
Dec  8 22:39:21 cls sshd[28124]: pam_unix(sshd:auth): authentication failure; logname= uid=0 euid=0 tty=ssh ruser= rhost=185.208.156.50 
Dec  8 22:39:22 cls sshd[28128]: pam_unix(sshd:auth): authentication failure; logname= uid=0 euid=0 tty=ssh ruser= rhost=103.147.211.2  user=root
Dec  8 22:39:22 cls sshd[28108]: Failed password for invalid user postgres from 186.80.18.158 port 35112 ssh2
Dec  8 22:39:24 cls sshd[28124]: Failed password for invalid user web from 185.208.156.50 port 39278 ssh2
Dec  8 22:39:24 cls sshd[28124]: Received disconnect from 185.208.156.50 port 39278:11: Bye Bye [preauth]
Dec  8 22:39:24 cls sshd[28124]: Disconnected from invalid user web 185.208.156.50 port 39278 [preauth]
Dec  8 22:39:25 cls sshd[28108]: Received disconnect from 186.80.18.158 port 35112:11: Bye Bye [preauth]
Dec  8 22:39:25 cls sshd[28108]: Disconnected from invalid user postgres 186.80.18.158 port 35112 [preauth]
Dec  8 22:39:25 cls sshd[28128]: Failed password for root from 103.147.211.2 port 55928 ssh2
Dec  8 22:39:27 cls sshd[28128]: Received disconnect from 103.147.211.2 port 55928:11: Bye Bye [preauth]
Dec  8 22:39:27 cls sshd[28128]: Disconnected from authenticating user root 103.147.211.2 port 55928 [preauth]
Dec  8 22:39:30 cls sshd[28202]: Invalid user dev from 8.217.103.123 port 54508
Dec  8 22:39:30 cls sshd[28202]: pam_unix(sshd:auth): check pass; user unknown
Dec  8 22:39:30 cls sshd[28202]: pam_unix(sshd:auth): authentication failure; logname= uid=0 euid=0 tty=ssh ruser= rhost=8.217.103.123 
Dec  8 22:39:33 cls sshd[28202]: Failed password for invalid user dev from 8.217.103.123 port 54508 ssh2
Dec  8 22:39:34 cls sshd[28227]: Invalid user cdr from 45.78.228.32 port 57312
Dec  8 22:39:34 cls sshd[28227]: pam_unix(sshd:auth): check pass; user unknown
Dec  8 22:39:34 cls sshd[28227]: pam_unix(sshd:auth): authentication failure; logname= uid=0 euid=0 tty=ssh ruser= rhost=45.78.228.32 
Dec  8 22:39:34 cls sshd[28202]: Received disconnect from 8.217.103.123 port 54508:11: Bye Bye [preauth]
Dec  8 22:39:34 cls sshd[28202]: Disconnected from invalid user dev 8.217.103.123 port 54508 [preauth]
Dec  8 22:39:35 cls sshd[28233]: pam_unix(sshd:auth): authentication failure; logname= uid=0 euid=0 tty=ssh ruser= rhost=47.236.20.199  user=root
Dec  8 22:39:36 cls sshd[28233]: Failed password for root from 47.236.20.199 port 49514 ssh2
Dec  8 22:39:37 cls sshd[28235]: pam_unix(sshd:auth): authentication failure; logname= uid=0 euid=0 tty=ssh ruser= rhost=179.57.170.71  user=root
Dec  8 22:39:37 cls sshd[28227]: Failed password for invalid user cdr from 45.78.228.32 port 57312 ssh2
Dec  8 22:39:37 cls sshd[28233]: Received disconnect from 47.236.20.199 port 49514:11: Bye Bye [preauth]
Dec  8 22:39:37 cls sshd[28233]: Disconnected from authenticating user root 47.236.20.199 port 49514 [preauth]
Dec  8 22:39:38 cls sshd[28235]: Failed password for root from 179.57.170.71 port 26498 ssh2
Dec  8 22:39:38 cls sshd[28227]: Received disconnect from 45.78.228.32 port 57312:11: Bye Bye [preauth]
Dec  8 22:39:38 cls sshd[28227]: Disconnected from invalid user cdr 45.78.228.32 port 57312 [preauth]
Dec  8 22:39:39 cls sshd[28282]: Invalid user rust from 64.227.160.133 port 40938
Dec  8 22:39:39 cls sshd[28282]: pam_unix(sshd:auth): check pass; user unknown
Dec  8 22:39:39 cls sshd[28282]: pam_unix(sshd:auth): authentication failure; logname= uid=0 euid=0 tty=ssh ruser= rhost=64.227.160.133 
Dec  8 22:39:40 cls sshd[28235]: Received disconnect from 179.57.170.71 port 26498:11: Bye Bye [preauth]
Dec  8 22:39:40 cls sshd[28235]: Disconnected from authenticating user root 179.57.170.71 port 26498 [preauth]
Dec  8 22:39:41 cls sshd[28282]: Failed password for invalid user rust from 64.227.160.133 port 40938 ssh2
Dec  8 22:39:43 cls sshd[28282]: Received disconnect from 64.227.160.133 port 40938:11: Bye Bye [preauth]
Dec  8 22:39:43 cls sshd[28282]: Disconnected from invalid user rust 64.227.160.133 port 40938 [preauth]
Dec  8 22:39:43 cls sshd[28292]: pam_unix(sshd:auth): authentication failure; logname= uid=0 euid=0 tty=ssh ruser= rhost=69.10.60.50  user=root
Dec  8 22:39:45 cls sshd[28305]: pam_unix(sshd:auth): authentication failure; logname= uid=0 euid=0 tty=ssh ruser= rhost=181.2.146.184  user=root
Dec  8 22:39:45 cls sshd[28292]: Failed password for root from 69.10.60.50 port 57162 ssh2
Dec  8 22:39:46 cls sshd[28292]: Received disconnect from 69.10.60.50 port 57162:11: Bye Bye [preauth]
Dec  8 22:39:46 cls sshd[28292]: Disconnected from authenticating user root 69.10.60.50 port 57162 [preauth]
Dec  8 22:39:47 cls sshd[28305]: Failed password for root from 181.2.146.184 port 60856 ssh2
Dec  8 22:39:48 cls sshd[28305]: Received disconnect from 181.2.146.184 port 60856:11: Bye Bye [preauth]
Dec  8 22:39:48 cls sshd[28305]: Disconnected from authenticating user root 181.2.146.184 port 60856 [preauth]
Dec  8 22:39:50 cls sshd[28355]: Invalid user newuser from 93.113.63.124 port 46008
Dec  8 22:39:50 cls sshd[28355]: pam_unix(sshd:auth): check pass; user unknown
Dec  8 22:39:51 cls sshd[28355]: pam_unix(sshd:auth): authentication failure; logname= uid=0 euid=0 tty=ssh ruser= rhost=93.113.63.124 
Dec  8 22:39:52 cls sshd[28355]: Failed password for invalid user newuser from 93.113.63.124 port 46008 ssh2
Dec  8 22:39:54 cls sshd[28355]: Received disconnect from 93.113.63.124 port 46008:11: Bye Bye [preauth]
Dec  8 22:39:54 cls sshd[28355]: Disconnected from invalid user newuser 93.113.63.124 port 46008 [preauth]
Dec  8 22:40:18 cls sshd[28524]: pam_unix(sshd:auth): authentication failure; logname= uid=0 euid=0 tty=ssh ruser= rhost=209.141.47.217  user=root
Dec  8 22:40:18 cls sshd[28525]: pam_unix(sshd:auth): authentication failure; logname= uid=0 euid=0 tty=ssh ruser= rhost=191.100.23.154  user=root
Dec  8 22:40:19 cls sshd[28545]: Invalid user gameserver from 101.47.163.94 port 48572
Dec  8 22:40:19 cls sshd[28545]: pam_unix(sshd:auth): check pass; user unknown
Dec  8 22:40:19 cls sshd[28545]: pam_unix(sshd:auth): authentication failure; logname= uid=0 euid=0 tty=ssh ruser= rhost=101.47.163.94 
Dec  8 22:40:20 cls sshd[28524]: Failed password for root from 209.141.47.217 port 41682 ssh2
Dec  8 22:40:20 cls sshd[28525]: Failed password for root from 191.100.23.154 port 53982 ssh2
Dec  8 22:40:21 cls sshd[28524]: Received disconnect from 209.141.47.217 port 41682:11: Bye Bye [preauth]
Dec  8 22:40:21 cls sshd[28524]: Disconnected from authenticating user root 209.141.47.217 port 41682 [preauth]
Dec  8 22:40:21 cls sshd[28525]: Received disconnect from 191.100.23.154 port 53982:11: Bye Bye [preauth]
Dec  8 22:40:21 cls sshd[28525]: Disconnected from authenticating user root 191.100.23.154 port 53982 [preauth]
Dec  8 22:40:22 cls sshd[28545]: Failed password for invalid user gameserver from 101.47.163.94 port 48572 ssh2
Dec  8 22:40:23 cls sshd[28545]: Received disconnect from 101.47.163.94 port 48572:11: Bye Bye [preauth]
Dec  8 22:40:23 cls sshd[28545]: Disconnected from invalid user gameserver 101.47.163.94 port 48572 [preauth]
Dec  8 22:40:24 cls sshd[28582]: pam_unix(sshd:auth): authentication failure; logname= uid=0 euid=0 tty=ssh ruser= rhost=185.208.156.50  user=root
Dec  8 22:40:26 cls sshd[28582]: Failed password for root from 185.208.156.50 port 43102 ssh2
Dec  8 22:40:27 cls sshd[28582]: Received disconnect from 185.208.156.50 port 43102:11: Bye Bye [preauth]
Dec  8 22:40:27 cls sshd[28582]: Disconnected from authenticating user root 185.208.156.50 port 43102 [preauth]
Dec  8 22:40:36 cls sshd[28645]: pam_unix(sshd:auth): authentication failure; logname= uid=0 euid=0 tty=ssh ruser= rhost=186.80.18.158  user=root
Dec  8 22:40:37 cls sshd[28666]: pam_unix(sshd:auth): authentication failure; logname= uid=0 euid=0 tty=ssh ruser= rhost=103.147.211.2  user=root
Dec  8 22:40:37 cls sshd[28647]: Invalid user neeraj from 45.78.204.252 port 55304
Dec  8 22:40:37 cls sshd[28647]: pam_unix(sshd:auth): check pass; user unknown
Dec  8 22:40:37 cls sshd[28647]: pam_unix(sshd:auth): authentication failure; logname= uid=0 euid=0 tty=ssh ruser= rhost=45.78.204.252 
Dec  8 22:40:38 cls sshd[28666]: Failed password for root from 103.147.211.2 port 56702 ssh2
Dec  8 22:40:38 cls sshd[28645]: Failed password for root from 186.80.18.158 port 47264 ssh2
Dec  8 22:40:38 cls sshd[28647]: Failed password for invalid user neeraj from 45.78.204.252 port 55304 ssh2
Dec  8 22:40:39 cls sshd[28642]: Connection closed by 107.150.104.184 port 55346 [preauth]
Dec  8 22:40:39 cls sshd[28670]: Invalid user alice from 118.99.80.0 port 14924
Dec  8 22:40:39 cls sshd[28670]: pam_unix(sshd:auth): check pass; user unknown
Dec  8 22:40:39 cls sshd[28670]: pam_unix(sshd:auth): authentication failure; logname= uid=0 euid=0 tty=ssh ruser= rhost=118.99.80.0 
Dec  8 22:40:39 cls sshd[28666]: Received disconnect from 103.147.211.2 port 56702:11: Bye Bye [preauth]
Dec  8 22:40:39 cls sshd[28666]: Disconnected from authenticating user root 103.147.211.2 port 56702 [preauth]
Dec  8 22:40:39 cls sshd[28645]: Received disconnect from 186.80.18.158 port 47264:11: Bye Bye [preauth]
Dec  8 22:40:39 cls sshd[28645]: Disconnected from authenticating user root 186.80.18.158 port 47264 [preauth]
Dec  8 22:40:40 cls sshd[28670]: Failed password for invalid user alice from 118.99.80.0 port 14924 ssh2
Dec  8 22:40:41 cls sshd[28670]: Received disconnect from 118.99.80.0 port 14924:11: Bye Bye [preauth]
Dec  8 22:40:41 cls sshd[28670]: Disconnected from invalid user alice 118.99.80.0 port 14924 [preauth]
Dec  8 22:40:41 cls sshd[28647]: Received disconnect from 45.78.204.252 port 55304:11: Bye Bye [preauth]
Dec  8 22:40:41 cls sshd[28647]: Disconnected from invalid user neeraj 45.78.204.252 port 55304 [preauth]
Dec  8 22:40:44 cls sshd[28713]: Invalid user devadmin from 45.78.216.149 port 33316
Dec  8 22:40:44 cls sshd[28713]: pam_unix(sshd:auth): check pass; user unknown
Dec  8 22:40:44 cls sshd[28713]: pam_unix(sshd:auth): authentication failure; logname= uid=0 euid=0 tty=ssh ruser= rhost=45.78.216.149 
Dec  8 22:40:45 cls sshd[28715]: Invalid user admin from 69.10.60.50 port 55842
Dec  8 22:40:45 cls sshd[28715]: pam_unix(sshd:auth): check pass; user unknown
Dec  8 22:40:45 cls sshd[28715]: pam_unix(sshd:auth): authentication failure; logname= uid=0 euid=0 tty=ssh ruser= rhost=69.10.60.50 
Dec  8 22:40:46 cls sshd[28713]: Failed password for invalid user devadmin from 45.78.216.149 port 33316 ssh2
Dec  8 22:40:46 cls sshd[28713]: Received disconnect from 45.78.216.149 port 33316:11: Bye Bye [preauth]
Dec  8 22:40:46 cls sshd[28713]: Disconnected from invalid user devadmin 45.78.216.149 port 33316 [preauth]
Dec  8 22:40:47 cls sshd[28715]: Failed password for invalid user admin from 69.10.60.50 port 55842 ssh2
Dec  8 22:40:49 cls sshd[28715]: Received disconnect from 69.10.60.50 port 55842:11: Bye Bye [preauth]
Dec  8 22:40:49 cls sshd[28715]: Disconnected from invalid user admin 69.10.60.50 port 55842 [preauth]
Dec  8 22:40:52 cls sshd[28734]: pam_unix(sshd:auth): authentication failure; logname= uid=0 euid=0 tty=ssh ruser= rhost=64.227.160.133  user=root
Dec  8 22:40:54 cls sshd[28734]: Failed password for root from 64.227.160.133 port 33130 ssh2
Dec  8 22:40:57 cls sshd[28734]: Received disconnect from 64.227.160.133 port 33130:11: Bye Bye [preauth]
Dec  8 22:40:57 cls sshd[28734]: Disconnected from authenticating user root 64.227.160.133 port 33130 [preauth]
Dec  8 22:41:00 cls sshd[28753]: pam_unix(sshd:auth): authentication failure; logname= uid=0 euid=0 tty=ssh ruser= rhost=93.113.63.124  user=root
Dec  8 22:41:00 cls sshd[28755]: pam_unix(sshd:auth): authentication failure; logname= uid=0 euid=0 tty=ssh ruser= rhost=47.236.20.199  user=root
Dec  8 22:41:02 cls sshd[28753]: Failed password for root from 93.113.63.124 port 33486 ssh2
Dec  8 22:41:02 cls sshd[28755]: Failed password for root from 47.236.20.199 port 51428 ssh2
Dec  8 22:41:02 cls sshd[28757]: Invalid user openstack from 179.57.170.71 port 21538
Dec  8 22:41:02 cls sshd[28757]: pam_unix(sshd:auth): check pass; user unknown
Dec  8 22:41:02 cls sshd[28757]: pam_unix(sshd:auth): authentication failure; logname= uid=0 euid=0 tty=ssh ruser= rhost=179.57.170.71 
Dec  8 22:41:03 cls sshd[28753]: Received disconnect from 93.113.63.124 port 33486:11: Bye Bye [preauth]
Dec  8 22:41:03 cls sshd[28753]: Disconnected from authenticating user root 93.113.63.124 port 33486 [preauth]
Dec  8 22:41:03 cls sshd[28755]: Received disconnect from 47.236.20.199 port 51428:11: Bye Bye [preauth]
Dec  8 22:41:03 cls sshd[28755]: Disconnected from authenticating user root 47.236.20.199 port 51428 [preauth]
Dec  8 22:41:04 cls sshd[28757]: Failed password for invalid user openstack from 179.57.170.71 port 21538 ssh2
Dec  8 22:41:05 cls sshd[28757]: Received disconnect from 179.57.170.71 port 21538:11: Bye Bye [preauth]
Dec  8 22:41:05 cls sshd[28757]: Disconnected from invalid user openstack 179.57.170.71 port 21538 [preauth]
Dec  8 22:41:19 cls sshd[28762]: pam_unix(sshd:auth): authentication failure; logname= uid=0 euid=0 tty=ssh ruser= rhost=101.47.142.111  user=root
Dec  8 22:41:20 cls sshd[28762]: Failed password for root from 101.47.142.111 port 38404 ssh2
Dec  8 22:41:21 cls sshd[28764]: Invalid user neeraj from 209.141.47.217 port 51514
Dec  8 22:41:21 cls sshd[28764]: pam_unix(sshd:auth): check pass; user unknown
Dec  8 22:41:21 cls sshd[28764]: pam_unix(sshd:auth): authentication failure; logname= uid=0 euid=0 tty=ssh ruser= rhost=209.141.47.217 
Dec  8 22:41:21 cls sshd[28762]: Received disconnect from 101.47.142.111 port 38404:11: Bye Bye [preauth]
Dec  8 22:41:21 cls sshd[28762]: Disconnected from authenticating user root 101.47.142.111 port 38404 [preauth]
Dec  8 22:41:22 cls sshd[28764]: Failed password for invalid user neeraj from 209.141.47.217 port 51514 ssh2
Dec  8 22:41:23 cls sshd[28764]: Received disconnect from 209.141.47.217 port 51514:11: Bye Bye [preauth]
Dec  8 22:41:23 cls sshd[28764]: Disconnected from invalid user neeraj 209.141.47.217 port 51514 [preauth]
Dec  8 22:41:24 cls sshd[28766]: pam_unix(sshd:auth): authentication failure; logname= uid=0 euid=0 tty=ssh ruser= rhost=181.2.146.184  user=root
Dec  8 22:41:25 cls sshd[28768]: Invalid user python from 185.208.156.50 port 60468
Dec  8 22:41:25 cls sshd[28768]: pam_unix(sshd:auth): check pass; user unknown
Dec  8 22:41:25 cls sshd[28768]: pam_unix(sshd:auth): authentication failure; logname= uid=0 euid=0 tty=ssh ruser= rhost=185.208.156.50 
Dec  8 22:41:25 cls sshd[28766]: Failed password for root from 181.2.146.184 port 56270 ssh2
Dec  8 22:41:27 cls sshd[28766]: Received disconnect from 181.2.146.184 port 56270:11: Bye Bye [preauth]
Dec  8 22:41:27 cls sshd[28766]: Disconnected from authenticating user root 181.2.146.184 port 56270 [preauth]
Dec  8 22:41:27 cls sshd[28768]: Failed password for invalid user python from 185.208.156.50 port 60468 ssh2
Dec  8 22:41:29 cls sshd[28768]: Received disconnect from 185.208.156.50 port 60468:11: Bye Bye [preauth]
Dec  8 22:41:29 cls sshd[28768]: Disconnected from invalid user python 185.208.156.50 port 60468 [preauth]
Dec  8 22:41:49 cls sshd[28779]: pam_unix(sshd:auth): authentication failure; logname= uid=0 euid=0 tty=ssh ruser= rhost=69.10.60.50  user=root
Dec  8 22:41:50 cls sshd[28783]: pam_unix(sshd:auth): authentication failure; logname= uid=0 euid=0 tty=ssh ruser= rhost=103.147.211.2  user=root
Dec  8 22:41:50 cls sshd[28781]: pam_unix(sshd:auth): authentication failure; logname= uid=0 euid=0 tty=ssh ruser= rhost=186.80.18.158  user=root
Dec  8 22:41:51 cls sshd[28779]: Failed password for root from 69.10.60.50 port 59042 ssh2
Dec  8 22:41:51 cls sshd[28779]: Received disconnect from 69.10.60.50 port 59042:11: Bye Bye [preauth]
Dec  8 22:41:51 cls sshd[28779]: Disconnected from authenticating user root 69.10.60.50 port 59042 [preauth]
Dec  8 22:41:52 cls sshd[28785]: Invalid user admin from 191.100.23.154 port 59748
Dec  8 22:41:52 cls sshd[28785]: pam_unix(sshd:auth): check pass; user unknown
Dec  8 22:41:52 cls sshd[28785]: pam_unix(sshd:auth): authentication failure; logname= uid=0 euid=0 tty=ssh ruser= rhost=191.100.23.154 
Dec  8 22:41:52 cls sshd[28783]: Failed password for root from 103.147.211.2 port 58500 ssh2
Dec  8 22:41:52 cls sshd[28781]: Failed password for root from 186.80.18.158 port 39356 ssh2
Dec  8 22:41:52 cls sshd[28783]: Received disconnect from 103.147.211.2 port 58500:11: Bye Bye [preauth]
Dec  8 22:41:52 cls sshd[28783]: Disconnected from authenticating user root 103.147.211.2 port 58500 [preauth]
Dec  8 22:41:53 cls sshd[28781]: Received disconnect from 186.80.18.158 port 39356:11: Bye Bye [preauth]
Dec  8 22:41:53 cls sshd[28781]: Disconnected from authenticating user root 186.80.18.158 port 39356 [preauth]
Dec  8 22:41:53 cls sshd[28785]: Failed password for invalid user admin from 191.100.23.154 port 59748 ssh2
Dec  8 22:41:55 cls sshd[28785]: Received disconnect from 191.100.23.154 port 59748:11: Bye Bye [preauth]
Dec  8 22:41:55 cls sshd[28785]: Disconnected from invalid user admin 191.100.23.154 port 59748 [preauth]
Dec  8 22:42:00 cls sshd[28801]: pam_unix(sshd:auth): authentication failure; logname= uid=0 euid=0 tty=ssh ruser= rhost=118.99.80.0  user=root
Dec  8 22:42:02 cls sshd[28801]: Failed password for root from 118.99.80.0 port 13008 ssh2
Dec  8 22:42:02 cls sshd[28801]: Received disconnect from 118.99.80.0 port 13008:11: Bye Bye [preauth]
Dec  8 22:42:02 cls sshd[28801]: Disconnected from authenticating user root 118.99.80.0 port 13008 [preauth]
Dec  8 22:42:03 cls sshd[28803]: pam_unix(sshd:auth): authentication failure; logname= uid=0 euid=0 tty=ssh ruser= rhost=64.227.160.133  user=root
Dec  8 22:42:05 cls sshd[28803]: Failed password for root from 64.227.160.133 port 43702 ssh2
Dec  8 22:42:06 cls sshd[28803]: Received disconnect from 64.227.160.133 port 43702:11: Bye Bye [preauth]
Dec  8 22:42:06 cls sshd[28803]: Disconnected from authenticating user root 64.227.160.133 port 43702 [preauth]
Dec  8 22:42:09 cls sshd[28805]: pam_unix(sshd:auth): authentication failure; logname= uid=0 euid=0 tty=ssh ruser= rhost=93.113.63.124  user=root
Dec  8 22:42:11 cls sshd[28805]: Failed password for root from 93.113.63.124 port 52498 ssh2
Dec  8 22:42:12 cls sshd[28805]: Received disconnect from 93.113.63.124 port 52498:11: Bye Bye [preauth]
Dec  8 22:42:12 cls sshd[28805]: Disconnected from authenticating user root 93.113.63.124 port 52498 [preauth]
Dec  8 22:42:23 cls sshd[28817]: pam_unix(sshd:auth): authentication failure; logname= uid=0 euid=0 tty=ssh ruser= rhost=47.236.20.199  user=root
Dec  8 22:42:25 cls sshd[28817]: Failed password for root from 47.236.20.199 port 53336 ssh2
Dec  8 22:42:26 cls sshd[28811]: Connection closed by 107.150.104.184 port 51162 [preauth]
Dec  8 22:42:26 cls sshd[28817]: Received disconnect from 47.236.20.199 port 53336:11: Bye Bye [preauth]
Dec  8 22:42:26 cls sshd[28817]: Disconnected from authenticating user root 47.236.20.199 port 53336 [preauth]
Dec  8 22:42:26 cls sshd[28821]: Invalid user centos from 209.141.47.217 port 43938
Dec  8 22:42:26 cls sshd[28821]: pam_unix(sshd:auth): check pass; user unknown
Dec  8 22:42:26 cls sshd[28821]: pam_unix(sshd:auth): authentication failure; logname= uid=0 euid=0 tty=ssh ruser= rhost=209.141.47.217 
Dec  8 22:42:29 cls sshd[28821]: Failed password for invalid user centos from 209.141.47.217 port 43938 ssh2
Dec  8 22:42:29 cls sshd[28826]: Invalid user deploy from 185.208.156.50 port 38076
Dec  8 22:42:29 cls sshd[28826]: pam_unix(sshd:auth): check pass; user unknown
Dec  8 22:42:29 cls sshd[28826]: pam_unix(sshd:auth): authentication failure; logname= uid=0 euid=0 tty=ssh ruser= rhost=185.208.156.50 
Dec  8 22:42:29 cls sshd[28821]: Received disconnect from 209.141.47.217 port 43938:11: Bye Bye [preauth]
Dec  8 22:42:29 cls sshd[28821]: Disconnected from invalid user centos 209.141.47.217 port 43938 [preauth]
Dec  8 22:42:30 cls sshd[28826]: Failed password for invalid user deploy from 185.208.156.50 port 38076 ssh2
Dec  8 22:42:31 cls sshd[28826]: Received disconnect from 185.208.156.50 port 38076:11: Bye Bye [preauth]
Dec  8 22:42:31 cls sshd[28826]: Disconnected from invalid user deploy 185.208.156.50 port 38076 [preauth]
Dec  8 22:42:33 cls sshd[28828]: Invalid user bharath from 179.57.170.71 port 10490
Dec  8 22:42:33 cls sshd[28828]: pam_unix(sshd:auth): check pass; user unknown
Dec  8 22:42:33 cls sshd[28828]: pam_unix(sshd:auth): authentication failure; logname= uid=0 euid=0 tty=ssh ruser= rhost=179.57.170.71 
Dec  8 22:42:35 cls sshd[28828]: Failed password for invalid user bharath from 179.57.170.71 port 10490 ssh2
Dec  8 22:42:37 cls sshd[28828]: Received disconnect from 179.57.170.71 port 10490:11: Bye Bye [preauth]
Dec  8 22:42:37 cls sshd[28828]: Disconnected from invalid user bharath 179.57.170.71 port 10490 [preauth]
Dec  8 22:42:56 cls sshd[28830]: pam_unix(sshd:auth): authentication failure; logname= uid=0 euid=0 tty=ssh ruser= rhost=69.10.60.50  user=root
Dec  8 22:42:58 cls sshd[28830]: Failed password for root from 69.10.60.50 port 38378 ssh2
Dec  8 22:42:59 cls sshd[28830]: Received disconnect from 69.10.60.50 port 38378:11: Bye Bye [preauth]
Dec  8 22:42:59 cls sshd[28830]: Disconnected from authenticating user root 69.10.60.50 port 38378 [preauth]
Dec  8 22:43:00 cls sshd[28832]: Invalid user supervisor from 45.78.204.252 port 51450
Dec  8 22:43:00 cls sshd[28832]: pam_unix(sshd:auth): check pass; user unknown
Dec  8 22:43:00 cls sshd[28832]: pam_unix(sshd:auth): authentication failure; logname= uid=0 euid=0 tty=ssh ruser= rhost=45.78.204.252 
Dec  8 22:43:01 cls sshd[28834]: pam_unix(sshd:auth): authentication failure; logname= uid=0 euid=0 tty=ssh ruser= rhost=181.2.146.184  user=ubuntu
Dec  8 22:43:01 cls sshd[28832]: Failed password for invalid user supervisor from 45.78.204.252 port 51450 ssh2
Dec  8 22:43:03 cls sshd[28834]: Failed password for ubuntu from 181.2.146.184 port 57530 ssh2
Dec  8 22:43:03 cls sshd[28832]: Received disconnect from 45.78.204.252 port 51450:11: Bye Bye [preauth]
Dec  8 22:43:03 cls sshd[28832]: Disconnected from invalid user supervisor 45.78.204.252 port 51450 [preauth]
Dec  8 22:43:05 cls sshd[28834]: Received disconnect from 181.2.146.184 port 57530:11: Bye Bye [preauth]
Dec  8 22:43:05 cls sshd[28834]: Disconnected from authenticating user ubuntu 181.2.146.184 port 57530 [preauth]
Dec  8 22:43:06 cls sshd[28836]: Invalid user platform from 45.78.216.149 port 51880
Dec  8 22:43:06 cls sshd[28836]: pam_unix(sshd:auth): check pass; user unknown
Dec  8 22:43:06 cls sshd[28836]: pam_unix(sshd:auth): authentication failure; logname= uid=0 euid=0 tty=ssh ruser= rhost=45.78.216.149 
Dec  8 22:43:06 cls sshd[28840]: Invalid user git from 103.147.211.2 port 36654
Dec  8 22:43:06 cls sshd[28840]: pam_unix(sshd:auth): check pass; user unknown
Dec  8 22:43:06 cls sshd[28840]: pam_unix(sshd:auth): authentication failure; logname= uid=0 euid=0 tty=ssh ruser= rhost=103.147.211.2 
Dec  8 22:43:06 cls sshd[28838]: pam_unix(sshd:auth): authentication failure; logname= uid=0 euid=0 tty=ssh ruser= rhost=186.80.18.158  user=root
Dec  8 22:43:08 cls sshd[28836]: Failed password for invalid user platform from 45.78.216.149 port 51880 ssh2
Dec  8 22:43:08 cls sshd[28840]: Failed password for invalid user git from 103.147.211.2 port 36654 ssh2
Dec  8 22:43:08 cls sshd[28836]: Received disconnect from 45.78.216.149 port 51880:11: Bye Bye [preauth]
Dec  8 22:43:08 cls sshd[28836]: Disconnected from invalid user platform 45.78.216.149 port 51880 [preauth]
Dec  8 22:43:08 cls sshd[28838]: Failed password for root from 186.80.18.158 port 49748 ssh2
Dec  8 22:43:09 cls sshd[28840]: Received disconnect from 103.147.211.2 port 36654:11: Bye Bye [preauth]
Dec  8 22:43:09 cls sshd[28840]: Disconnected from invalid user git 103.147.211.2 port 36654 [preauth]
Dec  8 22:43:09 cls sshd[28838]: Received disconnect from 186.80.18.158 port 49748:11: Bye Bye [preauth]
Dec  8 22:43:09 cls sshd[28838]: Disconnected from authenticating user root 186.80.18.158 port 49748 [preauth]
Dec  8 22:43:20 cls sshd[28851]: Invalid user web from 93.113.63.124 port 47322
Dec  8 22:43:20 cls sshd[28851]: pam_unix(sshd:auth): check pass; user unknown
Dec  8 22:43:20 cls sshd[28851]: pam_unix(sshd:auth): authentication failure; logname= uid=0 euid=0 tty=ssh ruser= rhost=93.113.63.124 
Dec  8 22:43:21 cls sshd[28856]: Invalid user dev from 118.99.80.0 port 12805
Dec  8 22:43:21 cls sshd[28856]: pam_unix(sshd:auth): check pass; user unknown
Dec  8 22:43:21 cls sshd[28856]: pam_unix(sshd:auth): authentication failure; logname= uid=0 euid=0 tty=ssh ruser= rhost=118.99.80.0 
Dec  8 22:43:21 cls sshd[28858]: Invalid user mcserver from 64.227.160.133 port 48674
Dec  8 22:43:21 cls sshd[28858]: pam_unix(sshd:auth): check pass; user unknown
Dec  8 22:43:21 cls sshd[28858]: pam_unix(sshd:auth): authentication failure; logname= uid=0 euid=0 tty=ssh ruser= rhost=64.227.160.133 
Dec  8 22:43:23 cls sshd[28851]: Failed password for invalid user web from 93.113.63.124 port 47322 ssh2
Dec  8 22:43:23 cls sshd[28856]: Failed password for invalid user dev from 118.99.80.0 port 12805 ssh2
Dec  8 22:43:24 cls sshd[28858]: Failed password for invalid user mcserver from 64.227.160.133 port 48674 ssh2
Dec  8 22:43:25 cls sshd[28858]: Received disconnect from 64.227.160.133 port 48674:11: Bye Bye [preauth]
Dec  8 22:43:25 cls sshd[28858]: Disconnected from invalid user mcserver 64.227.160.133 port 48674 [preauth]
Dec  8 22:43:25 cls sshd[28856]: Received disconnect from 118.99.80.0 port 12805:11: Bye Bye [preauth]
Dec  8 22:43:25 cls sshd[28856]: Disconnected from invalid user dev 118.99.80.0 port 12805 [preauth]
Dec  8 22:43:25 cls sshd[28851]: Received disconnect from 93.113.63.124 port 47322:11: Bye Bye [preauth]
Dec  8 22:43:25 cls sshd[28851]: Disconnected from invalid user web 93.113.63.124 port 47322 [preauth]
Dec  8 22:43:28 cls sshd[28860]: Invalid user wade from 191.100.23.154 port 35412
Dec  8 22:43:28 cls sshd[28860]: pam_unix(sshd:auth): check pass; user unknown
Dec  8 22:43:28 cls sshd[28860]: pam_unix(sshd:auth): authentication failure; logname= uid=0 euid=0 tty=ssh ruser= rhost=191.100.23.154 
Dec  8 22:43:30 cls sshd[28860]: Failed password for invalid user wade from 191.100.23.154 port 35412 ssh2
Dec  8 22:43:31 cls sshd[28860]: Received disconnect from 191.100.23.154 port 35412:11: Bye Bye [preauth]
Dec  8 22:43:31 cls sshd[28860]: Disconnected from invalid user wade 191.100.23.154 port 35412 [preauth]
Dec  8 22:43:33 cls sshd[28862]: pam_unix(sshd:auth): authentication failure; logname= uid=0 euid=0 tty=ssh ruser= rhost=209.141.47.217  user=root
Dec  8 22:43:35 cls sshd[28862]: Failed password for root from 209.141.47.217 port 32862 ssh2
Dec  8 22:43:36 cls sshd[28862]: Received disconnect from 209.141.47.217 port 32862:11: Bye Bye [preauth]
Dec  8 22:43:36 cls sshd[28862]: Disconnected from authenticating user root 209.141.47.217 port 32862 [preauth]
Dec  8 22:43:37 cls sshd[28864]: Invalid user admin from 185.208.156.50 port 48738
Dec  8 22:43:37 cls sshd[28864]: pam_unix(sshd:auth): check pass; user unknown
Dec  8 22:43:37 cls sshd[28864]: pam_unix(sshd:auth): authentication failure; logname= uid=0 euid=0 tty=ssh ruser= rhost=185.208.156.50 
Dec  8 22:43:39 cls sshd[28864]: Failed password for invalid user admin from 185.208.156.50 port 48738 ssh2
Dec  8 22:43:40 cls sshd[28864]: Received disconnect from 185.208.156.50 port 48738:11: Bye Bye [preauth]
Dec  8 22:43:40 cls sshd[28864]: Disconnected from invalid user admin 185.208.156.50 port 48738 [preauth]
Dec  8 22:43:45 cls sshd[28871]: Invalid user zxc from 101.47.142.111 port 43390
Dec  8 22:43:45 cls sshd[28871]: pam_unix(sshd:auth): check pass; user unknown
Dec  8 22:43:45 cls sshd[28871]: pam_unix(sshd:auth): authentication failure; logname= uid=0 euid=0 tty=ssh ruser= rhost=101.47.142.111 
Dec  8 22:43:47 cls sshd[28871]: Failed password for invalid user zxc from 101.47.142.111 port 43390 ssh2
Dec  8 22:43:48 cls sshd[28871]: Received disconnect from 101.47.142.111 port 43390:11: Bye Bye [preauth]
Dec  8 22:43:48 cls sshd[28871]: Disconnected from invalid user zxc 101.47.142.111 port 43390 [preauth]
Dec  8 22:43:49 cls sshd[28878]: Invalid user keith from 47.236.20.199 port 55244
Dec  8 22:43:49 cls sshd[28878]: pam_unix(sshd:auth): check pass; user unknown
Dec  8 22:43:49 cls sshd[28878]: pam_unix(sshd:auth): authentication failure; logname= uid=0 euid=0 tty=ssh ruser= rhost=47.236.20.199 
Dec  8 22:43:51 cls sshd[28878]: Failed password for invalid user keith from 47.236.20.199 port 55244 ssh2
Dec  8 22:43:52 cls sshd[28878]: Received disconnect from 47.236.20.199 port 55244:11: Bye Bye [preauth]
Dec  8 22:43:52 cls sshd[28878]: Disconnected from invalid user keith 47.236.20.199 port 55244 [preauth]
Dec  8 22:44:03 cls sshd[28902]: pam_unix(sshd:auth): authentication failure; logname= uid=0 euid=0 tty=ssh ruser= rhost=179.57.170.71  user=root
Dec  8 22:44:03 cls sshd[28906]: pam_unix(sshd:auth): authentication failure; logname= uid=0 euid=0 tty=ssh ruser= rhost=69.10.60.50  user=ubuntu
Dec  8 22:44:05 cls sshd[28902]: Failed password for root from 179.57.170.71 port 25048 ssh2
Dec  8 22:44:06 cls sshd[28906]: Failed password for ubuntu from 69.10.60.50 port 50602 ssh2
Dec  8 22:44:07 cls sshd[28906]: Received disconnect from 69.10.60.50 port 50602:11: Bye Bye [preauth]
Dec  8 22:44:07 cls sshd[28906]: Disconnected from authenticating user ubuntu 69.10.60.50 port 50602 [preauth]
Dec  8 22:44:08 cls sshd[28902]: Received disconnect from 179.57.170.71 port 25048:11: Bye Bye [preauth]
Dec  8 22:44:08 cls sshd[28902]: Disconnected from authenticating user root 179.57.170.71 port 25048 [preauth]
Dec  8 22:44:14 cls sshd[28908]: Connection closed by 107.150.104.184 port 46982 [preauth]
Dec  8 22:44:23 cls sshd[28912]: Invalid user keith from 103.147.211.2 port 45434
Dec  8 22:44:23 cls sshd[28912]: pam_unix(sshd:auth): check pass; user unknown
Dec  8 22:44:23 cls sshd[28912]: pam_unix(sshd:auth): authentication failure; logname= uid=0 euid=0 tty=ssh ruser= rhost=103.147.211.2 
Dec  8 22:44:24 cls sshd[28910]: pam_unix(sshd:auth): authentication failure; logname= uid=0 euid=0 tty=ssh ruser= rhost=186.80.18.158  user=root
Dec  8 22:44:25 cls sshd[28912]: Failed password for invalid user keith from 103.147.211.2 port 45434 ssh2
Dec  8 22:44:26 cls sshd[28910]: Failed password for root from 186.80.18.158 port 54350 ssh2
Dec  8 22:44:26 cls sshd[28912]: Received disconnect from 103.147.211.2 port 45434:11: Bye Bye [preauth]
Dec  8 22:44:26 cls sshd[28912]: Disconnected from invalid user keith 103.147.211.2 port 45434 [preauth]
Dec  8 22:44:27 cls sshd[28910]: Received disconnect from 186.80.18.158 port 54350:11: Bye Bye [preauth]
Dec  8 22:44:27 cls sshd[28910]: Disconnected from authenticating user root 186.80.18.158 port 54350 [preauth]
Dec  8 22:44:36 cls sshd[28916]: Invalid user user from 93.113.63.124 port 47496
Dec  8 22:44:36 cls sshd[28916]: pam_unix(sshd:auth): check pass; user unknown
Dec  8 22:44:36 cls sshd[28916]: pam_unix(sshd:auth): authentication failure; logname= uid=0 euid=0 tty=ssh ruser= rhost=93.113.63.124 
Dec  8 22:44:37 cls sshd[28916]: Failed password for invalid user user from 93.113.63.124 port 47496 ssh2
Dec  8 22:44:39 cls sshd[28916]: Received disconnect from 93.113.63.124 port 47496:11: Bye Bye [preauth]
Dec  8 22:44:39 cls sshd[28916]: Disconnected from invalid user user 93.113.63.124 port 47496 [preauth]
Dec  8 22:44:41 cls sshd[28922]: Invalid user sistemas from 64.227.160.133 port 53698
Dec  8 22:44:41 cls sshd[28922]: pam_unix(sshd:auth): check pass; user unknown
Dec  8 22:44:41 cls sshd[28922]: pam_unix(sshd:auth): authentication failure; logname= uid=0 euid=0 tty=ssh ruser= rhost=64.227.160.133 
Dec  8 22:44:42 cls sshd[28920]: pam_unix(sshd:auth): authentication failure; logname= uid=0 euid=0 tty=ssh ruser= rhost=185.208.156.50  user=root
Dec  8 22:44:43 cls sshd[28922]: Failed password for invalid user sistemas from 64.227.160.133 port 53698 ssh2
Dec  8 22:44:43 cls sshd[28926]: Invalid user ec2-user from 118.99.80.0 port 10737
Dec  8 22:44:43 cls sshd[28926]: pam_unix(sshd:auth): check pass; user unknown
Dec  8 22:44:43 cls sshd[28926]: pam_unix(sshd:auth): authentication failure; logname= uid=0 euid=0 tty=ssh ruser= rhost=118.99.80.0 
Dec  8 22:44:43 cls sshd[28924]: pam_unix(sshd:auth): authentication failure; logname= uid=0 euid=0 tty=ssh ruser= rhost=181.2.146.184  user=root
Dec  8 22:44:44 cls sshd[28920]: Failed password for root from 185.208.156.50 port 37844 ssh2
Dec  8 22:44:44 cls sshd[28922]: Received disconnect from 64.227.160.133 port 53698:11: Bye Bye [preauth]
Dec  8 22:44:44 cls sshd[28922]: Disconnected from invalid user sistemas 64.227.160.133 port 53698 [preauth]
Dec  8 22:44:44 cls sshd[28920]: Received disconnect from 185.208.156.50 port 37844:11: Bye Bye [preauth]
Dec  8 22:44:44 cls sshd[28920]: Disconnected from authenticating user root 185.208.156.50 port 37844 [preauth]
Dec  8 22:44:45 cls sshd[28931]: pam_unix(sshd:auth): authentication failure; logname= uid=0 euid=0 tty=ssh ruser= rhost=209.141.47.217  user=root
Dec  8 22:44:45 cls sshd[28926]: Failed password for invalid user ec2-user from 118.99.80.0 port 10737 ssh2
Dec  8 22:44:45 cls sshd[28924]: Failed password for root from 181.2.146.184 port 56146 ssh2
Dec  8 22:44:46 cls sshd[28926]: Received disconnect from 118.99.80.0 port 10737:11: Bye Bye [preauth]
Dec  8 22:44:46 cls sshd[28926]: Disconnected from invalid user ec2-user 118.99.80.0 port 10737 [preauth]
Dec  8 22:44:46 cls sshd[28924]: Received disconnect from 181.2.146.184 port 56146:11: Bye Bye [preauth]
Dec  8 22:44:46 cls sshd[28924]: Disconnected from authenticating user root 181.2.146.184 port 56146 [preauth]
Dec  8 22:44:47 cls sshd[28931]: Failed password for root from 209.141.47.217 port 36940 ssh2
Dec  8 22:44:48 cls sshd[28931]: Received disconnect from 209.141.47.217 port 36940:11: Bye Bye [preauth]
Dec  8 22:44:48 cls sshd[28931]: Disconnected from authenticating user root 209.141.47.217 port 36940 [preauth]
Dec  8 22:45:09 cls sshd[28933]: Invalid user ftp_user from 191.100.23.154 port 53680
Dec  8 22:45:09 cls sshd[28933]: pam_unix(sshd:auth): check pass; user unknown
Dec  8 22:45:09 cls sshd[28933]: pam_unix(sshd:auth): authentication failure; logname= uid=0 euid=0 tty=ssh ruser= rhost=191.100.23.154 
Dec  8 22:45:11 cls sshd[28933]: Failed password for invalid user ftp_user from 191.100.23.154 port 53680 ssh2
Dec  8 22:45:12 cls sshd[28933]: Received disconnect from 191.100.23.154 port 53680:11: Bye Bye [preauth]
Dec  8 22:45:12 cls sshd[28933]: Disconnected from invalid user ftp_user 191.100.23.154 port 53680 [preauth]
Dec  8 22:45:16 cls sshd[28935]: pam_unix(sshd:auth): authentication failure; logname= uid=0 euid=0 tty=ssh ruser= rhost=47.236.20.199  user=root
Dec  8 22:45:17 cls sshd[28937]: pam_unix(sshd:auth): authentication failure; logname= uid=0 euid=0 tty=ssh ruser= rhost=69.10.60.50  user=root
Dec  8 22:45:18 cls sshd[28939]: pam_unix(sshd:auth): authentication failure; logname= uid=0 euid=0 tty=ssh ruser= rhost=101.47.163.94  user=root
Dec  8 22:45:19 cls sshd[28937]: Failed password for root from 69.10.60.50 port 42730 ssh2
Dec  8 22:45:19 cls sshd[28935]: Failed password for root from 47.236.20.199 port 57164 ssh2
Dec  8 22:45:20 cls sshd[28941]: Invalid user admin from 45.78.204.252 port 44708
Dec  8 22:45:20 cls sshd[28941]: pam_unix(sshd:auth): check pass; user unknown
Dec  8 22:45:20 cls sshd[28941]: pam_unix(sshd:auth): authentication failure; logname= uid=0 euid=0 tty=ssh ruser= rhost=45.78.204.252 
Dec  8 22:45:20 cls sshd[28937]: Received disconnect from 69.10.60.50 port 42730:11: Bye Bye [preauth]
Dec  8 22:45:20 cls sshd[28937]: Disconnected from authenticating user root 69.10.60.50 port 42730 [preauth]
Dec  8 22:45:20 cls sshd[28939]: Failed password for root from 101.47.163.94 port 58310 ssh2
Dec  8 22:45:21 cls sshd[28939]: Received disconnect from 101.47.163.94 port 58310:11: Bye Bye [preauth]
Dec  8 22:45:21 cls sshd[28939]: Disconnected from authenticating user root 101.47.163.94 port 58310 [preauth]
Dec  8 22:45:21 cls sshd[28935]: Received disconnect from 47.236.20.199 port 57164:11: Bye Bye [preauth]
Dec  8 22:45:21 cls sshd[28935]: Disconnected from authenticating user root 47.236.20.199 port 57164 [preauth]
Dec  8 22:45:21 cls sshd[28941]: Failed password for invalid user admin from 45.78.204.252 port 44708 ssh2
Dec  8 22:45:23 cls sshd[28941]: Received disconnect from 45.78.204.252 port 44708:11: Bye Bye [preauth]
Dec  8 22:45:23 cls sshd[28941]: Disconnected from invalid user admin 45.78.204.252 port 44708 [preauth]
Dec  8 22:45:35 cls sshd[28945]: pam_unix(sshd:auth): authentication failure; logname= uid=0 euid=0 tty=ssh ruser= rhost=179.57.170.71  user=ubuntu
Dec  8 22:45:36 cls sshd[28949]: Invalid user deposito from 186.80.18.158 port 35052
Dec  8 22:45:36 cls sshd[28949]: pam_unix(sshd:auth): check pass; user unknown
Dec  8 22:45:36 cls sshd[28949]: pam_unix(sshd:auth): authentication failure; logname= uid=0 euid=0 tty=ssh ruser= rhost=186.80.18.158 
Dec  8 22:45:38 cls sshd[28945]: Failed password for ubuntu from 179.57.170.71 port 20616 ssh2
Dec  8 22:45:38 cls sshd[28949]: Failed password for invalid user deposito from 186.80.18.158 port 35052 ssh2
Dec  8 22:45:39 cls sshd[28945]: Received disconnect from 179.57.170.71 port 20616:11: Bye Bye [preauth]
Dec  8 22:45:39 cls sshd[28945]: Disconnected from authenticating user ubuntu 179.57.170.71 port 20616 [preauth]
Dec  8 22:45:40 cls sshd[28949]: Received disconnect from 186.80.18.158 port 35052:11: Bye Bye [preauth]
Dec  8 22:45:40 cls sshd[28949]: Disconnected from invalid user deposito 186.80.18.158 port 35052 [preauth]
Dec  8 22:45:42 cls sshd[28955]: pam_unix(sshd:auth): authentication failure; logname= uid=0 euid=0 tty=ssh ruser= rhost=103.147.211.2  user=root
Dec  8 22:45:43 cls sshd[28955]: Failed password for root from 103.147.211.2 port 52924 ssh2
Dec  8 22:45:43 cls sshd[28955]: Received disconnect from 103.147.211.2 port 52924:11: Bye Bye [preauth]
Dec  8 22:45:43 cls sshd[28955]: Disconnected from authenticating user root 103.147.211.2 port 52924 [preauth]
Dec  8 22:45:45 cls sshd[28957]: Invalid user wiki from 185.208.156.50 port 35404
Dec  8 22:45:45 cls sshd[28957]: pam_unix(sshd:auth): check pass; user unknown
Dec  8 22:45:45 cls sshd[28957]: pam_unix(sshd:auth): authentication failure; logname= uid=0 euid=0 tty=ssh ruser= rhost=185.208.156.50 
Dec  8 22:45:47 cls sshd[28957]: Failed password for invalid user wiki from 185.208.156.50 port 35404 ssh2
Dec  8 22:45:47 cls sshd[28957]: Received disconnect from 185.208.156.50 port 35404:11: Bye Bye [preauth]
Dec  8 22:45:47 cls sshd[28957]: Disconnected from invalid user wiki 185.208.156.50 port 35404 [preauth]
Dec  8 22:45:50 cls sshd[28963]: Invalid user deploy from 93.113.63.124 port 48766
Dec  8 22:45:50 cls sshd[28963]: pam_unix(sshd:auth): check pass; user unknown
Dec  8 22:45:50 cls sshd[28963]: pam_unix(sshd:auth): authentication failure; logname= uid=0 euid=0 tty=ssh ruser= rhost=93.113.63.124 
Dec  8 22:45:52 cls sshd[28963]: Failed password for invalid user deploy from 93.113.63.124 port 48766 ssh2
Dec  8 22:45:53 cls sshd[28963]: Received disconnect from 93.113.63.124 port 48766:11: Bye Bye [preauth]
Dec  8 22:45:53 cls sshd[28963]: Disconnected from invalid user deploy 93.113.63.124 port 48766 [preauth]
Dec  8 22:45:54 cls sshd[28968]: Invalid user runner from 209.141.47.217 port 49876
Dec  8 22:45:54 cls sshd[28968]: pam_unix(sshd:auth): check pass; user unknown
Dec  8 22:45:54 cls sshd[28968]: pam_unix(sshd:auth): authentication failure; logname= uid=0 euid=0 tty=ssh ruser= rhost=209.141.47.217 
Dec  8 22:45:55 cls sshd[28968]: Failed password for invalid user runner from 209.141.47.217 port 49876 ssh2
Dec  8 22:45:56 cls sshd[28968]: Received disconnect from 209.141.47.217 port 49876:11: Bye Bye [preauth]
Dec  8 22:45:56 cls sshd[28968]: Disconnected from invalid user runner 209.141.47.217 port 49876 [preauth]
Dec  8 22:45:59 cls sshd[28972]: pam_unix(sshd:auth): authentication failure; logname= uid=0 euid=0 tty=ssh ruser= rhost=118.99.80.0  user=root
Dec  8 22:46:00 cls sshd[28970]: pam_unix(sshd:auth): authentication failure; logname= uid=0 euid=0 tty=ssh ruser= rhost=107.150.104.184  user=ubuntu
Dec  8 22:46:01 cls sshd[28972]: Failed password for root from 118.99.80.0 port 14292 ssh2
Dec  8 22:46:01 cls sshd[28974]: Invalid user keith from 64.227.160.133 port 60326
Dec  8 22:46:01 cls sshd[28974]: pam_unix(sshd:auth): check pass; user unknown
Dec  8 22:46:01 cls sshd[28974]: pam_unix(sshd:auth): authentication failure; logname= uid=0 euid=0 tty=ssh ruser= rhost=64.227.160.133 
Dec  8 22:46:01 cls sshd[28972]: Received disconnect from 118.99.80.0 port 14292:11: Bye Bye [preauth]
Dec  8 22:46:01 cls sshd[28972]: Disconnected from authenticating user root 118.99.80.0 port 14292 [preauth]
Dec  8 22:46:02 cls sshd[28970]: Failed password for ubuntu from 107.150.104.184 port 42800 ssh2
Dec  8 22:46:02 cls sshd[28974]: Failed password for invalid user keith from 64.227.160.133 port 60326 ssh2
Dec  8 22:46:04 cls sshd[28970]: Received disconnect from 107.150.104.184 port 42800:11: Bye Bye [preauth]
Dec  8 22:46:04 cls sshd[28970]: Disconnected from authenticating user ubuntu 107.150.104.184 port 42800 [preauth]
Dec  8 22:46:04 cls sshd[28974]: Received disconnect from 64.227.160.133 port 60326:11: Bye Bye [preauth]
Dec  8 22:46:04 cls sshd[28974]: Disconnected from invalid user keith 64.227.160.133 port 60326 [preauth]
Dec  8 22:46:20 cls sshd[28984]: Invalid user debian from 101.47.142.111 port 59990
Dec  8 22:46:20 cls sshd[28984]: pam_unix(sshd:auth): check pass; user unknown
Dec  8 22:46:20 cls sshd[28984]: pam_unix(sshd:auth): authentication failure; logname= uid=0 euid=0 tty=ssh ruser= rhost=101.47.142.111 
Dec  8 22:46:20 cls sshd[28982]: Invalid user steam from 181.2.146.184 port 52174
Dec  8 22:46:20 cls sshd[28982]: pam_unix(sshd:auth): check pass; user unknown
Dec  8 22:46:20 cls sshd[28982]: pam_unix(sshd:auth): authentication failure; logname= uid=0 euid=0 tty=ssh ruser= rhost=181.2.146.184 
Dec  8 22:46:21 cls sshd[28987]: pam_unix(sshd:auth): authentication failure; logname= uid=0 euid=0 tty=ssh ruser= rhost=69.10.60.50  user=root
Dec  8 22:46:22 cls sshd[28984]: Failed password for invalid user debian from 101.47.142.111 port 59990 ssh2
Dec  8 22:46:22 cls sshd[28982]: Failed password for invalid user steam from 181.2.146.184 port 52174 ssh2
Dec  8 22:46:23 cls sshd[28984]: Received disconnect from 101.47.142.111 port 59990:11: Bye Bye [preauth]
Dec  8 22:46:23 cls sshd[28984]: Disconnected from invalid user debian 101.47.142.111 port 59990 [preauth]
Dec  8 22:46:23 cls sshd[28982]: Received disconnect from 181.2.146.184 port 52174:11: Bye Bye [preauth]
Dec  8 22:46:23 cls sshd[28982]: Disconnected from invalid user steam 181.2.146.184 port 52174 [preauth]
Dec  8 22:46:23 cls sshd[28987]: Failed password for root from 69.10.60.50 port 36558 ssh2
Dec  8 22:46:23 cls sshd[28987]: Received disconnect from 69.10.60.50 port 36558:11: Bye Bye [preauth]
Dec  8 22:46:23 cls sshd[28987]: Disconnected from authenticating user root 69.10.60.50 port 36558 [preauth]
Dec  8 22:46:30 cls sshd[29004]: Invalid user oracle from 45.78.228.32 port 49554
Dec  8 22:46:30 cls sshd[29004]: pam_unix(sshd:auth): check pass; user unknown
Dec  8 22:46:30 cls sshd[29004]: pam_unix(sshd:auth): authentication failure; logname= uid=0 euid=0 tty=ssh ruser= rhost=45.78.228.32 
Dec  8 22:46:31 cls sshd[29004]: Failed password for invalid user oracle from 45.78.228.32 port 49554 ssh2
Dec  8 22:46:32 cls sshd[29004]: Received disconnect from 45.78.228.32 port 49554:11: Bye Bye [preauth]
Dec  8 22:46:32 cls sshd[29004]: Disconnected from invalid user oracle 45.78.228.32 port 49554 [preauth]
Dec  8 22:46:41 cls sshd[29015]: pam_unix(sshd:auth): authentication failure; logname= uid=0 euid=0 tty=ssh ruser= rhost=47.236.20.199  user=root
Dec  8 22:46:42 cls sshd[29017]: Invalid user cdr from 191.100.23.154 port 40802
Dec  8 22:46:42 cls sshd[29017]: pam_unix(sshd:auth): check pass; user unknown
Dec  8 22:46:42 cls sshd[29017]: pam_unix(sshd:auth): authentication failure; logname= uid=0 euid=0 tty=ssh ruser= rhost=191.100.23.154 
Dec  8 22:46:43 cls sshd[29015]: Failed password for root from 47.236.20.199 port 59076 ssh2
Dec  8 22:46:44 cls sshd[29015]: Received disconnect from 47.236.20.199 port 59076:11: Bye Bye [preauth]
Dec  8 22:46:44 cls sshd[29015]: Disconnected from authenticating user root 47.236.20.199 port 59076 [preauth]
Dec  8 22:46:44 cls sshd[29017]: Failed password for invalid user cdr from 191.100.23.154 port 40802 ssh2
Dec  8 22:46:45 cls sshd[29017]: Received disconnect from 191.100.23.154 port 40802:11: Bye Bye [preauth]
Dec  8 22:46:45 cls sshd[29017]: Disconnected from invalid user cdr 191.100.23.154 port 40802 [preauth]
Dec  8 22:46:48 cls sshd[29031]: Invalid user bb from 186.80.18.158 port 34746
Dec  8 22:46:48 cls sshd[29031]: pam_unix(sshd:auth): check pass; user unknown
Dec  8 22:46:48 cls sshd[29031]: pam_unix(sshd:auth): authentication failure; logname= uid=0 euid=0 tty=ssh ruser= rhost=186.80.18.158 
Dec  8 22:46:50 cls sshd[29031]: Failed password for invalid user bb from 186.80.18.158 port 34746 ssh2
Dec  8 22:46:51 cls sshd[29031]: Received disconnect from 186.80.18.158 port 34746:11: Bye Bye [preauth]
Dec  8 22:46:51 cls sshd[29031]: Disconnected from invalid user bb 186.80.18.158 port 34746 [preauth]
Dec  8 22:46:57 cls sshd[29035]: Invalid user supervisor from 209.141.47.217 port 52034
Dec  8 22:46:57 cls sshd[29035]: pam_unix(sshd:auth): check pass; user unknown
