Dec  8 22:19:38 cls sshd[24428]: Disconnected from authenticating user root 93.113.63.124 port 48624 [preauth]
Dec  8 22:19:38 cls sshd[24430]: Received disconnect from 167.71.36.180 port 54780:11: Bye Bye [preauth]
Dec  8 22:19:38 cls sshd[24430]: Disconnected from invalid user ftp_user 167.71.36.180 port 54780 [preauth]
Dec  8 22:19:41 cls sshd[24434]: pam_unix(sshd:auth): authentication failure; logname= uid=0 euid=0 tty=ssh ruser= rhost=209.141.47.217  user=root
Dec  8 22:19:41 cls sshd[24438]: pam_unix(sshd:auth): authentication failure; logname= uid=0 euid=0 tty=ssh ruser= rhost=185.208.156.50  user=root
Dec  8 22:19:41 cls sshd[24436]: pam_unix(sshd:auth): authentication failure; logname= uid=0 euid=0 tty=ssh ruser= rhost=69.10.60.50  user=root
Dec  8 22:19:43 cls sshd[24438]: Failed password for root from 185.208.156.50 port 45872 ssh2
Dec  8 22:19:43 cls sshd[24434]: Failed password for root from 209.141.47.217 port 42308 ssh2
Dec  8 22:19:43 cls sshd[24436]: Failed password for root from 69.10.60.50 port 56648 ssh2
Dec  8 22:19:43 cls sshd[24434]: Received disconnect from 209.141.47.217 port 42308:11: Bye Bye [preauth]
Dec  8 22:19:43 cls sshd[24434]: Disconnected from authenticating user root 209.141.47.217 port 42308 [preauth]
Dec  8 22:19:43 cls sshd[24438]: Received disconnect from 185.208.156.50 port 45872:11: Bye Bye [preauth]
Dec  8 22:19:43 cls sshd[24438]: Disconnected from authenticating user root 185.208.156.50 port 45872 [preauth]
Dec  8 22:19:44 cls sshd[24436]: Received disconnect from 69.10.60.50 port 56648:11: Bye Bye [preauth]
Dec  8 22:19:44 cls sshd[24436]: Disconnected from authenticating user root 69.10.60.50 port 56648 [preauth]
Dec  8 22:19:55 cls sshd[24440]: Invalid user keith from 64.227.107.145 port 48984
Dec  8 22:19:55 cls sshd[24440]: pam_unix(sshd:auth): check pass; user unknown
Dec  8 22:19:55 cls sshd[24440]: pam_unix(sshd:auth): authentication failure; logname= uid=0 euid=0 tty=ssh ruser= rhost=64.227.107.145 
Dec  8 22:19:57 cls sshd[24440]: Failed password for invalid user keith from 64.227.107.145 port 48984 ssh2
Dec  8 22:19:58 cls sshd[24440]: Received disconnect from 64.227.107.145 port 48984:11: Bye Bye [preauth]
Dec  8 22:19:58 cls sshd[24440]: Disconnected from invalid user keith 64.227.107.145 port 48984 [preauth]
Dec  8 22:20:02 cls sshd[24446]: Invalid user steam from 64.227.160.133 port 38206
Dec  8 22:20:02 cls sshd[24446]: pam_unix(sshd:auth): check pass; user unknown
Dec  8 22:20:02 cls sshd[24446]: pam_unix(sshd:auth): authentication failure; logname= uid=0 euid=0 tty=ssh ruser= rhost=64.227.160.133 
Dec  8 22:20:04 cls sshd[24448]: Invalid user staging from 162.241.127.152 port 37796
Dec  8 22:20:04 cls sshd[24448]: pam_unix(sshd:auth): check pass; user unknown
Dec  8 22:20:04 cls sshd[24448]: pam_unix(sshd:auth): authentication failure; logname= uid=0 euid=0 tty=ssh ruser= rhost=162.241.127.152 
Dec  8 22:20:05 cls sshd[24446]: Failed password for invalid user steam from 64.227.160.133 port 38206 ssh2
Dec  8 22:20:06 cls sshd[24448]: Failed password for invalid user staging from 162.241.127.152 port 37796 ssh2
Dec  8 22:20:06 cls sshd[24448]: Received disconnect from 162.241.127.152 port 37796:11: Bye Bye [preauth]
Dec  8 22:20:06 cls sshd[24448]: Disconnected from invalid user staging 162.241.127.152 port 37796 [preauth]
Dec  8 22:20:07 cls sshd[24446]: Received disconnect from 64.227.160.133 port 38206:11: Bye Bye [preauth]
Dec  8 22:20:07 cls sshd[24446]: Disconnected from invalid user steam 64.227.160.133 port 38206 [preauth]
Dec  8 22:20:10 cls sshd[24455]: pam_unix(sshd:auth): authentication failure; logname= uid=0 euid=0 tty=ssh ruser= rhost=191.100.23.154  user=root
Dec  8 22:20:10 cls sshd[24459]: Invalid user reza from 8.217.103.123 port 46568
Dec  8 22:20:10 cls sshd[24459]: pam_unix(sshd:auth): check pass; user unknown
Dec  8 22:20:10 cls sshd[24459]: pam_unix(sshd:auth): authentication failure; logname= uid=0 euid=0 tty=ssh ruser= rhost=8.217.103.123 
Dec  8 22:20:11 cls sshd[24457]: pam_unix(sshd:auth): authentication failure; logname= uid=0 euid=0 tty=ssh ruser= rhost=167.71.36.180  user=root
Dec  8 22:20:12 cls sshd[24455]: Failed password for root from 191.100.23.154 port 49978 ssh2
Dec  8 22:20:12 cls sshd[24459]: Failed password for invalid user reza from 8.217.103.123 port 46568 ssh2
Dec  8 22:20:12 cls sshd[24457]: Failed password for root from 167.71.36.180 port 54106 ssh2
Dec  8 22:20:12 cls sshd[24461]: Invalid user rust from 103.147.211.2 port 57852
Dec  8 22:20:12 cls sshd[24461]: pam_unix(sshd:auth): check pass; user unknown
Dec  8 22:20:12 cls sshd[24461]: pam_unix(sshd:auth): authentication failure; logname= uid=0 euid=0 tty=ssh ruser= rhost=103.147.211.2 
Dec  8 22:20:13 cls sshd[24459]: Received disconnect from 8.217.103.123 port 46568:11: Bye Bye [preauth]
Dec  8 22:20:13 cls sshd[24459]: Disconnected from invalid user reza 8.217.103.123 port 46568 [preauth]
Dec  8 22:20:13 cls sshd[24455]: Received disconnect from 191.100.23.154 port 49978:11: Bye Bye [preauth]
Dec  8 22:20:13 cls sshd[24455]: Disconnected from authenticating user root 191.100.23.154 port 49978 [preauth]
Dec  8 22:20:13 cls sshd[24457]: Received disconnect from 167.71.36.180 port 54106:11: Bye Bye [preauth]
Dec  8 22:20:13 cls sshd[24457]: Disconnected from authenticating user root 167.71.36.180 port 54106 [preauth]
Dec  8 22:20:14 cls sshd[24461]: Failed password for invalid user rust from 103.147.211.2 port 57852 ssh2
Dec  8 22:20:16 cls sshd[24461]: Received disconnect from 103.147.211.2 port 57852:11: Bye Bye [preauth]
Dec  8 22:20:16 cls sshd[24461]: Disconnected from invalid user rust 103.147.211.2 port 57852 [preauth]
Dec  8 22:20:21 cls sshd[24473]: pam_unix(sshd:auth): authentication failure; logname= uid=0 euid=0 tty=ssh ruser= rhost=101.47.163.94  user=root
Dec  8 22:20:22 cls sshd[24471]: Invalid user oracle from 179.57.170.71 port 4212
Dec  8 22:20:22 cls sshd[24471]: pam_unix(sshd:auth): check pass; user unknown
Dec  8 22:20:22 cls sshd[24471]: pam_unix(sshd:auth): authentication failure; logname= uid=0 euid=0 tty=ssh ruser= rhost=179.57.170.71 
Dec  8 22:20:24 cls sshd[24473]: Failed password for root from 101.47.163.94 port 45664 ssh2
Dec  8 22:20:24 cls sshd[24471]: Failed password for invalid user oracle from 179.57.170.71 port 4212 ssh2
Dec  8 22:20:24 cls sshd[24473]: Received disconnect from 101.47.163.94 port 45664:11: Bye Bye [preauth]
Dec  8 22:20:24 cls sshd[24473]: Disconnected from authenticating user root 101.47.163.94 port 45664 [preauth]
Dec  8 22:20:25 cls sshd[24471]: Received disconnect from 179.57.170.71 port 4212:11: Bye Bye [preauth]
Dec  8 22:20:25 cls sshd[24471]: Disconnected from invalid user oracle 179.57.170.71 port 4212 [preauth]
Dec  8 22:20:28 cls sshd[24480]: Invalid user git from 181.2.146.184 port 47948
Dec  8 22:20:28 cls sshd[24480]: pam_unix(sshd:auth): check pass; user unknown
Dec  8 22:20:28 cls sshd[24480]: pam_unix(sshd:auth): authentication failure; logname= uid=0 euid=0 tty=ssh ruser= rhost=181.2.146.184 
Dec  8 22:20:30 cls sshd[24480]: Failed password for invalid user git from 181.2.146.184 port 47948 ssh2
Dec  8 22:20:31 cls sshd[24480]: Received disconnect from 181.2.146.184 port 47948:11: Bye Bye [preauth]
Dec  8 22:20:31 cls sshd[24480]: Disconnected from invalid user git 181.2.146.184 port 47948 [preauth]
Dec  8 22:20:41 cls sshd[24485]: pam_unix(sshd:auth): authentication failure; logname= uid=0 euid=0 tty=ssh ruser= rhost=64.227.107.145  user=root
Dec  8 22:20:43 cls sshd[24487]: pam_unix(sshd:auth): authentication failure; logname= uid=0 euid=0 tty=ssh ruser= rhost=118.99.80.0  user=root
Dec  8 22:20:44 cls sshd[24485]: Failed password for root from 64.227.107.145 port 56148 ssh2
Dec  8 22:20:44 cls sshd[24487]: Failed password for root from 118.99.80.0 port 12736 ssh2
Dec  8 22:20:44 cls sshd[24485]: Received disconnect from 64.227.107.145 port 56148:11: Bye Bye [preauth]
Dec  8 22:20:44 cls sshd[24485]: Disconnected from authenticating user root 64.227.107.145 port 56148 [preauth]
Dec  8 22:20:45 cls sshd[24491]: Invalid user deploy from 185.208.156.50 port 53718
Dec  8 22:20:45 cls sshd[24489]: Invalid user liang from 167.71.36.180 port 46232
Dec  8 22:20:45 cls sshd[24491]: pam_unix(sshd:auth): check pass; user unknown
Dec  8 22:20:45 cls sshd[24491]: pam_unix(sshd:auth): authentication failure; logname= uid=0 euid=0 tty=ssh ruser= rhost=185.208.156.50 
Dec  8 22:20:45 cls sshd[24489]: pam_unix(sshd:auth): check pass; user unknown
Dec  8 22:20:45 cls sshd[24489]: pam_unix(sshd:auth): authentication failure; logname= uid=0 euid=0 tty=ssh ruser= rhost=167.71.36.180 
Dec  8 22:20:45 cls sshd[24493]: Invalid user mike from 93.113.63.124 port 53874
Dec  8 22:20:45 cls sshd[24493]: pam_unix(sshd:auth): check pass; user unknown
Dec  8 22:20:45 cls sshd[24493]: pam_unix(sshd:auth): authentication failure; logname= uid=0 euid=0 tty=ssh ruser= rhost=93.113.63.124 
Dec  8 22:20:45 cls sshd[24487]: Received disconnect from 118.99.80.0 port 12736:11: Bye Bye [preauth]
Dec  8 22:20:45 cls sshd[24487]: Disconnected from authenticating user root 118.99.80.0 port 12736 [preauth]
Dec  8 22:20:46 cls sshd[24491]: Failed password for invalid user deploy from 185.208.156.50 port 53718 ssh2
Dec  8 22:20:46 cls sshd[24489]: Failed password for invalid user liang from 167.71.36.180 port 46232 ssh2
Dec  8 22:20:47 cls sshd[24489]: Received disconnect from 167.71.36.180 port 46232:11: Bye Bye [preauth]
Dec  8 22:20:47 cls sshd[24489]: Disconnected from invalid user liang 167.71.36.180 port 46232 [preauth]
Dec  8 22:20:47 cls sshd[24495]: pam_unix(sshd:auth): authentication failure; logname= uid=0 euid=0 tty=ssh ruser= rhost=209.141.47.217  user=root
Dec  8 22:20:47 cls sshd[24493]: Failed password for invalid user mike from 93.113.63.124 port 53874 ssh2
Dec  8 22:20:48 cls sshd[24493]: Received disconnect from 93.113.63.124 port 53874:11: Bye Bye [preauth]
Dec  8 22:20:48 cls sshd[24493]: Disconnected from invalid user mike 93.113.63.124 port 53874 [preauth]
Dec  8 22:20:48 cls sshd[24491]: Received disconnect from 185.208.156.50 port 53718:11: Bye Bye [preauth]
Dec  8 22:20:48 cls sshd[24491]: Disconnected from invalid user deploy 185.208.156.50 port 53718 [preauth]
Dec  8 22:20:49 cls sshd[24505]: pam_unix(sshd:auth): authentication failure; logname= uid=0 euid=0 tty=ssh ruser= rhost=69.10.60.50  user=root
Dec  8 22:20:49 cls sshd[24495]: Failed password for root from 209.141.47.217 port 59656 ssh2
Dec  8 22:20:50 cls sshd[24495]: Received disconnect from 209.141.47.217 port 59656:11: Bye Bye [preauth]
Dec  8 22:20:50 cls sshd[24495]: Disconnected from authenticating user root 209.141.47.217 port 59656 [preauth]
Dec  8 22:20:51 cls sshd[24510]: Invalid user saeid from 14.103.127.204 port 33802
Dec  8 22:20:51 cls sshd[24510]: pam_unix(sshd:auth): check pass; user unknown
Dec  8 22:20:51 cls sshd[24510]: pam_unix(sshd:auth): authentication failure; logname= uid=0 euid=0 tty=ssh ruser= rhost=14.103.127.204 
Dec  8 22:20:51 cls sshd[24505]: Failed password for root from 69.10.60.50 port 34796 ssh2
Dec  8 22:20:52 cls sshd[24505]: Received disconnect from 69.10.60.50 port 34796:11: Bye Bye [preauth]
Dec  8 22:20:52 cls sshd[24505]: Disconnected from authenticating user root 69.10.60.50 port 34796 [preauth]
Dec  8 22:20:53 cls sshd[24524]: pam_unix(sshd:auth): authentication failure; logname= uid=0 euid=0 tty=ssh ruser= rhost=47.236.20.199  user=root
Dec  8 22:20:53 cls sshd[24510]: Failed password for invalid user saeid from 14.103.127.204 port 33802 ssh2
Dec  8 22:20:55 cls sshd[24524]: Failed password for root from 47.236.20.199 port 52884 ssh2
Dec  8 22:20:55 cls sshd[24524]: Received disconnect from 47.236.20.199 port 52884:11: Bye Bye [preauth]
Dec  8 22:20:55 cls sshd[24524]: Disconnected from authenticating user root 47.236.20.199 port 52884 [preauth]
Dec  8 22:20:57 cls sshd[24533]: pam_unix(sshd:auth): authentication failure; logname= uid=0 euid=0 tty=ssh ruser= rhost=45.78.228.32  user=root
Dec  8 22:20:58 cls sshd[24533]: Failed password for root from 45.78.228.32 port 51558 ssh2
Dec  8 22:20:59 cls sshd[24533]: Received disconnect from 45.78.228.32 port 51558:11: Bye Bye [preauth]
Dec  8 22:20:59 cls sshd[24533]: Disconnected from authenticating user root 45.78.228.32 port 51558 [preauth]
Dec  8 22:21:14 cls sshd[24543]: Invalid user bharath from 167.71.36.180 port 16234
Dec  8 22:21:14 cls sshd[24543]: pam_unix(sshd:auth): check pass; user unknown
Dec  8 22:21:14 cls sshd[24543]: pam_unix(sshd:auth): authentication failure; logname= uid=0 euid=0 tty=ssh ruser= rhost=167.71.36.180 
Dec  8 22:21:14 cls sshd[24541]: Invalid user admin1 from 101.47.142.111 port 56612
Dec  8 22:21:14 cls sshd[24541]: pam_unix(sshd:auth): check pass; user unknown
Dec  8 22:21:14 cls sshd[24541]: pam_unix(sshd:auth): authentication failure; logname= uid=0 euid=0 tty=ssh ruser= rhost=101.47.142.111 
Dec  8 22:21:15 cls sshd[24550]: pam_unix(sshd:auth): authentication failure; logname= uid=0 euid=0 tty=ssh ruser= rhost=64.227.160.133  user=root
Dec  8 22:21:16 cls sshd[24543]: Failed password for invalid user bharath from 167.71.36.180 port 16234 ssh2
Dec  8 22:21:16 cls sshd[24541]: Failed password for invalid user admin1 from 101.47.142.111 port 56612 ssh2
Dec  8 22:21:17 cls sshd[24541]: Received disconnect from 101.47.142.111 port 56612:11: Bye Bye [preauth]
Dec  8 22:21:17 cls sshd[24541]: Disconnected from invalid user admin1 101.47.142.111 port 56612 [preauth]
Dec  8 22:21:17 cls sshd[24550]: Failed password for root from 64.227.160.133 port 53102 ssh2
Dec  8 22:21:18 cls sshd[24543]: Received disconnect from 167.71.36.180 port 16234:11: Bye Bye [preauth]
Dec  8 22:21:18 cls sshd[24543]: Disconnected from invalid user bharath 167.71.36.180 port 16234 [preauth]
Dec  8 22:21:18 cls sshd[24550]: Received disconnect from 64.227.160.133 port 53102:11: Bye Bye [preauth]
Dec  8 22:21:18 cls sshd[24550]: Disconnected from authenticating user root 64.227.160.133 port 53102 [preauth]
Dec  8 22:21:20 cls sshd[24552]: Invalid user dev from 162.241.127.152 port 38972
Dec  8 22:21:20 cls sshd[24552]: pam_unix(sshd:auth): check pass; user unknown
Dec  8 22:21:20 cls sshd[24552]: pam_unix(sshd:auth): authentication failure; logname= uid=0 euid=0 tty=ssh ruser= rhost=162.241.127.152 
Dec  8 22:21:22 cls sshd[24552]: Failed password for invalid user dev from 162.241.127.152 port 38972 ssh2
Dec  8 22:21:22 cls sshd[24552]: Received disconnect from 162.241.127.152 port 38972:11: Bye Bye [preauth]
Dec  8 22:21:22 cls sshd[24552]: Disconnected from invalid user dev 162.241.127.152 port 38972 [preauth]
Dec  8 22:21:23 cls sshd[24554]: pam_unix(sshd:auth): authentication failure; logname= uid=0 euid=0 tty=ssh ruser= rhost=186.80.18.158  user=ubuntu
Dec  8 22:21:26 cls sshd[24554]: Failed password for ubuntu from 186.80.18.158 port 54842 ssh2
Dec  8 22:21:27 cls sshd[24554]: Received disconnect from 186.80.18.158 port 54842:11: Bye Bye [preauth]
Dec  8 22:21:27 cls sshd[24554]: Disconnected from authenticating user ubuntu 186.80.18.158 port 54842 [preauth]
Dec  8 22:21:27 cls sshd[24556]: pam_unix(sshd:auth): authentication failure; logname= uid=0 euid=0 tty=ssh ruser= rhost=64.227.107.145  user=root
Dec  8 22:21:29 cls sshd[24561]: pam_unix(sshd:auth): authentication failure; logname= uid=0 euid=0 tty=ssh ruser= rhost=8.217.103.123  user=root
Dec  8 22:21:29 cls sshd[24556]: Failed password for root from 64.227.107.145 port 37254 ssh2
Dec  8 22:21:30 cls sshd[24556]: Received disconnect from 64.227.107.145 port 37254:11: Bye Bye [preauth]
Dec  8 22:21:30 cls sshd[24556]: Disconnected from authenticating user root 64.227.107.145 port 37254 [preauth]
Dec  8 22:21:31 cls sshd[24561]: Failed password for root from 8.217.103.123 port 57880 ssh2
Dec  8 22:21:32 cls sshd[24561]: Received disconnect from 8.217.103.123 port 57880:11: Bye Bye [preauth]
Dec  8 22:21:32 cls sshd[24561]: Disconnected from authenticating user root 8.217.103.123 port 57880 [preauth]
Dec  8 22:21:32 cls sshd[24570]: Invalid user test from 103.147.211.2 port 40588
Dec  8 22:21:32 cls sshd[24570]: pam_unix(sshd:auth): check pass; user unknown
Dec  8 22:21:32 cls sshd[24570]: pam_unix(sshd:auth): authentication failure; logname= uid=0 euid=0 tty=ssh ruser= rhost=103.147.211.2 
Dec  8 22:21:32 cls sshd[24566]: Invalid user ansible from 191.100.23.154 port 53316
Dec  8 22:21:32 cls sshd[24566]: pam_unix(sshd:auth): check pass; user unknown
Dec  8 22:21:32 cls sshd[24566]: pam_unix(sshd:auth): authentication failure; logname= uid=0 euid=0 tty=ssh ruser= rhost=191.100.23.154 
Dec  8 22:21:34 cls sshd[24570]: Failed password for invalid user test from 103.147.211.2 port 40588 ssh2
Dec  8 22:21:34 cls sshd[24570]: Received disconnect from 103.147.211.2 port 40588:11: Bye Bye [preauth]
Dec  8 22:21:34 cls sshd[24570]: Disconnected from invalid user test 103.147.211.2 port 40588 [preauth]
Dec  8 22:21:34 cls sshd[24566]: Failed password for invalid user ansible from 191.100.23.154 port 53316 ssh2
Dec  8 22:21:35 cls sshd[24566]: Received disconnect from 191.100.23.154 port 53316:11: Bye Bye [preauth]
Dec  8 22:21:35 cls sshd[24566]: Disconnected from invalid user ansible 191.100.23.154 port 53316 [preauth]
Dec  8 22:21:44 cls sshd[24581]: Invalid user newuser from 185.208.156.50 port 43274
Dec  8 22:21:44 cls sshd[24581]: pam_unix(sshd:auth): check pass; user unknown
Dec  8 22:21:44 cls sshd[24581]: pam_unix(sshd:auth): authentication failure; logname= uid=0 euid=0 tty=ssh ruser= rhost=185.208.156.50 
Dec  8 22:21:45 cls sshd[24588]: Invalid user openstack from 167.71.36.180 port 11036
Dec  8 22:21:45 cls sshd[24588]: pam_unix(sshd:auth): check pass; user unknown
Dec  8 22:21:45 cls sshd[24588]: pam_unix(sshd:auth): authentication failure; logname= uid=0 euid=0 tty=ssh ruser= rhost=167.71.36.180 
Dec  8 22:21:45 cls sshd[24581]: Failed password for invalid user newuser from 185.208.156.50 port 43274 ssh2
Dec  8 22:21:46 cls sshd[24581]: Received disconnect from 185.208.156.50 port 43274:11: Bye Bye [preauth]
Dec  8 22:21:46 cls sshd[24581]: Disconnected from invalid user newuser 185.208.156.50 port 43274 [preauth]
Dec  8 22:21:47 cls sshd[24588]: Failed password for invalid user openstack from 167.71.36.180 port 11036 ssh2
Dec  8 22:21:48 cls sshd[24588]: Received disconnect from 167.71.36.180 port 11036:11: Bye Bye [preauth]
Dec  8 22:21:48 cls sshd[24588]: Disconnected from invalid user openstack 167.71.36.180 port 11036 [preauth]
Dec  8 22:21:48 cls sshd[24593]: pam_unix(sshd:auth): authentication failure; logname= uid=0 euid=0 tty=ssh ruser= rhost=209.141.47.217  user=root
Dec  8 22:21:50 cls sshd[24593]: Failed password for root from 209.141.47.217 port 59610 ssh2
Dec  8 22:21:50 cls sshd[24595]: pam_unix(sshd:auth): authentication failure; logname= uid=0 euid=0 tty=ssh ruser= rhost=69.10.60.50  user=root
Dec  8 22:21:51 cls sshd[24593]: Received disconnect from 209.141.47.217 port 59610:11: Bye Bye [preauth]
Dec  8 22:21:51 cls sshd[24593]: Disconnected from authenticating user root 209.141.47.217 port 59610 [preauth]
Dec  8 22:21:52 cls sshd[24595]: Failed password for root from 69.10.60.50 port 47326 ssh2
Dec  8 22:21:53 cls sshd[24595]: Received disconnect from 69.10.60.50 port 47326:11: Bye Bye [preauth]
Dec  8 22:21:53 cls sshd[24595]: Disconnected from authenticating user root 69.10.60.50 port 47326 [preauth]
Dec  8 22:21:55 cls sshd[24599]: pam_unix(sshd:auth): authentication failure; logname= uid=0 euid=0 tty=ssh ruser= rhost=93.113.63.124  user=root
Dec  8 22:21:55 cls sshd[24597]: Invalid user solr from 181.2.146.184 port 47458
Dec  8 22:21:55 cls sshd[24597]: pam_unix(sshd:auth): check pass; user unknown
Dec  8 22:21:55 cls sshd[24597]: pam_unix(sshd:auth): authentication failure; logname= uid=0 euid=0 tty=ssh ruser= rhost=181.2.146.184 
Dec  8 22:21:55 cls sshd[24601]: Invalid user mika from 179.57.170.71 port 61912
Dec  8 22:21:55 cls sshd[24601]: pam_unix(sshd:auth): check pass; user unknown
Dec  8 22:21:55 cls sshd[24601]: pam_unix(sshd:auth): authentication failure; logname= uid=0 euid=0 tty=ssh ruser= rhost=179.57.170.71 
Dec  8 22:21:56 cls sshd[24599]: Failed password for root from 93.113.63.124 port 60562 ssh2
Dec  8 22:21:57 cls sshd[24597]: Failed password for invalid user solr from 181.2.146.184 port 47458 ssh2
Dec  8 22:21:57 cls sshd[24601]: Failed password for invalid user mika from 179.57.170.71 port 61912 ssh2
Dec  8 22:21:57 cls sshd[24599]: Received disconnect from 93.113.63.124 port 60562:11: Bye Bye [preauth]
Dec  8 22:21:57 cls sshd[24599]: Disconnected from authenticating user root 93.113.63.124 port 60562 [preauth]
Dec  8 22:21:57 cls sshd[24601]: Received disconnect from 179.57.170.71 port 61912:11: Bye Bye [preauth]
Dec  8 22:21:57 cls sshd[24601]: Disconnected from invalid user mika 179.57.170.71 port 61912 [preauth]
Dec  8 22:21:58 cls sshd[24597]: Received disconnect from 181.2.146.184 port 47458:11: Bye Bye [preauth]
Dec  8 22:21:58 cls sshd[24597]: Disconnected from invalid user solr 181.2.146.184 port 47458 [preauth]
Dec  8 22:21:58 cls sshd[24609]: Invalid user newuser from 118.99.80.0 port 12790
Dec  8 22:21:58 cls sshd[24609]: pam_unix(sshd:auth): check pass; user unknown
Dec  8 22:21:58 cls sshd[24609]: pam_unix(sshd:auth): authentication failure; logname= uid=0 euid=0 tty=ssh ruser= rhost=118.99.80.0 
Dec  8 22:22:00 cls sshd[24609]: Failed password for invalid user newuser from 118.99.80.0 port 12790 ssh2
Dec  8 22:22:02 cls sshd[24609]: Received disconnect from 118.99.80.0 port 12790:11: Bye Bye [preauth]
Dec  8 22:22:02 cls sshd[24609]: Disconnected from invalid user newuser 118.99.80.0 port 12790 [preauth]
Dec  8 22:22:15 cls sshd[24620]: pam_unix(sshd:auth): authentication failure; logname= uid=0 euid=0 tty=ssh ruser= rhost=64.227.107.145  user=root
Dec  8 22:22:16 cls sshd[24620]: Failed password for root from 64.227.107.145 port 50502 ssh2
Dec  8 22:22:16 cls sshd[24622]: pam_unix(sshd:auth): authentication failure; logname= uid=0 euid=0 tty=ssh ruser= rhost=167.71.36.180  user=root
Dec  8 22:22:17 cls sshd[24620]: Received disconnect from 64.227.107.145 port 50502:11: Bye Bye [preauth]
Dec  8 22:22:17 cls sshd[24620]: Disconnected from authenticating user root 64.227.107.145 port 50502 [preauth]
Dec  8 22:22:18 cls sshd[24629]: pam_unix(sshd:auth): authentication failure; logname= uid=0 euid=0 tty=ssh ruser= rhost=47.236.20.199  user=root
Dec  8 22:22:19 cls sshd[24622]: Failed password for root from 167.71.36.180 port 44638 ssh2
Dec  8 22:22:19 cls sshd[24626]: Invalid user samba from 14.103.120.124 port 53766
Dec  8 22:22:19 cls sshd[24626]: pam_unix(sshd:auth): check pass; user unknown
Dec  8 22:22:19 cls sshd[24626]: pam_unix(sshd:auth): authentication failure; logname= uid=0 euid=0 tty=ssh ruser= rhost=14.103.120.124 
Dec  8 22:22:19 cls sshd[24622]: Received disconnect from 167.71.36.180 port 44638:11: Bye Bye [preauth]
Dec  8 22:22:19 cls sshd[24622]: Disconnected from authenticating user root 167.71.36.180 port 44638 [preauth]
Dec  8 22:22:20 cls sshd[24629]: Failed password for root from 47.236.20.199 port 54792 ssh2
Dec  8 22:22:21 cls sshd[24629]: Received disconnect from 47.236.20.199 port 54792:11: Bye Bye [preauth]
Dec  8 22:22:21 cls sshd[24629]: Disconnected from authenticating user root 47.236.20.199 port 54792 [preauth]
Dec  8 22:22:21 cls sshd[24626]: Failed password for invalid user samba from 14.103.120.124 port 53766 ssh2
Dec  8 22:22:27 cls sshd[24633]: Invalid user vikas from 64.227.160.133 port 46468
Dec  8 22:22:27 cls sshd[24633]: pam_unix(sshd:auth): check pass; user unknown
Dec  8 22:22:27 cls sshd[24633]: pam_unix(sshd:auth): authentication failure; logname= uid=0 euid=0 tty=ssh ruser= rhost=64.227.160.133 
Dec  8 22:22:29 cls sshd[24633]: Failed password for invalid user vikas from 64.227.160.133 port 46468 ssh2
Dec  8 22:22:31 cls sshd[24633]: Received disconnect from 64.227.160.133 port 46468:11: Bye Bye [preauth]
Dec  8 22:22:31 cls sshd[24633]: Disconnected from invalid user vikas 64.227.160.133 port 46468 [preauth]
Dec  8 22:22:35 cls sshd[24640]: Invalid user gamer from 162.241.127.152 port 40146
Dec  8 22:22:35 cls sshd[24640]: pam_unix(sshd:auth): check pass; user unknown
Dec  8 22:22:35 cls sshd[24640]: pam_unix(sshd:auth): authentication failure; logname= uid=0 euid=0 tty=ssh ruser= rhost=162.241.127.152 
Dec  8 22:22:37 cls sshd[24640]: Failed password for invalid user gamer from 162.241.127.152 port 40146 ssh2
Dec  8 22:22:37 cls sshd[24640]: Received disconnect from 162.241.127.152 port 40146:11: Bye Bye [preauth]
Dec  8 22:22:37 cls sshd[24640]: Disconnected from invalid user gamer 162.241.127.152 port 40146 [preauth]
Dec  8 22:22:45 cls sshd[24649]: pam_unix(sshd:auth): authentication failure; logname= uid=0 euid=0 tty=ssh ruser= rhost=185.208.156.50  user=root
Dec  8 22:22:45 cls sshd[24651]: pam_unix(sshd:auth): authentication failure; logname= uid=0 euid=0 tty=ssh ruser= rhost=103.147.211.2  user=root
Dec  8 22:22:47 cls sshd[24649]: Failed password for root from 185.208.156.50 port 50754 ssh2
Dec  8 22:22:47 cls sshd[24651]: Failed password for root from 103.147.211.2 port 45154 ssh2
Dec  8 22:22:48 cls sshd[24649]: Received disconnect from 185.208.156.50 port 50754:11: Bye Bye [preauth]
Dec  8 22:22:48 cls sshd[24649]: Disconnected from authenticating user root 185.208.156.50 port 50754 [preauth]
Dec  8 22:22:48 cls sshd[24651]: Received disconnect from 103.147.211.2 port 45154:11: Bye Bye [preauth]
Dec  8 22:22:48 cls sshd[24651]: Disconnected from authenticating user root 103.147.211.2 port 45154 [preauth]
Dec  8 22:22:50 cls sshd[24656]: pam_unix(sshd:auth): authentication failure; logname= uid=0 euid=0 tty=ssh ruser= rhost=167.71.36.180  user=root
Dec  8 22:22:51 cls sshd[24658]: pam_unix(sshd:auth): authentication failure; logname= uid=0 euid=0 tty=ssh ruser= rhost=69.10.60.50  user=root
Dec  8 22:22:51 cls sshd[24660]: pam_unix(sshd:auth): authentication failure; logname= uid=0 euid=0 tty=ssh ruser= rhost=8.217.103.123  user=root
Dec  8 22:22:52 cls sshd[24656]: Failed password for root from 167.71.36.180 port 14454 ssh2
Dec  8 22:22:53 cls sshd[24658]: Failed password for root from 69.10.60.50 port 43552 ssh2
Dec  8 22:22:53 cls sshd[24660]: Failed password for root from 8.217.103.123 port 54352 ssh2
Dec  8 22:22:53 cls sshd[24656]: Received disconnect from 167.71.36.180 port 14454:11: Bye Bye [preauth]
Dec  8 22:22:53 cls sshd[24656]: Disconnected from authenticating user root 167.71.36.180 port 14454 [preauth]
Dec  8 22:22:53 cls sshd[24664]: Invalid user webmin from 191.100.23.154 port 34892
Dec  8 22:22:53 cls sshd[24664]: pam_unix(sshd:auth): check pass; user unknown
Dec  8 22:22:53 cls sshd[24664]: pam_unix(sshd:auth): authentication failure; logname= uid=0 euid=0 tty=ssh ruser= rhost=191.100.23.154 
Dec  8 22:22:53 cls sshd[24666]: pam_unix(sshd:auth): authentication failure; logname= uid=0 euid=0 tty=ssh ruser= rhost=209.141.47.217  user=root
Dec  8 22:22:54 cls sshd[24658]: Received disconnect from 69.10.60.50 port 43552:11: Bye Bye [preauth]
Dec  8 22:22:54 cls sshd[24658]: Disconnected from authenticating user root 69.10.60.50 port 43552 [preauth]
Dec  8 22:22:54 cls sshd[24660]: Received disconnect from 8.217.103.123 port 54352:11: Bye Bye [preauth]
Dec  8 22:22:54 cls sshd[24660]: Disconnected from authenticating user root 8.217.103.123 port 54352 [preauth]
Dec  8 22:22:55 cls sshd[24664]: Failed password for invalid user webmin from 191.100.23.154 port 34892 ssh2
Dec  8 22:22:56 cls sshd[24666]: Failed password for root from 209.141.47.217 port 59180 ssh2
Dec  8 22:22:56 cls sshd[24666]: Received disconnect from 209.141.47.217 port 59180:11: Bye Bye [preauth]
Dec  8 22:22:56 cls sshd[24666]: Disconnected from authenticating user root 209.141.47.217 port 59180 [preauth]
Dec  8 22:22:58 cls sshd[24664]: Received disconnect from 191.100.23.154 port 34892:11: Bye Bye [preauth]
Dec  8 22:22:58 cls sshd[24664]: Disconnected from invalid user webmin 191.100.23.154 port 34892 [preauth]
Dec  8 22:23:01 cls sshd[24671]: Invalid user sistemas from 64.227.107.145 port 40904
Dec  8 22:23:01 cls sshd[24671]: pam_unix(sshd:auth): check pass; user unknown
Dec  8 22:23:01 cls sshd[24671]: pam_unix(sshd:auth): authentication failure; logname= uid=0 euid=0 tty=ssh ruser= rhost=64.227.107.145 
Dec  8 22:23:03 cls sshd[24671]: Failed password for invalid user sistemas from 64.227.107.145 port 40904 ssh2
Dec  8 22:23:04 cls sshd[24679]: Invalid user deploy from 93.113.63.124 port 46526
Dec  8 22:23:04 cls sshd[24679]: pam_unix(sshd:auth): check pass; user unknown
Dec  8 22:23:04 cls sshd[24679]: pam_unix(sshd:auth): authentication failure; logname= uid=0 euid=0 tty=ssh ruser= rhost=93.113.63.124 
Dec  8 22:23:04 cls sshd[24671]: Received disconnect from 64.227.107.145 port 40904:11: Bye Bye [preauth]
Dec  8 22:23:04 cls sshd[24671]: Disconnected from invalid user sistemas 64.227.107.145 port 40904 [preauth]
Dec  8 22:23:06 cls sshd[24679]: Failed password for invalid user deploy from 93.113.63.124 port 46526 ssh2
Dec  8 22:23:07 cls sshd[24679]: Received disconnect from 93.113.63.124 port 46526:11: Bye Bye [preauth]
Dec  8 22:23:07 cls sshd[24679]: Disconnected from invalid user deploy 93.113.63.124 port 46526 [preauth]
Dec  8 22:23:15 cls sshd[24692]: pam_unix(sshd:auth): authentication failure; logname= uid=0 euid=0 tty=ssh ruser= rhost=45.78.228.32  user=root
Dec  8 22:23:16 cls sshd[24694]: pam_unix(sshd:auth): authentication failure; logname= uid=0 euid=0 tty=ssh ruser= rhost=118.99.80.0  user=root
Dec  8 22:23:17 cls sshd[24692]: Failed password for root from 45.78.228.32 port 36852 ssh2
Dec  8 22:23:18 cls sshd[24694]: Failed password for root from 118.99.80.0 port 6559 ssh2
Dec  8 22:23:18 cls sshd[24692]: Received disconnect from 45.78.228.32 port 36852:11: Bye Bye [preauth]
Dec  8 22:23:18 cls sshd[24692]: Disconnected from authenticating user root 45.78.228.32 port 36852 [preauth]
Dec  8 22:23:18 cls sshd[24694]: Received disconnect from 118.99.80.0 port 6559:11: Bye Bye [preauth]
Dec  8 22:23:18 cls sshd[24694]: Disconnected from authenticating user root 118.99.80.0 port 6559 [preauth]
Dec  8 22:23:22 cls sshd[24701]: pam_unix(sshd:auth): authentication failure; logname= uid=0 euid=0 tty=ssh ruser= rhost=179.57.170.71  user=root
Dec  8 22:23:22 cls sshd[24703]: pam_unix(sshd:auth): authentication failure; logname= uid=0 euid=0 tty=ssh ruser= rhost=181.2.146.184  user=root
Dec  8 22:23:24 cls sshd[24701]: Failed password for root from 179.57.170.71 port 55110 ssh2
Dec  8 22:23:24 cls sshd[24705]: pam_unix(sshd:auth): authentication failure; logname= uid=0 euid=0 tty=ssh ruser= rhost=167.71.36.180  user=root
Dec  8 22:23:24 cls sshd[24703]: Failed password for root from 181.2.146.184 port 59096 ssh2
Dec  8 22:23:25 cls sshd[24701]: Received disconnect from 179.57.170.71 port 55110:11: Bye Bye [preauth]
Dec  8 22:23:25 cls sshd[24701]: Disconnected from authenticating user root 179.57.170.71 port 55110 [preauth]
Dec  8 22:23:25 cls sshd[24703]: Received disconnect from 181.2.146.184 port 59096:11: Bye Bye [preauth]
Dec  8 22:23:25 cls sshd[24703]: Disconnected from authenticating user root 181.2.146.184 port 59096 [preauth]
Dec  8 22:23:26 cls sshd[24705]: Failed password for root from 167.71.36.180 port 51076 ssh2
Dec  8 22:23:27 cls sshd[24705]: Received disconnect from 167.71.36.180 port 51076:11: Bye Bye [preauth]
Dec  8 22:23:27 cls sshd[24705]: Disconnected from authenticating user root 167.71.36.180 port 51076 [preauth]
Dec  8 22:23:39 cls sshd[24716]: Invalid user test from 64.227.160.133 port 46342
Dec  8 22:23:39 cls sshd[24716]: pam_unix(sshd:auth): check pass; user unknown
Dec  8 22:23:39 cls sshd[24716]: pam_unix(sshd:auth): authentication failure; logname= uid=0 euid=0 tty=ssh ruser= rhost=64.227.160.133 
Dec  8 22:23:41 cls sshd[24716]: Failed password for invalid user test from 64.227.160.133 port 46342 ssh2
Dec  8 22:23:43 cls sshd[24716]: Received disconnect from 64.227.160.133 port 46342:11: Bye Bye [preauth]
Dec  8 22:23:43 cls sshd[24716]: Disconnected from invalid user test 64.227.160.133 port 46342 [preauth]
Dec  8 22:23:45 cls sshd[24718]: Invalid user testuser from 47.236.20.199 port 56708
Dec  8 22:23:45 cls sshd[24718]: pam_unix(sshd:auth): check pass; user unknown
Dec  8 22:23:45 cls sshd[24718]: pam_unix(sshd:auth): authentication failure; logname= uid=0 euid=0 tty=ssh ruser= rhost=47.236.20.199 
Dec  8 22:23:47 cls sshd[24718]: Failed password for invalid user testuser from 47.236.20.199 port 56708 ssh2
Dec  8 22:23:47 cls sshd[24720]: pam_unix(sshd:auth): authentication failure; logname= uid=0 euid=0 tty=ssh ruser= rhost=101.47.142.111  user=root
Dec  8 22:23:47 cls sshd[24714]: Connection closed by 165.154.55.146 port 43854 [preauth]
Dec  8 22:23:48 cls sshd[24718]: Received disconnect from 47.236.20.199 port 56708:11: Bye Bye [preauth]
Dec  8 22:23:48 cls sshd[24718]: Disconnected from invalid user testuser 47.236.20.199 port 56708 [preauth]
Dec  8 22:23:48 cls sshd[24724]: Invalid user test from 185.208.156.50 port 45034
Dec  8 22:23:48 cls sshd[24724]: pam_unix(sshd:auth): check pass; user unknown
Dec  8 22:23:48 cls sshd[24724]: pam_unix(sshd:auth): authentication failure; logname= uid=0 euid=0 tty=ssh ruser= rhost=185.208.156.50 
Dec  8 22:23:49 cls sshd[24720]: Failed password for root from 101.47.142.111 port 41146 ssh2
Dec  8 22:23:49 cls sshd[24726]: Invalid user testuser from 64.227.107.145 port 41398
Dec  8 22:23:49 cls sshd[24726]: pam_unix(sshd:auth): check pass; user unknown
Dec  8 22:23:49 cls sshd[24726]: pam_unix(sshd:auth): authentication failure; logname= uid=0 euid=0 tty=ssh ruser= rhost=64.227.107.145 
Dec  8 22:23:49 cls sshd[24720]: Received disconnect from 101.47.142.111 port 41146:11: Bye Bye [preauth]
Dec  8 22:23:49 cls sshd[24720]: Disconnected from authenticating user root 101.47.142.111 port 41146 [preauth]
Dec  8 22:23:51 cls sshd[24724]: Failed password for invalid user test from 185.208.156.50 port 45034 ssh2
Dec  8 22:23:51 cls sshd[24726]: Failed password for invalid user testuser from 64.227.107.145 port 41398 ssh2
Dec  8 22:23:52 cls sshd[24728]: Invalid user reza from 162.241.127.152 port 41338
Dec  8 22:23:52 cls sshd[24728]: pam_unix(sshd:auth): check pass; user unknown
Dec  8 22:23:52 cls sshd[24728]: pam_unix(sshd:auth): authentication failure; logname= uid=0 euid=0 tty=ssh ruser= rhost=162.241.127.152 
Dec  8 22:23:52 cls sshd[24724]: Received disconnect from 185.208.156.50 port 45034:11: Bye Bye [preauth]
Dec  8 22:23:52 cls sshd[24724]: Disconnected from invalid user test 185.208.156.50 port 45034 [preauth]
Dec  8 22:23:52 cls sshd[24730]: Invalid user openstack from 69.10.60.50 port 37220
Dec  8 22:23:52 cls sshd[24730]: pam_unix(sshd:auth): check pass; user unknown
Dec  8 22:23:52 cls sshd[24730]: pam_unix(sshd:auth): authentication failure; logname= uid=0 euid=0 tty=ssh ruser= rhost=69.10.60.50 
Dec  8 22:23:53 cls sshd[24726]: Received disconnect from 64.227.107.145 port 41398:11: Bye Bye [preauth]
Dec  8 22:23:53 cls sshd[24726]: Disconnected from invalid user testuser 64.227.107.145 port 41398 [preauth]
Dec  8 22:23:54 cls sshd[24728]: Failed password for invalid user reza from 162.241.127.152 port 41338 ssh2
Dec  8 22:23:54 cls sshd[24730]: Failed password for invalid user openstack from 69.10.60.50 port 37220 ssh2
Dec  8 22:23:55 cls sshd[24730]: Received disconnect from 69.10.60.50 port 37220:11: Bye Bye [preauth]
Dec  8 22:23:55 cls sshd[24730]: Disconnected from invalid user openstack 69.10.60.50 port 37220 [preauth]
Dec  8 22:23:56 cls sshd[24739]: Invalid user user from 209.141.47.217 port 33744
Dec  8 22:23:56 cls sshd[24739]: pam_unix(sshd:auth): check pass; user unknown
Dec  8 22:23:56 cls sshd[24739]: pam_unix(sshd:auth): authentication failure; logname= uid=0 euid=0 tty=ssh ruser= rhost=209.141.47.217 
Dec  8 22:23:56 cls sshd[24728]: Received disconnect from 162.241.127.152 port 41338:11: Bye Bye [preauth]
Dec  8 22:23:56 cls sshd[24728]: Disconnected from invalid user reza 162.241.127.152 port 41338 [preauth]
Dec  8 22:23:58 cls sshd[24739]: Failed password for invalid user user from 209.141.47.217 port 33744 ssh2
Dec  8 22:23:58 cls sshd[24741]: Invalid user test from 167.71.36.180 port 23790
Dec  8 22:23:58 cls sshd[24741]: pam_unix(sshd:auth): check pass; user unknown
Dec  8 22:23:58 cls sshd[24741]: pam_unix(sshd:auth): authentication failure; logname= uid=0 euid=0 tty=ssh ruser= rhost=167.71.36.180 
Dec  8 22:23:59 cls sshd[24739]: Received disconnect from 209.141.47.217 port 33744:11: Bye Bye [preauth]
Dec  8 22:23:59 cls sshd[24739]: Disconnected from invalid user user 209.141.47.217 port 33744 [preauth]
Dec  8 22:23:59 cls sshd[24746]: pam_unix(sshd:auth): authentication failure; logname= uid=0 euid=0 tty=ssh ruser= rhost=103.147.211.2  user=root
Dec  8 22:24:00 cls sshd[24741]: Failed password for invalid user test from 167.71.36.180 port 23790 ssh2
Dec  8 22:24:01 cls sshd[24741]: Received disconnect from 167.71.36.180 port 23790:11: Bye Bye [preauth]
Dec  8 22:24:01 cls sshd[24741]: Disconnected from invalid user test 167.71.36.180 port 23790 [preauth]
Dec  8 22:24:02 cls sshd[24746]: Failed password for root from 103.147.211.2 port 47058 ssh2
Dec  8 22:24:05 cls sshd[24746]: Received disconnect from 103.147.211.2 port 47058:11: Bye Bye [preauth]
Dec  8 22:24:05 cls sshd[24746]: Disconnected from authenticating user root 103.147.211.2 port 47058 [preauth]
Dec  8 22:24:05 cls sshd[24748]: Invalid user mc from 45.78.216.149 port 56558
Dec  8 22:24:05 cls sshd[24748]: pam_unix(sshd:auth): check pass; user unknown
Dec  8 22:24:05 cls sshd[24748]: pam_unix(sshd:auth): authentication failure; logname= uid=0 euid=0 tty=ssh ruser= rhost=45.78.216.149 
Dec  8 22:24:07 cls sshd[24748]: Failed password for invalid user mc from 45.78.216.149 port 56558 ssh2
Dec  8 22:24:08 cls sshd[24748]: Received disconnect from 45.78.216.149 port 56558:11: Bye Bye [preauth]
Dec  8 22:24:08 cls sshd[24748]: Disconnected from invalid user mc 45.78.216.149 port 56558 [preauth]
Dec  8 22:24:14 cls sshd[24754]: pam_unix(sshd:auth): authentication failure; logname= uid=0 euid=0 tty=ssh ruser= rhost=8.217.103.123  user=root
Dec  8 22:24:16 cls sshd[24754]: Failed password for root from 8.217.103.123 port 60320 ssh2
Dec  8 22:24:16 cls sshd[24756]: Invalid user python from 93.113.63.124 port 60074
Dec  8 22:24:16 cls sshd[24756]: pam_unix(sshd:auth): check pass; user unknown
Dec  8 22:24:16 cls sshd[24756]: pam_unix(sshd:auth): authentication failure; logname= uid=0 euid=0 tty=ssh ruser= rhost=93.113.63.124 
Dec  8 22:24:17 cls sshd[24754]: Received disconnect from 8.217.103.123 port 60320:11: Bye Bye [preauth]
Dec  8 22:24:17 cls sshd[24754]: Disconnected from authenticating user root 8.217.103.123 port 60320 [preauth]
Dec  8 22:24:17 cls sshd[24758]: Invalid user liang from 191.100.23.154 port 55296
Dec  8 22:24:17 cls sshd[24758]: pam_unix(sshd:auth): check pass; user unknown
Dec  8 22:24:17 cls sshd[24758]: pam_unix(sshd:auth): authentication failure; logname= uid=0 euid=0 tty=ssh ruser= rhost=191.100.23.154 
Dec  8 22:24:18 cls sshd[24763]: Invalid user admin from 45.78.204.252 port 58620
Dec  8 22:24:18 cls sshd[24763]: pam_unix(sshd:auth): check pass; user unknown
Dec  8 22:24:18 cls sshd[24763]: pam_unix(sshd:auth): authentication failure; logname= uid=0 euid=0 tty=ssh ruser= rhost=45.78.204.252 
Dec  8 22:24:18 cls sshd[24756]: Failed password for invalid user python from 93.113.63.124 port 60074 ssh2
Dec  8 22:24:19 cls sshd[24758]: Failed password for invalid user liang from 191.100.23.154 port 55296 ssh2
Dec  8 22:24:20 cls sshd[24756]: Received disconnect from 93.113.63.124 port 60074:11: Bye Bye [preauth]
Dec  8 22:24:20 cls sshd[24756]: Disconnected from invalid user python 93.113.63.124 port 60074 [preauth]
Dec  8 22:24:21 cls sshd[24763]: Failed password for invalid user admin from 45.78.204.252 port 58620 ssh2
Dec  8 22:24:22 cls sshd[24758]: Received disconnect from 191.100.23.154 port 55296:11: Bye Bye [preauth]
Dec  8 22:24:22 cls sshd[24758]: Disconnected from invalid user liang 191.100.23.154 port 55296 [preauth]
Dec  8 22:24:30 cls sshd[24777]: pam_unix(sshd:auth): authentication failure; logname= uid=0 euid=0 tty=ssh ruser= rhost=167.71.36.180  user=root
Dec  8 22:24:32 cls sshd[24777]: Failed password for root from 167.71.36.180 port 62210 ssh2
Dec  8 22:24:33 cls sshd[24777]: Received disconnect from 167.71.36.180 port 62210:11: Bye Bye [preauth]
Dec  8 22:24:33 cls sshd[24777]: Disconnected from authenticating user root 167.71.36.180 port 62210 [preauth]
Dec  8 22:24:33 cls sshd[24779]: Invalid user admin from 186.80.18.158 port 35376
Dec  8 22:24:33 cls sshd[24779]: pam_unix(sshd:auth): check pass; user unknown
Dec  8 22:24:33 cls sshd[24779]: pam_unix(sshd:auth): authentication failure; logname= uid=0 euid=0 tty=ssh ruser= rhost=186.80.18.158 
Dec  8 22:24:34 cls sshd[24781]: fatal: Privilege separation user sshd does not exist
Dec  8 22:24:35 cls sshd[24779]: Failed password for invalid user admin from 186.80.18.158 port 35376 ssh2
Dec  8 22:24:35 cls sshd[24782]: pam_unix(sshd:auth): authentication failure; logname= uid=0 euid=0 tty=ssh ruser= rhost=118.99.80.0  user=root
Dec  8 22:24:37 cls sshd[24779]: Received disconnect from 186.80.18.158 port 35376:11: Bye Bye [preauth]
Dec  8 22:24:37 cls sshd[24779]: Disconnected from invalid user admin 186.80.18.158 port 35376 [preauth]
Dec  8 22:24:38 cls sshd[24782]: Failed password for root from 118.99.80.0 port 4624 ssh2
Dec  8 22:24:40 cls sshd[24782]: Received disconnect from 118.99.80.0 port 4624:11: Bye Bye [preauth]
Dec  8 22:24:40 cls sshd[24782]: Disconnected from authenticating user root 118.99.80.0 port 4624 [preauth]
Dec  8 22:24:50 cls sshd[24784]: Invalid user ftp_user from 179.57.170.71 port 8174
Dec  8 22:24:50 cls sshd[24784]: pam_unix(sshd:auth): check pass; user unknown
Dec  8 22:24:50 cls sshd[24784]: pam_unix(sshd:auth): authentication failure; logname= uid=0 euid=0 tty=ssh ruser= rhost=179.57.170.71 
Dec  8 22:24:50 cls sshd[24786]: pam_unix(sshd:auth): authentication failure; logname= uid=0 euid=0 tty=ssh ruser= rhost=185.208.156.50  user=root
Dec  8 22:24:52 cls sshd[24784]: Failed password for invalid user ftp_user from 179.57.170.71 port 8174 ssh2
Dec  8 22:24:52 cls sshd[24786]: Failed password for root from 185.208.156.50 port 52712 ssh2
Dec  8 22:24:53 cls sshd[24793]: pam_unix(sshd:auth): authentication failure; logname= uid=0 euid=0 tty=ssh ruser= rhost=64.227.160.133  user=root
Dec  8 22:24:53 cls sshd[24784]: Received disconnect from 179.57.170.71 port 8174:11: Bye Bye [preauth]
Dec  8 22:24:53 cls sshd[24784]: Disconnected from invalid user ftp_user 179.57.170.71 port 8174 [preauth]
Dec  8 22:24:53 cls sshd[24786]: Received disconnect from 185.208.156.50 port 52712:11: Bye Bye [preauth]
Dec  8 22:24:53 cls sshd[24786]: Disconnected from authenticating user root 185.208.156.50 port 52712 [preauth]
Dec  8 22:24:53 cls sshd[24791]: pam_unix(sshd:auth): authentication failure; logname= uid=0 euid=0 tty=ssh ruser= rhost=181.2.146.184  user=root
Dec  8 22:24:55 cls sshd[24793]: Failed password for root from 64.227.160.133 port 45362 ssh2
Dec  8 22:24:55 cls sshd[24793]: Received disconnect from 64.227.160.133 port 45362:11: Bye Bye [preauth]
Dec  8 22:24:55 cls sshd[24793]: Disconnected from authenticating user root 64.227.160.133 port 45362 [preauth]
Dec  8 22:24:56 cls sshd[24791]: Failed password for root from 181.2.146.184 port 48636 ssh2
Dec  8 22:24:56 cls sshd[24796]: pam_unix(sshd:auth): authentication failure; logname= uid=0 euid=0 tty=ssh ruser= rhost=69.10.60.50  user=root
Dec  8 22:24:56 cls sshd[24791]: Received disconnect from 181.2.146.184 port 48636:11: Bye Bye [preauth]
Dec  8 22:24:56 cls sshd[24791]: Disconnected from authenticating user root 181.2.146.184 port 48636 [preauth]
Dec  8 22:24:58 cls sshd[24796]: Failed password for root from 69.10.60.50 port 35136 ssh2
Dec  8 22:24:59 cls sshd[24796]: Received disconnect from 69.10.60.50 port 35136:11: Bye Bye [preauth]
Dec  8 22:24:59 cls sshd[24796]: Disconnected from authenticating user root 69.10.60.50 port 35136 [preauth]
Dec  8 22:25:00 cls sshd[24805]: pam_unix(sshd:auth): authentication failure; logname= uid=0 euid=0 tty=ssh ruser= rhost=209.141.47.217  user=root
Dec  8 22:25:02 cls sshd[24799]: Invalid user info from 101.47.163.94 port 59634
Dec  8 22:25:02 cls sshd[24799]: pam_unix(sshd:auth): check pass; user unknown
Dec  8 22:25:02 cls sshd[24799]: pam_unix(sshd:auth): authentication failure; logname= uid=0 euid=0 tty=ssh ruser= rhost=101.47.163.94 
Dec  8 22:25:02 cls sshd[24805]: Failed password for root from 209.141.47.217 port 51350 ssh2
Dec  8 22:25:02 cls sshd[24805]: Received disconnect from 209.141.47.217 port 51350:11: Bye Bye [preauth]
Dec  8 22:25:02 cls sshd[24805]: Disconnected from authenticating user root 209.141.47.217 port 51350 [preauth]
Dec  8 22:25:04 cls sshd[24799]: Failed password for invalid user info from 101.47.163.94 port 59634 ssh2
Dec  8 22:25:05 cls sshd[24799]: Received disconnect from 101.47.163.94 port 59634:11: Bye Bye [preauth]
Dec  8 22:25:05 cls sshd[24799]: Disconnected from invalid user info 101.47.163.94 port 59634 [preauth]
Dec  8 22:25:05 cls sshd[24810]: pam_unix(sshd:auth): authentication failure; logname= uid=0 euid=0 tty=ssh ruser= rhost=167.71.36.180  user=root
Dec  8 22:25:08 cls sshd[24810]: Failed password for root from 167.71.36.180 port 29746 ssh2
Dec  8 22:25:11 cls sshd[24810]: Received disconnect from 167.71.36.180 port 29746:11: Bye Bye [preauth]
Dec  8 22:25:11 cls sshd[24810]: Disconnected from authenticating user root 167.71.36.180 port 29746 [preauth]
Dec  8 22:25:11 cls sshd[24818]: Invalid user narges from 47.236.20.199 port 58618
Dec  8 22:25:11 cls sshd[24818]: pam_unix(sshd:auth): check pass; user unknown
Dec  8 22:25:11 cls sshd[24818]: pam_unix(sshd:auth): authentication failure; logname= uid=0 euid=0 tty=ssh ruser= rhost=47.236.20.199 
Dec  8 22:25:11 cls sshd[24816]: pam_unix(sshd:auth): authentication failure; logname= uid=0 euid=0 tty=ssh ruser= rhost=162.241.127.152  user=root
Dec  8 22:25:13 cls sshd[24818]: Failed password for invalid user narges from 47.236.20.199 port 58618 ssh2
Dec  8 22:25:13 cls sshd[24816]: Failed password for root from 162.241.127.152 port 42520 ssh2
Dec  8 22:25:14 cls sshd[24818]: Received disconnect from 47.236.20.199 port 58618:11: Bye Bye [preauth]
Dec  8 22:25:14 cls sshd[24818]: Disconnected from invalid user narges 47.236.20.199 port 58618 [preauth]
Dec  8 22:25:14 cls sshd[24816]: Received disconnect from 162.241.127.152 port 42520:11: Bye Bye [preauth]
Dec  8 22:25:14 cls sshd[24816]: Disconnected from authenticating user root 162.241.127.152 port 42520 [preauth]
Dec  8 22:25:16 cls sshd[24823]: pam_unix(sshd:auth): authentication failure; logname= uid=0 euid=0 tty=ssh ruser= rhost=103.147.211.2  user=root
Dec  8 22:25:19 cls sshd[24823]: Failed password for root from 103.147.211.2 port 34278 ssh2
Dec  8 22:25:19 cls sshd[24823]: Received disconnect from 103.147.211.2 port 34278:11: Bye Bye [preauth]
Dec  8 22:25:19 cls sshd[24823]: Disconnected from authenticating user root 103.147.211.2 port 34278 [preauth]
Dec  8 22:25:23 cls sshd[24825]: Invalid user solr from 64.227.107.145 port 48482
Dec  8 22:25:23 cls sshd[24825]: pam_unix(sshd:auth): check pass; user unknown
Dec  8 22:25:23 cls sshd[24825]: pam_unix(sshd:auth): authentication failure; logname= uid=0 euid=0 tty=ssh ruser= rhost=64.227.107.145 
Dec  8 22:25:25 cls sshd[24825]: Failed password for invalid user solr from 64.227.107.145 port 48482 ssh2
Dec  8 22:25:27 cls sshd[24825]: Received disconnect from 64.227.107.145 port 48482:11: Bye Bye [preauth]
Dec  8 22:25:27 cls sshd[24825]: Disconnected from invalid user solr 64.227.107.145 port 48482 [preauth]
Dec  8 22:25:29 cls sshd[24829]: pam_unix(sshd:auth): authentication failure; logname= uid=0 euid=0 tty=ssh ruser= rhost=93.113.63.124  user=root
Dec  8 22:25:31 cls sshd[24829]: Failed password for root from 93.113.63.124 port 57410 ssh2
Dec  8 22:25:34 cls sshd[24829]: Received disconnect from 93.113.63.124 port 57410:11: Bye Bye [preauth]
Dec  8 22:25:34 cls sshd[24829]: Disconnected from authenticating user root 93.113.63.124 port 57410 [preauth]
Dec  8 22:25:39 cls sshd[24837]: Invalid user developer from 8.217.103.123 port 54372
Dec  8 22:25:39 cls sshd[24837]: pam_unix(sshd:auth): check pass; user unknown
Dec  8 22:25:39 cls sshd[24837]: pam_unix(sshd:auth): authentication failure; logname= uid=0 euid=0 tty=ssh ruser= rhost=8.217.103.123 
Dec  8 22:25:40 cls sshd[24837]: Failed password for invalid user developer from 8.217.103.123 port 54372 ssh2
Dec  8 22:25:40 cls sshd[24837]: Received disconnect from 8.217.103.123 port 54372:11: Bye Bye [preauth]
Dec  8 22:25:40 cls sshd[24837]: Disconnected from invalid user developer 8.217.103.123 port 54372 [preauth]
Dec  8 22:25:42 cls sshd[24842]: pam_unix(sshd:auth): authentication failure; logname= uid=0 euid=0 tty=ssh ruser= rhost=167.71.36.180  user=root
Dec  8 22:25:43 cls sshd[24840]: Invalid user info from 14.103.127.204 port 60960
Dec  8 22:25:43 cls sshd[24840]: pam_unix(sshd:auth): check pass; user unknown
Dec  8 22:25:43 cls sshd[24840]: pam_unix(sshd:auth): authentication failure; logname= uid=0 euid=0 tty=ssh ruser= rhost=14.103.127.204 
Dec  8 22:25:45 cls sshd[24842]: Failed password for root from 167.71.36.180 port 27264 ssh2
Dec  8 22:25:45 cls sshd[24842]: Received disconnect from 167.71.36.180 port 27264:11: Bye Bye [preauth]
Dec  8 22:25:45 cls sshd[24842]: Disconnected from authenticating user root 167.71.36.180 port 27264 [preauth]
Dec  8 22:25:45 cls sshd[24840]: Failed password for invalid user info from 14.103.127.204 port 60960 ssh2
