Dec  9 07:52:33 cls sshd[44578]: Received disconnect from 45.78.217.127 port 55848:11: Bye Bye [preauth]
Dec  9 07:52:33 cls sshd[44578]: Disconnected from authenticating user root 45.78.217.127 port 55848 [preauth]
Dec  9 07:52:35 cls sshd[44585]: pam_unix(sshd:auth): authentication failure; logname= uid=0 euid=0 tty=ssh ruser= rhost=187.72.57.84  user=root
Dec  9 07:52:37 cls sshd[44585]: Failed password for root from 187.72.57.84 port 41781 ssh2
Dec  9 07:52:38 cls sshd[44585]: Received disconnect from 187.72.57.84 port 41781:11: Bye Bye [preauth]
Dec  9 07:52:38 cls sshd[44585]: Disconnected from authenticating user root 187.72.57.84 port 41781 [preauth]
Dec  9 07:52:45 cls sshd[44590]: pam_unix(sshd:auth): authentication failure; logname= uid=0 euid=0 tty=ssh ruser= rhost=138.124.20.112  user=root
Dec  9 07:52:48 cls sshd[44590]: Failed password for root from 138.124.20.112 port 56290 ssh2
Dec  9 07:52:48 cls sshd[44590]: Received disconnect from 138.124.20.112 port 56290:11: Bye Bye [preauth]
Dec  9 07:52:48 cls sshd[44590]: Disconnected from authenticating user root 138.124.20.112 port 56290 [preauth]
Dec  9 07:52:57 cls sshd[44623]: Invalid user alex from 81.211.72.167 port 37950
Dec  9 07:52:58 cls sshd[44623]: pam_unix(sshd:auth): check pass; user unknown
Dec  9 07:52:58 cls sshd[44623]: pam_unix(sshd:auth): authentication failure; logname= uid=0 euid=0 tty=ssh ruser= rhost=81.211.72.167 
Dec  9 07:52:59 cls sshd[44625]: Invalid user jenkins from 83.235.16.111 port 55570
Dec  9 07:52:59 cls sshd[44625]: pam_unix(sshd:auth): check pass; user unknown
Dec  9 07:52:59 cls sshd[44625]: pam_unix(sshd:auth): authentication failure; logname= uid=0 euid=0 tty=ssh ruser= rhost=83.235.16.111 
Dec  9 07:53:00 cls sshd[44623]: Failed password for invalid user alex from 81.211.72.167 port 37950 ssh2
Dec  9 07:53:00 cls sshd[44623]: Received disconnect from 81.211.72.167 port 37950:11: Bye Bye [preauth]
Dec  9 07:53:00 cls sshd[44623]: Disconnected from invalid user alex 81.211.72.167 port 37950 [preauth]
Dec  9 07:53:01 cls sshd[44625]: Failed password for invalid user jenkins from 83.235.16.111 port 55570 ssh2
Dec  9 07:53:01 cls sshd[44625]: Received disconnect from 83.235.16.111 port 55570:11: Bye Bye [preauth]
Dec  9 07:53:02 cls sshd[44625]: Disconnected from invalid user jenkins 83.235.16.111 port 55570 [preauth]
Dec  9 07:53:12 cls sshd[44630]: pam_unix(sshd:auth): authentication failure; logname= uid=0 euid=0 tty=ssh ruser= rhost=203.190.11.42  user=root
Dec  9 07:53:14 cls sshd[44630]: Failed password for root from 203.190.11.42 port 49234 ssh2
Dec  9 07:53:15 cls sshd[44630]: Received disconnect from 203.190.11.42 port 49234:11: Bye Bye [preauth]
Dec  9 07:53:15 cls sshd[44630]: Disconnected from authenticating user root 203.190.11.42 port 49234 [preauth]
Dec  9 07:53:16 cls sshd[44632]: Invalid user test1 from 160.242.96.43 port 44846
Dec  9 07:53:16 cls sshd[44632]: pam_unix(sshd:auth): check pass; user unknown
Dec  9 07:53:16 cls sshd[44632]: pam_unix(sshd:auth): authentication failure; logname= uid=0 euid=0 tty=ssh ruser= rhost=160.242.96.43 
Dec  9 07:53:18 cls sshd[44632]: Failed password for invalid user test1 from 160.242.96.43 port 44846 ssh2
Dec  9 07:53:19 cls sshd[44632]: Received disconnect from 160.242.96.43 port 44846:11: Bye Bye [preauth]
Dec  9 07:53:19 cls sshd[44632]: Disconnected from invalid user test1 160.242.96.43 port 44846 [preauth]
Dec  9 07:53:21 cls sshd[44637]: pam_unix(sshd:auth): authentication failure; logname= uid=0 euid=0 tty=ssh ruser= rhost=138.124.20.112  user=root
Dec  9 07:53:22 cls sshd[44641]: Invalid user r from 118.194.250.47 port 41382
Dec  9 07:53:22 cls sshd[44641]: pam_unix(sshd:auth): check pass; user unknown
Dec  9 07:53:22 cls sshd[44641]: pam_unix(sshd:auth): authentication failure; logname= uid=0 euid=0 tty=ssh ruser= rhost=118.194.250.47 
Dec  9 07:53:23 cls sshd[44637]: Failed password for root from 138.124.20.112 port 36186 ssh2
Dec  9 07:53:24 cls sshd[44637]: Received disconnect from 138.124.20.112 port 36186:11: Bye Bye [preauth]
Dec  9 07:53:24 cls sshd[44637]: Disconnected from authenticating user root 138.124.20.112 port 36186 [preauth]
Dec  9 07:53:24 cls sshd[44639]: pam_unix(sshd:auth): authentication failure; logname= uid=0 euid=0 tty=ssh ruser= rhost=187.72.57.84  user=root
Dec  9 07:53:25 cls sshd[44641]: Failed password for invalid user r from 118.194.250.47 port 41382 ssh2
Dec  9 07:53:26 cls sshd[44639]: Failed password for root from 187.72.57.84 port 48261 ssh2
Dec  9 07:53:27 cls sshd[44644]: pam_unix(sshd:auth): authentication failure; logname= uid=0 euid=0 tty=ssh ruser= rhost=101.47.140.130  user=root
Dec  9 07:53:27 cls sshd[44639]: Received disconnect from 187.72.57.84 port 48261:11: Bye Bye [preauth]
Dec  9 07:53:27 cls sshd[44639]: Disconnected from authenticating user root 187.72.57.84 port 48261 [preauth]
Dec  9 07:53:27 cls sshd[44641]: Received disconnect from 118.194.250.47 port 41382:11: Bye Bye [preauth]
Dec  9 07:53:27 cls sshd[44641]: Disconnected from invalid user r 118.194.250.47 port 41382 [preauth]
Dec  9 07:53:28 cls sshd[44644]: Failed password for root from 101.47.140.130 port 49902 ssh2
Dec  9 07:53:30 cls sshd[44644]: Received disconnect from 101.47.140.130 port 49902:11: Bye Bye [preauth]
Dec  9 07:53:30 cls sshd[44644]: Disconnected from authenticating user root 101.47.140.130 port 49902 [preauth]
Dec  9 07:53:30 cls sshd[44646]: Invalid user joe from 81.211.72.167 port 44245
Dec  9 07:53:30 cls sshd[44646]: pam_unix(sshd:auth): check pass; user unknown
Dec  9 07:53:30 cls sshd[44646]: pam_unix(sshd:auth): authentication failure; logname= uid=0 euid=0 tty=ssh ruser= rhost=81.211.72.167 
Dec  9 07:53:32 cls sshd[44646]: Failed password for invalid user joe from 81.211.72.167 port 44245 ssh2
Dec  9 07:53:32 cls sshd[44649]: Invalid user user from 83.235.16.111 port 39892
Dec  9 07:53:32 cls sshd[44649]: pam_unix(sshd:auth): check pass; user unknown
Dec  9 07:53:32 cls sshd[44649]: pam_unix(sshd:auth): authentication failure; logname= uid=0 euid=0 tty=ssh ruser= rhost=83.235.16.111 
Dec  9 07:53:33 cls sshd[44646]: Received disconnect from 81.211.72.167 port 44245:11: Bye Bye [preauth]
Dec  9 07:53:33 cls sshd[44646]: Disconnected from invalid user joe 81.211.72.167 port 44245 [preauth]
Dec  9 07:53:33 cls sshd[44655]: pam_unix(sshd:auth): authentication failure; logname= uid=0 euid=0 tty=ssh ruser= rhost=118.193.39.127  user=root
Dec  9 07:53:33 cls sshd[44651]: error: kex_exchange_identification: Connection closed by remote host
Dec  9 07:53:34 cls sshd[44649]: Failed password for invalid user user from 83.235.16.111 port 39892 ssh2
Dec  9 07:53:34 cls sshd[44658]: Connection closed by 87.236.176.11 port 44525 [preauth]
Dec  9 07:53:35 cls sshd[44655]: Failed password for root from 118.193.39.127 port 55946 ssh2
Dec  9 07:53:35 cls sshd[44655]: Received disconnect from 118.193.39.127 port 55946:11: Bye Bye [preauth]
Dec  9 07:53:35 cls sshd[44655]: Disconnected from authenticating user root 118.193.39.127 port 55946 [preauth]
Dec  9 07:53:35 cls sshd[44649]: Received disconnect from 83.235.16.111 port 39892:11: Bye Bye [preauth]
Dec  9 07:53:35 cls sshd[44649]: Disconnected from invalid user user 83.235.16.111 port 39892 [preauth]
Dec  9 07:53:51 cls sshd[44662]: pam_unix(sshd:auth): authentication failure; logname= uid=0 euid=0 tty=ssh ruser= rhost=45.78.217.127  user=root
Dec  9 07:53:52 cls sshd[44662]: Failed password for root from 45.78.217.127 port 36702 ssh2
Dec  9 07:53:53 cls sshd[44662]: Received disconnect from 45.78.217.127 port 36702:11: Bye Bye [preauth]
Dec  9 07:53:53 cls sshd[44662]: Disconnected from authenticating user root 45.78.217.127 port 36702 [preauth]
Dec  9 07:53:54 cls sshd[44664]: pam_unix(sshd:auth): authentication failure; logname= uid=0 euid=0 tty=ssh ruser= rhost=203.190.11.42  user=root
Dec  9 07:53:56 cls sshd[44664]: Failed password for root from 203.190.11.42 port 58696 ssh2
Dec  9 07:53:57 cls sshd[44664]: Received disconnect from 203.190.11.42 port 58696:11: Bye Bye [preauth]
Dec  9 07:53:57 cls sshd[44664]: Disconnected from authenticating user root 203.190.11.42 port 58696 [preauth]
Dec  9 07:53:57 cls sshd[44666]: pam_unix(sshd:auth): authentication failure; logname= uid=0 euid=0 tty=ssh ruser= rhost=138.124.20.112  user=root
Dec  9 07:53:58 cls sshd[44668]: Invalid user admin from 160.242.96.43 port 52408
Dec  9 07:53:58 cls sshd[44668]: pam_unix(sshd:auth): check pass; user unknown
Dec  9 07:53:58 cls sshd[44668]: pam_unix(sshd:auth): authentication failure; logname= uid=0 euid=0 tty=ssh ruser= rhost=160.242.96.43 
Dec  9 07:53:59 cls sshd[44666]: Failed password for root from 138.124.20.112 port 60052 ssh2
Dec  9 07:54:00 cls sshd[44668]: Failed password for invalid user admin from 160.242.96.43 port 52408 ssh2
Dec  9 07:54:00 cls sshd[44666]: Received disconnect from 138.124.20.112 port 60052:11: Bye Bye [preauth]
Dec  9 07:54:00 cls sshd[44666]: Disconnected from authenticating user root 138.124.20.112 port 60052 [preauth]
Dec  9 07:54:00 cls sshd[44668]: Received disconnect from 160.242.96.43 port 52408:11: Bye Bye [preauth]
Dec  9 07:54:00 cls sshd[44668]: Disconnected from invalid user admin 160.242.96.43 port 52408 [preauth]
Dec  9 07:54:03 cls sshd[44672]: pam_unix(sshd:auth): authentication failure; logname= uid=0 euid=0 tty=ssh ruser= rhost=118.194.250.47  user=root
Dec  9 07:54:04 cls sshd[44670]: pam_unix(sshd:auth): authentication failure; logname= uid=0 euid=0 tty=ssh ruser= rhost=81.211.72.167  user=root
Dec  9 07:54:04 cls sshd[44672]: Failed password for root from 118.194.250.47 port 42096 ssh2
Dec  9 07:54:05 cls sshd[44672]: Received disconnect from 118.194.250.47 port 42096:11: Bye Bye [preauth]
Dec  9 07:54:05 cls sshd[44672]: Disconnected from authenticating user root 118.194.250.47 port 42096 [preauth]
Dec  9 07:54:05 cls sshd[44670]: Failed password for root from 81.211.72.167 port 50540 ssh2
Dec  9 07:54:05 cls sshd[44674]: pam_unix(sshd:auth): authentication failure; logname= uid=0 euid=0 tty=ssh ruser= rhost=83.235.16.111  user=root
Dec  9 07:54:07 cls sshd[44670]: Received disconnect from 81.211.72.167 port 50540:11: Bye Bye [preauth]
Dec  9 07:54:07 cls sshd[44670]: Disconnected from authenticating user root 81.211.72.167 port 50540 [preauth]
Dec  9 07:54:07 cls sshd[44674]: Failed password for root from 83.235.16.111 port 52446 ssh2
Dec  9 07:54:08 cls sshd[44678]: pam_unix(sshd:auth): authentication failure; logname= uid=0 euid=0 tty=ssh ruser= rhost=118.193.39.127  user=root
Dec  9 07:54:08 cls sshd[44674]: Received disconnect from 83.235.16.111 port 52446:11: Bye Bye [preauth]
Dec  9 07:54:08 cls sshd[44674]: Disconnected from authenticating user root 83.235.16.111 port 52446 [preauth]
Dec  9 07:54:09 cls sshd[44676]: Invalid user rob from 187.72.57.84 port 54741
Dec  9 07:54:09 cls sshd[44676]: pam_unix(sshd:auth): check pass; user unknown
Dec  9 07:54:09 cls sshd[44676]: pam_unix(sshd:auth): authentication failure; logname= uid=0 euid=0 tty=ssh ruser= rhost=187.72.57.84 
Dec  9 07:54:10 cls sshd[44678]: Failed password for root from 118.193.39.127 port 34066 ssh2
Dec  9 07:54:11 cls sshd[44676]: Failed password for invalid user rob from 187.72.57.84 port 54741 ssh2
Dec  9 07:54:11 cls sshd[44678]: Received disconnect from 118.193.39.127 port 34066:11: Bye Bye [preauth]
Dec  9 07:54:11 cls sshd[44678]: Disconnected from authenticating user root 118.193.39.127 port 34066 [preauth]
Dec  9 07:54:12 cls sshd[44676]: Received disconnect from 187.72.57.84 port 54741:11: Bye Bye [preauth]
Dec  9 07:54:12 cls sshd[44676]: Disconnected from invalid user rob 187.72.57.84 port 54741 [preauth]
Dec  9 07:54:35 cls sshd[44684]: pam_unix(sshd:auth): authentication failure; logname= uid=0 euid=0 tty=ssh ruser= rhost=138.124.20.112  user=root
Dec  9 07:54:36 cls sshd[44688]: Invalid user deployer from 203.190.11.42 port 51946
Dec  9 07:54:36 cls sshd[44688]: pam_unix(sshd:auth): check pass; user unknown
Dec  9 07:54:36 cls sshd[44688]: pam_unix(sshd:auth): authentication failure; logname= uid=0 euid=0 tty=ssh ruser= rhost=203.190.11.42 
Dec  9 07:54:37 cls sshd[44690]: Invalid user temp from 83.235.16.111 port 36770
Dec  9 07:54:37 cls sshd[44690]: pam_unix(sshd:auth): check pass; user unknown
Dec  9 07:54:37 cls sshd[44690]: pam_unix(sshd:auth): authentication failure; logname= uid=0 euid=0 tty=ssh ruser= rhost=83.235.16.111 
Dec  9 07:54:37 cls sshd[44684]: Failed password for root from 138.124.20.112 port 34090 ssh2
Dec  9 07:54:38 cls sshd[44688]: Failed password for invalid user deployer from 203.190.11.42 port 51946 ssh2
Dec  9 07:54:38 cls sshd[44688]: Received disconnect from 203.190.11.42 port 51946:11: Bye Bye [preauth]
Dec  9 07:54:38 cls sshd[44688]: Disconnected from invalid user deployer 203.190.11.42 port 51946 [preauth]
Dec  9 07:54:38 cls sshd[44684]: Received disconnect from 138.124.20.112 port 34090:11: Bye Bye [preauth]
Dec  9 07:54:38 cls sshd[44684]: Disconnected from authenticating user root 138.124.20.112 port 34090 [preauth]
Dec  9 07:54:39 cls sshd[44690]: Failed password for invalid user temp from 83.235.16.111 port 36770 ssh2
Dec  9 07:54:40 cls sshd[44690]: Received disconnect from 83.235.16.111 port 36770:11: Bye Bye [preauth]
Dec  9 07:54:40 cls sshd[44690]: Disconnected from invalid user temp 83.235.16.111 port 36770 [preauth]
Dec  9 07:54:43 cls sshd[44697]: pam_unix(sshd:auth): authentication failure; logname= uid=0 euid=0 tty=ssh ruser= rhost=160.242.96.43  user=root
Dec  9 07:54:43 cls sshd[44699]: Invalid user centos from 118.194.250.47 port 56520
Dec  9 07:54:43 cls sshd[44699]: pam_unix(sshd:auth): check pass; user unknown
Dec  9 07:54:43 cls sshd[44699]: pam_unix(sshd:auth): authentication failure; logname= uid=0 euid=0 tty=ssh ruser= rhost=118.194.250.47 
Dec  9 07:54:44 cls sshd[44706]: pam_unix(sshd:auth): authentication failure; logname= uid=0 euid=0 tty=ssh ruser= rhost=118.193.39.127  user=root
Dec  9 07:54:45 cls sshd[44697]: Failed password for root from 160.242.96.43 port 34024 ssh2
Dec  9 07:54:45 cls sshd[44699]: Failed password for invalid user centos from 118.194.250.47 port 56520 ssh2
Dec  9 07:54:45 cls sshd[44706]: Failed password for root from 118.193.39.127 port 53404 ssh2
Dec  9 07:54:46 cls sshd[44697]: Received disconnect from 160.242.96.43 port 34024:11: Bye Bye [preauth]
Dec  9 07:54:46 cls sshd[44697]: Disconnected from authenticating user root 160.242.96.43 port 34024 [preauth]
Dec  9 07:54:46 cls sshd[44699]: Received disconnect from 118.194.250.47 port 56520:11: Bye Bye [preauth]
Dec  9 07:54:46 cls sshd[44699]: Disconnected from invalid user centos 118.194.250.47 port 56520 [preauth]
Dec  9 07:54:46 cls sshd[44706]: Received disconnect from 118.193.39.127 port 53404:11: Bye Bye [preauth]
Dec  9 07:54:46 cls sshd[44706]: Disconnected from authenticating user root 118.193.39.127 port 53404 [preauth]
Dec  9 07:54:55 cls sshd[44709]: pam_unix(sshd:auth): authentication failure; logname= uid=0 euid=0 tty=ssh ruser= rhost=187.72.57.84  user=root
Dec  9 07:54:57 cls sshd[44709]: Failed password for root from 187.72.57.84 port 32987 ssh2
Dec  9 07:54:58 cls sshd[44709]: Received disconnect from 187.72.57.84 port 32987:11: Bye Bye [preauth]
Dec  9 07:54:58 cls sshd[44709]: Disconnected from authenticating user root 187.72.57.84 port 32987 [preauth]
Dec  9 07:55:07 cls sshd[44712]: pam_unix(sshd:auth): authentication failure; logname= uid=0 euid=0 tty=ssh ruser= rhost=45.78.217.127  user=root
Dec  9 07:55:08 cls sshd[44720]: pam_unix(sshd:auth): authentication failure; logname= uid=0 euid=0 tty=ssh ruser= rhost=83.235.16.111  user=root
Dec  9 07:55:09 cls sshd[44712]: Failed password for root from 45.78.217.127 port 48458 ssh2
Dec  9 07:55:09 cls sshd[44712]: Received disconnect from 45.78.217.127 port 48458:11: Bye Bye [preauth]
Dec  9 07:55:09 cls sshd[44712]: Disconnected from authenticating user root 45.78.217.127 port 48458 [preauth]
Dec  9 07:55:10 cls sshd[44720]: Failed password for root from 83.235.16.111 port 49320 ssh2
Dec  9 07:55:11 cls sshd[44720]: Received disconnect from 83.235.16.111 port 49320:11: Bye Bye [preauth]
Dec  9 07:55:11 cls sshd[44720]: Disconnected from authenticating user root 83.235.16.111 port 49320 [preauth]
Dec  9 07:55:11 cls sshd[44723]: Invalid user yasin from 138.124.20.112 port 53218
Dec  9 07:55:11 cls sshd[44723]: pam_unix(sshd:auth): check pass; user unknown
Dec  9 07:55:11 cls sshd[44723]: pam_unix(sshd:auth): authentication failure; logname= uid=0 euid=0 tty=ssh ruser= rhost=138.124.20.112 
Dec  9 07:55:13 cls sshd[44723]: Failed password for invalid user yasin from 138.124.20.112 port 53218 ssh2
Dec  9 07:55:13 cls sshd[44726]: pam_unix(sshd:auth): authentication failure; logname= uid=0 euid=0 tty=ssh ruser= rhost=81.211.72.167  user=root
Dec  9 07:55:13 cls sshd[44723]: Received disconnect from 138.124.20.112 port 53218:11: Bye Bye [preauth]
Dec  9 07:55:13 cls sshd[44723]: Disconnected from invalid user yasin 138.124.20.112 port 53218 [preauth]
Dec  9 07:55:15 cls sshd[44726]: Failed password for root from 81.211.72.167 port 34899 ssh2
Dec  9 07:55:16 cls sshd[44726]: Received disconnect from 81.211.72.167 port 34899:11: Bye Bye [preauth]
Dec  9 07:55:16 cls sshd[44726]: Disconnected from authenticating user root 81.211.72.167 port 34899 [preauth]
Dec  9 07:55:19 cls sshd[44732]: pam_unix(sshd:auth): authentication failure; logname= uid=0 euid=0 tty=ssh ruser= rhost=118.193.39.127  user=ubuntu
Dec  9 07:55:20 cls sshd[44734]: pam_unix(sshd:auth): authentication failure; logname= uid=0 euid=0 tty=ssh ruser= rhost=203.190.11.42  user=root
Dec  9 07:55:21 cls sshd[44732]: Failed password for ubuntu from 118.193.39.127 port 50298 ssh2
Dec  9 07:55:22 cls sshd[44734]: Failed password for root from 203.190.11.42 port 43528 ssh2
Dec  9 07:55:22 cls sshd[44734]: Received disconnect from 203.190.11.42 port 43528:11: Bye Bye [preauth]
Dec  9 07:55:22 cls sshd[44734]: Disconnected from authenticating user root 203.190.11.42 port 43528 [preauth]
Dec  9 07:55:23 cls sshd[44732]: Received disconnect from 118.193.39.127 port 50298:11: Bye Bye [preauth]
Dec  9 07:55:23 cls sshd[44732]: Disconnected from authenticating user ubuntu 118.193.39.127 port 50298 [preauth]
Dec  9 07:55:23 cls sshd[44741]: pam_unix(sshd:auth): authentication failure; logname= uid=0 euid=0 tty=ssh ruser= rhost=118.194.250.47  user=root
Dec  9 07:55:25 cls sshd[44741]: Failed password for root from 118.194.250.47 port 56112 ssh2
Dec  9 07:55:25 cls sshd[44743]: Invalid user test001 from 160.242.96.43 port 38446
Dec  9 07:55:25 cls sshd[44743]: pam_unix(sshd:auth): check pass; user unknown
Dec  9 07:55:25 cls sshd[44743]: pam_unix(sshd:auth): authentication failure; logname= uid=0 euid=0 tty=ssh ruser= rhost=160.242.96.43 
Dec  9 07:55:26 cls sshd[44741]: Received disconnect from 118.194.250.47 port 56112:11: Bye Bye [preauth]
Dec  9 07:55:26 cls sshd[44741]: Disconnected from authenticating user root 118.194.250.47 port 56112 [preauth]
Dec  9 07:55:27 cls sshd[44743]: Failed password for invalid user test001 from 160.242.96.43 port 38446 ssh2
Dec  9 07:55:29 cls sshd[44743]: Received disconnect from 160.242.96.43 port 38446:11: Bye Bye [preauth]
Dec  9 07:55:29 cls sshd[44743]: Disconnected from invalid user test001 160.242.96.43 port 38446 [preauth]
Dec  9 07:55:40 cls sshd[44755]: pam_unix(sshd:auth): authentication failure; logname= uid=0 euid=0 tty=ssh ruser= rhost=187.72.57.84  user=root
Dec  9 07:55:41 cls sshd[44757]: pam_unix(sshd:auth): authentication failure; logname= uid=0 euid=0 tty=ssh ruser= rhost=83.235.16.111  user=root
Dec  9 07:55:42 cls sshd[44755]: Failed password for root from 187.72.57.84 port 39467 ssh2
Dec  9 07:55:43 cls sshd[44755]: Received disconnect from 187.72.57.84 port 39467:11: Bye Bye [preauth]
Dec  9 07:55:43 cls sshd[44755]: Disconnected from authenticating user root 187.72.57.84 port 39467 [preauth]
Dec  9 07:55:43 cls sshd[44757]: Failed password for root from 83.235.16.111 port 33642 ssh2
Dec  9 07:55:44 cls sshd[44757]: Received disconnect from 83.235.16.111 port 33642:11: Bye Bye [preauth]
Dec  9 07:55:44 cls sshd[44757]: Disconnected from authenticating user root 83.235.16.111 port 33642 [preauth]
Dec  9 07:55:47 cls sshd[44763]: pam_unix(sshd:auth): authentication failure; logname= uid=0 euid=0 tty=ssh ruser= rhost=101.47.140.130  user=root
Dec  9 07:55:48 cls sshd[44765]: pam_unix(sshd:auth): authentication failure; logname= uid=0 euid=0 tty=ssh ruser= rhost=138.124.20.112  user=root
Dec  9 07:55:49 cls sshd[44763]: Failed password for root from 101.47.140.130 port 39066 ssh2
Dec  9 07:55:50 cls sshd[44767]: Invalid user fengkai from 81.211.72.167 port 41195
Dec  9 07:55:50 cls sshd[44767]: pam_unix(sshd:auth): check pass; user unknown
Dec  9 07:55:50 cls sshd[44767]: pam_unix(sshd:auth): authentication failure; logname= uid=0 euid=0 tty=ssh ruser= rhost=81.211.72.167 
Dec  9 07:55:50 cls sshd[44763]: Received disconnect from 101.47.140.130 port 39066:11: Bye Bye [preauth]
Dec  9 07:55:50 cls sshd[44763]: Disconnected from authenticating user root 101.47.140.130 port 39066 [preauth]
Dec  9 07:55:51 cls sshd[44765]: Failed password for root from 138.124.20.112 port 50628 ssh2
Dec  9 07:55:51 cls sshd[44765]: Received disconnect from 138.124.20.112 port 50628:11: Bye Bye [preauth]
Dec  9 07:55:51 cls sshd[44765]: Disconnected from authenticating user root 138.124.20.112 port 50628 [preauth]
Dec  9 07:55:52 cls sshd[44767]: Failed password for invalid user fengkai from 81.211.72.167 port 41195 ssh2
Dec  9 07:55:54 cls sshd[44767]: Received disconnect from 81.211.72.167 port 41195:11: Bye Bye [preauth]
Dec  9 07:55:54 cls sshd[44767]: Disconnected from invalid user fengkai 81.211.72.167 port 41195 [preauth]
Dec  9 07:55:56 cls sshd[44769]: Invalid user ladyaspb from 118.193.39.127 port 53104
Dec  9 07:55:56 cls sshd[44769]: pam_unix(sshd:auth): check pass; user unknown
Dec  9 07:55:56 cls sshd[44769]: pam_unix(sshd:auth): authentication failure; logname= uid=0 euid=0 tty=ssh ruser= rhost=118.193.39.127 
Dec  9 07:55:58 cls sshd[44769]: Failed password for invalid user ladyaspb from 118.193.39.127 port 53104 ssh2
Dec  9 07:56:00 cls sshd[44769]: Received disconnect from 118.193.39.127 port 53104:11: Bye Bye [preauth]
Dec  9 07:56:00 cls sshd[44769]: Disconnected from invalid user ladyaspb 118.193.39.127 port 53104 [preauth]
Dec  9 07:56:03 cls sshd[44771]: pam_unix(sshd:auth): authentication failure; logname= uid=0 euid=0 tty=ssh ruser= rhost=118.194.250.47  user=root
Dec  9 07:56:05 cls sshd[44773]: pam_unix(sshd:auth): authentication failure; logname= uid=0 euid=0 tty=ssh ruser= rhost=203.190.11.42  user=root
Dec  9 07:56:05 cls sshd[44771]: Failed password for root from 118.194.250.47 port 52822 ssh2
Dec  9 07:56:06 cls sshd[44771]: Received disconnect from 118.194.250.47 port 52822:11: Bye Bye [preauth]
Dec  9 07:56:06 cls sshd[44771]: Disconnected from authenticating user root 118.194.250.47 port 52822 [preauth]
Dec  9 07:56:06 cls sshd[44773]: Failed password for root from 203.190.11.42 port 44430 ssh2
Dec  9 07:56:07 cls sshd[44773]: Received disconnect from 203.190.11.42 port 44430:11: Bye Bye [preauth]
Dec  9 07:56:07 cls sshd[44773]: Disconnected from authenticating user root 203.190.11.42 port 44430 [preauth]
Dec  9 07:56:14 cls sshd[44777]: Invalid user postgres from 83.235.16.111 port 46188
Dec  9 07:56:14 cls sshd[44777]: pam_unix(sshd:auth): check pass; user unknown
Dec  9 07:56:14 cls sshd[44777]: pam_unix(sshd:auth): authentication failure; logname= uid=0 euid=0 tty=ssh ruser= rhost=83.235.16.111 
Dec  9 07:56:15 cls sshd[44775]: Invalid user httpd from 160.242.96.43 port 49218
Dec  9 07:56:15 cls sshd[44775]: pam_unix(sshd:auth): check pass; user unknown
Dec  9 07:56:15 cls sshd[44775]: pam_unix(sshd:auth): authentication failure; logname= uid=0 euid=0 tty=ssh ruser= rhost=160.242.96.43 
Dec  9 07:56:16 cls sshd[44775]: Failed password for invalid user httpd from 160.242.96.43 port 49218 ssh2
Dec  9 07:56:17 cls sshd[44777]: Failed password for invalid user postgres from 83.235.16.111 port 46188 ssh2
Dec  9 07:56:18 cls sshd[44775]: Received disconnect from 160.242.96.43 port 49218:11: Bye Bye [preauth]
Dec  9 07:56:18 cls sshd[44775]: Disconnected from invalid user httpd 160.242.96.43 port 49218 [preauth]
Dec  9 07:56:19 cls sshd[44777]: Received disconnect from 83.235.16.111 port 46188:11: Bye Bye [preauth]
Dec  9 07:56:19 cls sshd[44777]: Disconnected from invalid user postgres 83.235.16.111 port 46188 [preauth]
Dec  9 07:56:21 cls sshd[44782]: Invalid user player from 45.78.217.127 port 35686
Dec  9 07:56:21 cls sshd[44782]: pam_unix(sshd:auth): check pass; user unknown
Dec  9 07:56:21 cls sshd[44782]: pam_unix(sshd:auth): authentication failure; logname= uid=0 euid=0 tty=ssh ruser= rhost=45.78.217.127 
Dec  9 07:56:23 cls sshd[44782]: Failed password for invalid user player from 45.78.217.127 port 35686 ssh2
Dec  9 07:56:25 cls sshd[44782]: Received disconnect from 45.78.217.127 port 35686:11: Bye Bye [preauth]
Dec  9 07:56:25 cls sshd[44782]: Disconnected from invalid user player 45.78.217.127 port 35686 [preauth]
Dec  9 07:56:26 cls sshd[44791]: pam_unix(sshd:auth): authentication failure; logname= uid=0 euid=0 tty=ssh ruser= rhost=81.211.72.167  user=root
Dec  9 07:56:28 cls sshd[44791]: Failed password for root from 81.211.72.167 port 47492 ssh2
Dec  9 07:56:29 cls sshd[44791]: Received disconnect from 81.211.72.167 port 47492:11: Bye Bye [preauth]
Dec  9 07:56:29 cls sshd[44791]: Disconnected from authenticating user root 81.211.72.167 port 47492 [preauth]
Dec  9 07:56:30 cls sshd[44800]: Invalid user student3 from 118.193.39.127 port 39336
Dec  9 07:56:30 cls sshd[44800]: pam_unix(sshd:auth): check pass; user unknown
Dec  9 07:56:30 cls sshd[44800]: pam_unix(sshd:auth): authentication failure; logname= uid=0 euid=0 tty=ssh ruser= rhost=118.193.39.127 
Dec  9 07:56:31 cls sshd[44802]: Invalid user deployer from 138.124.20.112 port 58874
Dec  9 07:56:31 cls sshd[44802]: pam_unix(sshd:auth): check pass; user unknown
Dec  9 07:56:31 cls sshd[44802]: pam_unix(sshd:auth): authentication failure; logname= uid=0 euid=0 tty=ssh ruser= rhost=138.124.20.112 
Dec  9 07:56:32 cls sshd[44800]: Failed password for invalid user student3 from 118.193.39.127 port 39336 ssh2
Dec  9 07:56:33 cls sshd[44804]: pam_unix(sshd:auth): authentication failure; logname= uid=0 euid=0 tty=ssh ruser= rhost=187.72.57.84  user=root
Dec  9 07:56:33 cls sshd[44800]: Received disconnect from 118.193.39.127 port 39336:11: Bye Bye [preauth]
Dec  9 07:56:33 cls sshd[44800]: Disconnected from invalid user student3 118.193.39.127 port 39336 [preauth]
Dec  9 07:56:33 cls sshd[44802]: Failed password for invalid user deployer from 138.124.20.112 port 58874 ssh2
Dec  9 07:56:35 cls sshd[44804]: Failed password for root from 187.72.57.84 port 45948 ssh2
Dec  9 07:56:35 cls sshd[44802]: Received disconnect from 138.124.20.112 port 58874:11: Bye Bye [preauth]
Dec  9 07:56:35 cls sshd[44802]: Disconnected from invalid user deployer 138.124.20.112 port 58874 [preauth]
Dec  9 07:56:36 cls sshd[44804]: Received disconnect from 187.72.57.84 port 45948:11: Bye Bye [preauth]
Dec  9 07:56:36 cls sshd[44804]: Disconnected from authenticating user root 187.72.57.84 port 45948 [preauth]
Dec  9 07:56:44 cls sshd[44810]: Invalid user git from 118.194.250.47 port 48976
Dec  9 07:56:44 cls sshd[44810]: pam_unix(sshd:auth): check pass; user unknown
Dec  9 07:56:44 cls sshd[44810]: pam_unix(sshd:auth): authentication failure; logname= uid=0 euid=0 tty=ssh ruser= rhost=118.194.250.47 
Dec  9 07:56:46 cls sshd[44810]: Failed password for invalid user git from 118.194.250.47 port 48976 ssh2
Dec  9 07:56:47 cls sshd[44810]: Received disconnect from 118.194.250.47 port 48976:11: Bye Bye [preauth]
Dec  9 07:56:47 cls sshd[44810]: Disconnected from invalid user git 118.194.250.47 port 48976 [preauth]
Dec  9 07:56:50 cls sshd[44815]: pam_unix(sshd:auth): authentication failure; logname= uid=0 euid=0 tty=ssh ruser= rhost=83.235.16.111  user=root
Dec  9 07:56:52 cls sshd[44819]: Invalid user jerry from 203.190.11.42 port 39594
Dec  9 07:56:52 cls sshd[44819]: pam_unix(sshd:auth): check pass; user unknown
Dec  9 07:56:52 cls sshd[44819]: pam_unix(sshd:auth): authentication failure; logname= uid=0 euid=0 tty=ssh ruser= rhost=203.190.11.42 
Dec  9 07:56:52 cls sshd[44815]: Failed password for root from 83.235.16.111 port 58742 ssh2
Dec  9 07:56:53 cls sshd[44815]: Received disconnect from 83.235.16.111 port 58742:11: Bye Bye [preauth]
Dec  9 07:56:53 cls sshd[44815]: Disconnected from authenticating user root 83.235.16.111 port 58742 [preauth]
Dec  9 07:56:54 cls sshd[44819]: Failed password for invalid user jerry from 203.190.11.42 port 39594 ssh2
Dec  9 07:56:56 cls sshd[44819]: Received disconnect from 203.190.11.42 port 39594:11: Bye Bye [preauth]
Dec  9 07:56:56 cls sshd[44819]: Disconnected from invalid user jerry 203.190.11.42 port 39594 [preauth]
Dec  9 07:57:00 cls sshd[44824]: pam_unix(sshd:auth): authentication failure; logname= uid=0 euid=0 tty=ssh ruser= rhost=160.242.96.43  user=daemon
Dec  9 07:57:01 cls sshd[44826]: pam_unix(sshd:auth): authentication failure; logname= uid=0 euid=0 tty=ssh ruser= rhost=101.47.140.130  user=root
Dec  9 07:57:02 cls sshd[44824]: Failed password for daemon from 160.242.96.43 port 47462 ssh2
Dec  9 07:57:03 cls sshd[44828]: pam_unix(sshd:auth): authentication failure; logname= uid=0 euid=0 tty=ssh ruser= rhost=81.211.72.167  user=ubuntu
Dec  9 07:57:03 cls sshd[44824]: Received disconnect from 160.242.96.43 port 47462:11: Bye Bye [preauth]
Dec  9 07:57:03 cls sshd[44824]: Disconnected from authenticating user daemon 160.242.96.43 port 47462 [preauth]
Dec  9 07:57:04 cls sshd[44826]: Failed password for root from 101.47.140.130 port 58246 ssh2
Dec  9 07:57:04 cls sshd[44826]: Received disconnect from 101.47.140.130 port 58246:11: Bye Bye [preauth]
Dec  9 07:57:04 cls sshd[44826]: Disconnected from authenticating user root 101.47.140.130 port 58246 [preauth]
Dec  9 07:57:05 cls sshd[44828]: Failed password for ubuntu from 81.211.72.167 port 53787 ssh2
Dec  9 07:57:06 cls sshd[44830]: pam_unix(sshd:auth): authentication failure; logname= uid=0 euid=0 tty=ssh ruser= rhost=118.193.39.127  user=root
Dec  9 07:57:07 cls sshd[44828]: Received disconnect from 81.211.72.167 port 53787:11: Bye Bye [preauth]
Dec  9 07:57:07 cls sshd[44828]: Disconnected from authenticating user ubuntu 81.211.72.167 port 53787 [preauth]
Dec  9 07:57:09 cls sshd[44830]: Failed password for root from 118.193.39.127 port 60826 ssh2
Dec  9 07:57:09 cls sshd[44830]: Received disconnect from 118.193.39.127 port 60826:11: Bye Bye [preauth]
Dec  9 07:57:09 cls sshd[44830]: Disconnected from authenticating user root 118.193.39.127 port 60826 [preauth]
Dec  9 07:57:10 cls sshd[44832]: pam_unix(sshd:auth): authentication failure; logname= uid=0 euid=0 tty=ssh ruser= rhost=138.124.20.112  user=root
Dec  9 07:57:12 cls sshd[44832]: Failed password for root from 138.124.20.112 port 47680 ssh2
Dec  9 07:57:12 cls sshd[44832]: Received disconnect from 138.124.20.112 port 47680:11: Bye Bye [preauth]
Dec  9 07:57:12 cls sshd[44832]: Disconnected from authenticating user root 138.124.20.112 port 47680 [preauth]
Dec  9 07:57:21 cls sshd[44837]: pam_unix(sshd:auth): authentication failure; logname= uid=0 euid=0 tty=ssh ruser= rhost=187.72.57.84  user=root
Dec  9 07:57:23 cls sshd[44837]: Failed password for root from 187.72.57.84 port 52427 ssh2
Dec  9 07:57:24 cls sshd[44837]: Received disconnect from 187.72.57.84 port 52427:11: Bye Bye [preauth]
Dec  9 07:57:24 cls sshd[44837]: Disconnected from authenticating user root 187.72.57.84 port 52427 [preauth]
Dec  9 07:57:26 cls sshd[44839]: Invalid user httpd from 118.194.250.47 port 34994
Dec  9 07:57:26 cls sshd[44839]: pam_unix(sshd:auth): check pass; user unknown
Dec  9 07:57:26 cls sshd[44839]: pam_unix(sshd:auth): authentication failure; logname= uid=0 euid=0 tty=ssh ruser= rhost=118.194.250.47 
Dec  9 07:57:27 cls sshd[44841]: Invalid user suporte from 83.235.16.111 port 43064
Dec  9 07:57:27 cls sshd[44841]: pam_unix(sshd:auth): check pass; user unknown
Dec  9 07:57:27 cls sshd[44841]: pam_unix(sshd:auth): authentication failure; logname= uid=0 euid=0 tty=ssh ruser= rhost=83.235.16.111 
Dec  9 07:57:28 cls sshd[44839]: Failed password for invalid user httpd from 118.194.250.47 port 34994 ssh2
Dec  9 07:57:29 cls sshd[44839]: Received disconnect from 118.194.250.47 port 34994:11: Bye Bye [preauth]
Dec  9 07:57:29 cls sshd[44839]: Disconnected from invalid user httpd 118.194.250.47 port 34994 [preauth]
Dec  9 07:57:29 cls sshd[44841]: Failed password for invalid user suporte from 83.235.16.111 port 43064 ssh2
Dec  9 07:57:30 cls sshd[44841]: Received disconnect from 83.235.16.111 port 43064:11: Bye Bye [preauth]
Dec  9 07:57:30 cls sshd[44841]: Disconnected from invalid user suporte 83.235.16.111 port 43064 [preauth]
Dec  9 07:57:35 cls sshd[44843]: Invalid user app from 203.190.11.42 port 40898
Dec  9 07:57:35 cls sshd[44843]: pam_unix(sshd:auth): check pass; user unknown
Dec  9 07:57:35 cls sshd[44843]: pam_unix(sshd:auth): authentication failure; logname= uid=0 euid=0 tty=ssh ruser= rhost=203.190.11.42 
Dec  9 07:57:37 cls sshd[44843]: Failed password for invalid user app from 203.190.11.42 port 40898 ssh2
Dec  9 07:57:38 cls sshd[44845]: Invalid user test1 from 45.78.217.127 port 37408
Dec  9 07:57:38 cls sshd[44845]: pam_unix(sshd:auth): check pass; user unknown
Dec  9 07:57:38 cls sshd[44845]: pam_unix(sshd:auth): authentication failure; logname= uid=0 euid=0 tty=ssh ruser= rhost=45.78.217.127 
Dec  9 07:57:38 cls sshd[44843]: Received disconnect from 203.190.11.42 port 40898:11: Bye Bye [preauth]
Dec  9 07:57:38 cls sshd[44843]: Disconnected from invalid user app 203.190.11.42 port 40898 [preauth]
Dec  9 07:57:40 cls sshd[44847]: Invalid user work from 81.211.72.167 port 60083
Dec  9 07:57:40 cls sshd[44847]: pam_unix(sshd:auth): check pass; user unknown
Dec  9 07:57:40 cls sshd[44847]: pam_unix(sshd:auth): authentication failure; logname= uid=0 euid=0 tty=ssh ruser= rhost=81.211.72.167 
Dec  9 07:57:41 cls sshd[44845]: Failed password for invalid user test1 from 45.78.217.127 port 37408 ssh2
Dec  9 07:57:42 cls sshd[44845]: Received disconnect from 45.78.217.127 port 37408:11: Bye Bye [preauth]
Dec  9 07:57:42 cls sshd[44845]: Disconnected from invalid user test1 45.78.217.127 port 37408 [preauth]
Dec  9 07:57:42 cls sshd[44849]: Invalid user tp from 118.193.39.127 port 39544
Dec  9 07:57:42 cls sshd[44849]: pam_unix(sshd:auth): check pass; user unknown
Dec  9 07:57:42 cls sshd[44849]: pam_unix(sshd:auth): authentication failure; logname= uid=0 euid=0 tty=ssh ruser= rhost=118.193.39.127 
Dec  9 07:57:42 cls sshd[44847]: Failed password for invalid user work from 81.211.72.167 port 60083 ssh2
Dec  9 07:57:44 cls sshd[44847]: Received disconnect from 81.211.72.167 port 60083:11: Bye Bye [preauth]
Dec  9 07:57:44 cls sshd[44847]: Disconnected from invalid user work 81.211.72.167 port 60083 [preauth]
Dec  9 07:57:44 cls sshd[44849]: Failed password for invalid user tp from 118.193.39.127 port 39544 ssh2
Dec  9 07:57:45 cls sshd[44849]: Received disconnect from 118.193.39.127 port 39544:11: Bye Bye [preauth]
Dec  9 07:57:45 cls sshd[44849]: Disconnected from invalid user tp 118.193.39.127 port 39544 [preauth]
Dec  9 07:57:49 cls sshd[44851]: pam_unix(sshd:auth): authentication failure; logname= uid=0 euid=0 tty=ssh ruser= rhost=160.242.96.43  user=root
Dec  9 07:57:51 cls sshd[44851]: Failed password for root from 160.242.96.43 port 44166 ssh2
Dec  9 07:57:52 cls sshd[44851]: Received disconnect from 160.242.96.43 port 44166:11: Bye Bye [preauth]
Dec  9 07:57:52 cls sshd[44851]: Disconnected from authenticating user root 160.242.96.43 port 44166 [preauth]
Dec  9 07:57:54 cls sshd[44853]: Invalid user test1 from 138.124.20.112 port 51200
Dec  9 07:57:54 cls sshd[44853]: pam_unix(sshd:auth): check pass; user unknown
Dec  9 07:57:54 cls sshd[44853]: pam_unix(sshd:auth): authentication failure; logname= uid=0 euid=0 tty=ssh ruser= rhost=138.124.20.112 
Dec  9 07:57:57 cls sshd[44853]: Failed password for invalid user test1 from 138.124.20.112 port 51200 ssh2
Dec  9 07:57:58 cls sshd[44853]: Received disconnect from 138.124.20.112 port 51200:11: Bye Bye [preauth]
Dec  9 07:57:58 cls sshd[44853]: Disconnected from invalid user test1 138.124.20.112 port 51200 [preauth]
Dec  9 07:58:02 cls sshd[44857]: Invalid user chromeuser from 83.235.16.111 port 55614
Dec  9 07:58:02 cls sshd[44857]: pam_unix(sshd:auth): check pass; user unknown
Dec  9 07:58:02 cls sshd[44857]: pam_unix(sshd:auth): authentication failure; logname= uid=0 euid=0 tty=ssh ruser= rhost=83.235.16.111 
Dec  9 07:58:04 cls sshd[44857]: Failed password for invalid user chromeuser from 83.235.16.111 port 55614 ssh2
Dec  9 07:58:07 cls sshd[44857]: Received disconnect from 83.235.16.111 port 55614:11: Bye Bye [preauth]
Dec  9 07:58:07 cls sshd[44857]: Disconnected from invalid user chromeuser 83.235.16.111 port 55614 [preauth]
Dec  9 07:58:13 cls sshd[44870]: pam_unix(sshd:auth): authentication failure; logname= uid=0 euid=0 tty=ssh ruser= rhost=118.194.250.47  user=games
Dec  9 07:58:14 cls sshd[44868]: Invalid user yasin from 187.72.57.84 port 58910
Dec  9 07:58:14 cls sshd[44868]: pam_unix(sshd:auth): check pass; user unknown
Dec  9 07:58:14 cls sshd[44868]: pam_unix(sshd:auth): authentication failure; logname= uid=0 euid=0 tty=ssh ruser= rhost=187.72.57.84 
Dec  9 07:58:16 cls sshd[44870]: Failed password for games from 118.194.250.47 port 51180 ssh2
Dec  9 07:58:17 cls sshd[44868]: Failed password for invalid user yasin from 187.72.57.84 port 58910 ssh2
Dec  9 07:58:17 cls sshd[44870]: Received disconnect from 118.194.250.47 port 51180:11: Bye Bye [preauth]
Dec  9 07:58:17 cls sshd[44870]: Disconnected from authenticating user games 118.194.250.47 port 51180 [preauth]
Dec  9 07:58:18 cls sshd[44872]: pam_unix(sshd:auth): authentication failure; logname= uid=0 euid=0 tty=ssh ruser= rhost=81.211.72.167  user=root
Dec  9 07:58:18 cls sshd[44874]: pam_unix(sshd:auth): authentication failure; logname= uid=0 euid=0 tty=ssh ruser= rhost=118.193.39.127  user=root
Dec  9 07:58:19 cls sshd[44868]: Received disconnect from 187.72.57.84 port 58910:11: Bye Bye [preauth]
Dec  9 07:58:19 cls sshd[44868]: Disconnected from invalid user yasin 187.72.57.84 port 58910 [preauth]
Dec  9 07:58:20 cls sshd[44872]: Failed password for root from 81.211.72.167 port 38144 ssh2
Dec  9 07:58:20 cls sshd[44874]: Failed password for root from 118.193.39.127 port 42630 ssh2
Dec  9 07:58:21 cls sshd[44872]: Received disconnect from 81.211.72.167 port 38144:11: Bye Bye [preauth]
Dec  9 07:58:21 cls sshd[44872]: Disconnected from authenticating user root 81.211.72.167 port 38144 [preauth]
Dec  9 07:58:21 cls sshd[44874]: Received disconnect from 118.193.39.127 port 42630:11: Bye Bye [preauth]
Dec  9 07:58:21 cls sshd[44874]: Disconnected from authenticating user root 118.193.39.127 port 42630 [preauth]
Dec  9 07:58:21 cls sshd[44876]: pam_unix(sshd:auth): authentication failure; logname= uid=0 euid=0 tty=ssh ruser= rhost=203.190.11.42  user=daemon
Dec  9 07:58:23 cls sshd[44876]: Failed password for daemon from 203.190.11.42 port 35624 ssh2
Dec  9 07:58:24 cls sshd[44876]: Received disconnect from 203.190.11.42 port 35624:11: Bye Bye [preauth]
Dec  9 07:58:24 cls sshd[44876]: Disconnected from authenticating user daemon 203.190.11.42 port 35624 [preauth]
Dec  9 07:58:34 cls sshd[44878]: pam_unix(sshd:auth): authentication failure; logname= uid=0 euid=0 tty=ssh ruser= rhost=160.242.96.43  user=root
Dec  9 07:58:36 cls sshd[44878]: Failed password for root from 160.242.96.43 port 42632 ssh2
Dec  9 07:58:36 cls sshd[44880]: Invalid user oracle from 83.235.16.111 port 39938
Dec  9 07:58:36 cls sshd[44880]: pam_unix(sshd:auth): check pass; user unknown
Dec  9 07:58:36 cls sshd[44880]: pam_unix(sshd:auth): authentication failure; logname= uid=0 euid=0 tty=ssh ruser= rhost=83.235.16.111 
Dec  9 07:58:37 cls sshd[44878]: Received disconnect from 160.242.96.43 port 42632:11: Bye Bye [preauth]
Dec  9 07:58:37 cls sshd[44878]: Disconnected from authenticating user root 160.242.96.43 port 42632 [preauth]
Dec  9 07:58:38 cls sshd[44880]: Failed password for invalid user oracle from 83.235.16.111 port 39938 ssh2
Dec  9 07:58:39 cls sshd[44880]: Received disconnect from 83.235.16.111 port 39938:11: Bye Bye [preauth]
Dec  9 07:58:39 cls sshd[44880]: Disconnected from invalid user oracle 83.235.16.111 port 39938 [preauth]
Dec  9 07:58:46 cls sshd[44886]: pam_unix(sshd:auth): authentication failure; logname= uid=0 euid=0 tty=ssh ruser= rhost=138.124.20.112  user=root
Dec  9 07:58:48 cls sshd[44886]: Failed password for root from 138.124.20.112 port 38636 ssh2
Dec  9 07:58:49 cls sshd[44886]: Received disconnect from 138.124.20.112 port 38636:11: Bye Bye [preauth]
Dec  9 07:58:49 cls sshd[44886]: Disconnected from authenticating user root 138.124.20.112 port 38636 [preauth]
Dec  9 07:58:53 cls sshd[44888]: Invalid user app from 45.78.217.127 port 47240
Dec  9 07:58:53 cls sshd[44888]: pam_unix(sshd:auth): check pass; user unknown
Dec  9 07:58:53 cls sshd[44888]: pam_unix(sshd:auth): authentication failure; logname= uid=0 euid=0 tty=ssh ruser= rhost=45.78.217.127 
Dec  9 07:58:54 cls sshd[44890]: Invalid user dimas from 81.211.72.167 port 44442
Dec  9 07:58:54 cls sshd[44890]: pam_unix(sshd:auth): check pass; user unknown
Dec  9 07:58:54 cls sshd[44890]: pam_unix(sshd:auth): authentication failure; logname= uid=0 euid=0 tty=ssh ruser= rhost=81.211.72.167 
Dec  9 07:58:55 cls sshd[44888]: Failed password for invalid user app from 45.78.217.127 port 47240 ssh2
Dec  9 07:58:56 cls sshd[44888]: Received disconnect from 45.78.217.127 port 47240:11: Bye Bye [preauth]
Dec  9 07:58:56 cls sshd[44888]: Disconnected from invalid user app 45.78.217.127 port 47240 [preauth]
Dec  9 07:58:56 cls sshd[44890]: Failed password for invalid user dimas from 81.211.72.167 port 44442 ssh2
Dec  9 07:58:57 cls sshd[44890]: Received disconnect from 81.211.72.167 port 44442:11: Bye Bye [preauth]
Dec  9 07:58:57 cls sshd[44890]: Disconnected from invalid user dimas 81.211.72.167 port 44442 [preauth]
Dec  9 07:58:57 cls sshd[44895]: pam_unix(sshd:auth): authentication failure; logname= uid=0 euid=0 tty=ssh ruser= rhost=118.194.250.47  user=root
Dec  9 07:58:58 cls sshd[44897]: pam_unix(sshd:auth): authentication failure; logname= uid=0 euid=0 tty=ssh ruser= rhost=118.193.39.127  user=root
Dec  9 07:58:58 cls sshd[44895]: Failed password for root from 118.194.250.47 port 35134 ssh2
Dec  9 07:58:59 cls sshd[44897]: Failed password for root from 118.193.39.127 port 34616 ssh2
Dec  9 07:59:00 cls sshd[44895]: Received disconnect from 118.194.250.47 port 35134:11: Bye Bye [preauth]
Dec  9 07:59:00 cls sshd[44895]: Disconnected from authenticating user root 118.194.250.47 port 35134 [preauth]
Dec  9 07:59:00 cls sshd[44897]: Received disconnect from 118.193.39.127 port 34616:11: Bye Bye [preauth]
Dec  9 07:59:00 cls sshd[44897]: Disconnected from authenticating user root 118.193.39.127 port 34616 [preauth]
Dec  9 07:59:02 cls sshd[44899]: pam_unix(sshd:auth): authentication failure; logname= uid=0 euid=0 tty=ssh ruser= rhost=187.72.57.84  user=root
Dec  9 07:59:04 cls sshd[44899]: Failed password for root from 187.72.57.84 port 37156 ssh2
Dec  9 07:59:05 cls sshd[44899]: Received disconnect from 187.72.57.84 port 37156:11: Bye Bye [preauth]
Dec  9 07:59:05 cls sshd[44899]: Disconnected from authenticating user root 187.72.57.84 port 37156 [preauth]
Dec  9 07:59:06 cls sshd[44904]: Invalid user test001 from 203.190.11.42 port 45690
Dec  9 07:59:06 cls sshd[44904]: pam_unix(sshd:auth): check pass; user unknown
Dec  9 07:59:06 cls sshd[44904]: pam_unix(sshd:auth): authentication failure; logname= uid=0 euid=0 tty=ssh ruser= rhost=203.190.11.42 
Dec  9 07:59:09 cls sshd[44904]: Failed password for invalid user test001 from 203.190.11.42 port 45690 ssh2
Dec  9 07:59:10 cls sshd[44904]: Received disconnect from 203.190.11.42 port 45690:11: Bye Bye [preauth]
Dec  9 07:59:10 cls sshd[44904]: Disconnected from invalid user test001 203.190.11.42 port 45690 [preauth]
Dec  9 07:59:11 cls sshd[44909]: pam_unix(sshd:auth): authentication failure; logname= uid=0 euid=0 tty=ssh ruser= rhost=83.235.16.111  user=root
Dec  9 07:59:13 cls sshd[44909]: Failed password for root from 83.235.16.111 port 52492 ssh2
Dec  9 07:59:13 cls sshd[44909]: Received disconnect from 83.235.16.111 port 52492:11: Bye Bye [preauth]
Dec  9 07:59:13 cls sshd[44909]: Disconnected from authenticating user root 83.235.16.111 port 52492 [preauth]
Dec  9 07:59:23 cls sshd[44911]: Invalid user user1 from 101.47.140.130 port 58526
Dec  9 07:59:23 cls sshd[44911]: pam_unix(sshd:auth): check pass; user unknown
Dec  9 07:59:23 cls sshd[44911]: pam_unix(sshd:auth): authentication failure; logname= uid=0 euid=0 tty=ssh ruser= rhost=101.47.140.130 
Dec  9 07:59:23 cls sshd[44913]: pam_unix(sshd:auth): authentication failure; logname= uid=0 euid=0 tty=ssh ruser= rhost=160.242.96.43  user=root
Dec  9 07:59:25 cls sshd[44911]: Failed password for invalid user user1 from 101.47.140.130 port 58526 ssh2
Dec  9 07:59:26 cls sshd[44911]: Received disconnect from 101.47.140.130 port 58526:11: Bye Bye [preauth]
Dec  9 07:59:26 cls sshd[44911]: Disconnected from invalid user user1 101.47.140.130 port 58526 [preauth]
Dec  9 07:59:26 cls sshd[44913]: Failed password for root from 160.242.96.43 port 57736 ssh2
Dec  9 07:59:26 cls sshd[44913]: Received disconnect from 160.242.96.43 port 57736:11: Bye Bye [preauth]
Dec  9 07:59:26 cls sshd[44913]: Disconnected from authenticating user root 160.242.96.43 port 57736 [preauth]
Dec  9 07:59:30 cls sshd[44915]: Invalid user user from 81.211.72.167 port 50738
Dec  9 07:59:30 cls sshd[44915]: pam_unix(sshd:auth): check pass; user unknown
Dec  9 07:59:30 cls sshd[44915]: pam_unix(sshd:auth): authentication failure; logname= uid=0 euid=0 tty=ssh ruser= rhost=81.211.72.167 
Dec  9 07:59:31 cls sshd[44917]: Invalid user user from 138.124.20.112 port 43428
Dec  9 07:59:31 cls sshd[44917]: pam_unix(sshd:auth): check pass; user unknown
Dec  9 07:59:31 cls sshd[44917]: pam_unix(sshd:auth): authentication failure; logname= uid=0 euid=0 tty=ssh ruser= rhost=138.124.20.112 
Dec  9 07:59:32 cls sshd[44915]: Failed password for invalid user user from 81.211.72.167 port 50738 ssh2
Dec  9 07:59:33 cls sshd[44917]: Failed password for invalid user user from 138.124.20.112 port 43428 ssh2
Dec  9 07:59:33 cls sshd[44924]: Invalid user r from 118.193.39.127 port 46778
Dec  9 07:59:33 cls sshd[44924]: pam_unix(sshd:auth): check pass; user unknown
Dec  9 07:59:33 cls sshd[44924]: pam_unix(sshd:auth): authentication failure; logname= uid=0 euid=0 tty=ssh ruser= rhost=118.193.39.127 
Dec  9 07:59:33 cls sshd[44915]: Received disconnect from 81.211.72.167 port 50738:11: Bye Bye [preauth]
Dec  9 07:59:33 cls sshd[44915]: Disconnected from invalid user user 81.211.72.167 port 50738 [preauth]
Dec  9 07:59:35 cls sshd[44924]: Failed password for invalid user r from 118.193.39.127 port 46778 ssh2
Dec  9 07:59:35 cls sshd[44917]: Received disconnect from 138.124.20.112 port 43428:11: Bye Bye [preauth]
Dec  9 07:59:35 cls sshd[44917]: Disconnected from invalid user user 138.124.20.112 port 43428 [preauth]
Dec  9 07:59:36 cls sshd[44924]: Received disconnect from 118.193.39.127 port 46778:11: Bye Bye [preauth]
Dec  9 07:59:36 cls sshd[44924]: Disconnected from invalid user r 118.193.39.127 port 46778 [preauth]
Dec  9 07:59:41 cls sshd[44934]: pam_unix(sshd:auth): authentication failure; logname= uid=0 euid=0 tty=ssh ruser= rhost=118.194.250.47  user=root
Dec  9 07:59:43 cls sshd[44934]: Failed password for root from 118.194.250.47 port 46980 ssh2
Dec  9 07:59:44 cls sshd[44934]: Received disconnect from 118.194.250.47 port 46980:11: Bye Bye [preauth]
Dec  9 07:59:44 cls sshd[44934]: Disconnected from authenticating user root 118.194.250.47 port 46980 [preauth]
Dec  9 07:59:44 cls sshd[44936]: pam_unix(sshd:auth): authentication failure; logname= uid=0 euid=0 tty=ssh ruser= rhost=83.235.16.111  user=root
Dec  9 07:59:46 cls sshd[44936]: Failed password for root from 83.235.16.111 port 36818 ssh2
Dec  9 07:59:47 cls sshd[44936]: Received disconnect from 83.235.16.111 port 36818:11: Bye Bye [preauth]
Dec  9 07:59:47 cls sshd[44936]: Disconnected from authenticating user root 83.235.16.111 port 36818 [preauth]
Dec  9 07:59:52 cls sshd[44941]: pam_unix(sshd:auth): authentication failure; logname= uid=0 euid=0 tty=ssh ruser= rhost=187.72.57.84  user=root
Dec  9 07:59:53 cls sshd[44941]: Failed password for root from 187.72.57.84 port 43637 ssh2
Dec  9 07:59:55 cls sshd[44941]: Received disconnect from 187.72.57.84 port 43637:11: Bye Bye [preauth]
Dec  9 07:59:55 cls sshd[44941]: Disconnected from authenticating user root 187.72.57.84 port 43637 [preauth]
Dec  9 07:59:56 cls sshd[44943]: pam_unix(sshd:auth): authentication failure; logname= uid=0 euid=0 tty=ssh ruser= rhost=203.190.11.42  user=root
Dec  9 07:59:57 cls sshd[44943]: Failed password for root from 203.190.11.42 port 57072 ssh2
Dec  9 07:59:58 cls sshd[44943]: Received disconnect from 203.190.11.42 port 57072:11: Bye Bye [preauth]
Dec  9 07:59:58 cls sshd[44943]: Disconnected from authenticating user root 203.190.11.42 port 57072 [preauth]
Dec  9 08:00:01 cls CRON[44945]: pam_unix(cron:session): session opened for user akriveia by (uid=0)
Dec  9 08:00:01 cls CRON[44945]: pam_unix(cron:session): session closed for user akriveia
Dec  9 08:00:06 cls sshd[44951]: pam_unix(sshd:auth): authentication failure; logname= uid=0 euid=0 tty=ssh ruser= rhost=81.211.72.167  user=mysql
