Dec  8 17:31:19 cls sshd[15242]: Failed password for root from 81.234.146.158 port 59084 ssh2
Dec  8 17:31:19 cls sshd[15242]: Received disconnect from 81.234.146.158 port 59084:11: Bye Bye [preauth]
Dec  8 17:31:19 cls sshd[15242]: Disconnected from authenticating user root 81.234.146.158 port 59084 [preauth]
Dec  8 17:31:23 cls sshd[15263]: pam_unix(sshd:auth): authentication failure; logname= uid=0 euid=0 tty=ssh ruser= rhost=149.104.111.235  user=root
Dec  8 17:31:25 cls sshd[15263]: Failed password for root from 149.104.111.235 port 48708 ssh2
Dec  8 17:31:25 cls sshd[15227]: Received disconnect from 103.215.237.50 port 53284:11: disconnected by user
Dec  8 17:31:25 cls sshd[15227]: Disconnected from user akriveia 103.215.237.50 port 53284
Dec  8 17:31:25 cls sshd[15156]: pam_unix(sshd:session): session closed for user akriveia
Dec  8 17:31:25 cls systemd-logind[703]: Session 38 logged out. Waiting for processes to exit.
Dec  8 17:31:25 cls systemd-logind[703]: Removed session 38.
Dec  8 17:31:26 cls sshd[15263]: Received disconnect from 149.104.111.235 port 48708:11: Bye Bye [preauth]
Dec  8 17:31:26 cls sshd[15263]: Disconnected from authenticating user root 149.104.111.235 port 48708 [preauth]
Dec  8 17:31:26 cls sshd[15253]: Connection closed by 101.47.143.72 port 60250 [preauth]
Dec  8 17:31:29 cls sshd[15288]: pam_unix(sshd:auth): authentication failure; logname= uid=0 euid=0 tty=ssh ruser= rhost=36.95.194.54  user=root
Dec  8 17:31:31 cls sshd[15288]: Failed password for root from 36.95.194.54 port 57910 ssh2
Dec  8 17:31:32 cls sshd[15288]: Received disconnect from 36.95.194.54 port 57910:11: Bye Bye [preauth]
Dec  8 17:31:32 cls sshd[15288]: Disconnected from authenticating user root 36.95.194.54 port 57910 [preauth]
Dec  8 17:31:33 cls sshd[15290]: pam_unix(sshd:auth): authentication failure; logname= uid=0 euid=0 tty=ssh ruser= rhost=101.47.161.41  user=root
Dec  8 17:31:36 cls sshd[15290]: Failed password for root from 101.47.161.41 port 53140 ssh2
Dec  8 17:31:36 cls sshd[15290]: Received disconnect from 101.47.161.41 port 53140:11: Bye Bye [preauth]
Dec  8 17:31:36 cls sshd[15290]: Disconnected from authenticating user root 101.47.161.41 port 53140 [preauth]
Dec  8 17:32:04 cls sshd[15294]: pam_unix(sshd:auth): authentication failure; logname= uid=0 euid=0 tty=ssh ruser= rhost=103.217.144.161  user=root
Dec  8 17:32:07 cls sshd[15294]: Failed password for root from 103.217.144.161 port 46846 ssh2
Dec  8 17:32:07 cls sshd[15294]: Received disconnect from 103.217.144.161 port 46846:11: Bye Bye [preauth]
Dec  8 17:32:07 cls sshd[15294]: Disconnected from authenticating user root 103.217.144.161 port 46846 [preauth]
Dec  8 17:32:08 cls sshd[15299]: pam_unix(sshd:auth): authentication failure; logname= uid=0 euid=0 tty=ssh ruser= rhost=121.122.65.109  user=root
Dec  8 17:32:10 cls sshd[15299]: Failed password for root from 121.122.65.109 port 53861 ssh2
Dec  8 17:32:11 cls sshd[15299]: Received disconnect from 121.122.65.109 port 53861:11: Bye Bye [preauth]
Dec  8 17:32:11 cls sshd[15299]: Disconnected from authenticating user root 121.122.65.109 port 53861 [preauth]
Dec  8 17:32:12 cls sshd[15303]: pam_unix(sshd:auth): authentication failure; logname= uid=0 euid=0 tty=ssh ruser= rhost=46.224.115.70  user=root
Dec  8 17:32:14 cls sshd[15303]: Failed password for root from 46.224.115.70 port 48822 ssh2
Dec  8 17:32:14 cls sshd[15303]: Received disconnect from 46.224.115.70 port 48822:11: Bye Bye [preauth]
Dec  8 17:32:14 cls sshd[15303]: Disconnected from authenticating user root 46.224.115.70 port 48822 [preauth]
Dec  8 17:32:21 cls sshd[15305]: pam_unix(sshd:auth): authentication failure; logname= uid=0 euid=0 tty=ssh ruser= rhost=168.205.92.43  user=root
Dec  8 17:32:23 cls sshd[15305]: Failed password for root from 168.205.92.43 port 43050 ssh2
Dec  8 17:32:24 cls sshd[15305]: Received disconnect from 168.205.92.43 port 43050:11: Bye Bye [preauth]
Dec  8 17:32:24 cls sshd[15305]: Disconnected from authenticating user root 168.205.92.43 port 43050 [preauth]
Dec  8 17:32:26 cls sshd[15308]: pam_unix(sshd:auth): authentication failure; logname= uid=0 euid=0 tty=ssh ruser= rhost=45.78.217.135  user=root
Dec  8 17:32:26 cls sshd[15307]: Invalid user jacob from 103.176.78.240 port 54102
Dec  8 17:32:26 cls sshd[15307]: pam_unix(sshd:auth): check pass; user unknown
Dec  8 17:32:26 cls sshd[15307]: pam_unix(sshd:auth): authentication failure; logname= uid=0 euid=0 tty=ssh ruser= rhost=103.176.78.240 
Dec  8 17:32:28 cls sshd[15310]: pam_unix(sshd:auth): authentication failure; logname= uid=0 euid=0 tty=ssh ruser= rhost=101.47.141.170  user=root
Dec  8 17:32:29 cls sshd[15308]: Failed password for root from 45.78.217.135 port 46112 ssh2
Dec  8 17:32:29 cls sshd[15307]: Failed password for invalid user jacob from 103.176.78.240 port 54102 ssh2
Dec  8 17:32:29 cls sshd[15308]: Received disconnect from 45.78.217.135 port 46112:11: Bye Bye [preauth]
Dec  8 17:32:29 cls sshd[15308]: Disconnected from authenticating user root 45.78.217.135 port 46112 [preauth]
Dec  8 17:32:31 cls sshd[15310]: Failed password for root from 101.47.141.170 port 34956 ssh2
Dec  8 17:32:31 cls sshd[15310]: Received disconnect from 101.47.141.170 port 34956:11: Bye Bye [preauth]
Dec  8 17:32:31 cls sshd[15310]: Disconnected from authenticating user root 101.47.141.170 port 34956 [preauth]
Dec  8 17:32:31 cls sshd[15307]: Received disconnect from 103.176.78.240 port 54102:11: Bye Bye [preauth]
Dec  8 17:32:31 cls sshd[15307]: Disconnected from invalid user jacob 103.176.78.240 port 54102 [preauth]
Dec  8 17:32:40 cls sshd[15315]: pam_unix(sshd:auth): authentication failure; logname= uid=0 euid=0 tty=ssh ruser= rhost=103.164.81.65  user=root
Dec  8 17:32:41 cls sshd[15313]: pam_unix(sshd:auth): authentication failure; logname= uid=0 euid=0 tty=ssh ruser= rhost=81.234.146.158  user=root
Dec  8 17:32:42 cls sshd[15318]: pam_unix(sshd:auth): authentication failure; logname= uid=0 euid=0 tty=ssh ruser= rhost=149.104.111.235  user=root
Dec  8 17:32:42 cls sshd[15313]: Failed password for root from 81.234.146.158 port 46113 ssh2
Dec  8 17:32:42 cls sshd[15315]: Failed password for root from 103.164.81.65 port 58702 ssh2
Dec  8 17:32:43 cls sshd[15315]: Received disconnect from 103.164.81.65 port 58702:11: Bye Bye [preauth]
Dec  8 17:32:43 cls sshd[15315]: Disconnected from authenticating user root 103.164.81.65 port 58702 [preauth]
Dec  8 17:32:43 cls sshd[15313]: Received disconnect from 81.234.146.158 port 46113:11: Bye Bye [preauth]
Dec  8 17:32:43 cls sshd[15313]: Disconnected from authenticating user root 81.234.146.158 port 46113 [preauth]
Dec  8 17:32:44 cls sshd[15318]: Failed password for root from 149.104.111.235 port 51570 ssh2
Dec  8 17:32:45 cls sshd[15318]: Received disconnect from 149.104.111.235 port 51570:11: Bye Bye [preauth]
Dec  8 17:32:45 cls sshd[15318]: Disconnected from authenticating user root 149.104.111.235 port 51570 [preauth]
Dec  8 17:33:03 cls sshd[15344]: pam_unix(sshd:auth): authentication failure; logname= uid=0 euid=0 tty=ssh ruser= rhost=45.78.219.237  user=root
Dec  8 17:33:05 cls sshd[15344]: Failed password for root from 45.78.219.237 port 47908 ssh2
Dec  8 17:33:06 cls sshd[15344]: Received disconnect from 45.78.219.237 port 47908:11: Bye Bye [preauth]
Dec  8 17:33:06 cls sshd[15344]: Disconnected from authenticating user root 45.78.219.237 port 47908 [preauth]
Dec  8 17:33:07 cls sshd[15346]: Invalid user middleware from 36.95.194.54 port 39952
Dec  8 17:33:07 cls sshd[15346]: pam_unix(sshd:auth): check pass; user unknown
Dec  8 17:33:07 cls sshd[15346]: pam_unix(sshd:auth): authentication failure; logname= uid=0 euid=0 tty=ssh ruser= rhost=36.95.194.54 
Dec  8 17:33:08 cls sshd[15346]: Failed password for invalid user middleware from 36.95.194.54 port 39952 ssh2
Dec  8 17:33:09 cls sshd[15346]: Received disconnect from 36.95.194.54 port 39952:11: Bye Bye [preauth]
Dec  8 17:33:09 cls sshd[15346]: Disconnected from invalid user middleware 36.95.194.54 port 39952 [preauth]
Dec  8 17:33:18 cls sshd[15348]: pam_unix(sshd:auth): authentication failure; logname= uid=0 euid=0 tty=ssh ruser= rhost=46.224.115.70  user=root
Dec  8 17:33:19 cls sshd[15348]: Failed password for root from 46.224.115.70 port 34914 ssh2
Dec  8 17:33:20 cls sshd[15348]: Received disconnect from 46.224.115.70 port 34914:11: Bye Bye [preauth]
Dec  8 17:33:20 cls sshd[15348]: Disconnected from authenticating user root 46.224.115.70 port 34914 [preauth]
Dec  8 17:33:22 cls sshd[15350]: pam_unix(sshd:auth): authentication failure; logname= uid=0 euid=0 tty=ssh ruser= rhost=101.47.142.43  user=root
Dec  8 17:33:25 cls sshd[15350]: Failed password for root from 101.47.142.43 port 56834 ssh2
Dec  8 17:33:25 cls sshd[15350]: Received disconnect from 101.47.142.43 port 56834:11: Bye Bye [preauth]
Dec  8 17:33:25 cls sshd[15350]: Disconnected from authenticating user root 101.47.142.43 port 56834 [preauth]
Dec  8 17:33:29 cls sshd[15352]: pam_unix(sshd:auth): authentication failure; logname= uid=0 euid=0 tty=ssh ruser= rhost=121.122.65.109  user=root
Dec  8 17:33:31 cls sshd[15352]: Failed password for root from 121.122.65.109 port 28270 ssh2
Dec  8 17:33:31 cls sshd[15352]: Received disconnect from 121.122.65.109 port 28270:11: Bye Bye [preauth]
Dec  8 17:33:31 cls sshd[15352]: Disconnected from authenticating user root 121.122.65.109 port 28270 [preauth]
Dec  8 17:33:37 cls sshd[15354]: pam_unix(sshd:auth): authentication failure; logname= uid=0 euid=0 tty=ssh ruser= rhost=45.78.229.73  user=root
Dec  8 17:33:40 cls sshd[15354]: Failed password for root from 45.78.229.73 port 36890 ssh2
Dec  8 17:33:40 cls sshd[15354]: Received disconnect from 45.78.229.73 port 36890:11: Bye Bye [preauth]
Dec  8 17:33:40 cls sshd[15354]: Disconnected from authenticating user root 45.78.229.73 port 36890 [preauth]
Dec  8 17:33:56 cls sshd[15360]: pam_unix(sshd:auth): authentication failure; logname= uid=0 euid=0 tty=ssh ruser= rhost=101.47.143.72  user=root
Dec  8 17:33:58 cls sshd[15360]: Failed password for root from 101.47.143.72 port 48442 ssh2
Dec  8 17:33:58 cls sshd[15362]: pam_unix(sshd:auth): authentication failure; logname= uid=0 euid=0 tty=ssh ruser= rhost=103.217.144.161  user=root
Dec  8 17:33:58 cls sshd[15360]: Received disconnect from 101.47.143.72 port 48442:11: Bye Bye [preauth]
Dec  8 17:33:58 cls sshd[15360]: Disconnected from authenticating user root 101.47.143.72 port 48442 [preauth]
Dec  8 17:33:59 cls sshd[15364]: pam_unix(sshd:auth): authentication failure; logname= uid=0 euid=0 tty=ssh ruser= rhost=149.104.111.235  user=ubuntu
Dec  8 17:34:00 cls sshd[15362]: Failed password for root from 103.217.144.161 port 46430 ssh2
Dec  8 17:34:01 cls sshd[15362]: Received disconnect from 103.217.144.161 port 46430:11: Bye Bye [preauth]
Dec  8 17:34:01 cls sshd[15362]: Disconnected from authenticating user root 103.217.144.161 port 46430 [preauth]
Dec  8 17:34:01 cls sshd[15366]: Invalid user terra from 168.205.92.43 port 47226
Dec  8 17:34:01 cls sshd[15366]: pam_unix(sshd:auth): check pass; user unknown
Dec  8 17:34:01 cls sshd[15366]: pam_unix(sshd:auth): authentication failure; logname= uid=0 euid=0 tty=ssh ruser= rhost=168.205.92.43 
Dec  8 17:34:01 cls sshd[15364]: Failed password for ubuntu from 149.104.111.235 port 56198 ssh2
Dec  8 17:34:03 cls sshd[15370]: pam_unix(sshd:auth): authentication failure; logname= uid=0 euid=0 tty=ssh ruser= rhost=103.164.81.65  user=root
Dec  8 17:34:03 cls sshd[15364]: Received disconnect from 149.104.111.235 port 56198:11: Bye Bye [preauth]
Dec  8 17:34:03 cls sshd[15364]: Disconnected from authenticating user ubuntu 149.104.111.235 port 56198 [preauth]
Dec  8 17:34:03 cls sshd[15366]: Failed password for invalid user terra from 168.205.92.43 port 47226 ssh2
Dec  8 17:34:03 cls sshd[15368]: Invalid user marketing2024 from 81.234.146.158 port 33141
Dec  8 17:34:03 cls sshd[15368]: pam_unix(sshd:auth): check pass; user unknown
Dec  8 17:34:03 cls sshd[15368]: pam_unix(sshd:auth): authentication failure; logname= uid=0 euid=0 tty=ssh ruser= rhost=81.234.146.158 
Dec  8 17:34:04 cls sshd[15370]: Failed password for root from 103.164.81.65 port 31046 ssh2
Dec  8 17:34:05 cls sshd[15366]: Received disconnect from 168.205.92.43 port 47226:11: Bye Bye [preauth]
Dec  8 17:34:05 cls sshd[15366]: Disconnected from invalid user terra 168.205.92.43 port 47226 [preauth]
Dec  8 17:34:05 cls sshd[15368]: Failed password for invalid user marketing2024 from 81.234.146.158 port 33141 ssh2
Dec  8 17:34:05 cls sshd[15370]: Received disconnect from 103.164.81.65 port 31046:11: Bye Bye [preauth]
Dec  8 17:34:05 cls sshd[15370]: Disconnected from authenticating user root 103.164.81.65 port 31046 [preauth]
Dec  8 17:34:06 cls sshd[15368]: Received disconnect from 81.234.146.158 port 33141:11: Bye Bye [preauth]
Dec  8 17:34:06 cls sshd[15368]: Disconnected from invalid user marketing2024 81.234.146.158 port 33141 [preauth]
Dec  8 17:34:11 cls sshd[15375]: pam_unix(sshd:auth): authentication failure; logname= uid=0 euid=0 tty=ssh ruser= rhost=101.47.161.41  user=root
Dec  8 17:34:13 cls sshd[15375]: Failed password for root from 101.47.161.41 port 40134 ssh2
Dec  8 17:34:14 cls sshd[15375]: Received disconnect from 101.47.161.41 port 40134:11: Bye Bye [preauth]
Dec  8 17:34:14 cls sshd[15375]: Disconnected from authenticating user root 101.47.161.41 port 40134 [preauth]
Dec  8 17:34:21 cls sshd[15377]: pam_unix(sshd:auth): authentication failure; logname= uid=0 euid=0 tty=ssh ruser= rhost=103.176.78.240  user=root
Dec  8 17:34:23 cls sshd[15377]: Failed password for root from 103.176.78.240 port 58354 ssh2
Dec  8 17:34:23 cls sshd[15377]: Received disconnect from 103.176.78.240 port 58354:11: Bye Bye [preauth]
Dec  8 17:34:23 cls sshd[15377]: Disconnected from authenticating user root 103.176.78.240 port 58354 [preauth]
Dec  8 17:34:33 cls sshd[15382]: pam_unix(sshd:auth): authentication failure; logname= uid=0 euid=0 tty=ssh ruser= rhost=46.224.115.70  user=root
Dec  8 17:34:36 cls sshd[15382]: Failed password for root from 46.224.115.70 port 35784 ssh2
Dec  8 17:34:36 cls sshd[15382]: Received disconnect from 46.224.115.70 port 35784:11: Bye Bye [preauth]
Dec  8 17:34:36 cls sshd[15382]: Disconnected from authenticating user root 46.224.115.70 port 35784 [preauth]
Dec  8 17:34:43 cls sshd[15386]: pam_unix(sshd:auth): authentication failure; logname= uid=0 euid=0 tty=ssh ruser= rhost=36.95.194.54  user=root
Dec  8 17:34:45 cls sshd[15386]: Failed password for root from 36.95.194.54 port 54348 ssh2
Dec  8 17:34:46 cls sshd[15386]: Received disconnect from 36.95.194.54 port 54348:11: Bye Bye [preauth]
Dec  8 17:34:46 cls sshd[15386]: Disconnected from authenticating user root 36.95.194.54 port 54348 [preauth]
Dec  8 17:34:47 cls sshd[15393]: pam_unix(sshd:auth): authentication failure; logname= uid=0 euid=0 tty=ssh ruser= rhost=121.122.65.109  user=root
Dec  8 17:34:48 cls sshd[15395]: pam_unix(sshd:auth): authentication failure; logname= uid=0 euid=0 tty=ssh ruser= rhost=45.78.222.208  user=root
Dec  8 17:34:48 cls sshd[15393]: Failed password for root from 121.122.65.109 port 43885 ssh2
Dec  8 17:34:50 cls sshd[15393]: Received disconnect from 121.122.65.109 port 43885:11: Bye Bye [preauth]
Dec  8 17:34:50 cls sshd[15393]: Disconnected from authenticating user root 121.122.65.109 port 43885 [preauth]
Dec  8 17:34:50 cls sshd[15395]: Failed password for root from 45.78.222.208 port 46174 ssh2
Dec  8 17:34:51 cls sshd[15395]: Received disconnect from 45.78.222.208 port 46174:11: Bye Bye [preauth]
Dec  8 17:34:51 cls sshd[15395]: Disconnected from authenticating user root 45.78.222.208 port 46174 [preauth]
Dec  8 17:34:51 cls sshd[15397]: pam_unix(sshd:auth): authentication failure; logname= uid=0 euid=0 tty=ssh ruser= rhost=101.47.141.170  user=root
Dec  8 17:34:53 cls sshd[15397]: Failed password for root from 101.47.141.170 port 55668 ssh2
Dec  8 17:34:54 cls sshd[15397]: Received disconnect from 101.47.141.170 port 55668:11: Bye Bye [preauth]
Dec  8 17:34:54 cls sshd[15397]: Disconnected from authenticating user root 101.47.141.170 port 55668 [preauth]
Dec  8 17:35:03 cls sshd[15399]: pam_unix(sshd:auth): authentication failure; logname= uid=0 euid=0 tty=ssh ruser= rhost=45.78.217.135  user=root
Dec  8 17:35:04 cls sshd[15399]: Failed password for root from 45.78.217.135 port 34968 ssh2
Dec  8 17:35:05 cls sshd[15399]: Received disconnect from 45.78.217.135 port 34968:11: Bye Bye [preauth]
Dec  8 17:35:05 cls sshd[15399]: Disconnected from authenticating user root 45.78.217.135 port 34968 [preauth]
Dec  8 17:35:12 cls sshd[15416]: pam_unix(sshd:auth): authentication failure; logname= uid=0 euid=0 tty=ssh ruser= rhost=149.104.111.235  user=root
Dec  8 17:35:14 cls sshd[15416]: Failed password for root from 149.104.111.235 port 40030 ssh2
Dec  8 17:35:15 cls sshd[15416]: Received disconnect from 149.104.111.235 port 40030:11: Bye Bye [preauth]
Dec  8 17:35:15 cls sshd[15416]: Disconnected from authenticating user root 149.104.111.235 port 40030 [preauth]
Dec  8 17:35:22 cls sshd[15418]: pam_unix(sshd:auth): authentication failure; logname= uid=0 euid=0 tty=ssh ruser= rhost=103.164.81.65  user=root
Dec  8 17:35:24 cls sshd[15421]: pam_unix(sshd:auth): authentication failure; logname= uid=0 euid=0 tty=ssh ruser= rhost=81.234.146.158  user=root
Dec  8 17:35:24 cls sshd[15418]: Failed password for root from 103.164.81.65 port 58380 ssh2
Dec  8 17:35:25 cls sshd[15418]: Received disconnect from 103.164.81.65 port 58380:11: Bye Bye [preauth]
Dec  8 17:35:25 cls sshd[15418]: Disconnected from authenticating user root 103.164.81.65 port 58380 [preauth]
Dec  8 17:35:26 cls sshd[15421]: Failed password for root from 81.234.146.158 port 48402 ssh2
Dec  8 17:35:26 cls sshd[15421]: Received disconnect from 81.234.146.158 port 48402:11: Bye Bye [preauth]
Dec  8 17:35:26 cls sshd[15421]: Disconnected from authenticating user root 81.234.146.158 port 48402 [preauth]
Dec  8 17:35:34 cls sshd[15424]: pam_unix(sshd:auth): authentication failure; logname= uid=0 euid=0 tty=ssh ruser= rhost=168.205.92.43  user=root
Dec  8 17:35:36 cls sshd[15424]: Failed password for root from 168.205.92.43 port 49270 ssh2
Dec  8 17:35:37 cls sshd[15424]: Received disconnect from 168.205.92.43 port 49270:11: Bye Bye [preauth]
Dec  8 17:35:37 cls sshd[15424]: Disconnected from authenticating user root 168.205.92.43 port 49270 [preauth]
Dec  8 17:35:49 cls sshd[15448]: pam_unix(sshd:auth): authentication failure; logname= uid=0 euid=0 tty=ssh ruser= rhost=46.224.115.70  user=root
Dec  8 17:35:51 cls sshd[15448]: Failed password for root from 46.224.115.70 port 45934 ssh2
Dec  8 17:35:52 cls sshd[15448]: Received disconnect from 46.224.115.70 port 45934:11: Bye Bye [preauth]
Dec  8 17:35:52 cls sshd[15448]: Disconnected from authenticating user root 46.224.115.70 port 45934 [preauth]
Dec  8 17:35:55 cls sshd[15455]: pam_unix(sshd:auth): authentication failure; logname= uid=0 euid=0 tty=ssh ruser= rhost=45.78.219.237  user=root
Dec  8 17:35:56 cls sshd[15463]: pam_unix(sshd:auth): authentication failure; logname= uid=0 euid=0 tty=ssh ruser= rhost=103.217.144.161  user=root
Dec  8 17:35:56 cls sshd[15461]: pam_unix(sshd:auth): authentication failure; logname= uid=0 euid=0 tty=ssh ruser= rhost=101.47.142.43  user=root
Dec  8 17:35:57 cls sshd[15455]: Failed password for root from 45.78.219.237 port 43410 ssh2
Dec  8 17:35:58 cls sshd[15455]: Received disconnect from 45.78.219.237 port 43410:11: Bye Bye [preauth]
Dec  8 17:35:58 cls sshd[15455]: Disconnected from authenticating user root 45.78.219.237 port 43410 [preauth]
Dec  8 17:35:58 cls sshd[15463]: Failed password for root from 103.217.144.161 port 36794 ssh2
Dec  8 17:35:58 cls sshd[15461]: Failed password for root from 101.47.142.43 port 50718 ssh2
Dec  8 17:35:59 cls sshd[15463]: Received disconnect from 103.217.144.161 port 36794:11: Bye Bye [preauth]
Dec  8 17:35:59 cls sshd[15463]: Disconnected from authenticating user root 103.217.144.161 port 36794 [preauth]
Dec  8 17:35:59 cls sshd[15461]: Received disconnect from 101.47.142.43 port 50718:11: Bye Bye [preauth]
Dec  8 17:35:59 cls sshd[15461]: Disconnected from authenticating user root 101.47.142.43 port 50718 [preauth]
Dec  8 17:36:03 cls sshd[15465]: pam_unix(sshd:auth): authentication failure; logname= uid=0 euid=0 tty=ssh ruser= rhost=121.122.65.109  user=root
Dec  8 17:36:05 cls sshd[15465]: Failed password for root from 121.122.65.109 port 54539 ssh2
Dec  8 17:36:06 cls sshd[15465]: Received disconnect from 121.122.65.109 port 54539:11: Bye Bye [preauth]
Dec  8 17:36:06 cls sshd[15465]: Disconnected from authenticating user root 121.122.65.109 port 54539 [preauth]
Dec  8 17:36:11 cls sshd[15470]: pam_unix(sshd:auth): authentication failure; logname= uid=0 euid=0 tty=ssh ruser= rhost=45.78.229.73  user=root
Dec  8 17:36:13 cls sshd[15470]: Failed password for root from 45.78.229.73 port 37956 ssh2
Dec  8 17:36:14 cls sshd[15470]: Received disconnect from 45.78.229.73 port 37956:11: Bye Bye [preauth]
Dec  8 17:36:14 cls sshd[15470]: Disconnected from authenticating user root 45.78.229.73 port 37956 [preauth]
Dec  8 17:36:18 cls sshd[15472]: pam_unix(sshd:auth): authentication failure; logname= uid=0 euid=0 tty=ssh ruser= rhost=36.95.194.54  user=root
Dec  8 17:36:20 cls sshd[15472]: Failed password for root from 36.95.194.54 port 41436 ssh2
Dec  8 17:36:20 cls sshd[15472]: Received disconnect from 36.95.194.54 port 41436:11: Bye Bye [preauth]
Dec  8 17:36:20 cls sshd[15472]: Disconnected from authenticating user root 36.95.194.54 port 41436 [preauth]
Dec  8 17:36:23 cls sshd[15476]: pam_unix(sshd:auth): authentication failure; logname= uid=0 euid=0 tty=ssh ruser= rhost=101.47.143.72  user=root
Dec  8 17:36:24 cls sshd[15474]: pam_unix(sshd:auth): authentication failure; logname= uid=0 euid=0 tty=ssh ruser= rhost=103.176.78.240  user=root
Dec  8 17:36:24 cls sshd[15476]: Failed password for root from 101.47.143.72 port 44536 ssh2
Dec  8 17:36:25 cls sshd[15476]: Received disconnect from 101.47.143.72 port 44536:11: Bye Bye [preauth]
Dec  8 17:36:25 cls sshd[15476]: Disconnected from authenticating user root 101.47.143.72 port 44536 [preauth]
Dec  8 17:36:26 cls sshd[15474]: Failed password for root from 103.176.78.240 port 34900 ssh2
Dec  8 17:36:26 cls sshd[15478]: pam_unix(sshd:auth): authentication failure; logname= uid=0 euid=0 tty=ssh ruser= rhost=149.104.111.235  user=root
Dec  8 17:36:27 cls sshd[15474]: Received disconnect from 103.176.78.240 port 34900:11: Bye Bye [preauth]
Dec  8 17:36:27 cls sshd[15474]: Disconnected from authenticating user root 103.176.78.240 port 34900 [preauth]
Dec  8 17:36:29 cls sshd[15478]: Failed password for root from 149.104.111.235 port 49132 ssh2
Dec  8 17:36:29 cls sshd[15478]: Received disconnect from 149.104.111.235 port 49132:11: Bye Bye [preauth]
Dec  8 17:36:29 cls sshd[15478]: Disconnected from authenticating user root 149.104.111.235 port 49132 [preauth]
Dec  8 17:36:42 cls sshd[15487]: pam_unix(sshd:auth): authentication failure; logname= uid=0 euid=0 tty=ssh ruser= rhost=103.164.81.65  user=root
Dec  8 17:36:43 cls sshd[15485]: pam_unix(sshd:auth): authentication failure; logname= uid=0 euid=0 tty=ssh ruser= rhost=101.47.161.41  user=root
Dec  8 17:36:44 cls sshd[15489]: pam_unix(sshd:auth): authentication failure; logname= uid=0 euid=0 tty=ssh ruser= rhost=81.234.146.158  user=root
Dec  8 17:36:44 cls sshd[15487]: Failed password for root from 103.164.81.65 port 30716 ssh2
Dec  8 17:36:44 cls sshd[15487]: Received disconnect from 103.164.81.65 port 30716:11: Bye Bye [preauth]
Dec  8 17:36:44 cls sshd[15487]: Disconnected from authenticating user root 103.164.81.65 port 30716 [preauth]
Dec  8 17:36:45 cls sshd[15485]: Failed password for root from 101.47.161.41 port 60784 ssh2
Dec  8 17:36:46 cls sshd[15489]: Failed password for root from 81.234.146.158 port 35430 ssh2
Dec  8 17:36:46 cls sshd[15485]: Received disconnect from 101.47.161.41 port 60784:11: Bye Bye [preauth]
Dec  8 17:36:46 cls sshd[15485]: Disconnected from authenticating user root 101.47.161.41 port 60784 [preauth]
Dec  8 17:36:47 cls sshd[15489]: Received disconnect from 81.234.146.158 port 35430:11: Bye Bye [preauth]
Dec  8 17:36:47 cls sshd[15489]: Disconnected from authenticating user root 81.234.146.158 port 35430 [preauth]
Dec  8 17:36:52 cls sshd[15494]: pam_unix(sshd:auth): authentication failure; logname= uid=0 euid=0 tty=ssh ruser= rhost=46.224.115.70  user=root
Dec  8 17:36:54 cls sshd[15494]: Failed password for root from 46.224.115.70 port 40438 ssh2
Dec  8 17:36:55 cls sshd[15494]: Received disconnect from 46.224.115.70 port 40438:11: Bye Bye [preauth]
Dec  8 17:36:55 cls sshd[15494]: Disconnected from authenticating user root 46.224.115.70 port 40438 [preauth]
Dec  8 17:37:07 cls sshd[15499]: pam_unix(sshd:auth): authentication failure; logname= uid=0 euid=0 tty=ssh ruser= rhost=168.205.92.43  user=root
Dec  8 17:37:09 cls sshd[15499]: Failed password for root from 168.205.92.43 port 43210 ssh2
Dec  8 17:37:10 cls sshd[15499]: Received disconnect from 168.205.92.43 port 43210:11: Bye Bye [preauth]
Dec  8 17:37:10 cls sshd[15499]: Disconnected from authenticating user root 168.205.92.43 port 43210 [preauth]
Dec  8 17:37:12 cls sshd[15501]: pam_unix(sshd:auth): authentication failure; logname= uid=0 euid=0 tty=ssh ruser= rhost=101.47.141.170  user=root
Dec  8 17:37:15 cls sshd[15501]: Failed password for root from 101.47.141.170 port 37464 ssh2
Dec  8 17:37:16 cls sshd[15501]: Received disconnect from 101.47.141.170 port 37464:11: Bye Bye [preauth]
Dec  8 17:37:16 cls sshd[15501]: Disconnected from authenticating user root 101.47.141.170 port 37464 [preauth]
Dec  8 17:37:20 cls sshd[15506]: Invalid user jenkins from 121.122.65.109 port 1081
Dec  8 17:37:20 cls sshd[15506]: pam_unix(sshd:auth): check pass; user unknown
Dec  8 17:37:20 cls sshd[15506]: pam_unix(sshd:auth): authentication failure; logname= uid=0 euid=0 tty=ssh ruser= rhost=121.122.65.109 
Dec  8 17:37:23 cls sshd[15506]: Failed password for invalid user jenkins from 121.122.65.109 port 1081 ssh2
Dec  8 17:37:24 cls sshd[15506]: Received disconnect from 121.122.65.109 port 1081:11: Bye Bye [preauth]
Dec  8 17:37:24 cls sshd[15506]: Disconnected from invalid user jenkins 121.122.65.109 port 1081 [preauth]
Dec  8 17:37:42 cls sshd[15515]: pam_unix(sshd:auth): authentication failure; logname= uid=0 euid=0 tty=ssh ruser= rhost=45.78.217.135  user=root
Dec  8 17:37:42 cls sshd[15517]: pam_unix(sshd:auth): authentication failure; logname= uid=0 euid=0 tty=ssh ruser= rhost=149.104.111.235  user=root
Dec  8 17:37:44 cls sshd[15515]: Failed password for root from 45.78.217.135 port 59984 ssh2
Dec  8 17:37:44 cls sshd[15515]: Received disconnect from 45.78.217.135 port 59984:11: Bye Bye [preauth]
Dec  8 17:37:44 cls sshd[15515]: Disconnected from authenticating user root 45.78.217.135 port 59984 [preauth]
Dec  8 17:37:45 cls sshd[15517]: Failed password for root from 149.104.111.235 port 44682 ssh2
Dec  8 17:37:45 cls sshd[15517]: Received disconnect from 149.104.111.235 port 44682:11: Bye Bye [preauth]
Dec  8 17:37:45 cls sshd[15517]: Disconnected from authenticating user root 149.104.111.235 port 44682 [preauth]
Dec  8 17:37:50 cls sshd[15530]: pam_unix(sshd:auth): authentication failure; logname= uid=0 euid=0 tty=ssh ruser= rhost=36.95.194.54  user=root
Dec  8 17:37:52 cls sshd[15528]: pam_unix(sshd:auth): authentication failure; logname= uid=0 euid=0 tty=ssh ruser= rhost=103.217.144.161  user=root
Dec  8 17:37:52 cls sshd[15530]: Failed password for root from 36.95.194.54 port 47654 ssh2
Dec  8 17:37:53 cls sshd[15530]: Received disconnect from 36.95.194.54 port 47654:11: Bye Bye [preauth]
Dec  8 17:37:53 cls sshd[15530]: Disconnected from authenticating user root 36.95.194.54 port 47654 [preauth]
Dec  8 17:37:54 cls sshd[15528]: Failed password for root from 103.217.144.161 port 56824 ssh2
Dec  8 17:37:55 cls sshd[15528]: Received disconnect from 103.217.144.161 port 56824:11: Bye Bye [preauth]
Dec  8 17:37:55 cls sshd[15528]: Disconnected from authenticating user root 103.217.144.161 port 56824 [preauth]
Dec  8 17:37:58 cls sshd[15532]: Invalid user app from 46.224.115.70 port 41666
Dec  8 17:37:58 cls sshd[15532]: pam_unix(sshd:auth): check pass; user unknown
Dec  8 17:37:58 cls sshd[15532]: pam_unix(sshd:auth): authentication failure; logname= uid=0 euid=0 tty=ssh ruser= rhost=46.224.115.70 
Dec  8 17:38:00 cls sshd[15532]: Failed password for invalid user app from 46.224.115.70 port 41666 ssh2
Dec  8 17:38:01 cls sshd[15532]: Received disconnect from 46.224.115.70 port 41666:11: Bye Bye [preauth]
Dec  8 17:38:01 cls sshd[15532]: Disconnected from invalid user app 46.224.115.70 port 41666 [preauth]
Dec  8 17:38:02 cls sshd[15513]: Connection closed by 45.78.222.208 port 52982 [preauth]
Dec  8 17:38:02 cls sshd[15534]: pam_unix(sshd:auth): authentication failure; logname= uid=0 euid=0 tty=ssh ruser= rhost=103.164.81.65  user=root
Dec  8 17:38:05 cls sshd[15534]: Failed password for root from 103.164.81.65 port 58052 ssh2
Dec  8 17:38:05 cls sshd[15534]: Received disconnect from 103.164.81.65 port 58052:11: Bye Bye [preauth]
Dec  8 17:38:05 cls sshd[15534]: Disconnected from authenticating user root 103.164.81.65 port 58052 [preauth]
Dec  8 17:38:12 cls sshd[15538]: pam_unix(sshd:auth): authentication failure; logname= uid=0 euid=0 tty=ssh ruser= rhost=81.234.146.158  user=root
Dec  8 17:38:14 cls sshd[15538]: Failed password for root from 81.234.146.158 port 50692 ssh2
Dec  8 17:38:14 cls sshd[15538]: Received disconnect from 81.234.146.158 port 50692:11: Bye Bye [preauth]
Dec  8 17:38:14 cls sshd[15538]: Disconnected from authenticating user root 81.234.146.158 port 50692 [preauth]
Dec  8 17:38:17 cls sshd[15540]: pam_unix(sshd:auth): authentication failure; logname= uid=0 euid=0 tty=ssh ruser= rhost=103.176.78.240  user=root
Dec  8 17:38:20 cls sshd[15540]: Failed password for root from 103.176.78.240 port 34630 ssh2
Dec  8 17:38:25 cls sshd[15540]: Received disconnect from 103.176.78.240 port 34630:11: Bye Bye [preauth]
Dec  8 17:38:25 cls sshd[15540]: Disconnected from authenticating user root 103.176.78.240 port 34630 [preauth]
Dec  8 17:38:32 cls sshd[15544]: pam_unix(sshd:auth): authentication failure; logname= uid=0 euid=0 tty=ssh ruser= rhost=101.47.142.43  user=root
Dec  8 17:38:34 cls sshd[15544]: Failed password for root from 101.47.142.43 port 54686 ssh2
Dec  8 17:38:35 cls sshd[15544]: Received disconnect from 101.47.142.43 port 54686:11: Bye Bye [preauth]
Dec  8 17:38:35 cls sshd[15544]: Disconnected from authenticating user root 101.47.142.43 port 54686 [preauth]
Dec  8 17:38:40 cls sshd[15546]: pam_unix(sshd:auth): authentication failure; logname= uid=0 euid=0 tty=ssh ruser= rhost=121.122.65.109  user=root
Dec  8 17:38:40 cls sshd[15547]: pam_unix(sshd:auth): authentication failure; logname= uid=0 euid=0 tty=ssh ruser= rhost=45.78.219.237  user=root
Dec  8 17:38:42 cls sshd[15546]: Failed password for root from 121.122.65.109 port 11942 ssh2
Dec  8 17:38:42 cls sshd[15546]: Received disconnect from 121.122.65.109 port 11942:11: Bye Bye [preauth]
Dec  8 17:38:42 cls sshd[15546]: Disconnected from authenticating user root 121.122.65.109 port 11942 [preauth]
Dec  8 17:38:42 cls sshd[15547]: Failed password for root from 45.78.219.237 port 48142 ssh2
Dec  8 17:38:43 cls sshd[15547]: Received disconnect from 45.78.219.237 port 48142:11: Bye Bye [preauth]
Dec  8 17:38:43 cls sshd[15547]: Disconnected from authenticating user root 45.78.219.237 port 48142 [preauth]
Dec  8 17:38:44 cls sshd[15550]: pam_unix(sshd:auth): authentication failure; logname= uid=0 euid=0 tty=ssh ruser= rhost=168.205.92.43  user=root
Dec  8 17:38:46 cls sshd[15552]: pam_unix(sshd:auth): authentication failure; logname= uid=0 euid=0 tty=ssh ruser= rhost=45.78.229.73  user=root
Dec  8 17:38:47 cls sshd[15550]: Failed password for root from 168.205.92.43 port 39814 ssh2
Dec  8 17:38:47 cls sshd[15550]: Received disconnect from 168.205.92.43 port 39814:11: Bye Bye [preauth]
Dec  8 17:38:47 cls sshd[15550]: Disconnected from authenticating user root 168.205.92.43 port 39814 [preauth]
Dec  8 17:38:48 cls sshd[15552]: Failed password for root from 45.78.229.73 port 47372 ssh2
Dec  8 17:38:49 cls sshd[15552]: Received disconnect from 45.78.229.73 port 47372:11: Bye Bye [preauth]
Dec  8 17:38:49 cls sshd[15552]: Disconnected from authenticating user root 45.78.229.73 port 47372 [preauth]
Dec  8 17:38:54 cls sshd[15554]: Invalid user george from 101.47.143.72 port 33864
Dec  8 17:38:54 cls sshd[15554]: pam_unix(sshd:auth): check pass; user unknown
Dec  8 17:38:54 cls sshd[15554]: pam_unix(sshd:auth): authentication failure; logname= uid=0 euid=0 tty=ssh ruser= rhost=101.47.143.72 
Dec  8 17:38:57 cls sshd[15554]: Failed password for invalid user george from 101.47.143.72 port 33864 ssh2
Dec  8 17:38:57 cls sshd[15554]: Received disconnect from 101.47.143.72 port 33864:11: Bye Bye [preauth]
Dec  8 17:38:57 cls sshd[15554]: Disconnected from invalid user george 101.47.143.72 port 33864 [preauth]
Dec  8 17:39:01 cls sshd[15558]: pam_unix(sshd:auth): authentication failure; logname= uid=0 euid=0 tty=ssh ruser= rhost=149.104.111.235  user=root
Dec  8 17:39:02 cls CRON[15560]: pam_unix(cron:session): session opened for user root by (uid=0)
Dec  8 17:39:02 cls CRON[15560]: pam_unix(cron:session): session closed for user root
Dec  8 17:39:03 cls sshd[15558]: Failed password for root from 149.104.111.235 port 41748 ssh2
Dec  8 17:39:03 cls sshd[15558]: Received disconnect from 149.104.111.235 port 41748:11: Bye Bye [preauth]
Dec  8 17:39:03 cls sshd[15558]: Disconnected from authenticating user root 149.104.111.235 port 41748 [preauth]
Dec  8 17:39:07 cls sshd[15670]: pam_unix(sshd:auth): authentication failure; logname= uid=0 euid=0 tty=ssh ruser= rhost=46.224.115.70  user=root
Dec  8 17:39:10 cls sshd[15670]: Failed password for root from 46.224.115.70 port 49708 ssh2
Dec  8 17:39:10 cls sshd[15670]: Received disconnect from 46.224.115.70 port 49708:11: Bye Bye [preauth]
Dec  8 17:39:10 cls sshd[15670]: Disconnected from authenticating user root 46.224.115.70 port 49708 [preauth]
Dec  8 17:39:17 cls sshd[15672]: pam_unix(sshd:auth): authentication failure; logname= uid=0 euid=0 tty=ssh ruser= rhost=101.47.161.41  user=root
Dec  8 17:39:19 cls sshd[15672]: Failed password for root from 101.47.161.41 port 43978 ssh2
Dec  8 17:39:24 cls sshd[15690]: pam_unix(sshd:auth): authentication failure; logname= uid=0 euid=0 tty=ssh ruser= rhost=103.164.81.65  user=root
Dec  8 17:39:26 cls sshd[15696]: Invalid user jenkins from 36.95.194.54 port 39192
Dec  8 17:39:26 cls sshd[15696]: pam_unix(sshd:auth): check pass; user unknown
Dec  8 17:39:26 cls sshd[15696]: pam_unix(sshd:auth): authentication failure; logname= uid=0 euid=0 tty=ssh ruser= rhost=36.95.194.54 
Dec  8 17:39:27 cls sshd[15690]: Failed password for root from 103.164.81.65 port 30390 ssh2
Dec  8 17:39:27 cls sshd[15690]: Received disconnect from 103.164.81.65 port 30390:11: Bye Bye [preauth]
Dec  8 17:39:27 cls sshd[15690]: Disconnected from authenticating user root 103.164.81.65 port 30390 [preauth]
Dec  8 17:39:28 cls sshd[15672]: Received disconnect from 101.47.161.41 port 43978:11: Bye Bye [preauth]
Dec  8 17:39:28 cls sshd[15672]: Disconnected from authenticating user root 101.47.161.41 port 43978 [preauth]
Dec  8 17:39:28 cls sshd[15696]: Failed password for invalid user jenkins from 36.95.194.54 port 39192 ssh2
Dec  8 17:39:30 cls sshd[15696]: Received disconnect from 36.95.194.54 port 39192:11: Bye Bye [preauth]
Dec  8 17:39:30 cls sshd[15696]: Disconnected from invalid user jenkins 36.95.194.54 port 39192 [preauth]
Dec  8 17:39:36 cls sshd[15734]: pam_unix(sshd:auth): authentication failure; logname= uid=0 euid=0 tty=ssh ruser= rhost=101.47.141.170  user=root
Dec  8 17:39:39 cls sshd[15734]: Failed password for root from 101.47.141.170 port 60670 ssh2
Dec  8 17:39:39 cls sshd[15736]: pam_unix(sshd:auth): authentication failure; logname= uid=0 euid=0 tty=ssh ruser= rhost=81.234.146.158  user=root
Dec  8 17:39:39 cls sshd[15734]: Received disconnect from 101.47.141.170 port 60670:11: Bye Bye [preauth]
Dec  8 17:39:39 cls sshd[15734]: Disconnected from authenticating user root 101.47.141.170 port 60670 [preauth]
Dec  8 17:39:41 cls sshd[15736]: Failed password for root from 81.234.146.158 port 37722 ssh2
Dec  8 17:39:42 cls sshd[15736]: Received disconnect from 81.234.146.158 port 37722:11: Bye Bye [preauth]
Dec  8 17:39:42 cls sshd[15736]: Disconnected from authenticating user root 81.234.146.158 port 37722 [preauth]
Dec  8 17:39:48 cls sshd[15738]: Invalid user jacob from 103.217.144.161 port 38100
Dec  8 17:39:48 cls sshd[15738]: pam_unix(sshd:auth): check pass; user unknown
Dec  8 17:39:48 cls sshd[15738]: pam_unix(sshd:auth): authentication failure; logname= uid=0 euid=0 tty=ssh ruser= rhost=103.217.144.161 
Dec  8 17:39:51 cls sshd[15738]: Failed password for invalid user jacob from 103.217.144.161 port 38100 ssh2
Dec  8 17:39:51 cls sshd[15738]: Received disconnect from 103.217.144.161 port 38100:11: Bye Bye [preauth]
Dec  8 17:39:51 cls sshd[15738]: Disconnected from invalid user jacob 103.217.144.161 port 38100 [preauth]
Dec  8 17:40:02 cls sshd[15743]: pam_unix(sshd:auth): authentication failure; logname= uid=0 euid=0 tty=ssh ruser= rhost=121.122.65.109  user=root
Dec  8 17:40:05 cls sshd[15743]: Failed password for root from 121.122.65.109 port 26368 ssh2
Dec  8 17:40:05 cls sshd[15743]: Received disconnect from 121.122.65.109 port 26368:11: Bye Bye [preauth]
Dec  8 17:40:05 cls sshd[15743]: Disconnected from authenticating user root 121.122.65.109 port 26368 [preauth]
Dec  8 17:40:07 cls sshd[15749]: Invalid user username from 45.78.222.208 port 38626
Dec  8 17:40:07 cls sshd[15749]: pam_unix(sshd:auth): check pass; user unknown
Dec  8 17:40:07 cls sshd[15749]: pam_unix(sshd:auth): authentication failure; logname= uid=0 euid=0 tty=ssh ruser= rhost=45.78.222.208 
Dec  8 17:40:10 cls sshd[15749]: Failed password for invalid user username from 45.78.222.208 port 38626 ssh2
Dec  8 17:40:11 cls sshd[15749]: Received disconnect from 45.78.222.208 port 38626:11: Bye Bye [preauth]
Dec  8 17:40:11 cls sshd[15749]: Disconnected from invalid user username 45.78.222.208 port 38626 [preauth]
Dec  8 17:40:16 cls sshd[15753]: pam_unix(sshd:auth): authentication failure; logname= uid=0 euid=0 tty=ssh ruser= rhost=46.224.115.70  user=root
Dec  8 17:40:16 cls sshd[15751]: pam_unix(sshd:auth): authentication failure; logname= uid=0 euid=0 tty=ssh ruser= rhost=103.176.78.240  user=root
Dec  8 17:40:18 cls sshd[15753]: Failed password for root from 46.224.115.70 port 44102 ssh2
Dec  8 17:40:18 cls sshd[15751]: Failed password for root from 103.176.78.240 port 57886 ssh2
Dec  8 17:40:19 cls sshd[15755]: pam_unix(sshd:auth): authentication failure; logname= uid=0 euid=0 tty=ssh ruser= rhost=45.78.217.135  user=root
Dec  8 17:40:19 cls sshd[15753]: Received disconnect from 46.224.115.70 port 44102:11: Bye Bye [preauth]
Dec  8 17:40:19 cls sshd[15753]: Disconnected from authenticating user root 46.224.115.70 port 44102 [preauth]
Dec  8 17:40:19 cls sshd[15757]: pam_unix(sshd:auth): authentication failure; logname= uid=0 euid=0 tty=ssh ruser= rhost=168.205.92.43  user=root
Dec  8 17:40:19 cls sshd[15751]: Received disconnect from 103.176.78.240 port 57886:11: Bye Bye [preauth]
Dec  8 17:40:19 cls sshd[15751]: Disconnected from authenticating user root 103.176.78.240 port 57886 [preauth]
Dec  8 17:40:20 cls sshd[15759]: Invalid user controll from 149.104.111.235 port 55028
Dec  8 17:40:20 cls sshd[15759]: pam_unix(sshd:auth): check pass; user unknown
Dec  8 17:40:20 cls sshd[15759]: pam_unix(sshd:auth): authentication failure; logname= uid=0 euid=0 tty=ssh ruser= rhost=149.104.111.235 
Dec  8 17:40:21 cls sshd[15755]: Failed password for root from 45.78.217.135 port 51736 ssh2
Dec  8 17:40:21 cls sshd[15757]: Failed password for root from 168.205.92.43 port 55814 ssh2
Dec  8 17:40:21 cls sshd[15755]: Received disconnect from 45.78.217.135 port 51736:11: Bye Bye [preauth]
Dec  8 17:40:21 cls sshd[15755]: Disconnected from authenticating user root 45.78.217.135 port 51736 [preauth]
Dec  8 17:40:22 cls sshd[15757]: Received disconnect from 168.205.92.43 port 55814:11: Bye Bye [preauth]
Dec  8 17:40:22 cls sshd[15757]: Disconnected from authenticating user root 168.205.92.43 port 55814 [preauth]
Dec  8 17:40:22 cls sshd[15759]: Failed password for invalid user controll from 149.104.111.235 port 55028 ssh2
Dec  8 17:40:23 cls sshd[15759]: Received disconnect from 149.104.111.235 port 55028:11: Bye Bye [preauth]
Dec  8 17:40:23 cls sshd[15759]: Disconnected from invalid user controll 149.104.111.235 port 55028 [preauth]
Dec  8 17:40:45 cls sshd[15764]: pam_unix(sshd:auth): authentication failure; logname= uid=0 euid=0 tty=ssh ruser= rhost=103.164.81.65  user=root
Dec  8 17:40:48 cls sshd[15764]: Failed password for root from 103.164.81.65 port 57730 ssh2
Dec  8 17:40:48 cls sshd[15764]: Received disconnect from 103.164.81.65 port 57730:11: Bye Bye [preauth]
Dec  8 17:40:48 cls sshd[15764]: Disconnected from authenticating user root 103.164.81.65 port 57730 [preauth]
Dec  8 17:40:57 cls sshd[15767]: pam_unix(sshd:auth): authentication failure; logname= uid=0 euid=0 tty=ssh ruser= rhost=36.95.194.54  user=root
Dec  8 17:41:00 cls sshd[15767]: Failed password for root from 36.95.194.54 port 40014 ssh2
Dec  8 17:41:00 cls sshd[15767]: Received disconnect from 36.95.194.54 port 40014:11: Bye Bye [preauth]
Dec  8 17:41:00 cls sshd[15767]: Disconnected from authenticating user root 36.95.194.54 port 40014 [preauth]
Dec  8 17:41:04 cls sshd[15772]: pam_unix(sshd:auth): authentication failure; logname= uid=0 euid=0 tty=ssh ruser= rhost=81.234.146.158  user=root
Dec  8 17:41:05 cls sshd[15772]: Failed password for root from 81.234.146.158 port 52983 ssh2
Dec  8 17:41:07 cls sshd[15772]: Received disconnect from 81.234.146.158 port 52983:11: Bye Bye [preauth]
Dec  8 17:41:07 cls sshd[15772]: Disconnected from authenticating user root 81.234.146.158 port 52983 [preauth]
Dec  8 17:41:10 cls sshd[15774]: pam_unix(sshd:auth): authentication failure; logname= uid=0 euid=0 tty=ssh ruser= rhost=101.47.142.43  user=root
Dec  8 17:41:12 cls sshd[15774]: Failed password for root from 101.47.142.43 port 37720 ssh2
Dec  8 17:41:12 cls sshd[15774]: Received disconnect from 101.47.142.43 port 37720:11: Bye Bye [preauth]
Dec  8 17:41:12 cls sshd[15774]: Disconnected from authenticating user root 101.47.142.43 port 37720 [preauth]
Dec  8 17:41:19 cls sshd[15790]: pam_unix(sshd:auth): authentication failure; logname= uid=0 euid=0 tty=ssh ruser= rhost=121.122.65.109  user=root
Dec  8 17:41:21 cls sshd[15790]: Failed password for root from 121.122.65.109 port 37867 ssh2
Dec  8 17:41:21 cls sshd[15792]: pam_unix(sshd:auth): authentication failure; logname= uid=0 euid=0 tty=ssh ruser= rhost=45.78.229.73  user=root
Dec  8 17:41:22 cls sshd[15794]: Invalid user username from 46.224.115.70 port 44474
Dec  8 17:41:22 cls sshd[15794]: pam_unix(sshd:auth): check pass; user unknown
Dec  8 17:41:22 cls sshd[15794]: pam_unix(sshd:auth): authentication failure; logname= uid=0 euid=0 tty=ssh ruser= rhost=46.224.115.70 
Dec  8 17:41:22 cls sshd[15790]: Received disconnect from 121.122.65.109 port 37867:11: Bye Bye [preauth]
Dec  8 17:41:22 cls sshd[15790]: Disconnected from authenticating user root 121.122.65.109 port 37867 [preauth]
Dec  8 17:41:24 cls sshd[15792]: Failed password for root from 45.78.229.73 port 37476 ssh2
Dec  8 17:41:24 cls sshd[15794]: Failed password for invalid user username from 46.224.115.70 port 44474 ssh2
Dec  8 17:41:24 cls sshd[15794]: Received disconnect from 46.224.115.70 port 44474:11: Bye Bye [preauth]
Dec  8 17:41:24 cls sshd[15794]: Disconnected from invalid user username 46.224.115.70 port 44474 [preauth]
Dec  8 17:41:24 cls sshd[15792]: Received disconnect from 45.78.229.73 port 37476:11: Bye Bye [preauth]
Dec  8 17:41:24 cls sshd[15792]: Disconnected from authenticating user root 45.78.229.73 port 37476 [preauth]
Dec  8 17:41:26 cls sshd[15799]: pam_unix(sshd:auth): authentication failure; logname= uid=0 euid=0 tty=ssh ruser= rhost=101.47.143.72  user=root
Dec  8 17:41:26 cls sshd[15801]: pam_unix(sshd:auth): authentication failure; logname= uid=0 euid=0 tty=ssh ruser= rhost=45.78.219.237  user=root
Dec  8 17:41:28 cls sshd[15799]: Failed password for root from 101.47.143.72 port 59084 ssh2
Dec  8 17:41:28 cls sshd[15799]: Received disconnect from 101.47.143.72 port 59084:11: Bye Bye [preauth]
Dec  8 17:41:28 cls sshd[15799]: Disconnected from authenticating user root 101.47.143.72 port 59084 [preauth]
Dec  8 17:41:28 cls sshd[15801]: Failed password for root from 45.78.219.237 port 46304 ssh2
Dec  8 17:41:33 cls sshd[15801]: Received disconnect from 45.78.219.237 port 46304:11: Bye Bye [preauth]
Dec  8 17:41:33 cls sshd[15801]: Disconnected from authenticating user root 45.78.219.237 port 46304 [preauth]
Dec  8 17:41:38 cls sshd[15808]: Invalid user middleware from 149.104.111.235 port 44496
Dec  8 17:41:38 cls sshd[15808]: pam_unix(sshd:auth): check pass; user unknown
Dec  8 17:41:38 cls sshd[15808]: pam_unix(sshd:auth): authentication failure; logname= uid=0 euid=0 tty=ssh ruser= rhost=149.104.111.235 
Dec  8 17:41:40 cls sshd[15808]: Failed password for invalid user middleware from 149.104.111.235 port 44496 ssh2
Dec  8 17:41:41 cls sshd[15808]: Received disconnect from 149.104.111.235 port 44496:11: Bye Bye [preauth]
Dec  8 17:41:41 cls sshd[15808]: Disconnected from invalid user middleware 149.104.111.235 port 44496 [preauth]
Dec  8 17:41:47 cls sshd[15819]: pam_unix(sshd:auth): authentication failure; logname= uid=0 euid=0 tty=ssh ruser= rhost=103.217.144.161  user=root
Dec  8 17:41:49 cls sshd[15819]: Failed password for root from 103.217.144.161 port 60790 ssh2
Dec  8 17:41:50 cls sshd[15819]: Received disconnect from 103.217.144.161 port 60790:11: Bye Bye [preauth]
Dec  8 17:41:50 cls sshd[15819]: Disconnected from authenticating user root 103.217.144.161 port 60790 [preauth]
Dec  8 17:41:50 cls sshd[15821]: Invalid user tempusr from 168.205.92.43 port 46820
Dec  8 17:41:50 cls sshd[15821]: pam_unix(sshd:auth): check pass; user unknown
Dec  8 17:41:50 cls sshd[15821]: pam_unix(sshd:auth): authentication failure; logname= uid=0 euid=0 tty=ssh ruser= rhost=168.205.92.43 
Dec  8 17:41:52 cls sshd[15826]: pam_unix(sshd:auth): authentication failure; logname= uid=0 euid=0 tty=ssh ruser= rhost=101.47.161.41  user=root
Dec  8 17:41:52 cls sshd[15821]: Failed password for invalid user tempusr from 168.205.92.43 port 46820 ssh2
Dec  8 17:41:53 cls sshd[15821]: Received disconnect from 168.205.92.43 port 46820:11: Bye Bye [preauth]
Dec  8 17:41:53 cls sshd[15821]: Disconnected from invalid user tempusr 168.205.92.43 port 46820 [preauth]
Dec  8 17:41:53 cls sshd[15826]: Failed password for root from 101.47.161.41 port 42258 ssh2
Dec  8 17:41:55 cls sshd[15826]: Received disconnect from 101.47.161.41 port 42258:11: Bye Bye [preauth]
Dec  8 17:41:55 cls sshd[15826]: Disconnected from authenticating user root 101.47.161.41 port 42258 [preauth]
Dec  8 17:42:04 cls sshd[15833]: pam_unix(sshd:auth): authentication failure; logname= uid=0 euid=0 tty=ssh ruser= rhost=101.47.141.170  user=root
Dec  8 17:42:04 cls sshd[15835]: pam_unix(sshd:auth): authentication failure; logname= uid=0 euid=0 tty=ssh ruser= rhost=103.164.81.65  user=root
Dec  8 17:42:06 cls sshd[15833]: Failed password for root from 101.47.141.170 port 57240 ssh2
Dec  8 17:42:06 cls sshd[15835]: Failed password for root from 103.164.81.65 port 30070 ssh2
Dec  8 17:42:07 cls sshd[15833]: Received disconnect from 101.47.141.170 port 57240:11: Bye Bye [preauth]
Dec  8 17:42:07 cls sshd[15833]: Disconnected from authenticating user root 101.47.141.170 port 57240 [preauth]
Dec  8 17:42:07 cls sshd[15835]: Received disconnect from 103.164.81.65 port 30070:11: Bye Bye [preauth]
Dec  8 17:42:07 cls sshd[15835]: Disconnected from authenticating user root 103.164.81.65 port 30070 [preauth]
Dec  8 17:42:14 cls sshd[15842]: pam_unix(sshd:auth): authentication failure; logname= uid=0 euid=0 tty=ssh ruser= rhost=103.176.78.240  user=root
Dec  8 17:42:16 cls sshd[15842]: Failed password for root from 103.176.78.240 port 47714 ssh2
Dec  8 17:42:16 cls sshd[15842]: Received disconnect from 103.176.78.240 port 47714:11: Bye Bye [preauth]
Dec  8 17:42:16 cls sshd[15842]: Disconnected from authenticating user root 103.176.78.240 port 47714 [preauth]
Dec  8 17:42:26 cls sshd[15875]: Invalid user ansible from 81.234.146.158 port 40012
Dec  8 17:42:26 cls sshd[15875]: pam_unix(sshd:auth): check pass; user unknown
Dec  8 17:42:26 cls sshd[15875]: pam_unix(sshd:auth): authentication failure; logname= uid=0 euid=0 tty=ssh ruser= rhost=81.234.146.158 
Dec  8 17:42:29 cls sshd[15875]: Failed password for invalid user ansible from 81.234.146.158 port 40012 ssh2
Dec  8 17:42:31 cls sshd[15880]: pam_unix(sshd:auth): authentication failure; logname= uid=0 euid=0 tty=ssh ruser= rhost=36.95.194.54  user=root
Dec  8 17:42:31 cls sshd[15875]: Received disconnect from 81.234.146.158 port 40012:11: Bye Bye [preauth]
Dec  8 17:42:31 cls sshd[15875]: Disconnected from invalid user ansible 81.234.146.158 port 40012 [preauth]
Dec  8 17:42:33 cls sshd[15880]: Failed password for root from 36.95.194.54 port 33322 ssh2
Dec  8 17:42:34 cls sshd[15880]: Received disconnect from 36.95.194.54 port 33322:11: Bye Bye [preauth]
Dec  8 17:42:34 cls sshd[15880]: Disconnected from authenticating user root 36.95.194.54 port 33322 [preauth]
Dec  8 17:42:42 cls sshd[15882]: pam_unix(sshd:auth): authentication failure; logname= uid=0 euid=0 tty=ssh ruser= rhost=45.78.222.208  user=root
Dec  8 17:42:44 cls sshd[15882]: Failed password for root from 45.78.222.208 port 46042 ssh2
