Dec  8 17:18:28 cls sshd[14421]: Disconnected from authenticating user root 149.104.111.235 port 34596 [preauth]
Dec  8 17:18:31 cls sshd[14423]: pam_unix(sshd:auth): authentication failure; logname= uid=0 euid=0 tty=ssh ruser= rhost=121.122.65.109  user=root
Dec  8 17:18:32 cls sshd[14425]: Invalid user controll from 46.224.115.70 port 36920
Dec  8 17:18:32 cls sshd[14425]: pam_unix(sshd:auth): check pass; user unknown
Dec  8 17:18:32 cls sshd[14425]: pam_unix(sshd:auth): authentication failure; logname= uid=0 euid=0 tty=ssh ruser= rhost=46.224.115.70 
Dec  8 17:18:33 cls sshd[14423]: Failed password for root from 121.122.65.109 port 42745 ssh2
Dec  8 17:18:34 cls sshd[14423]: Received disconnect from 121.122.65.109 port 42745:11: Bye Bye [preauth]
Dec  8 17:18:34 cls sshd[14423]: Disconnected from authenticating user root 121.122.65.109 port 42745 [preauth]
Dec  8 17:18:34 cls sshd[14425]: Failed password for invalid user controll from 46.224.115.70 port 36920 ssh2
Dec  8 17:18:35 cls sshd[14425]: Received disconnect from 46.224.115.70 port 36920:11: Bye Bye [preauth]
Dec  8 17:18:35 cls sshd[14425]: Disconnected from invalid user controll 46.224.115.70 port 36920 [preauth]
Dec  8 17:18:38 cls sshd[14427]: pam_unix(sshd:auth): authentication failure; logname= uid=0 euid=0 tty=ssh ruser= rhost=45.78.219.237  user=root
Dec  8 17:18:41 cls sshd[14427]: Failed password for root from 45.78.219.237 port 44384 ssh2
Dec  8 17:18:41 cls sshd[14427]: Received disconnect from 45.78.219.237 port 44384:11: Bye Bye [preauth]
Dec  8 17:18:41 cls sshd[14427]: Disconnected from authenticating user root 45.78.219.237 port 44384 [preauth]
Dec  8 17:18:42 cls sshd[14428]: Connection closed by 101.47.143.72 port 35650 [preauth]
Dec  8 17:18:43 cls sshd[14433]: pam_unix(sshd:auth): authentication failure; logname= uid=0 euid=0 tty=ssh ruser= rhost=81.234.146.158  user=root
Dec  8 17:18:45 cls sshd[14433]: Failed password for root from 81.234.146.158 port 34661 ssh2
Dec  8 17:18:46 cls sshd[14431]: pam_unix(sshd:auth): authentication failure; logname= uid=0 euid=0 tty=ssh ruser= rhost=101.47.161.41  user=root
Dec  8 17:18:46 cls sshd[14433]: Received disconnect from 81.234.146.158 port 34661:11: Bye Bye [preauth]
Dec  8 17:18:46 cls sshd[14433]: Disconnected from authenticating user root 81.234.146.158 port 34661 [preauth]
Dec  8 17:18:47 cls sshd[14431]: Failed password for root from 101.47.161.41 port 49914 ssh2
Dec  8 17:18:48 cls sshd[14431]: Received disconnect from 101.47.161.41 port 49914:11: Bye Bye [preauth]
Dec  8 17:18:48 cls sshd[14431]: Disconnected from authenticating user root 101.47.161.41 port 49914 [preauth]
Dec  8 17:18:50 cls sshd[14437]: pam_unix(sshd:auth): authentication failure; logname= uid=0 euid=0 tty=ssh ruser= rhost=36.95.194.54  user=root
Dec  8 17:18:52 cls sshd[14437]: Failed password for root from 36.95.194.54 port 46550 ssh2
Dec  8 17:18:53 cls sshd[14437]: Received disconnect from 36.95.194.54 port 46550:11: Bye Bye [preauth]
Dec  8 17:18:53 cls sshd[14437]: Disconnected from authenticating user root 36.95.194.54 port 46550 [preauth]
Dec  8 17:19:18 cls sshd[14453]: pam_unix(sshd:auth): authentication failure; logname= uid=0 euid=0 tty=ssh ruser= rhost=168.205.92.43  user=root
Dec  8 17:19:20 cls sshd[14453]: Failed password for root from 168.205.92.43 port 53412 ssh2
Dec  8 17:19:21 cls sshd[14453]: Received disconnect from 168.205.92.43 port 53412:11: Bye Bye [preauth]
Dec  8 17:19:21 cls sshd[14453]: Disconnected from authenticating user root 168.205.92.43 port 53412 [preauth]
Dec  8 17:19:22 cls sshd[14458]: pam_unix(sshd:auth): authentication failure; logname= uid=0 euid=0 tty=ssh ruser= rhost=45.78.217.135  user=root
Dec  8 17:19:24 cls sshd[14458]: Failed password for root from 45.78.217.135 port 46718 ssh2
Dec  8 17:19:24 cls sshd[14458]: Received disconnect from 45.78.217.135 port 46718:11: Bye Bye [preauth]
Dec  8 17:19:24 cls sshd[14458]: Disconnected from authenticating user root 45.78.217.135 port 46718 [preauth]
Dec  8 17:19:37 cls sshd[14460]: pam_unix(sshd:auth): authentication failure; logname= uid=0 euid=0 tty=ssh ruser= rhost=46.224.115.70  user=root
Dec  8 17:19:39 cls sshd[14460]: Failed password for root from 46.224.115.70 port 49502 ssh2
Dec  8 17:19:40 cls sshd[14460]: Received disconnect from 46.224.115.70 port 49502:11: Bye Bye [preauth]
Dec  8 17:19:40 cls sshd[14460]: Disconnected from authenticating user root 46.224.115.70 port 49502 [preauth]
Dec  8 17:19:41 cls sshd[14462]: pam_unix(sshd:auth): authentication failure; logname= uid=0 euid=0 tty=ssh ruser= rhost=149.104.111.235  user=root
Dec  8 17:19:43 cls sshd[14462]: Failed password for root from 149.104.111.235 port 59204 ssh2
Dec  8 17:19:44 cls sshd[14462]: Received disconnect from 149.104.111.235 port 59204:11: Bye Bye [preauth]
Dec  8 17:19:44 cls sshd[14462]: Disconnected from authenticating user root 149.104.111.235 port 59204 [preauth]
Dec  8 17:19:50 cls sshd[14467]: pam_unix(sshd:auth): authentication failure; logname= uid=0 euid=0 tty=ssh ruser= rhost=121.122.65.109  user=root
Dec  8 17:19:52 cls sshd[14467]: Failed password for root from 121.122.65.109 port 5532 ssh2
Dec  8 17:19:53 cls sshd[14467]: Received disconnect from 121.122.65.109 port 5532:11: Bye Bye [preauth]
Dec  8 17:19:53 cls sshd[14467]: Disconnected from authenticating user root 121.122.65.109 port 5532 [preauth]
Dec  8 17:20:07 cls sshd[14471]: pam_unix(sshd:auth): authentication failure; logname= uid=0 euid=0 tty=ssh ruser= rhost=81.234.146.158  user=root
Dec  8 17:20:09 cls sshd[14471]: Failed password for root from 81.234.146.158 port 49923 ssh2
Dec  8 17:20:10 cls sshd[14471]: Received disconnect from 81.234.146.158 port 49923:11: Bye Bye [preauth]
Dec  8 17:20:10 cls sshd[14471]: Disconnected from authenticating user root 81.234.146.158 port 49923 [preauth]
Dec  8 17:20:18 cls sshd[14474]: pam_unix(sshd:auth): authentication failure; logname= uid=0 euid=0 tty=ssh ruser= rhost=103.176.78.240  user=root
Dec  8 17:20:20 cls sshd[14474]: Failed password for root from 103.176.78.240 port 36624 ssh2
Dec  8 17:20:21 cls sshd[14474]: Received disconnect from 103.176.78.240 port 36624:11: Bye Bye [preauth]
Dec  8 17:20:21 cls sshd[14474]: Disconnected from authenticating user root 103.176.78.240 port 36624 [preauth]
Dec  8 17:20:22 cls sshd[14477]: Invalid user infocare from 36.95.194.54 port 47042
Dec  8 17:20:22 cls sshd[14477]: pam_unix(sshd:auth): check pass; user unknown
Dec  8 17:20:22 cls sshd[14477]: pam_unix(sshd:auth): authentication failure; logname= uid=0 euid=0 tty=ssh ruser= rhost=36.95.194.54 
Dec  8 17:20:23 cls sshd[14479]: pam_unix(sshd:auth): authentication failure; logname= uid=0 euid=0 tty=ssh ruser= rhost=103.217.144.161  user=root
Dec  8 17:20:24 cls sshd[14477]: Failed password for invalid user infocare from 36.95.194.54 port 47042 ssh2
Dec  8 17:20:25 cls sshd[14477]: Received disconnect from 36.95.194.54 port 47042:11: Bye Bye [preauth]
Dec  8 17:20:25 cls sshd[14477]: Disconnected from invalid user infocare 36.95.194.54 port 47042 [preauth]
Dec  8 17:20:25 cls sshd[14479]: Failed password for root from 103.217.144.161 port 38340 ssh2
Dec  8 17:20:26 cls sshd[14479]: Received disconnect from 103.217.144.161 port 38340:11: Bye Bye [preauth]
Dec  8 17:20:26 cls sshd[14479]: Disconnected from authenticating user root 103.217.144.161 port 38340 [preauth]
Dec  8 17:20:26 cls sshd[14481]: pam_unix(sshd:auth): authentication failure; logname= uid=0 euid=0 tty=ssh ruser= rhost=101.47.142.43  user=root
Dec  8 17:20:28 cls sshd[14481]: Failed password for root from 101.47.142.43 port 39850 ssh2
Dec  8 17:20:29 cls sshd[14481]: Received disconnect from 101.47.142.43 port 39850:11: Bye Bye [preauth]
Dec  8 17:20:29 cls sshd[14481]: Disconnected from authenticating user root 101.47.142.43 port 39850 [preauth]
Dec  8 17:20:39 cls sshd[14484]: Connection closed by 101.47.141.170 port 43466 [preauth]
Dec  8 17:20:42 cls sshd[14494]: Invalid user george from 45.78.229.73 port 39478
Dec  8 17:20:42 cls sshd[14494]: pam_unix(sshd:auth): check pass; user unknown
Dec  8 17:20:42 cls sshd[14494]: pam_unix(sshd:auth): authentication failure; logname= uid=0 euid=0 tty=ssh ruser= rhost=45.78.229.73 
Dec  8 17:20:42 cls sshd[14492]: Invalid user jenkins from 46.224.115.70 port 46972
Dec  8 17:20:42 cls sshd[14492]: pam_unix(sshd:auth): check pass; user unknown
Dec  8 17:20:42 cls sshd[14492]: pam_unix(sshd:auth): authentication failure; logname= uid=0 euid=0 tty=ssh ruser= rhost=46.224.115.70 
Dec  8 17:20:44 cls sshd[14494]: Failed password for invalid user george from 45.78.229.73 port 39478 ssh2
Dec  8 17:20:44 cls sshd[14492]: Failed password for invalid user jenkins from 46.224.115.70 port 46972 ssh2
Dec  8 17:20:45 cls sshd[14492]: Received disconnect from 46.224.115.70 port 46972:11: Bye Bye [preauth]
Dec  8 17:20:45 cls sshd[14492]: Disconnected from invalid user jenkins 46.224.115.70 port 46972 [preauth]
Dec  8 17:20:45 cls sshd[14494]: Received disconnect from 45.78.229.73 port 39478:11: Bye Bye [preauth]
Dec  8 17:20:45 cls sshd[14494]: Disconnected from invalid user george 45.78.229.73 port 39478 [preauth]
Dec  8 17:20:53 cls sshd[14501]: pam_unix(sshd:auth): authentication failure; logname= uid=0 euid=0 tty=ssh ruser= rhost=168.205.92.43  user=root
Dec  8 17:20:56 cls sshd[14501]: Failed password for root from 168.205.92.43 port 42252 ssh2
Dec  8 17:20:56 cls sshd[14503]: pam_unix(sshd:auth): authentication failure; logname= uid=0 euid=0 tty=ssh ruser= rhost=149.104.111.235  user=root
Dec  8 17:20:56 cls sshd[14501]: Received disconnect from 168.205.92.43 port 42252:11: Bye Bye [preauth]
Dec  8 17:20:56 cls sshd[14501]: Disconnected from authenticating user root 168.205.92.43 port 42252 [preauth]
Dec  8 17:20:58 cls sshd[14503]: Failed password for root from 149.104.111.235 port 45030 ssh2
Dec  8 17:20:59 cls sshd[14503]: Received disconnect from 149.104.111.235 port 45030:11: Bye Bye [preauth]
Dec  8 17:20:59 cls sshd[14503]: Disconnected from authenticating user root 149.104.111.235 port 45030 [preauth]
Dec  8 17:21:09 cls sshd[14507]: pam_unix(sshd:auth): authentication failure; logname= uid=0 euid=0 tty=ssh ruser= rhost=121.122.65.109  user=root
Dec  8 17:21:11 cls sshd[14507]: Failed password for root from 121.122.65.109 port 7116 ssh2
Dec  8 17:21:12 cls sshd[14507]: Received disconnect from 121.122.65.109 port 7116:11: Bye Bye [preauth]
Dec  8 17:21:12 cls sshd[14507]: Disconnected from authenticating user root 121.122.65.109 port 7116 [preauth]
Dec  8 17:21:12 cls sshd[14505]: pam_unix(sshd:auth): authentication failure; logname= uid=0 euid=0 tty=ssh ruser= rhost=101.47.143.72  user=root
Dec  8 17:21:13 cls sshd[14505]: Failed password for root from 101.47.143.72 port 59938 ssh2
Dec  8 17:21:16 cls sshd[14509]: Invalid user jenkins from 101.47.161.41 port 59816
Dec  8 17:21:16 cls sshd[14509]: pam_unix(sshd:auth): check pass; user unknown
Dec  8 17:21:16 cls sshd[14509]: pam_unix(sshd:auth): authentication failure; logname= uid=0 euid=0 tty=ssh ruser= rhost=101.47.161.41 
Dec  8 17:21:18 cls sshd[14505]: Received disconnect from 101.47.143.72 port 59938:11: Bye Bye [preauth]
Dec  8 17:21:18 cls sshd[14505]: Disconnected from authenticating user root 101.47.143.72 port 59938 [preauth]
Dec  8 17:21:19 cls sshd[14509]: Failed password for invalid user jenkins from 101.47.161.41 port 59816 ssh2
Dec  8 17:21:20 cls sshd[14509]: Received disconnect from 101.47.161.41 port 59816:11: Bye Bye [preauth]
Dec  8 17:21:20 cls sshd[14509]: Disconnected from invalid user jenkins 101.47.161.41 port 59816 [preauth]
Dec  8 17:21:33 cls sshd[14541]: pam_unix(sshd:auth): authentication failure; logname= uid=0 euid=0 tty=ssh ruser= rhost=81.234.146.158  user=root
Dec  8 17:21:36 cls sshd[14541]: Failed password for root from 81.234.146.158 port 36952 ssh2
Dec  8 17:21:36 cls sshd[14541]: Received disconnect from 81.234.146.158 port 36952:11: Bye Bye [preauth]
Dec  8 17:21:36 cls sshd[14541]: Disconnected from authenticating user root 81.234.146.158 port 36952 [preauth]
Dec  8 17:21:46 cls sshd[14543]: pam_unix(sshd:auth): authentication failure; logname= uid=0 euid=0 tty=ssh ruser= rhost=46.224.115.70  user=root
Dec  8 17:21:48 cls sshd[14543]: Failed password for root from 46.224.115.70 port 57330 ssh2
Dec  8 17:21:49 cls sshd[14543]: Received disconnect from 46.224.115.70 port 57330:11: Bye Bye [preauth]
Dec  8 17:21:49 cls sshd[14543]: Disconnected from authenticating user root 46.224.115.70 port 57330 [preauth]
Dec  8 17:21:57 cls sshd[14545]: pam_unix(sshd:auth): authentication failure; logname= uid=0 euid=0 tty=ssh ruser= rhost=36.95.194.54  user=ubuntu
Dec  8 17:21:59 cls sshd[14547]: pam_unix(sshd:auth): authentication failure; logname= uid=0 euid=0 tty=ssh ruser= rhost=45.78.217.135  user=root
Dec  8 17:21:59 cls sshd[14545]: Failed password for ubuntu from 36.95.194.54 port 58302 ssh2
Dec  8 17:22:01 cls sshd[14547]: Failed password for root from 45.78.217.135 port 37168 ssh2
Dec  8 17:22:01 cls sshd[14545]: Received disconnect from 36.95.194.54 port 58302:11: Bye Bye [preauth]
Dec  8 17:22:01 cls sshd[14545]: Disconnected from authenticating user ubuntu 36.95.194.54 port 58302 [preauth]
Dec  8 17:22:02 cls sshd[14547]: Received disconnect from 45.78.217.135 port 37168:11: Bye Bye [preauth]
Dec  8 17:22:02 cls sshd[14547]: Disconnected from authenticating user root 45.78.217.135 port 37168 [preauth]
Dec  8 17:22:11 cls sshd[14555]: pam_unix(sshd:auth): authentication failure; logname= uid=0 euid=0 tty=ssh ruser= rhost=149.104.111.235  user=root
Dec  8 17:22:12 cls sshd[14557]: pam_unix(sshd:auth): authentication failure; logname= uid=0 euid=0 tty=ssh ruser= rhost=103.176.78.240  user=root
Dec  8 17:22:13 cls sshd[14555]: Failed password for root from 149.104.111.235 port 43962 ssh2
Dec  8 17:22:14 cls sshd[14555]: Received disconnect from 149.104.111.235 port 43962:11: Bye Bye [preauth]
Dec  8 17:22:14 cls sshd[14555]: Disconnected from authenticating user root 149.104.111.235 port 43962 [preauth]
Dec  8 17:22:14 cls sshd[14557]: Failed password for root from 103.176.78.240 port 33186 ssh2
Dec  8 17:22:14 cls sshd[14560]: pam_unix(sshd:auth): authentication failure; logname= uid=0 euid=0 tty=ssh ruser= rhost=103.217.144.161  user=root
Dec  8 17:22:15 cls sshd[14557]: Received disconnect from 103.176.78.240 port 33186:11: Bye Bye [preauth]
Dec  8 17:22:15 cls sshd[14557]: Disconnected from authenticating user root 103.176.78.240 port 33186 [preauth]
Dec  8 17:22:16 cls sshd[14560]: Failed password for root from 103.217.144.161 port 36576 ssh2
Dec  8 17:22:17 cls sshd[14560]: Received disconnect from 103.217.144.161 port 36576:11: Bye Bye [preauth]
Dec  8 17:22:17 cls sshd[14560]: Disconnected from authenticating user root 103.217.144.161 port 36576 [preauth]
Dec  8 17:22:26 cls sshd[14566]: pam_unix(sshd:auth): authentication failure; logname= uid=0 euid=0 tty=ssh ruser= rhost=121.122.65.109  user=root
Dec  8 17:22:28 cls sshd[14566]: Failed password for root from 121.122.65.109 port 47839 ssh2
Dec  8 17:22:29 cls sshd[14566]: Received disconnect from 121.122.65.109 port 47839:11: Bye Bye [preauth]
Dec  8 17:22:29 cls sshd[14566]: Disconnected from authenticating user root 121.122.65.109 port 47839 [preauth]
Dec  8 17:22:30 cls sshd[14568]: pam_unix(sshd:auth): authentication failure; logname= uid=0 euid=0 tty=ssh ruser= rhost=168.205.92.43  user=root
Dec  8 17:22:32 cls sshd[14568]: Failed password for root from 168.205.92.43 port 52528 ssh2
Dec  8 17:22:33 cls sshd[14568]: Received disconnect from 168.205.92.43 port 52528:11: Bye Bye [preauth]
Dec  8 17:22:33 cls sshd[14568]: Disconnected from authenticating user root 168.205.92.43 port 52528 [preauth]
Dec  8 17:22:36 cls sshd[14605]: Accepted publickey for akriveia from 103.215.237.50 port 50650 ssh2: RSA SHA256:kSpsnjB20tBRR+rXfLdPBfLugQmFuzvqYAtFMyFAZqQ
Dec  8 17:22:36 cls sshd[14605]: pam_unix(sshd:session): session opened for user akriveia by (uid=0)
Dec  8 17:22:36 cls systemd-logind[703]: New session 37 of user akriveia.
Dec  8 17:22:50 cls sshd[14761]: pam_unix(sshd:auth): authentication failure; logname= uid=0 euid=0 tty=ssh ruser= rhost=46.224.115.70  user=root
Dec  8 17:22:52 cls sshd[14761]: Failed password for root from 46.224.115.70 port 36778 ssh2
Dec  8 17:22:53 cls sshd[14761]: Received disconnect from 46.224.115.70 port 36778:11: Bye Bye [preauth]
Dec  8 17:22:53 cls sshd[14761]: Disconnected from authenticating user root 46.224.115.70 port 36778 [preauth]
Dec  8 17:22:57 cls sshd[14765]: pam_unix(sshd:auth): authentication failure; logname= uid=0 euid=0 tty=ssh ruser= rhost=81.234.146.158  user=root
Dec  8 17:22:58 cls sshd[14769]: pam_unix(sshd:auth): authentication failure; logname= uid=0 euid=0 tty=ssh ruser= rhost=101.47.142.43  user=root
Dec  8 17:22:58 cls sshd[14765]: Failed password for root from 81.234.146.158 port 52214 ssh2
Dec  8 17:23:00 cls sshd[14765]: Received disconnect from 81.234.146.158 port 52214:11: Bye Bye [preauth]
Dec  8 17:23:00 cls sshd[14765]: Disconnected from authenticating user root 81.234.146.158 port 52214 [preauth]
Dec  8 17:23:00 cls sshd[14769]: Failed password for root from 101.47.142.43 port 43300 ssh2
Dec  8 17:23:00 cls sshd[14769]: Received disconnect from 101.47.142.43 port 43300:11: Bye Bye [preauth]
Dec  8 17:23:00 cls sshd[14769]: Disconnected from authenticating user root 101.47.142.43 port 43300 [preauth]
Dec  8 17:23:00 cls sshd[14767]: Invalid user app from 101.47.141.170 port 51382
Dec  8 17:23:00 cls sshd[14767]: pam_unix(sshd:auth): check pass; user unknown
Dec  8 17:23:00 cls sshd[14767]: pam_unix(sshd:auth): authentication failure; logname= uid=0 euid=0 tty=ssh ruser= rhost=101.47.141.170 
Dec  8 17:23:02 cls sshd[14767]: Failed password for invalid user app from 101.47.141.170 port 51382 ssh2
Dec  8 17:23:04 cls sshd[14767]: Received disconnect from 101.47.141.170 port 51382:11: Bye Bye [preauth]
Dec  8 17:23:04 cls sshd[14767]: Disconnected from invalid user app 101.47.141.170 port 51382 [preauth]
Dec  8 17:23:16 cls sshd[14776]: pam_unix(sshd:auth): authentication failure; logname= uid=0 euid=0 tty=ssh ruser= rhost=45.78.229.73  user=root
Dec  8 17:23:18 cls sshd[14776]: Failed password for root from 45.78.229.73 port 53968 ssh2
Dec  8 17:23:19 cls sshd[14776]: Received disconnect from 45.78.229.73 port 53968:11: Bye Bye [preauth]
Dec  8 17:23:19 cls sshd[14776]: Disconnected from authenticating user root 45.78.229.73 port 53968 [preauth]
Dec  8 17:23:26 cls sshd[14796]: pam_unix(sshd:auth): authentication failure; logname= uid=0 euid=0 tty=ssh ruser= rhost=149.104.111.235  user=root
Dec  8 17:23:27 cls sshd[14799]: pam_unix(sshd:auth): authentication failure; logname= uid=0 euid=0 tty=ssh ruser= rhost=36.95.194.54  user=root
Dec  8 17:23:28 cls sshd[14796]: Failed password for root from 149.104.111.235 port 60840 ssh2
Dec  8 17:23:29 cls sshd[14796]: Received disconnect from 149.104.111.235 port 60840:11: Bye Bye [preauth]
Dec  8 17:23:29 cls sshd[14796]: Disconnected from authenticating user root 149.104.111.235 port 60840 [preauth]
Dec  8 17:23:29 cls sshd[14799]: Failed password for root from 36.95.194.54 port 51254 ssh2
Dec  8 17:23:30 cls sshd[14799]: Received disconnect from 36.95.194.54 port 51254:11: Bye Bye [preauth]
Dec  8 17:23:30 cls sshd[14799]: Disconnected from authenticating user root 36.95.194.54 port 51254 [preauth]
Dec  8 17:23:38 cls sshd[14818]: pam_unix(sshd:auth): authentication failure; logname= uid=0 euid=0 tty=ssh ruser= rhost=101.47.143.72  user=root
Dec  8 17:23:40 cls sshd[14818]: Failed password for root from 101.47.143.72 port 40592 ssh2
Dec  8 17:23:41 cls sshd[14818]: Received disconnect from 101.47.143.72 port 40592:11: Bye Bye [preauth]
Dec  8 17:23:41 cls sshd[14818]: Disconnected from authenticating user root 101.47.143.72 port 40592 [preauth]
Dec  8 17:23:44 cls sshd[14820]: pam_unix(sshd:auth): authentication failure; logname= uid=0 euid=0 tty=ssh ruser= rhost=121.122.65.109  user=root
Dec  8 17:23:46 cls sshd[14820]: Failed password for root from 121.122.65.109 port 16462 ssh2
Dec  8 17:23:47 cls sshd[14820]: Received disconnect from 121.122.65.109 port 16462:11: Bye Bye [preauth]
Dec  8 17:23:47 cls sshd[14820]: Disconnected from authenticating user root 121.122.65.109 port 16462 [preauth]
Dec  8 17:23:51 cls sshd[14822]: pam_unix(sshd:auth): authentication failure; logname= uid=0 euid=0 tty=ssh ruser= rhost=101.47.161.41  user=root
Dec  8 17:23:53 cls sshd[14822]: Failed password for root from 101.47.161.41 port 57786 ssh2
Dec  8 17:23:54 cls sshd[14822]: Received disconnect from 101.47.161.41 port 57786:11: Bye Bye [preauth]
Dec  8 17:23:54 cls sshd[14822]: Disconnected from authenticating user root 101.47.161.41 port 57786 [preauth]
Dec  8 17:23:59 cls sshd[14830]: pam_unix(sshd:auth): authentication failure; logname= uid=0 euid=0 tty=ssh ruser= rhost=46.224.115.70  user=root
Dec  8 17:24:01 cls sshd[14830]: Failed password for root from 46.224.115.70 port 41260 ssh2
Dec  8 17:24:01 cls sshd[14830]: Received disconnect from 46.224.115.70 port 41260:11: Bye Bye [preauth]
Dec  8 17:24:01 cls sshd[14830]: Disconnected from authenticating user root 46.224.115.70 port 41260 [preauth]
Dec  8 17:24:04 cls sshd[14840]: pam_unix(sshd:auth): authentication failure; logname= uid=0 euid=0 tty=ssh ruser= rhost=168.205.92.43  user=root
Dec  8 17:24:06 cls sshd[14840]: Failed password for root from 168.205.92.43 port 54902 ssh2
Dec  8 17:24:07 cls sshd[14840]: Received disconnect from 168.205.92.43 port 54902:11: Bye Bye [preauth]
Dec  8 17:24:07 cls sshd[14840]: Disconnected from authenticating user root 168.205.92.43 port 54902 [preauth]
Dec  8 17:24:14 cls sshd[14846]: pam_unix(sshd:auth): authentication failure; logname= uid=0 euid=0 tty=ssh ruser= rhost=103.176.78.240  user=root
Dec  8 17:24:16 cls sshd[14846]: Failed password for root from 103.176.78.240 port 36346 ssh2
Dec  8 17:24:17 cls sshd[14846]: Received disconnect from 103.176.78.240 port 36346:11: Bye Bye [preauth]
Dec  8 17:24:17 cls sshd[14846]: Disconnected from authenticating user root 103.176.78.240 port 36346 [preauth]
Dec  8 17:24:19 cls sshd[14848]: Invalid user jenkins from 103.217.144.161 port 60344
Dec  8 17:24:19 cls sshd[14848]: pam_unix(sshd:auth): check pass; user unknown
Dec  8 17:24:19 cls sshd[14848]: pam_unix(sshd:auth): authentication failure; logname= uid=0 euid=0 tty=ssh ruser= rhost=103.217.144.161 
Dec  8 17:24:20 cls sshd[14850]: pam_unix(sshd:auth): authentication failure; logname= uid=0 euid=0 tty=ssh ruser= rhost=81.234.146.158  user=root
Dec  8 17:24:21 cls sshd[14848]: Failed password for invalid user jenkins from 103.217.144.161 port 60344 ssh2
Dec  8 17:24:22 cls sshd[14848]: Received disconnect from 103.217.144.161 port 60344:11: Bye Bye [preauth]
Dec  8 17:24:22 cls sshd[14848]: Disconnected from invalid user jenkins 103.217.144.161 port 60344 [preauth]
Dec  8 17:24:23 cls sshd[14850]: Failed password for root from 81.234.146.158 port 39242 ssh2
Dec  8 17:24:23 cls sshd[14850]: Received disconnect from 81.234.146.158 port 39242:11: Bye Bye [preauth]
Dec  8 17:24:23 cls sshd[14850]: Disconnected from authenticating user root 81.234.146.158 port 39242 [preauth]
Dec  8 17:24:36 cls sshd[14867]: pam_unix(sshd:auth): authentication failure; logname= uid=0 euid=0 tty=ssh ruser= rhost=45.78.217.135  user=root
Dec  8 17:24:38 cls sshd[14867]: Failed password for root from 45.78.217.135 port 41994 ssh2
Dec  8 17:24:39 cls sshd[14867]: Received disconnect from 45.78.217.135 port 41994:11: Bye Bye [preauth]
Dec  8 17:24:39 cls sshd[14867]: Disconnected from authenticating user root 45.78.217.135 port 41994 [preauth]
Dec  8 17:24:42 cls sshd[14875]: pam_unix(sshd:auth): authentication failure; logname= uid=0 euid=0 tty=ssh ruser= rhost=149.104.111.235  user=root
Dec  8 17:24:44 cls sshd[14875]: Failed password for root from 149.104.111.235 port 38126 ssh2
Dec  8 17:24:45 cls sshd[14875]: Received disconnect from 149.104.111.235 port 38126:11: Bye Bye [preauth]
Dec  8 17:24:45 cls sshd[14875]: Disconnected from authenticating user root 149.104.111.235 port 38126 [preauth]
Dec  8 17:24:59 cls sshd[14880]: pam_unix(sshd:auth): authentication failure; logname= uid=0 euid=0 tty=ssh ruser= rhost=36.95.194.54  user=root
Dec  8 17:25:01 cls sshd[14880]: Failed password for root from 36.95.194.54 port 36196 ssh2
Dec  8 17:25:02 cls sshd[14880]: Received disconnect from 36.95.194.54 port 36196:11: Bye Bye [preauth]
Dec  8 17:25:02 cls sshd[14880]: Disconnected from authenticating user root 36.95.194.54 port 36196 [preauth]
Dec  8 17:25:09 cls sshd[14885]: pam_unix(sshd:auth): authentication failure; logname= uid=0 euid=0 tty=ssh ruser= rhost=46.224.115.70  user=root
Dec  8 17:25:11 cls sshd[14885]: Failed password for root from 46.224.115.70 port 51392 ssh2
Dec  8 17:25:11 cls sshd[14885]: Received disconnect from 46.224.115.70 port 51392:11: Bye Bye [preauth]
Dec  8 17:25:11 cls sshd[14885]: Disconnected from authenticating user root 46.224.115.70 port 51392 [preauth]
Dec  8 17:25:17 cls sshd[14888]: pam_unix(sshd:auth): authentication failure; logname= uid=0 euid=0 tty=ssh ruser= rhost=121.122.65.109  user=root
Dec  8 17:25:18 cls sshd[14888]: Failed password for root from 121.122.65.109 port 57649 ssh2
Dec  8 17:25:19 cls sshd[14888]: Received disconnect from 121.122.65.109 port 57649:11: Bye Bye [preauth]
Dec  8 17:25:19 cls sshd[14888]: Disconnected from authenticating user root 121.122.65.109 port 57649 [preauth]
Dec  8 17:25:37 cls sshd[14903]: pam_unix(sshd:auth): authentication failure; logname= uid=0 euid=0 tty=ssh ruser= rhost=101.47.142.43  user=root
Dec  8 17:25:39 cls sshd[14903]: Failed password for root from 101.47.142.43 port 44732 ssh2
Dec  8 17:25:39 cls sshd[14903]: Received disconnect from 101.47.142.43 port 44732:11: Bye Bye [preauth]
Dec  8 17:25:39 cls sshd[14903]: Disconnected from authenticating user root 101.47.142.43 port 44732 [preauth]
Dec  8 17:25:41 cls sshd[14905]: pam_unix(sshd:auth): authentication failure; logname= uid=0 euid=0 tty=ssh ruser= rhost=168.205.92.43  user=root
Dec  8 17:25:43 cls sshd[14905]: Failed password for root from 168.205.92.43 port 45716 ssh2
Dec  8 17:25:45 cls sshd[14905]: Received disconnect from 168.205.92.43 port 45716:11: Bye Bye [preauth]
Dec  8 17:25:45 cls sshd[14905]: Disconnected from authenticating user root 168.205.92.43 port 45716 [preauth]
Dec  8 17:25:47 cls sshd[14909]: pam_unix(sshd:auth): authentication failure; logname= uid=0 euid=0 tty=ssh ruser= rhost=81.234.146.158  user=root
Dec  8 17:25:49 cls sshd[14909]: Failed password for root from 81.234.146.158 port 54504 ssh2
Dec  8 17:25:49 cls sshd[14909]: Received disconnect from 81.234.146.158 port 54504:11: Bye Bye [preauth]
Dec  8 17:25:49 cls sshd[14909]: Disconnected from authenticating user root 81.234.146.158 port 54504 [preauth]
Dec  8 17:25:51 cls sshd[14911]: pam_unix(sshd:auth): authentication failure; logname= uid=0 euid=0 tty=ssh ruser= rhost=45.78.229.73  user=root
Dec  8 17:25:53 cls sshd[14911]: Failed password for root from 45.78.229.73 port 48144 ssh2
Dec  8 17:25:54 cls sshd[14911]: Received disconnect from 45.78.229.73 port 48144:11: Bye Bye [preauth]
Dec  8 17:25:54 cls sshd[14911]: Disconnected from authenticating user root 45.78.229.73 port 48144 [preauth]
Dec  8 17:26:04 cls sshd[14918]: pam_unix(sshd:auth): authentication failure; logname= uid=0 euid=0 tty=ssh ruser= rhost=149.104.111.235  user=root
Dec  8 17:26:06 cls sshd[14918]: Failed password for root from 149.104.111.235 port 46152 ssh2
Dec  8 17:26:06 cls sshd[14918]: Received disconnect from 149.104.111.235 port 46152:11: Bye Bye [preauth]
Dec  8 17:26:06 cls sshd[14918]: Disconnected from authenticating user root 149.104.111.235 port 46152 [preauth]
Dec  8 17:26:15 cls sshd[14931]: pam_unix(sshd:auth): authentication failure; logname= uid=0 euid=0 tty=ssh ruser= rhost=103.217.144.161  user=root
Dec  8 17:26:17 cls sshd[14936]: pam_unix(sshd:auth): authentication failure; logname= uid=0 euid=0 tty=ssh ruser= rhost=103.176.78.240  user=root
Dec  8 17:26:17 cls sshd[14931]: Failed password for root from 103.217.144.161 port 45342 ssh2
Dec  8 17:26:18 cls sshd[14931]: Received disconnect from 103.217.144.161 port 45342:11: Bye Bye [preauth]
Dec  8 17:26:18 cls sshd[14931]: Disconnected from authenticating user root 103.217.144.161 port 45342 [preauth]
Dec  8 17:26:18 cls sshd[14936]: Failed password for root from 103.176.78.240 port 43460 ssh2
Dec  8 17:26:18 cls sshd[14938]: pam_unix(sshd:auth): authentication failure; logname= uid=0 euid=0 tty=ssh ruser= rhost=46.224.115.70  user=root
Dec  8 17:26:20 cls sshd[14936]: Received disconnect from 103.176.78.240 port 43460:11: Bye Bye [preauth]
Dec  8 17:26:20 cls sshd[14936]: Disconnected from authenticating user root 103.176.78.240 port 43460 [preauth]
Dec  8 17:26:20 cls sshd[14938]: Failed password for root from 46.224.115.70 port 58832 ssh2
Dec  8 17:26:21 cls sshd[14938]: Received disconnect from 46.224.115.70 port 58832:11: Bye Bye [preauth]
Dec  8 17:26:21 cls sshd[14938]: Disconnected from authenticating user root 46.224.115.70 port 58832 [preauth]
Dec  8 17:26:24 cls sshd[14948]: pam_unix(sshd:auth): authentication failure; logname= uid=0 euid=0 tty=ssh ruser= rhost=103.164.81.65  user=root
Dec  8 17:26:25 cls sshd[14952]: pam_unix(sshd:auth): authentication failure; logname= uid=0 euid=0 tty=ssh ruser= rhost=101.47.161.41  user=root
Dec  8 17:26:26 cls sshd[14948]: Failed password for root from 103.164.81.65 port 52860 ssh2
Dec  8 17:26:26 cls sshd[14948]: Received disconnect from 103.164.81.65 port 52860:11: Bye Bye [preauth]
Dec  8 17:26:26 cls sshd[14948]: Disconnected from authenticating user root 103.164.81.65 port 52860 [preauth]
Dec  8 17:26:27 cls sshd[14952]: Failed password for root from 101.47.161.41 port 46432 ssh2
Dec  8 17:26:28 cls sshd[14952]: Received disconnect from 101.47.161.41 port 46432:11: Bye Bye [preauth]
Dec  8 17:26:28 cls sshd[14952]: Disconnected from authenticating user root 101.47.161.41 port 46432 [preauth]
Dec  8 17:26:29 cls sshd[14962]: pam_unix(sshd:auth): authentication failure; logname= uid=0 euid=0 tty=ssh ruser= rhost=45.78.222.208  user=root
Dec  8 17:26:31 cls sshd[14962]: Failed password for root from 45.78.222.208 port 52108 ssh2
Dec  8 17:26:32 cls sshd[14962]: Received disconnect from 45.78.222.208 port 52108:11: Bye Bye [preauth]
Dec  8 17:26:32 cls sshd[14962]: Disconnected from authenticating user root 45.78.222.208 port 52108 [preauth]
Dec  8 17:26:35 cls sshd[14964]: Invalid user infocare from 36.95.194.54 port 48040
Dec  8 17:26:35 cls sshd[14964]: pam_unix(sshd:auth): check pass; user unknown
Dec  8 17:26:35 cls sshd[14964]: pam_unix(sshd:auth): authentication failure; logname= uid=0 euid=0 tty=ssh ruser= rhost=36.95.194.54 
Dec  8 17:26:37 cls sshd[14964]: Failed password for invalid user infocare from 36.95.194.54 port 48040 ssh2
Dec  8 17:26:38 cls sshd[14964]: Received disconnect from 36.95.194.54 port 48040:11: Bye Bye [preauth]
Dec  8 17:26:38 cls sshd[14964]: Disconnected from invalid user infocare 36.95.194.54 port 48040 [preauth]
Dec  8 17:26:40 cls sshd[14968]: pam_unix(sshd:auth): authentication failure; logname= uid=0 euid=0 tty=ssh ruser= rhost=121.122.65.109  user=root
Dec  8 17:26:41 cls sshd[14968]: Failed password for root from 121.122.65.109 port 7592 ssh2
Dec  8 17:26:42 cls sshd[14968]: Received disconnect from 121.122.65.109 port 7592:11: Bye Bye [preauth]
Dec  8 17:26:42 cls sshd[14968]: Disconnected from authenticating user root 121.122.65.109 port 7592 [preauth]
Dec  8 17:27:11 cls sshd[14987]: pam_unix(sshd:auth): authentication failure; logname= uid=0 euid=0 tty=ssh ruser= rhost=45.78.219.237  user=root
Dec  8 17:27:12 cls sshd[14987]: Failed password for root from 45.78.219.237 port 46710 ssh2
Dec  8 17:27:13 cls sshd[14987]: Received disconnect from 45.78.219.237 port 46710:11: Bye Bye [preauth]
Dec  8 17:27:13 cls sshd[14987]: Disconnected from authenticating user root 45.78.219.237 port 46710 [preauth]
Dec  8 17:27:13 cls sshd[14989]: pam_unix(sshd:auth): authentication failure; logname= uid=0 euid=0 tty=ssh ruser= rhost=45.78.217.135  user=root
Dec  8 17:27:14 cls sshd[14991]: pam_unix(sshd:auth): authentication failure; logname= uid=0 euid=0 tty=ssh ruser= rhost=81.234.146.158  user=root
Dec  8 17:27:15 cls sshd[14989]: Failed password for root from 45.78.217.135 port 44656 ssh2
Dec  8 17:27:16 cls sshd[14989]: Received disconnect from 45.78.217.135 port 44656:11: Bye Bye [preauth]
Dec  8 17:27:16 cls sshd[14989]: Disconnected from authenticating user root 45.78.217.135 port 44656 [preauth]
Dec  8 17:27:16 cls sshd[14991]: Failed password for root from 81.234.146.158 port 41534 ssh2
Dec  8 17:27:17 cls sshd[14991]: Received disconnect from 81.234.146.158 port 41534:11: Bye Bye [preauth]
Dec  8 17:27:17 cls sshd[14991]: Disconnected from authenticating user root 81.234.146.158 port 41534 [preauth]
Dec  8 17:27:21 cls sshd[14993]: pam_unix(sshd:auth): authentication failure; logname= uid=0 euid=0 tty=ssh ruser= rhost=168.205.92.43  user=root
Dec  8 17:27:23 cls sshd[14993]: Failed password for root from 168.205.92.43 port 36578 ssh2
Dec  8 17:27:24 cls sshd[14993]: Received disconnect from 168.205.92.43 port 36578:11: Bye Bye [preauth]
Dec  8 17:27:24 cls sshd[14993]: Disconnected from authenticating user root 168.205.92.43 port 36578 [preauth]
Dec  8 17:27:30 cls sshd[14998]: pam_unix(sshd:auth): authentication failure; logname= uid=0 euid=0 tty=ssh ruser= rhost=149.104.111.235  user=root
Dec  8 17:27:32 cls sshd[14998]: Failed password for root from 149.104.111.235 port 49688 ssh2
Dec  8 17:27:33 cls sshd[14998]: Received disconnect from 149.104.111.235 port 49688:11: Bye Bye [preauth]
Dec  8 17:27:33 cls sshd[14998]: Disconnected from authenticating user root 149.104.111.235 port 49688 [preauth]
Dec  8 17:27:40 cls sshd[15000]: pam_unix(sshd:auth): authentication failure; logname= uid=0 euid=0 tty=ssh ruser= rhost=46.224.115.70  user=root
Dec  8 17:27:42 cls sshd[15000]: Failed password for root from 46.224.115.70 port 54258 ssh2
Dec  8 17:27:42 cls sshd[15000]: Received disconnect from 46.224.115.70 port 54258:11: Bye Bye [preauth]
Dec  8 17:27:42 cls sshd[15000]: Disconnected from authenticating user root 46.224.115.70 port 54258 [preauth]
Dec  8 17:27:44 cls sshd[15004]: Invalid user maria from 101.47.141.170 port 57490
Dec  8 17:27:44 cls sshd[15004]: pam_unix(sshd:auth): check pass; user unknown
Dec  8 17:27:44 cls sshd[15004]: pam_unix(sshd:auth): authentication failure; logname= uid=0 euid=0 tty=ssh ruser= rhost=101.47.141.170 
Dec  8 17:27:46 cls sshd[15004]: Failed password for invalid user maria from 101.47.141.170 port 57490 ssh2
Dec  8 17:27:47 cls sshd[15004]: Received disconnect from 101.47.141.170 port 57490:11: Bye Bye [preauth]
Dec  8 17:27:47 cls sshd[15004]: Disconnected from invalid user maria 101.47.141.170 port 57490 [preauth]
Dec  8 17:28:02 cls sshd[15016]: pam_unix(sshd:auth): authentication failure; logname= uid=0 euid=0 tty=ssh ruser= rhost=121.122.65.109  user=root
Dec  8 17:28:04 cls sshd[15016]: Failed password for root from 121.122.65.109 port 1920 ssh2
Dec  8 17:28:05 cls sshd[15016]: Received disconnect from 121.122.65.109 port 1920:11: Bye Bye [preauth]
Dec  8 17:28:05 cls sshd[15016]: Disconnected from authenticating user root 121.122.65.109 port 1920 [preauth]
Dec  8 17:28:11 cls sshd[15024]: pam_unix(sshd:auth): authentication failure; logname= uid=0 euid=0 tty=ssh ruser= rhost=101.47.142.43  user=root
Dec  8 17:28:11 cls sshd[15028]: pam_unix(sshd:auth): authentication failure; logname= uid=0 euid=0 tty=ssh ruser= rhost=36.95.194.54  user=root
Dec  8 17:28:11 cls sshd[15030]: pam_unix(sshd:auth): authentication failure; logname= uid=0 euid=0 tty=ssh ruser= rhost=103.217.144.161  user=root
Dec  8 17:28:12 cls sshd[15024]: Failed password for root from 101.47.142.43 port 35116 ssh2
Dec  8 17:28:13 cls sshd[15028]: Failed password for root from 36.95.194.54 port 46116 ssh2
Dec  8 17:28:13 cls sshd[15030]: Failed password for root from 103.217.144.161 port 56738 ssh2
Dec  8 17:28:13 cls sshd[15024]: Received disconnect from 101.47.142.43 port 35116:11: Bye Bye [preauth]
Dec  8 17:28:13 cls sshd[15024]: Disconnected from authenticating user root 101.47.142.43 port 35116 [preauth]
Dec  8 17:28:14 cls sshd[15028]: Received disconnect from 36.95.194.54 port 46116:11: Bye Bye [preauth]
Dec  8 17:28:14 cls sshd[15028]: Disconnected from authenticating user root 36.95.194.54 port 46116 [preauth]
Dec  8 17:28:14 cls sshd[15030]: Received disconnect from 103.217.144.161 port 56738:11: Bye Bye [preauth]
Dec  8 17:28:14 cls sshd[15030]: Disconnected from authenticating user root 103.217.144.161 port 56738 [preauth]
Dec  8 17:28:18 cls sshd[15041]: pam_unix(sshd:auth): authentication failure; logname= uid=0 euid=0 tty=ssh ruser= rhost=103.176.78.240  user=root
Dec  8 17:28:20 cls sshd[15041]: Failed password for root from 103.176.78.240 port 41786 ssh2
Dec  8 17:28:20 cls sshd[15041]: Received disconnect from 103.176.78.240 port 41786:11: Bye Bye [preauth]
Dec  8 17:28:20 cls sshd[15041]: Disconnected from authenticating user root 103.176.78.240 port 41786 [preauth]
Dec  8 17:28:25 cls sshd[15044]: pam_unix(sshd:auth): authentication failure; logname= uid=0 euid=0 tty=ssh ruser= rhost=103.164.81.65  user=root
Dec  8 17:28:27 cls sshd[15044]: Failed password for root from 103.164.81.65 port 31666 ssh2
Dec  8 17:28:27 cls sshd[15046]: pam_unix(sshd:auth): authentication failure; logname= uid=0 euid=0 tty=ssh ruser= rhost=45.78.229.73  user=root
Dec  8 17:28:28 cls sshd[15044]: Received disconnect from 103.164.81.65 port 31666:11: Bye Bye [preauth]
Dec  8 17:28:28 cls sshd[15044]: Disconnected from authenticating user root 103.164.81.65 port 31666 [preauth]
Dec  8 17:28:29 cls sshd[15046]: Failed password for root from 45.78.229.73 port 43872 ssh2
Dec  8 17:28:30 cls sshd[15046]: Received disconnect from 45.78.229.73 port 43872:11: Bye Bye [preauth]
Dec  8 17:28:30 cls sshd[15046]: Disconnected from authenticating user root 45.78.229.73 port 43872 [preauth]
Dec  8 17:28:37 cls sshd[15050]: pam_unix(sshd:auth): authentication failure; logname= uid=0 euid=0 tty=ssh ruser= rhost=81.234.146.158  user=root
Dec  8 17:28:38 cls sshd[15050]: Failed password for root from 81.234.146.158 port 56795 ssh2
Dec  8 17:28:39 cls sshd[15050]: Received disconnect from 81.234.146.158 port 56795:11: Bye Bye [preauth]
Dec  8 17:28:39 cls sshd[15050]: Disconnected from authenticating user root 81.234.146.158 port 56795 [preauth]
Dec  8 17:28:48 cls sudo: akriveia : TTY=pts/3 ; PWD=/var/www/html/isc-domains ; USER=root ; COMMAND=/bin/bash
Dec  8 17:28:48 cls sudo: pam_unix(sudo:session): session opened for user root by akriveia(uid=0)
Dec  8 17:28:49 cls sshd[15065]: Invalid user infocare from 149.104.111.235 port 57912
Dec  8 17:28:49 cls sshd[15065]: pam_unix(sshd:auth): check pass; user unknown
Dec  8 17:28:49 cls sshd[15065]: pam_unix(sshd:auth): authentication failure; logname= uid=0 euid=0 tty=ssh ruser= rhost=149.104.111.235 
Dec  8 17:28:51 cls sshd[15065]: Failed password for invalid user infocare from 149.104.111.235 port 57912 ssh2
Dec  8 17:28:51 cls sshd[15065]: Received disconnect from 149.104.111.235 port 57912:11: Bye Bye [preauth]
Dec  8 17:28:51 cls sshd[15065]: Disconnected from invalid user infocare 149.104.111.235 port 57912 [preauth]
Dec  8 17:28:58 cls sshd[15079]: pam_unix(sshd:auth): authentication failure; logname= uid=0 euid=0 tty=ssh ruser= rhost=46.224.115.70  user=root
Dec  8 17:28:58 cls sshd[15075]: pam_unix(sshd:auth): authentication failure; logname= uid=0 euid=0 tty=ssh ruser= rhost=168.205.92.43  user=root
Dec  8 17:29:00 cls sshd[15079]: Failed password for root from 46.224.115.70 port 60290 ssh2
Dec  8 17:29:01 cls sshd[15075]: Failed password for root from 168.205.92.43 port 59968 ssh2
Dec  8 17:29:01 cls sshd[15079]: Received disconnect from 46.224.115.70 port 60290:11: Bye Bye [preauth]
Dec  8 17:29:01 cls sshd[15079]: Disconnected from authenticating user root 46.224.115.70 port 60290 [preauth]
Dec  8 17:29:01 cls sshd[15075]: Received disconnect from 168.205.92.43 port 59968:11: Bye Bye [preauth]
Dec  8 17:29:01 cls sshd[15075]: Disconnected from authenticating user root 168.205.92.43 port 59968 [preauth]
Dec  8 17:29:02 cls sshd[15077]: pam_unix(sshd:auth): authentication failure; logname= uid=0 euid=0 tty=ssh ruser= rhost=101.47.161.41  user=root
Dec  8 17:29:03 cls sshd[15077]: Failed password for root from 101.47.161.41 port 44180 ssh2
Dec  8 17:29:04 cls sshd[15077]: Received disconnect from 101.47.161.41 port 44180:11: Bye Bye [preauth]
Dec  8 17:29:04 cls sshd[15077]: Disconnected from authenticating user root 101.47.161.41 port 44180 [preauth]
Dec  8 17:29:23 cls sshd[15085]: pam_unix(sshd:auth): authentication failure; logname= uid=0 euid=0 tty=ssh ruser= rhost=121.122.65.109  user=root
Dec  8 17:29:24 cls sshd[15085]: Failed password for root from 121.122.65.109 port 42083 ssh2
Dec  8 17:29:25 cls sshd[15090]: pam_unix(sshd:auth): authentication failure; logname= uid=0 euid=0 tty=ssh ruser= rhost=45.78.222.208  user=root
Dec  8 17:29:25 cls sshd[15085]: Received disconnect from 121.122.65.109 port 42083:11: Bye Bye [preauth]
Dec  8 17:29:25 cls sshd[15085]: Disconnected from authenticating user root 121.122.65.109 port 42083 [preauth]
Dec  8 17:29:26 cls sshd[15090]: Failed password for root from 45.78.222.208 port 51584 ssh2
Dec  8 17:29:27 cls sshd[15090]: Received disconnect from 45.78.222.208 port 51584:11: Bye Bye [preauth]
Dec  8 17:29:27 cls sshd[15090]: Disconnected from authenticating user root 45.78.222.208 port 51584 [preauth]
Dec  8 17:29:48 cls sshd[15096]: pam_unix(sshd:auth): authentication failure; logname= uid=0 euid=0 tty=ssh ruser= rhost=45.78.217.135  user=root
Dec  8 17:29:48 cls sshd[15100]: pam_unix(sshd:auth): authentication failure; logname= uid=0 euid=0 tty=ssh ruser= rhost=103.164.81.65  user=root
Dec  8 17:29:49 cls sshd[15098]: pam_unix(sshd:auth): authentication failure; logname= uid=0 euid=0 tty=ssh ruser= rhost=36.95.194.54  user=root
Dec  8 17:29:50 cls sshd[15096]: Failed password for root from 45.78.217.135 port 46918 ssh2
Dec  8 17:29:51 cls sshd[15100]: Failed password for root from 103.164.81.65 port 59012 ssh2
Dec  8 17:29:51 cls sshd[15098]: Failed password for root from 36.95.194.54 port 44690 ssh2
Dec  8 17:29:51 cls sshd[15100]: Received disconnect from 103.164.81.65 port 59012:11: Bye Bye [preauth]
Dec  8 17:29:51 cls sshd[15100]: Disconnected from authenticating user root 103.164.81.65 port 59012 [preauth]
Dec  8 17:29:51 cls sshd[15096]: Received disconnect from 45.78.217.135 port 46918:11: Bye Bye [preauth]
Dec  8 17:29:51 cls sshd[15096]: Disconnected from authenticating user root 45.78.217.135 port 46918 [preauth]
Dec  8 17:29:52 cls sshd[15098]: Received disconnect from 36.95.194.54 port 44690:11: Bye Bye [preauth]
Dec  8 17:29:52 cls sshd[15098]: Disconnected from authenticating user root 36.95.194.54 port 44690 [preauth]
Dec  8 17:29:56 cls sshd[15102]: pam_unix(sshd:auth): authentication failure; logname= uid=0 euid=0 tty=ssh ruser= rhost=81.234.146.158  user=root
Dec  8 17:29:57 cls sshd[15102]: Failed password for root from 81.234.146.158 port 43823 ssh2
Dec  8 17:29:59 cls sshd[15102]: Received disconnect from 81.234.146.158 port 43823:11: Bye Bye [preauth]
Dec  8 17:29:59 cls sshd[15102]: Disconnected from authenticating user root 81.234.146.158 port 43823 [preauth]
Dec  8 17:30:01 cls sshd[15105]: Invalid user maria from 46.224.115.70 port 32820
Dec  8 17:30:01 cls sshd[15105]: pam_unix(sshd:auth): check pass; user unknown
Dec  8 17:30:01 cls sshd[15105]: pam_unix(sshd:auth): authentication failure; logname= uid=0 euid=0 tty=ssh ruser= rhost=46.224.115.70 
Dec  8 17:30:03 cls sshd[15105]: Failed password for invalid user maria from 46.224.115.70 port 32820 ssh2
Dec  8 17:30:03 cls sshd[15113]: Invalid user george from 103.217.144.161 port 34752
Dec  8 17:30:03 cls sshd[15113]: pam_unix(sshd:auth): check pass; user unknown
Dec  8 17:30:03 cls sshd[15113]: pam_unix(sshd:auth): authentication failure; logname= uid=0 euid=0 tty=ssh ruser= rhost=103.217.144.161 
Dec  8 17:30:04 cls sshd[15105]: Received disconnect from 46.224.115.70 port 32820:11: Bye Bye [preauth]
Dec  8 17:30:04 cls sshd[15105]: Disconnected from invalid user maria 46.224.115.70 port 32820 [preauth]
Dec  8 17:30:05 cls sshd[15113]: Failed password for invalid user george from 103.217.144.161 port 34752 ssh2
Dec  8 17:30:05 cls sshd[15115]: pam_unix(sshd:auth): authentication failure; logname= uid=0 euid=0 tty=ssh ruser= rhost=45.78.219.237  user=root
Dec  8 17:30:06 cls sshd[15113]: Received disconnect from 103.217.144.161 port 34752:11: Bye Bye [preauth]
Dec  8 17:30:06 cls sshd[15113]: Disconnected from invalid user george 103.217.144.161 port 34752 [preauth]
Dec  8 17:30:06 cls sshd[15117]: pam_unix(sshd:auth): authentication failure; logname= uid=0 euid=0 tty=ssh ruser= rhost=149.104.111.235  user=root
Dec  8 17:30:07 cls sshd[15115]: Failed password for root from 45.78.219.237 port 56782 ssh2
Dec  8 17:30:08 cls sshd[15115]: Received disconnect from 45.78.219.237 port 56782:11: Bye Bye [preauth]
Dec  8 17:30:08 cls sshd[15115]: Disconnected from authenticating user root 45.78.219.237 port 56782 [preauth]
Dec  8 17:30:08 cls sshd[15117]: Failed password for root from 149.104.111.235 port 34698 ssh2
Dec  8 17:30:09 cls sshd[15117]: Received disconnect from 149.104.111.235 port 34698:11: Bye Bye [preauth]
Dec  8 17:30:09 cls sshd[15117]: Disconnected from authenticating user root 149.104.111.235 port 34698 [preauth]
Dec  8 17:30:19 cls sshd[15121]: pam_unix(sshd:auth): authentication failure; logname= uid=0 euid=0 tty=ssh ruser= rhost=103.176.78.240  user=root
Dec  8 17:30:21 cls sshd[15121]: Failed password for root from 103.176.78.240 port 43352 ssh2
Dec  8 17:30:22 cls sshd[15121]: Received disconnect from 103.176.78.240 port 43352:11: Bye Bye [preauth]
Dec  8 17:30:22 cls sshd[15121]: Disconnected from authenticating user root 103.176.78.240 port 43352 [preauth]
Dec  8 17:30:43 cls sshd[15139]: pam_unix(sshd:auth): authentication failure; logname= uid=0 euid=0 tty=ssh ruser= rhost=121.122.65.109  user=root
Dec  8 17:30:43 cls sshd[15135]: pam_unix(sshd:auth): authentication failure; logname= uid=0 euid=0 tty=ssh ruser= rhost=168.205.92.43  user=root
Dec  8 17:30:45 cls sshd[15141]: pam_unix(sshd:auth): authentication failure; logname= uid=0 euid=0 tty=ssh ruser= rhost=101.47.142.43  user=root
Dec  8 17:30:45 cls sshd[15139]: Failed password for root from 121.122.65.109 port 58923 ssh2
Dec  8 17:30:45 cls sshd[15139]: Received disconnect from 121.122.65.109 port 58923:11: Bye Bye [preauth]
Dec  8 17:30:45 cls sshd[15139]: Disconnected from authenticating user root 121.122.65.109 port 58923 [preauth]
Dec  8 17:30:45 cls sshd[15135]: Failed password for root from 168.205.92.43 port 36828 ssh2
Dec  8 17:30:46 cls sshd[15135]: Received disconnect from 168.205.92.43 port 36828:11: Bye Bye [preauth]
Dec  8 17:30:46 cls sshd[15135]: Disconnected from authenticating user root 168.205.92.43 port 36828 [preauth]
Dec  8 17:30:47 cls sshd[15141]: Failed password for root from 101.47.142.43 port 37910 ssh2
Dec  8 17:30:48 cls sshd[15141]: Received disconnect from 101.47.142.43 port 37910:11: Bye Bye [preauth]
Dec  8 17:30:48 cls sshd[15141]: Disconnected from authenticating user root 101.47.142.43 port 37910 [preauth]
Dec  8 17:30:54 cls sudo: pam_unix(sudo:session): session closed for user root
Dec  8 17:30:55 cls sshd[14721]: Received disconnect from 103.215.237.50 port 50650:11: disconnected by user
Dec  8 17:30:55 cls sshd[14721]: Disconnected from user akriveia 103.215.237.50 port 50650
Dec  8 17:30:55 cls systemd-logind[703]: Session 37 logged out. Waiting for processes to exit.
Dec  8 17:30:55 cls sshd[14605]: pam_unix(sshd:session): session closed for user akriveia
Dec  8 17:30:55 cls systemd-logind[703]: Removed session 37.
Dec  8 17:30:57 cls sshd[15156]: Accepted publickey for akriveia from 103.215.237.50 port 53284 ssh2: RSA SHA256:kSpsnjB20tBRR+rXfLdPBfLugQmFuzvqYAtFMyFAZqQ
Dec  8 17:30:57 cls sshd[15156]: pam_unix(sshd:session): session opened for user akriveia by (uid=0)
Dec  8 17:30:57 cls systemd-logind[703]: New session 38 of user akriveia.
Dec  8 17:31:00 cls sshd[15229]: pam_unix(sshd:auth): authentication failure; logname= uid=0 euid=0 tty=ssh ruser= rhost=45.78.229.73  user=root
Dec  8 17:31:02 cls sshd[15229]: Failed password for root from 45.78.229.73 port 40984 ssh2
Dec  8 17:31:03 cls sshd[15229]: Received disconnect from 45.78.229.73 port 40984:11: Bye Bye [preauth]
Dec  8 17:31:03 cls sshd[15229]: Disconnected from authenticating user root 45.78.229.73 port 40984 [preauth]
Dec  8 17:31:04 cls sshd[15231]: pam_unix(sshd:auth): authentication failure; logname= uid=0 euid=0 tty=ssh ruser= rhost=46.224.115.70  user=root
Dec  8 17:31:06 cls sshd[15231]: Failed password for root from 46.224.115.70 port 37040 ssh2
Dec  8 17:31:07 cls sshd[15231]: Received disconnect from 46.224.115.70 port 37040:11: Bye Bye [preauth]
Dec  8 17:31:07 cls sshd[15231]: Disconnected from authenticating user root 46.224.115.70 port 37040 [preauth]
Dec  8 17:31:13 cls sshd[15240]: pam_unix(sshd:auth): authentication failure; logname= uid=0 euid=0 tty=ssh ruser= rhost=103.164.81.65  user=root
Dec  8 17:31:15 cls sshd[15240]: Failed password for root from 103.164.81.65 port 31360 ssh2
Dec  8 17:31:15 cls sshd[15240]: Received disconnect from 103.164.81.65 port 31360:11: Bye Bye [preauth]
Dec  8 17:31:15 cls sshd[15240]: Disconnected from authenticating user root 103.164.81.65 port 31360 [preauth]
Dec  8 17:31:17 cls sshd[15242]: pam_unix(sshd:auth): authentication failure; logname= uid=0 euid=0 tty=ssh ruser= rhost=81.234.146.158  user=root
