Dec  8 22:25:50 cls sshd[24846]: pam_unix(sshd:auth): authentication failure; logname= uid=0 euid=0 tty=ssh ruser= rhost=191.100.23.154  user=root
Dec  8 22:25:51 cls sshd[24846]: Failed password for root from 191.100.23.154 port 54060 ssh2
Dec  8 22:25:51 cls sshd[24846]: Received disconnect from 191.100.23.154 port 54060:11: Bye Bye [preauth]
Dec  8 22:25:51 cls sshd[24846]: Disconnected from authenticating user root 191.100.23.154 port 54060 [preauth]
Dec  8 22:25:52 cls sshd[24848]: pam_unix(sshd:auth): authentication failure; logname= uid=0 euid=0 tty=ssh ruser= rhost=186.80.18.158  user=root
Dec  8 22:25:52 cls sshd[24850]: pam_unix(sshd:auth): authentication failure; logname= uid=0 euid=0 tty=ssh ruser= rhost=185.208.156.50  user=root
Dec  8 22:25:54 cls sshd[24848]: Failed password for root from 186.80.18.158 port 56002 ssh2
Dec  8 22:25:54 cls sshd[24850]: Failed password for root from 185.208.156.50 port 52068 ssh2
Dec  8 22:25:54 cls sshd[24848]: Received disconnect from 186.80.18.158 port 56002:11: Bye Bye [preauth]
Dec  8 22:25:54 cls sshd[24848]: Disconnected from authenticating user root 186.80.18.158 port 56002 [preauth]
Dec  8 22:25:55 cls sshd[24850]: Received disconnect from 185.208.156.50 port 52068:11: Bye Bye [preauth]
Dec  8 22:25:55 cls sshd[24850]: Disconnected from authenticating user root 185.208.156.50 port 52068 [preauth]
Dec  8 22:25:59 cls sshd[24852]: pam_unix(sshd:auth): authentication failure; logname= uid=0 euid=0 tty=ssh ruser= rhost=118.99.80.0  user=root
Dec  8 22:26:00 cls sshd[24854]: Invalid user leonardo from 69.10.60.50 port 42228
Dec  8 22:26:00 cls sshd[24854]: pam_unix(sshd:auth): check pass; user unknown
Dec  8 22:26:00 cls sshd[24854]: pam_unix(sshd:auth): authentication failure; logname= uid=0 euid=0 tty=ssh ruser= rhost=69.10.60.50 
Dec  8 22:26:02 cls sshd[24852]: Failed password for root from 118.99.80.0 port 10322 ssh2
Dec  8 22:26:02 cls sshd[24852]: Received disconnect from 118.99.80.0 port 10322:11: Bye Bye [preauth]
Dec  8 22:26:02 cls sshd[24852]: Disconnected from authenticating user root 118.99.80.0 port 10322 [preauth]
Dec  8 22:26:03 cls sshd[24854]: Failed password for invalid user leonardo from 69.10.60.50 port 42228 ssh2
Dec  8 22:26:04 cls sshd[24854]: Received disconnect from 69.10.60.50 port 42228:11: Bye Bye [preauth]
Dec  8 22:26:04 cls sshd[24854]: Disconnected from invalid user leonardo 69.10.60.50 port 42228 [preauth]
Dec  8 22:26:05 cls sshd[24856]: Invalid user admin from 209.141.47.217 port 37344
Dec  8 22:26:05 cls sshd[24856]: pam_unix(sshd:auth): check pass; user unknown
Dec  8 22:26:05 cls sshd[24856]: pam_unix(sshd:auth): authentication failure; logname= uid=0 euid=0 tty=ssh ruser= rhost=209.141.47.217 
Dec  8 22:26:07 cls sshd[24858]: pam_unix(sshd:auth): authentication failure; logname= uid=0 euid=0 tty=ssh ruser= rhost=64.227.160.133  user=root
Dec  8 22:26:07 cls sshd[24856]: Failed password for invalid user admin from 209.141.47.217 port 37344 ssh2
Dec  8 22:26:09 cls sshd[24856]: Received disconnect from 209.141.47.217 port 37344:11: Bye Bye [preauth]
Dec  8 22:26:09 cls sshd[24856]: Disconnected from invalid user admin 209.141.47.217 port 37344 [preauth]
Dec  8 22:26:10 cls sshd[24858]: Failed password for root from 64.227.160.133 port 39918 ssh2
Dec  8 22:26:10 cls sshd[24858]: Received disconnect from 64.227.160.133 port 39918:11: Bye Bye [preauth]
Dec  8 22:26:10 cls sshd[24858]: Disconnected from authenticating user root 64.227.160.133 port 39918 [preauth]
Dec  8 22:26:10 cls sshd[24863]: pam_unix(sshd:auth): authentication failure; logname= uid=0 euid=0 tty=ssh ruser= rhost=64.227.107.145  user=root
Dec  8 22:26:12 cls sshd[24863]: Failed password for root from 64.227.107.145 port 60568 ssh2
Dec  8 22:26:13 cls sshd[24863]: Received disconnect from 64.227.107.145 port 60568:11: Bye Bye [preauth]
Dec  8 22:26:13 cls sshd[24863]: Disconnected from authenticating user root 64.227.107.145 port 60568 [preauth]
Dec  8 22:26:18 cls sshd[24869]: pam_unix(sshd:auth): authentication failure; logname= uid=0 euid=0 tty=ssh ruser= rhost=101.47.142.111  user=ubuntu
Dec  8 22:26:18 cls sshd[24867]: pam_unix(sshd:auth): authentication failure; logname= uid=0 euid=0 tty=ssh ruser= rhost=179.57.170.71  user=root
Dec  8 22:26:20 cls sshd[24871]: pam_unix(sshd:auth): authentication failure; logname= uid=0 euid=0 tty=ssh ruser= rhost=167.71.36.180  user=ubuntu
Dec  8 22:26:21 cls sshd[24869]: Failed password for ubuntu from 101.47.142.111 port 39720 ssh2
Dec  8 22:26:21 cls sshd[24867]: Failed password for root from 179.57.170.71 port 61204 ssh2
Dec  8 22:26:22 cls sshd[24871]: Failed password for ubuntu from 167.71.36.180 port 40104 ssh2
Dec  8 22:26:22 cls sshd[24869]: Received disconnect from 101.47.142.111 port 39720:11: Bye Bye [preauth]
Dec  8 22:26:22 cls sshd[24869]: Disconnected from authenticating user ubuntu 101.47.142.111 port 39720 [preauth]
Dec  8 22:26:24 cls sshd[24867]: Received disconnect from 179.57.170.71 port 61204:11: Bye Bye [preauth]
Dec  8 22:26:24 cls sshd[24867]: Disconnected from authenticating user root 179.57.170.71 port 61204 [preauth]
Dec  8 22:26:24 cls sshd[24871]: Received disconnect from 167.71.36.180 port 40104:11: Bye Bye [preauth]
Dec  8 22:26:24 cls sshd[24871]: Disconnected from authenticating user ubuntu 167.71.36.180 port 40104 [preauth]
Dec  8 22:26:31 cls sshd[24882]: Invalid user test from 181.2.146.184 port 39456
Dec  8 22:26:31 cls sshd[24882]: pam_unix(sshd:auth): check pass; user unknown
Dec  8 22:26:31 cls sshd[24882]: pam_unix(sshd:auth): authentication failure; logname= uid=0 euid=0 tty=ssh ruser= rhost=181.2.146.184 
Dec  8 22:26:33 cls sshd[24882]: Failed password for invalid user test from 181.2.146.184 port 39456 ssh2
Dec  8 22:26:34 cls sshd[24888]: pam_unix(sshd:auth): authentication failure; logname= uid=0 euid=0 tty=ssh ruser= rhost=103.147.211.2  user=root
Dec  8 22:26:35 cls sshd[24882]: Received disconnect from 181.2.146.184 port 39456:11: Bye Bye [preauth]
Dec  8 22:26:35 cls sshd[24882]: Disconnected from invalid user test 181.2.146.184 port 39456 [preauth]
Dec  8 22:26:36 cls sshd[24890]: pam_unix(sshd:auth): authentication failure; logname= uid=0 euid=0 tty=ssh ruser= rhost=162.241.127.152  user=root
Dec  8 22:26:36 cls sshd[24888]: Failed password for root from 103.147.211.2 port 40190 ssh2
Dec  8 22:26:36 cls sshd[24892]: Invalid user aaa from 45.78.216.149 port 36338
Dec  8 22:26:36 cls sshd[24892]: pam_unix(sshd:auth): check pass; user unknown
Dec  8 22:26:36 cls sshd[24892]: pam_unix(sshd:auth): authentication failure; logname= uid=0 euid=0 tty=ssh ruser= rhost=45.78.216.149 
Dec  8 22:26:36 cls sshd[24894]: pam_unix(sshd:auth): authentication failure; logname= uid=0 euid=0 tty=ssh ruser= rhost=47.236.20.199  user=root
Dec  8 22:26:37 cls sshd[24888]: Received disconnect from 103.147.211.2 port 40190:11: Bye Bye [preauth]
Dec  8 22:26:37 cls sshd[24888]: Disconnected from authenticating user root 103.147.211.2 port 40190 [preauth]
Dec  8 22:26:38 cls sshd[24890]: Failed password for root from 162.241.127.152 port 43708 ssh2
Dec  8 22:26:38 cls sshd[24892]: Failed password for invalid user aaa from 45.78.216.149 port 36338 ssh2
Dec  8 22:26:38 cls sshd[24894]: Failed password for root from 47.236.20.199 port 60530 ssh2
Dec  8 22:26:38 cls sshd[24896]: pam_unix(sshd:auth): authentication failure; logname= uid=0 euid=0 tty=ssh ruser= rhost=45.78.204.252  user=root
Dec  8 22:26:39 cls sshd[24890]: Received disconnect from 162.241.127.152 port 43708:11: Bye Bye [preauth]
Dec  8 22:26:39 cls sshd[24890]: Disconnected from authenticating user root 162.241.127.152 port 43708 [preauth]
Dec  8 22:26:39 cls sshd[24894]: Received disconnect from 47.236.20.199 port 60530:11: Bye Bye [preauth]
Dec  8 22:26:39 cls sshd[24894]: Disconnected from authenticating user root 47.236.20.199 port 60530 [preauth]
Dec  8 22:26:40 cls sshd[24892]: Received disconnect from 45.78.216.149 port 36338:11: Bye Bye [preauth]
Dec  8 22:26:40 cls sshd[24892]: Disconnected from invalid user aaa 45.78.216.149 port 36338 [preauth]
Dec  8 22:26:40 cls sshd[24898]: pam_unix(sshd:auth): authentication failure; logname= uid=0 euid=0 tty=ssh ruser= rhost=93.113.63.124  user=root
Dec  8 22:26:41 cls sshd[24896]: Failed password for root from 45.78.204.252 port 49942 ssh2
Dec  8 22:26:42 cls sshd[24896]: Received disconnect from 45.78.204.252 port 49942:11: Bye Bye [preauth]
Dec  8 22:26:42 cls sshd[24896]: Disconnected from authenticating user root 45.78.204.252 port 49942 [preauth]
Dec  8 22:26:42 cls sshd[24898]: Failed password for root from 93.113.63.124 port 33766 ssh2
Dec  8 22:26:43 cls sshd[24898]: Received disconnect from 93.113.63.124 port 33766:11: Bye Bye [preauth]
Dec  8 22:26:43 cls sshd[24898]: Disconnected from authenticating user root 93.113.63.124 port 33766 [preauth]
Dec  8 22:26:52 cls sshd[24903]: pam_unix(sshd:auth): authentication failure; logname= uid=0 euid=0 tty=ssh ruser= rhost=167.71.36.180  user=root
Dec  8 22:26:53 cls sshd[24905]: pam_unix(sshd:auth): authentication failure; logname= uid=0 euid=0 tty=ssh ruser= rhost=185.208.156.50  user=root
Dec  8 22:26:54 cls sshd[24903]: Failed password for root from 167.71.36.180 port 42788 ssh2
Dec  8 22:26:55 cls sshd[24903]: Received disconnect from 167.71.36.180 port 42788:11: Bye Bye [preauth]
Dec  8 22:26:55 cls sshd[24903]: Disconnected from authenticating user root 167.71.36.180 port 42788 [preauth]
Dec  8 22:26:55 cls sshd[24905]: Failed password for root from 185.208.156.50 port 56766 ssh2
Dec  8 22:26:55 cls sshd[24905]: Received disconnect from 185.208.156.50 port 56766:11: Bye Bye [preauth]
Dec  8 22:26:55 cls sshd[24905]: Disconnected from authenticating user root 185.208.156.50 port 56766 [preauth]
Dec  8 22:27:00 cls sshd[24907]: pam_unix(sshd:auth): authentication failure; logname= uid=0 euid=0 tty=ssh ruser= rhost=64.227.107.145  user=ubuntu
Dec  8 22:27:02 cls sshd[24911]: Invalid user mina from 8.217.103.123 port 36290
Dec  8 22:27:02 cls sshd[24911]: pam_unix(sshd:auth): check pass; user unknown
Dec  8 22:27:02 cls sshd[24911]: pam_unix(sshd:auth): authentication failure; logname= uid=0 euid=0 tty=ssh ruser= rhost=8.217.103.123 
Dec  8 22:27:03 cls sshd[24907]: Failed password for ubuntu from 64.227.107.145 port 50028 ssh2
Dec  8 22:27:03 cls sshd[24913]: Invalid user test from 69.10.60.50 port 45104
Dec  8 22:27:03 cls sshd[24913]: pam_unix(sshd:auth): check pass; user unknown
Dec  8 22:27:03 cls sshd[24913]: pam_unix(sshd:auth): authentication failure; logname= uid=0 euid=0 tty=ssh ruser= rhost=69.10.60.50 
Dec  8 22:27:04 cls sshd[24911]: Failed password for invalid user mina from 8.217.103.123 port 36290 ssh2
Dec  8 22:27:04 cls sshd[24907]: Received disconnect from 64.227.107.145 port 50028:11: Bye Bye [preauth]
Dec  8 22:27:04 cls sshd[24907]: Disconnected from authenticating user ubuntu 64.227.107.145 port 50028 [preauth]
Dec  8 22:27:05 cls sshd[24913]: Failed password for invalid user test from 69.10.60.50 port 45104 ssh2
Dec  8 22:27:05 cls sshd[24911]: Received disconnect from 8.217.103.123 port 36290:11: Bye Bye [preauth]
Dec  8 22:27:05 cls sshd[24911]: Disconnected from invalid user mina 8.217.103.123 port 36290 [preauth]
Dec  8 22:27:06 cls sshd[24913]: Received disconnect from 69.10.60.50 port 45104:11: Bye Bye [preauth]
Dec  8 22:27:06 cls sshd[24913]: Disconnected from invalid user test 69.10.60.50 port 45104 [preauth]
Dec  8 22:27:08 cls sshd[24915]: Invalid user wangyao from 186.80.18.158 port 46974
Dec  8 22:27:08 cls sshd[24915]: pam_unix(sshd:auth): check pass; user unknown
Dec  8 22:27:08 cls sshd[24915]: pam_unix(sshd:auth): authentication failure; logname= uid=0 euid=0 tty=ssh ruser= rhost=186.80.18.158 
Dec  8 22:27:10 cls sshd[24915]: Failed password for invalid user wangyao from 186.80.18.158 port 46974 ssh2
Dec  8 22:27:12 cls sshd[24915]: Received disconnect from 186.80.18.158 port 46974:11: Bye Bye [preauth]
Dec  8 22:27:12 cls sshd[24915]: Disconnected from invalid user wangyao 186.80.18.158 port 46974 [preauth]
Dec  8 22:27:13 cls sshd[24923]: pam_unix(sshd:auth): authentication failure; logname= uid=0 euid=0 tty=ssh ruser= rhost=209.141.47.217  user=root
Dec  8 22:27:16 cls sshd[24923]: Failed password for root from 209.141.47.217 port 33488 ssh2
Dec  8 22:27:16 cls sshd[24923]: Received disconnect from 209.141.47.217 port 33488:11: Bye Bye [preauth]
Dec  8 22:27:16 cls sshd[24923]: Disconnected from authenticating user root 209.141.47.217 port 33488 [preauth]
Dec  8 22:27:19 cls sshd[24925]: Invalid user testuser from 64.227.160.133 port 59042
Dec  8 22:27:19 cls sshd[24925]: pam_unix(sshd:auth): check pass; user unknown
Dec  8 22:27:19 cls sshd[24925]: pam_unix(sshd:auth): authentication failure; logname= uid=0 euid=0 tty=ssh ruser= rhost=64.227.160.133 
Dec  8 22:27:20 cls sshd[24925]: Failed password for invalid user testuser from 64.227.160.133 port 59042 ssh2
Dec  8 22:27:22 cls sshd[24925]: Received disconnect from 64.227.160.133 port 59042:11: Bye Bye [preauth]
Dec  8 22:27:22 cls sshd[24925]: Disconnected from invalid user testuser 64.227.160.133 port 59042 [preauth]
Dec  8 22:27:24 cls sshd[24940]: pam_unix(sshd:auth): authentication failure; logname= uid=0 euid=0 tty=ssh ruser= rhost=118.99.80.0  user=root
Dec  8 22:27:24 cls sshd[24938]: pam_unix(sshd:auth): authentication failure; logname= uid=0 euid=0 tty=ssh ruser= rhost=191.100.23.154  user=root
Dec  8 22:27:26 cls sshd[24940]: Failed password for root from 118.99.80.0 port 7014 ssh2
Dec  8 22:27:26 cls sshd[24940]: Received disconnect from 118.99.80.0 port 7014:11: Bye Bye [preauth]
Dec  8 22:27:26 cls sshd[24940]: Disconnected from authenticating user root 118.99.80.0 port 7014 [preauth]
Dec  8 22:27:26 cls sshd[24938]: Failed password for root from 191.100.23.154 port 56748 ssh2
Dec  8 22:27:27 cls sshd[24942]: Invalid user oracle from 167.71.36.180 port 46510
Dec  8 22:27:27 cls sshd[24942]: pam_unix(sshd:auth): check pass; user unknown
Dec  8 22:27:27 cls sshd[24942]: pam_unix(sshd:auth): authentication failure; logname= uid=0 euid=0 tty=ssh ruser= rhost=167.71.36.180 
Dec  8 22:27:27 cls sshd[24938]: Received disconnect from 191.100.23.154 port 56748:11: Bye Bye [preauth]
Dec  8 22:27:27 cls sshd[24938]: Disconnected from authenticating user root 191.100.23.154 port 56748 [preauth]
Dec  8 22:27:29 cls sshd[24942]: Failed password for invalid user oracle from 167.71.36.180 port 46510 ssh2
Dec  8 22:27:30 cls sshd[24942]: Received disconnect from 167.71.36.180 port 46510:11: Bye Bye [preauth]
Dec  8 22:27:30 cls sshd[24942]: Disconnected from invalid user oracle 167.71.36.180 port 46510 [preauth]
Dec  8 22:27:33 cls sshd[24948]: pam_unix(sshd:auth): authentication failure; logname= uid=0 euid=0 tty=ssh ruser= rhost=101.47.163.94  user=root
Dec  8 22:27:35 cls sshd[24948]: Failed password for root from 101.47.163.94 port 46586 ssh2
Dec  8 22:27:35 cls sshd[24948]: Received disconnect from 101.47.163.94 port 46586:11: Bye Bye [preauth]
Dec  8 22:27:35 cls sshd[24948]: Disconnected from authenticating user root 101.47.163.94 port 46586 [preauth]
Dec  8 22:27:46 cls sshd[24952]: pam_unix(sshd:auth): authentication failure; logname= uid=0 euid=0 tty=ssh ruser= rhost=179.57.170.71  user=root
Dec  8 22:27:47 cls sshd[24952]: Failed password for root from 179.57.170.71 port 39756 ssh2
Dec  8 22:27:48 cls sshd[24958]: Invalid user deploy from 103.147.211.2 port 53296
Dec  8 22:27:48 cls sshd[24958]: pam_unix(sshd:auth): check pass; user unknown
Dec  8 22:27:48 cls sshd[24958]: pam_unix(sshd:auth): authentication failure; logname= uid=0 euid=0 tty=ssh ruser= rhost=103.147.211.2 
Dec  8 22:27:48 cls sshd[24955]: pam_unix(sshd:auth): authentication failure; logname= uid=0 euid=0 tty=ssh ruser= rhost=64.227.107.145  user=root
Dec  8 22:27:49 cls sshd[24952]: Received disconnect from 179.57.170.71 port 39756:11: Bye Bye [preauth]
Dec  8 22:27:49 cls sshd[24952]: Disconnected from authenticating user root 179.57.170.71 port 39756 [preauth]
Dec  8 22:27:49 cls sshd[24960]: Invalid user botuser from 93.113.63.124 port 60932
Dec  8 22:27:49 cls sshd[24960]: pam_unix(sshd:auth): check pass; user unknown
Dec  8 22:27:49 cls sshd[24960]: pam_unix(sshd:auth): authentication failure; logname= uid=0 euid=0 tty=ssh ruser= rhost=93.113.63.124 
Dec  8 22:27:51 cls sshd[24958]: Failed password for invalid user deploy from 103.147.211.2 port 53296 ssh2
Dec  8 22:27:51 cls sshd[24955]: Failed password for root from 64.227.107.145 port 55010 ssh2
Dec  8 22:27:51 cls sshd[24958]: Received disconnect from 103.147.211.2 port 53296:11: Bye Bye [preauth]
Dec  8 22:27:51 cls sshd[24958]: Disconnected from invalid user deploy 103.147.211.2 port 53296 [preauth]
Dec  8 22:27:51 cls sshd[24960]: Failed password for invalid user botuser from 93.113.63.124 port 60932 ssh2
Dec  8 22:27:53 cls sshd[24960]: Received disconnect from 93.113.63.124 port 60932:11: Bye Bye [preauth]
Dec  8 22:27:53 cls sshd[24960]: Disconnected from invalid user botuser 93.113.63.124 port 60932 [preauth]
Dec  8 22:27:54 cls sshd[24955]: Received disconnect from 64.227.107.145 port 55010:11: Bye Bye [preauth]
Dec  8 22:27:54 cls sshd[24955]: Disconnected from authenticating user root 64.227.107.145 port 55010 [preauth]
Dec  8 22:27:54 cls sshd[24977]: pam_unix(sshd:auth): authentication failure; logname= uid=0 euid=0 tty=ssh ruser= rhost=162.241.127.152  user=root
Dec  8 22:27:56 cls sshd[24981]: pam_unix(sshd:auth): authentication failure; logname= uid=0 euid=0 tty=ssh ruser= rhost=185.208.156.50  user=root
Dec  8 22:27:56 cls sshd[24977]: Failed password for root from 162.241.127.152 port 44896 ssh2
Dec  8 22:27:57 cls sshd[24977]: Received disconnect from 162.241.127.152 port 44896:11: Bye Bye [preauth]
Dec  8 22:27:57 cls sshd[24977]: Disconnected from authenticating user root 162.241.127.152 port 44896 [preauth]
Dec  8 22:27:57 cls sshd[24981]: Failed password for root from 185.208.156.50 port 47058 ssh2
Dec  8 22:27:58 cls sshd[24986]: pam_unix(sshd:auth): authentication failure; logname= uid=0 euid=0 tty=ssh ruser= rhost=167.71.36.180  user=root
Dec  8 22:27:59 cls sshd[24981]: Received disconnect from 185.208.156.50 port 47058:11: Bye Bye [preauth]
Dec  8 22:27:59 cls sshd[24981]: Disconnected from authenticating user root 185.208.156.50 port 47058 [preauth]
Dec  8 22:27:59 cls sshd[24986]: Failed password for root from 167.71.36.180 port 44834 ssh2
Dec  8 22:28:01 cls sshd[24979]: pam_unix(sshd:auth): authentication failure; logname= uid=0 euid=0 tty=ssh ruser= rhost=45.78.228.32  user=root
Dec  8 22:28:01 cls sshd[24986]: Received disconnect from 167.71.36.180 port 44834:11: Bye Bye [preauth]
Dec  8 22:28:01 cls sshd[24986]: Disconnected from authenticating user root 167.71.36.180 port 44834 [preauth]
Dec  8 22:28:02 cls sshd[24979]: Failed password for root from 45.78.228.32 port 56716 ssh2
Dec  8 22:28:03 cls sshd[24979]: Received disconnect from 45.78.228.32 port 56716:11: Bye Bye [preauth]
Dec  8 22:28:03 cls sshd[24979]: Disconnected from authenticating user root 45.78.228.32 port 56716 [preauth]
Dec  8 22:28:04 cls sshd[24988]: pam_unix(sshd:auth): authentication failure; logname= uid=0 euid=0 tty=ssh ruser= rhost=69.10.60.50  user=root
Dec  8 22:28:06 cls sshd[24990]: Invalid user deploy from 181.2.146.184 port 56288
Dec  8 22:28:06 cls sshd[24990]: pam_unix(sshd:auth): check pass; user unknown
Dec  8 22:28:06 cls sshd[24990]: pam_unix(sshd:auth): authentication failure; logname= uid=0 euid=0 tty=ssh ruser= rhost=181.2.146.184 
Dec  8 22:28:06 cls sshd[24988]: Failed password for root from 69.10.60.50 port 47354 ssh2
Dec  8 22:28:07 cls sshd[24988]: Received disconnect from 69.10.60.50 port 47354:11: Bye Bye [preauth]
Dec  8 22:28:07 cls sshd[24988]: Disconnected from authenticating user root 69.10.60.50 port 47354 [preauth]
Dec  8 22:28:07 cls sshd[24996]: pam_unix(sshd:auth): authentication failure; logname= uid=0 euid=0 tty=ssh ruser= rhost=47.236.20.199  user=root
Dec  8 22:28:08 cls sshd[24990]: Failed password for invalid user deploy from 181.2.146.184 port 56288 ssh2
Dec  8 22:28:09 cls sshd[24996]: Failed password for root from 47.236.20.199 port 34220 ssh2
Dec  8 22:28:09 cls sshd[24990]: Received disconnect from 181.2.146.184 port 56288:11: Bye Bye [preauth]
Dec  8 22:28:09 cls sshd[24990]: Disconnected from invalid user deploy 181.2.146.184 port 56288 [preauth]
Dec  8 22:28:10 cls sshd[24996]: Received disconnect from 47.236.20.199 port 34220:11: Bye Bye [preauth]
Dec  8 22:28:10 cls sshd[24996]: Disconnected from authenticating user root 47.236.20.199 port 34220 [preauth]
Dec  8 22:28:17 cls sshd[25001]: pam_unix(sshd:auth): authentication failure; logname= uid=0 euid=0 tty=ssh ruser= rhost=209.141.47.217  user=root
Dec  8 22:28:17 cls sshd[24999]: Invalid user user from 186.80.18.158 port 42964
Dec  8 22:28:17 cls sshd[24999]: pam_unix(sshd:auth): check pass; user unknown
Dec  8 22:28:17 cls sshd[24999]: pam_unix(sshd:auth): authentication failure; logname= uid=0 euid=0 tty=ssh ruser= rhost=186.80.18.158 
Dec  8 22:28:18 cls sshd[25001]: Failed password for root from 209.141.47.217 port 47680 ssh2
Dec  8 22:28:19 cls sshd[24999]: Failed password for invalid user user from 186.80.18.158 port 42964 ssh2
Dec  8 22:28:20 cls sshd[25001]: Received disconnect from 209.141.47.217 port 47680:11: Bye Bye [preauth]
Dec  8 22:28:20 cls sshd[25001]: Disconnected from authenticating user root 209.141.47.217 port 47680 [preauth]
Dec  8 22:28:21 cls sshd[24999]: Received disconnect from 186.80.18.158 port 42964:11: Bye Bye [preauth]
Dec  8 22:28:21 cls sshd[24999]: Disconnected from invalid user user 186.80.18.158 port 42964 [preauth]
Dec  8 22:28:22 cls sshd[25003]: pam_unix(sshd:auth): authentication failure; logname= uid=0 euid=0 tty=ssh ruser= rhost=8.217.103.123  user=root
Dec  8 22:28:24 cls sshd[25003]: Failed password for root from 8.217.103.123 port 43490 ssh2
Dec  8 22:28:25 cls sshd[25003]: Received disconnect from 8.217.103.123 port 43490:11: Bye Bye [preauth]
Dec  8 22:28:25 cls sshd[25003]: Disconnected from authenticating user root 8.217.103.123 port 43490 [preauth]
Dec  8 22:28:31 cls sshd[25014]: pam_unix(sshd:auth): authentication failure; logname= uid=0 euid=0 tty=ssh ruser= rhost=64.227.160.133  user=root
Dec  8 22:28:31 cls sshd[25008]: pam_unix(sshd:auth): authentication failure; logname= uid=0 euid=0 tty=ssh ruser= rhost=167.71.36.180  user=root
Dec  8 22:28:32 cls sshd[25014]: Failed password for root from 64.227.160.133 port 41910 ssh2
Dec  8 22:28:32 cls sshd[25008]: Failed password for root from 167.71.36.180 port 33126 ssh2
Dec  8 22:28:33 cls sshd[25014]: Received disconnect from 64.227.160.133 port 41910:11: Bye Bye [preauth]
Dec  8 22:28:33 cls sshd[25014]: Disconnected from authenticating user root 64.227.160.133 port 41910 [preauth]
Dec  8 22:28:34 cls sshd[25008]: Received disconnect from 167.71.36.180 port 33126:11: Bye Bye [preauth]
Dec  8 22:28:34 cls sshd[25008]: Disconnected from authenticating user root 167.71.36.180 port 33126 [preauth]
Dec  8 22:28:36 cls sshd[25029]: Invalid user steam from 64.227.107.145 port 60000
Dec  8 22:28:36 cls sshd[25029]: pam_unix(sshd:auth): check pass; user unknown
Dec  8 22:28:36 cls sshd[25029]: pam_unix(sshd:auth): authentication failure; logname= uid=0 euid=0 tty=ssh ruser= rhost=64.227.107.145 
Dec  8 22:28:38 cls sshd[25029]: Failed password for invalid user steam from 64.227.107.145 port 60000 ssh2
Dec  8 22:28:39 cls sshd[25029]: Received disconnect from 64.227.107.145 port 60000:11: Bye Bye [preauth]
Dec  8 22:28:39 cls sshd[25029]: Disconnected from invalid user steam 64.227.107.145 port 60000 [preauth]
Dec  8 22:28:42 cls sshd[25031]: Invalid user service from 118.99.80.0 port 14056
Dec  8 22:28:42 cls sshd[25031]: pam_unix(sshd:auth): check pass; user unknown
Dec  8 22:28:42 cls sshd[25031]: pam_unix(sshd:auth): authentication failure; logname= uid=0 euid=0 tty=ssh ruser= rhost=118.99.80.0 
Dec  8 22:28:44 cls sshd[25031]: Failed password for invalid user service from 118.99.80.0 port 14056 ssh2
Dec  8 22:28:45 cls sshd[25036]: Invalid user dmdba from 101.47.142.111 port 53392
Dec  8 22:28:45 cls sshd[25036]: pam_unix(sshd:auth): check pass; user unknown
Dec  8 22:28:45 cls sshd[25036]: pam_unix(sshd:auth): authentication failure; logname= uid=0 euid=0 tty=ssh ruser= rhost=101.47.142.111 
Dec  8 22:28:46 cls sshd[25031]: Received disconnect from 118.99.80.0 port 14056:11: Bye Bye [preauth]
Dec  8 22:28:46 cls sshd[25031]: Disconnected from invalid user service 118.99.80.0 port 14056 [preauth]
Dec  8 22:28:48 cls sshd[25036]: Failed password for invalid user dmdba from 101.47.142.111 port 53392 ssh2
Dec  8 22:28:48 cls sshd[25036]: Received disconnect from 101.47.142.111 port 53392:11: Bye Bye [preauth]
Dec  8 22:28:48 cls sshd[25036]: Disconnected from invalid user dmdba 101.47.142.111 port 53392 [preauth]
Dec  8 22:28:54 cls sshd[25041]: Invalid user openstack from 191.100.23.154 port 54692
Dec  8 22:28:54 cls sshd[25041]: pam_unix(sshd:auth): check pass; user unknown
Dec  8 22:28:54 cls sshd[25041]: pam_unix(sshd:auth): authentication failure; logname= uid=0 euid=0 tty=ssh ruser= rhost=191.100.23.154 
Dec  8 22:28:56 cls sshd[25041]: Failed password for invalid user openstack from 191.100.23.154 port 54692 ssh2
Dec  8 22:28:57 cls sshd[25041]: Received disconnect from 191.100.23.154 port 54692:11: Bye Bye [preauth]
Dec  8 22:28:57 cls sshd[25041]: Disconnected from invalid user openstack 191.100.23.154 port 54692 [preauth]
Dec  8 22:28:58 cls sshd[25046]: pam_unix(sshd:auth): authentication failure; logname= uid=0 euid=0 tty=ssh ruser= rhost=93.113.63.124  user=root
Dec  8 22:29:00 cls sshd[25050]: pam_unix(sshd:auth): authentication failure; logname= uid=0 euid=0 tty=ssh ruser= rhost=185.208.156.50  user=root
Dec  8 22:29:00 cls sshd[25048]: Invalid user christelle from 45.78.204.252 port 50882
Dec  8 22:29:00 cls sshd[25048]: pam_unix(sshd:auth): check pass; user unknown
Dec  8 22:29:00 cls sshd[25048]: pam_unix(sshd:auth): authentication failure; logname= uid=0 euid=0 tty=ssh ruser= rhost=45.78.204.252 
Dec  8 22:29:00 cls sshd[25046]: Failed password for root from 93.113.63.124 port 57976 ssh2
Dec  8 22:29:01 cls sshd[25052]: pam_unix(sshd:auth): authentication failure; logname= uid=0 euid=0 tty=ssh ruser= rhost=103.147.211.2  user=root
Dec  8 22:29:01 cls sshd[25046]: Received disconnect from 93.113.63.124 port 57976:11: Bye Bye [preauth]
Dec  8 22:29:01 cls sshd[25046]: Disconnected from authenticating user root 93.113.63.124 port 57976 [preauth]
Dec  8 22:29:01 cls sshd[25050]: Failed password for root from 185.208.156.50 port 39576 ssh2
Dec  8 22:29:02 cls sshd[25048]: Failed password for invalid user christelle from 45.78.204.252 port 50882 ssh2
Dec  8 22:29:02 cls sshd[25050]: Received disconnect from 185.208.156.50 port 39576:11: Bye Bye [preauth]
Dec  8 22:29:02 cls sshd[25050]: Disconnected from authenticating user root 185.208.156.50 port 39576 [preauth]
Dec  8 22:29:02 cls sshd[25052]: Failed password for root from 103.147.211.2 port 43930 ssh2
Dec  8 22:29:03 cls sshd[25052]: Received disconnect from 103.147.211.2 port 43930:11: Bye Bye [preauth]
Dec  8 22:29:03 cls sshd[25052]: Disconnected from authenticating user root 103.147.211.2 port 43930 [preauth]
Dec  8 22:29:03 cls sshd[25048]: Received disconnect from 45.78.204.252 port 50882:11: Bye Bye [preauth]
Dec  8 22:29:03 cls sshd[25048]: Disconnected from invalid user christelle 45.78.204.252 port 50882 [preauth]
Dec  8 22:29:04 cls sshd[25061]: Invalid user ansible from 167.71.36.180 port 34356
Dec  8 22:29:04 cls sshd[25061]: pam_unix(sshd:auth): check pass; user unknown
Dec  8 22:29:04 cls sshd[25061]: pam_unix(sshd:auth): authentication failure; logname= uid=0 euid=0 tty=ssh ruser= rhost=167.71.36.180 
Dec  8 22:29:04 cls sshd[25054]: Invalid user postgres from 45.78.216.149 port 58562
Dec  8 22:29:04 cls sshd[25054]: pam_unix(sshd:auth): check pass; user unknown
Dec  8 22:29:04 cls sshd[25054]: pam_unix(sshd:auth): authentication failure; logname= uid=0 euid=0 tty=ssh ruser= rhost=45.78.216.149 
Dec  8 22:29:06 cls sshd[25061]: Failed password for invalid user ansible from 167.71.36.180 port 34356 ssh2
Dec  8 22:29:07 cls sshd[25054]: Failed password for invalid user postgres from 45.78.216.149 port 58562 ssh2
Dec  8 22:29:07 cls sshd[25054]: Received disconnect from 45.78.216.149 port 58562:11: Bye Bye [preauth]
Dec  8 22:29:07 cls sshd[25054]: Disconnected from invalid user postgres 45.78.216.149 port 58562 [preauth]
Dec  8 22:29:08 cls sshd[25070]: Invalid user ftp_user from 69.10.60.50 port 34796
Dec  8 22:29:08 cls sshd[25070]: pam_unix(sshd:auth): check pass; user unknown
Dec  8 22:29:08 cls sshd[25070]: pam_unix(sshd:auth): authentication failure; logname= uid=0 euid=0 tty=ssh ruser= rhost=69.10.60.50 
Dec  8 22:29:09 cls sshd[25061]: Received disconnect from 167.71.36.180 port 34356:11: Bye Bye [preauth]
Dec  8 22:29:09 cls sshd[25061]: Disconnected from invalid user ansible 167.71.36.180 port 34356 [preauth]
Dec  8 22:29:10 cls sshd[25072]: pam_unix(sshd:auth): authentication failure; logname= uid=0 euid=0 tty=ssh ruser= rhost=179.57.170.71  user=root
Dec  8 22:29:10 cls sshd[25070]: Failed password for invalid user ftp_user from 69.10.60.50 port 34796 ssh2
Dec  8 22:29:11 cls sshd[25074]: Invalid user larry from 162.241.127.152 port 46090
Dec  8 22:29:11 cls sshd[25074]: pam_unix(sshd:auth): check pass; user unknown
Dec  8 22:29:11 cls sshd[25074]: pam_unix(sshd:auth): authentication failure; logname= uid=0 euid=0 tty=ssh ruser= rhost=162.241.127.152 
Dec  8 22:29:11 cls sshd[25070]: Received disconnect from 69.10.60.50 port 34796:11: Bye Bye [preauth]
Dec  8 22:29:11 cls sshd[25070]: Disconnected from invalid user ftp_user 69.10.60.50 port 34796 [preauth]
Dec  8 22:29:13 cls sshd[25074]: Failed password for invalid user larry from 162.241.127.152 port 46090 ssh2
Dec  8 22:29:13 cls sshd[25072]: Failed password for root from 179.57.170.71 port 46332 ssh2
Dec  8 22:29:13 cls sshd[25074]: Received disconnect from 162.241.127.152 port 46090:11: Bye Bye [preauth]
Dec  8 22:29:13 cls sshd[25074]: Disconnected from invalid user larry 162.241.127.152 port 46090 [preauth]
Dec  8 22:29:13 cls sshd[25072]: Received disconnect from 179.57.170.71 port 46332:11: Bye Bye [preauth]
Dec  8 22:29:13 cls sshd[25072]: Disconnected from authenticating user root 179.57.170.71 port 46332 [preauth]
Dec  8 22:29:21 cls sshd[25082]: pam_unix(sshd:auth): authentication failure; logname= uid=0 euid=0 tty=ssh ruser= rhost=209.141.47.217  user=root
Dec  8 22:29:23 cls sshd[25082]: Failed password for root from 209.141.47.217 port 58508 ssh2
Dec  8 22:29:24 cls sshd[25084]: pam_unix(sshd:auth): authentication failure; logname= uid=0 euid=0 tty=ssh ruser= rhost=64.227.107.145  user=root
Dec  8 22:29:24 cls sshd[25082]: Received disconnect from 209.141.47.217 port 58508:11: Bye Bye [preauth]
Dec  8 22:29:24 cls sshd[25082]: Disconnected from authenticating user root 209.141.47.217 port 58508 [preauth]
Dec  8 22:29:26 cls sshd[25084]: Failed password for root from 64.227.107.145 port 45106 ssh2
Dec  8 22:29:27 cls sshd[25084]: Received disconnect from 64.227.107.145 port 45106:11: Bye Bye [preauth]
Dec  8 22:29:27 cls sshd[25084]: Disconnected from authenticating user root 64.227.107.145 port 45106 [preauth]
Dec  8 22:29:27 cls sshd[25088]: Invalid user git from 47.236.20.199 port 36124
Dec  8 22:29:27 cls sshd[25088]: pam_unix(sshd:auth): check pass; user unknown
Dec  8 22:29:27 cls sshd[25088]: pam_unix(sshd:auth): authentication failure; logname= uid=0 euid=0 tty=ssh ruser= rhost=47.236.20.199 
Dec  8 22:29:28 cls sshd[25086]: Invalid user UBUNTU from 186.80.18.158 port 45660
Dec  8 22:29:28 cls sshd[25086]: pam_unix(sshd:auth): check pass; user unknown
Dec  8 22:29:28 cls sshd[25086]: pam_unix(sshd:auth): authentication failure; logname= uid=0 euid=0 tty=ssh ruser= rhost=186.80.18.158 
Dec  8 22:29:30 cls sshd[25088]: Failed password for invalid user git from 47.236.20.199 port 36124 ssh2
Dec  8 22:29:30 cls sshd[25086]: Failed password for invalid user UBUNTU from 186.80.18.158 port 45660 ssh2
Dec  8 22:29:30 cls sshd[25086]: Received disconnect from 186.80.18.158 port 45660:11: Bye Bye [preauth]
Dec  8 22:29:30 cls sshd[25086]: Disconnected from invalid user UBUNTU 186.80.18.158 port 45660 [preauth]
Dec  8 22:29:30 cls sshd[25088]: Received disconnect from 47.236.20.199 port 36124:11: Bye Bye [preauth]
Dec  8 22:29:30 cls sshd[25088]: Disconnected from invalid user git 47.236.20.199 port 36124 [preauth]
Dec  8 22:29:36 cls sshd[25097]: Invalid user admin from 167.71.36.180 port 43032
Dec  8 22:29:36 cls sshd[25097]: pam_unix(sshd:auth): check pass; user unknown
Dec  8 22:29:36 cls sshd[25097]: pam_unix(sshd:auth): authentication failure; logname= uid=0 euid=0 tty=ssh ruser= rhost=167.71.36.180 
Dec  8 22:29:39 cls sshd[25097]: Failed password for invalid user admin from 167.71.36.180 port 43032 ssh2
Dec  8 22:29:40 cls sshd[25097]: Received disconnect from 167.71.36.180 port 43032:11: Bye Bye [preauth]
Dec  8 22:29:40 cls sshd[25097]: Disconnected from invalid user admin 167.71.36.180 port 43032 [preauth]
Dec  8 22:29:40 cls sshd[25099]: pam_unix(sshd:auth): authentication failure; logname= uid=0 euid=0 tty=ssh ruser= rhost=181.2.146.184  user=root
Dec  8 22:29:42 cls sshd[25099]: Failed password for root from 181.2.146.184 port 53216 ssh2
Dec  8 22:29:43 cls sshd[25099]: Received disconnect from 181.2.146.184 port 53216:11: Bye Bye [preauth]
Dec  8 22:29:43 cls sshd[25099]: Disconnected from authenticating user root 181.2.146.184 port 53216 [preauth]
Dec  8 22:29:43 cls sshd[25103]: pam_unix(sshd:auth): authentication failure; logname= uid=0 euid=0 tty=ssh ruser= rhost=64.227.160.133  user=root
Dec  8 22:29:45 cls sshd[25101]: Invalid user naresh from 14.103.127.204 port 56464
Dec  8 22:29:45 cls sshd[25101]: pam_unix(sshd:auth): check pass; user unknown
Dec  8 22:29:45 cls sshd[25101]: pam_unix(sshd:auth): authentication failure; logname= uid=0 euid=0 tty=ssh ruser= rhost=14.103.127.204 
Dec  8 22:29:45 cls sshd[25103]: Failed password for root from 64.227.160.133 port 54920 ssh2
Dec  8 22:29:45 cls sshd[25105]: Invalid user zxl from 8.217.103.123 port 45252
Dec  8 22:29:45 cls sshd[25105]: pam_unix(sshd:auth): check pass; user unknown
Dec  8 22:29:45 cls sshd[25105]: pam_unix(sshd:auth): authentication failure; logname= uid=0 euid=0 tty=ssh ruser= rhost=8.217.103.123 
Dec  8 22:29:46 cls sshd[25103]: Received disconnect from 64.227.160.133 port 54920:11: Bye Bye [preauth]
Dec  8 22:29:46 cls sshd[25103]: Disconnected from authenticating user root 64.227.160.133 port 54920 [preauth]
Dec  8 22:29:47 cls sshd[25101]: Failed password for invalid user naresh from 14.103.127.204 port 56464 ssh2
Dec  8 22:29:47 cls sshd[25105]: Failed password for invalid user zxl from 8.217.103.123 port 45252 ssh2
Dec  8 22:29:49 cls sshd[25105]: Received disconnect from 8.217.103.123 port 45252:11: Bye Bye [preauth]
Dec  8 22:29:49 cls sshd[25105]: Disconnected from invalid user zxl 8.217.103.123 port 45252 [preauth]
Dec  8 22:30:01 cls sshd[25120]: pam_unix(sshd:auth): authentication failure; logname= uid=0 euid=0 tty=ssh ruser= rhost=118.99.80.0  user=root
Dec  8 22:30:02 cls sshd[25123]: Invalid user mike from 185.208.156.50 port 48640
Dec  8 22:30:02 cls sshd[25123]: pam_unix(sshd:auth): check pass; user unknown
Dec  8 22:30:02 cls sshd[25123]: pam_unix(sshd:auth): authentication failure; logname= uid=0 euid=0 tty=ssh ruser= rhost=185.208.156.50 
Dec  8 22:30:02 cls sshd[25120]: Failed password for root from 118.99.80.0 port 14311 ssh2
Dec  8 22:30:03 cls sshd[25120]: Received disconnect from 118.99.80.0 port 14311:11: Bye Bye [preauth]
Dec  8 22:30:03 cls sshd[25120]: Disconnected from authenticating user root 118.99.80.0 port 14311 [preauth]
Dec  8 22:30:04 cls sshd[25123]: Failed password for invalid user mike from 185.208.156.50 port 48640 ssh2
Dec  8 22:30:04 cls sshd[25123]: Received disconnect from 185.208.156.50 port 48640:11: Bye Bye [preauth]
Dec  8 22:30:04 cls sshd[25123]: Disconnected from invalid user mike 185.208.156.50 port 48640 [preauth]
Dec  8 22:30:06 cls sshd[25180]: Invalid user deploy from 101.47.163.94 port 45440
Dec  8 22:30:06 cls sshd[25180]: pam_unix(sshd:auth): check pass; user unknown
Dec  8 22:30:06 cls sshd[25180]: pam_unix(sshd:auth): authentication failure; logname= uid=0 euid=0 tty=ssh ruser= rhost=101.47.163.94 
Dec  8 22:30:09 cls sshd[25180]: Failed password for invalid user deploy from 101.47.163.94 port 45440 ssh2
Dec  8 22:30:10 cls sshd[25192]: pam_unix(sshd:auth): authentication failure; logname= uid=0 euid=0 tty=ssh ruser= rhost=93.113.63.124  user=root
Dec  8 22:30:10 cls sshd[25180]: Received disconnect from 101.47.163.94 port 45440:11: Bye Bye [preauth]
Dec  8 22:30:10 cls sshd[25180]: Disconnected from invalid user deploy 101.47.163.94 port 45440 [preauth]
Dec  8 22:30:10 cls sshd[25194]: pam_unix(sshd:auth): authentication failure; logname= uid=0 euid=0 tty=ssh ruser= rhost=64.227.107.145  user=root
Dec  8 22:30:12 cls sshd[25192]: Failed password for root from 93.113.63.124 port 56960 ssh2
Dec  8 22:30:12 cls sshd[25194]: Failed password for root from 64.227.107.145 port 43028 ssh2
Dec  8 22:30:12 cls sshd[25192]: Received disconnect from 93.113.63.124 port 56960:11: Bye Bye [preauth]
Dec  8 22:30:12 cls sshd[25192]: Disconnected from authenticating user root 93.113.63.124 port 56960 [preauth]
Dec  8 22:30:13 cls sshd[25196]: Invalid user webmin from 69.10.60.50 port 48136
Dec  8 22:30:13 cls sshd[25196]: pam_unix(sshd:auth): check pass; user unknown
Dec  8 22:30:13 cls sshd[25196]: pam_unix(sshd:auth): authentication failure; logname= uid=0 euid=0 tty=ssh ruser= rhost=69.10.60.50 
Dec  8 22:30:13 cls sshd[25194]: Received disconnect from 64.227.107.145 port 43028:11: Bye Bye [preauth]
Dec  8 22:30:13 cls sshd[25194]: Disconnected from authenticating user root 64.227.107.145 port 43028 [preauth]
Dec  8 22:30:14 cls sshd[25200]: pam_unix(sshd:auth): authentication failure; logname= uid=0 euid=0 tty=ssh ruser= rhost=45.78.228.32  user=root
Dec  8 22:30:15 cls sshd[25196]: Failed password for invalid user webmin from 69.10.60.50 port 48136 ssh2
Dec  8 22:30:15 cls sshd[25196]: Received disconnect from 69.10.60.50 port 48136:11: Bye Bye [preauth]
Dec  8 22:30:15 cls sshd[25196]: Disconnected from invalid user webmin 69.10.60.50 port 48136 [preauth]
Dec  8 22:30:16 cls sshd[25200]: Failed password for root from 45.78.228.32 port 48826 ssh2
Dec  8 22:30:17 cls sshd[25200]: Received disconnect from 45.78.228.32 port 48826:11: Bye Bye [preauth]
Dec  8 22:30:17 cls sshd[25200]: Disconnected from authenticating user root 45.78.228.32 port 48826 [preauth]
Dec  8 22:30:22 cls sshd[25202]: pam_unix(sshd:auth): authentication failure; logname= uid=0 euid=0 tty=ssh ruser= rhost=103.147.211.2  user=root
Dec  8 22:30:24 cls sshd[25202]: Failed password for root from 103.147.211.2 port 58528 ssh2
Dec  8 22:30:24 cls sshd[25202]: Received disconnect from 103.147.211.2 port 58528:11: Bye Bye [preauth]
Dec  8 22:30:24 cls sshd[25202]: Disconnected from authenticating user root 103.147.211.2 port 58528 [preauth]
Dec  8 22:30:30 cls sshd[25204]: pam_unix(sshd:auth): authentication failure; logname= uid=0 euid=0 tty=ssh ruser= rhost=191.100.23.154  user=root
Dec  8 22:30:30 cls sshd[25206]: pam_unix(sshd:auth): authentication failure; logname= uid=0 euid=0 tty=ssh ruser= rhost=162.241.127.152  user=root
Dec  8 22:30:31 cls sshd[25208]: Invalid user christelle from 209.141.47.217 port 54090
Dec  8 22:30:31 cls sshd[25208]: pam_unix(sshd:auth): check pass; user unknown
Dec  8 22:30:31 cls sshd[25208]: pam_unix(sshd:auth): authentication failure; logname= uid=0 euid=0 tty=ssh ruser= rhost=209.141.47.217 
Dec  8 22:30:32 cls sshd[25204]: Failed password for root from 191.100.23.154 port 55732 ssh2
Dec  8 22:30:32 cls sshd[25204]: Received disconnect from 191.100.23.154 port 55732:11: Bye Bye [preauth]
Dec  8 22:30:32 cls sshd[25204]: Disconnected from authenticating user root 191.100.23.154 port 55732 [preauth]
Dec  8 22:30:33 cls sshd[25206]: Failed password for root from 162.241.127.152 port 47272 ssh2
Dec  8 22:30:33 cls sshd[25208]: Failed password for invalid user christelle from 209.141.47.217 port 54090 ssh2
Dec  8 22:30:33 cls sshd[25206]: Received disconnect from 162.241.127.152 port 47272:11: Bye Bye [preauth]
Dec  8 22:30:33 cls sshd[25206]: Disconnected from authenticating user root 162.241.127.152 port 47272 [preauth]
Dec  8 22:30:33 cls sshd[25208]: Received disconnect from 209.141.47.217 port 54090:11: Bye Bye [preauth]
Dec  8 22:30:33 cls sshd[25208]: Disconnected from invalid user christelle 209.141.47.217 port 54090 [preauth]
Dec  8 22:30:40 cls sshd[25213]: Invalid user devadmin from 186.80.18.158 port 60350
Dec  8 22:30:40 cls sshd[25213]: pam_unix(sshd:auth): check pass; user unknown
Dec  8 22:30:40 cls sshd[25213]: pam_unix(sshd:auth): authentication failure; logname= uid=0 euid=0 tty=ssh ruser= rhost=186.80.18.158 
Dec  8 22:30:42 cls sshd[25213]: Failed password for invalid user devadmin from 186.80.18.158 port 60350 ssh2
Dec  8 22:30:43 cls sshd[25215]: Invalid user ansible from 179.57.170.71 port 59816
Dec  8 22:30:43 cls sshd[25215]: pam_unix(sshd:auth): check pass; user unknown
Dec  8 22:30:43 cls sshd[25215]: pam_unix(sshd:auth): authentication failure; logname= uid=0 euid=0 tty=ssh ruser= rhost=179.57.170.71 
Dec  8 22:30:44 cls sshd[25213]: Received disconnect from 186.80.18.158 port 60350:11: Bye Bye [preauth]
Dec  8 22:30:44 cls sshd[25213]: Disconnected from invalid user devadmin 186.80.18.158 port 60350 [preauth]
Dec  8 22:30:44 cls sshd[25215]: Failed password for invalid user ansible from 179.57.170.71 port 59816 ssh2
Dec  8 22:30:45 cls sshd[25215]: Received disconnect from 179.57.170.71 port 59816:11: Bye Bye [preauth]
Dec  8 22:30:45 cls sshd[25215]: Disconnected from invalid user ansible 179.57.170.71 port 59816 [preauth]
Dec  8 22:30:52 cls sshd[25221]: Invalid user mcserver from 47.236.20.199 port 38034
Dec  8 22:30:52 cls sshd[25221]: pam_unix(sshd:auth): check pass; user unknown
Dec  8 22:30:52 cls sshd[25221]: pam_unix(sshd:auth): authentication failure; logname= uid=0 euid=0 tty=ssh ruser= rhost=47.236.20.199 
Dec  8 22:30:54 cls sshd[25221]: Failed password for invalid user mcserver from 47.236.20.199 port 38034 ssh2
Dec  8 22:30:55 cls sshd[25221]: Received disconnect from 47.236.20.199 port 38034:11: Bye Bye [preauth]
Dec  8 22:30:55 cls sshd[25221]: Disconnected from invalid user mcserver 47.236.20.199 port 38034 [preauth]
Dec  8 22:30:59 cls sshd[25234]: pam_unix(sshd:auth): authentication failure; logname= uid=0 euid=0 tty=ssh ruser= rhost=64.227.107.145  user=root
Dec  8 22:30:59 cls sshd[25236]: Invalid user git from 64.227.160.133 port 59170
Dec  8 22:30:59 cls sshd[25236]: pam_unix(sshd:auth): check pass; user unknown
Dec  8 22:30:59 cls sshd[25236]: pam_unix(sshd:auth): authentication failure; logname= uid=0 euid=0 tty=ssh ruser= rhost=64.227.160.133 
Dec  8 22:31:02 cls sshd[25234]: Failed password for root from 64.227.107.145 port 45714 ssh2
Dec  8 22:31:02 cls sshd[25236]: Failed password for invalid user git from 64.227.160.133 port 59170 ssh2
Dec  8 22:31:02 cls sshd[25236]: Received disconnect from 64.227.160.133 port 59170:11: Bye Bye [preauth]
Dec  8 22:31:02 cls sshd[25236]: Disconnected from invalid user git 64.227.160.133 port 59170 [preauth]
Dec  8 22:31:04 cls sshd[25234]: Received disconnect from 64.227.107.145 port 45714:11: Bye Bye [preauth]
Dec  8 22:31:04 cls sshd[25234]: Disconnected from authenticating user root 64.227.107.145 port 45714 [preauth]
Dec  8 22:31:05 cls sshd[25241]: pam_unix(sshd:auth): authentication failure; logname= uid=0 euid=0 tty=ssh ruser= rhost=185.208.156.50  user=root
Dec  8 22:31:07 cls sshd[25241]: Failed password for root from 185.208.156.50 port 33064 ssh2
Dec  8 22:31:08 cls sshd[25241]: Received disconnect from 185.208.156.50 port 33064:11: Bye Bye [preauth]
Dec  8 22:31:08 cls sshd[25241]: Disconnected from authenticating user root 185.208.156.50 port 33064 [preauth]
Dec  8 22:31:12 cls sshd[25243]: pam_unix(sshd:auth): authentication failure; logname= uid=0 euid=0 tty=ssh ruser= rhost=8.217.103.123  user=root
Dec  8 22:31:14 cls sshd[25243]: Failed password for root from 8.217.103.123 port 43082 ssh2
Dec  8 22:31:15 cls sshd[25243]: Received disconnect from 8.217.103.123 port 43082:11: Bye Bye [preauth]
Dec  8 22:31:15 cls sshd[25243]: Disconnected from authenticating user root 8.217.103.123 port 43082 [preauth]
Dec  8 22:31:16 cls sshd[25246]: Invalid user elasticsearch from 101.47.142.111 port 52684
Dec  8 22:31:16 cls sshd[25246]: pam_unix(sshd:auth): check pass; user unknown
Dec  8 22:31:16 cls sshd[25246]: pam_unix(sshd:auth): authentication failure; logname= uid=0 euid=0 tty=ssh ruser= rhost=101.47.142.111 
Dec  8 22:31:18 cls sshd[25246]: Failed password for invalid user elasticsearch from 101.47.142.111 port 52684 ssh2
Dec  8 22:31:18 cls sshd[25248]: pam_unix(sshd:auth): authentication failure; logname= uid=0 euid=0 tty=ssh ruser= rhost=45.78.204.252  user=root
Dec  8 22:31:18 cls sshd[25246]: Received disconnect from 101.47.142.111 port 52684:11: Bye Bye [preauth]
Dec  8 22:31:18 cls sshd[25246]: Disconnected from invalid user elasticsearch 101.47.142.111 port 52684 [preauth]
Dec  8 22:31:20 cls sshd[25254]: pam_unix(sshd:auth): authentication failure; logname= uid=0 euid=0 tty=ssh ruser= rhost=118.99.80.0  user=root
Dec  8 22:31:20 cls sshd[25248]: Failed password for root from 45.78.204.252 port 40508 ssh2
Dec  8 22:31:20 cls sshd[25252]: pam_unix(sshd:auth): authentication failure; logname= uid=0 euid=0 tty=ssh ruser= rhost=69.10.60.50  user=root
Dec  8 22:31:21 cls sshd[25248]: Received disconnect from 45.78.204.252 port 40508:11: Bye Bye [preauth]
Dec  8 22:31:21 cls sshd[25248]: Disconnected from authenticating user root 45.78.204.252 port 40508 [preauth]
Dec  8 22:31:21 cls sshd[25250]: pam_unix(sshd:auth): authentication failure; logname= uid=0 euid=0 tty=ssh ruser= rhost=181.2.146.184  user=root
Dec  8 22:31:21 cls sshd[25256]: pam_unix(sshd:auth): authentication failure; logname= uid=0 euid=0 tty=ssh ruser= rhost=93.113.63.124  user=ubuntu
Dec  8 22:31:22 cls sshd[25254]: Failed password for root from 118.99.80.0 port 14962 ssh2
Dec  8 22:31:22 cls sshd[25252]: Failed password for root from 69.10.60.50 port 59172 ssh2
Dec  8 22:31:22 cls sshd[25254]: Received disconnect from 118.99.80.0 port 14962:11: Bye Bye [preauth]
Dec  8 22:31:22 cls sshd[25254]: Disconnected from authenticating user root 118.99.80.0 port 14962 [preauth]
Dec  8 22:31:23 cls sshd[25250]: Failed password for root from 181.2.146.184 port 36646 ssh2
Dec  8 22:31:23 cls sshd[25256]: Failed password for ubuntu from 93.113.63.124 port 50986 ssh2
Dec  8 22:31:23 cls sshd[25252]: Received disconnect from 69.10.60.50 port 59172:11: Bye Bye [preauth]
Dec  8 22:31:23 cls sshd[25252]: Disconnected from authenticating user root 69.10.60.50 port 59172 [preauth]
Dec  8 22:31:24 cls sshd[25250]: Received disconnect from 181.2.146.184 port 36646:11: Bye Bye [preauth]
Dec  8 22:31:24 cls sshd[25250]: Disconnected from authenticating user root 181.2.146.184 port 36646 [preauth]
Dec  8 22:31:25 cls sshd[25256]: Received disconnect from 93.113.63.124 port 50986:11: Bye Bye [preauth]
Dec  8 22:31:25 cls sshd[25256]: Disconnected from authenticating user ubuntu 93.113.63.124 port 50986 [preauth]
Dec  8 22:31:27 cls sshd[25258]: pam_unix(sshd:auth): authentication failure; logname= uid=0 euid=0 tty=ssh ruser= rhost=45.78.216.149  user=root
Dec  8 22:31:30 cls sshd[25258]: Failed password for root from 45.78.216.149 port 42498 ssh2
Dec  8 22:31:30 cls sshd[25258]: Received disconnect from 45.78.216.149 port 42498:11: Bye Bye [preauth]
Dec  8 22:31:30 cls sshd[25258]: Disconnected from authenticating user root 45.78.216.149 port 42498 [preauth]
Dec  8 22:31:41 cls sshd[25265]: pam_unix(sshd:auth): authentication failure; logname= uid=0 euid=0 tty=ssh ruser= rhost=209.141.47.217  user=root
Dec  8 22:31:42 cls sshd[25267]: Invalid user steam from 103.147.211.2 port 37368
Dec  8 22:31:42 cls sshd[25267]: pam_unix(sshd:auth): check pass; user unknown
Dec  8 22:31:42 cls sshd[25267]: pam_unix(sshd:auth): authentication failure; logname= uid=0 euid=0 tty=ssh ruser= rhost=103.147.211.2 
Dec  8 22:31:42 cls sshd[25265]: Failed password for root from 209.141.47.217 port 45204 ssh2
Dec  8 22:31:43 cls sshd[25265]: Received disconnect from 209.141.47.217 port 45204:11: Bye Bye [preauth]
Dec  8 22:31:43 cls sshd[25265]: Disconnected from authenticating user root 209.141.47.217 port 45204 [preauth]
Dec  8 22:31:45 cls sshd[25267]: Failed password for invalid user steam from 103.147.211.2 port 37368 ssh2
Dec  8 22:31:47 cls sshd[25267]: Received disconnect from 103.147.211.2 port 37368:11: Bye Bye [preauth]
Dec  8 22:31:47 cls sshd[25267]: Disconnected from invalid user steam 103.147.211.2 port 37368 [preauth]
Dec  8 22:31:47 cls sshd[25269]: Invalid user test from 64.227.107.145 port 43714
Dec  8 22:31:47 cls sshd[25269]: pam_unix(sshd:auth): check pass; user unknown
Dec  8 22:31:47 cls sshd[25269]: pam_unix(sshd:auth): authentication failure; logname= uid=0 euid=0 tty=ssh ruser= rhost=64.227.107.145 
Dec  8 22:31:50 cls sshd[25269]: Failed password for invalid user test from 64.227.107.145 port 43714 ssh2
Dec  8 22:31:51 cls sshd[25269]: Received disconnect from 64.227.107.145 port 43714:11: Bye Bye [preauth]
Dec  8 22:31:51 cls sshd[25269]: Disconnected from invalid user test 64.227.107.145 port 43714 [preauth]
Dec  8 22:31:51 cls sshd[25271]: Invalid user ts3 from 162.241.127.152 port 48456
Dec  8 22:31:51 cls sshd[25271]: pam_unix(sshd:auth): check pass; user unknown
