Dec 14 12:23:55 cls sshd[49818]: pam_unix(sshd:auth): authentication failure; logname= uid=0 euid=0 tty=ssh ruser= rhost=158.69.204.92 
Dec 14 12:23:55 cls sshd[49820]: Invalid user malik from 103.243.26.230 port 49018
Dec 14 12:23:55 cls sshd[49820]: pam_unix(sshd:auth): check pass; user unknown
Dec 14 12:23:55 cls sshd[49820]: pam_unix(sshd:auth): authentication failure; logname= uid=0 euid=0 tty=ssh ruser= rhost=103.243.26.230 
Dec 14 12:23:57 cls sshd[49818]: Failed password for invalid user developer from 158.69.204.92 port 35984 ssh2
Dec 14 12:23:57 cls sshd[49820]: Failed password for invalid user malik from 103.243.26.230 port 49018 ssh2
Dec 14 12:23:57 cls sshd[49820]: Received disconnect from 103.243.26.230 port 49018:11: Bye Bye [preauth]
Dec 14 12:23:57 cls sshd[49820]: Disconnected from invalid user malik 103.243.26.230 port 49018 [preauth]
Dec 14 12:23:58 cls sshd[49824]: pam_unix(sshd:auth): authentication failure; logname= uid=0 euid=0 tty=ssh ruser= rhost=87.106.36.193  user=root
Dec 14 12:23:58 cls sshd[49822]: pam_unix(sshd:auth): authentication failure; logname= uid=0 euid=0 tty=ssh ruser= rhost=102.88.137.213  user=root
Dec 14 12:23:58 cls sshd[49818]: Received disconnect from 158.69.204.92 port 35984:11: Bye Bye [preauth]
Dec 14 12:23:58 cls sshd[49818]: Disconnected from invalid user developer 158.69.204.92 port 35984 [preauth]
Dec 14 12:24:00 cls sshd[49826]: pam_unix(sshd:auth): authentication failure; logname= uid=0 euid=0 tty=ssh ruser= rhost=103.117.57.134  user=root
Dec 14 12:24:00 cls sshd[49824]: Failed password for root from 87.106.36.193 port 44150 ssh2
Dec 14 12:24:00 cls sshd[49822]: Failed password for root from 102.88.137.213 port 1193 ssh2
Dec 14 12:24:00 cls sshd[49824]: Received disconnect from 87.106.36.193 port 44150:11: Bye Bye [preauth]
Dec 14 12:24:00 cls sshd[49824]: Disconnected from authenticating user root 87.106.36.193 port 44150 [preauth]
Dec 14 12:24:01 cls sshd[49822]: Received disconnect from 102.88.137.213 port 1193:11: Bye Bye [preauth]
Dec 14 12:24:01 cls sshd[49822]: Disconnected from authenticating user root 102.88.137.213 port 1193 [preauth]
Dec 14 12:24:02 cls sshd[49826]: Failed password for root from 103.117.57.134 port 41054 ssh2
Dec 14 12:24:02 cls sshd[49826]: Received disconnect from 103.117.57.134 port 41054:11: Bye Bye [preauth]
Dec 14 12:24:02 cls sshd[49826]: Disconnected from authenticating user root 103.117.57.134 port 41054 [preauth]
Dec 14 12:24:05 cls sshd[49831]: pam_unix(sshd:auth): authentication failure; logname= uid=0 euid=0 tty=ssh ruser= rhost=101.47.140.123  user=root
Dec 14 12:24:07 cls sshd[49831]: Failed password for root from 101.47.140.123 port 48902 ssh2
Dec 14 12:24:08 cls sshd[49831]: Received disconnect from 101.47.140.123 port 48902:11: Bye Bye [preauth]
Dec 14 12:24:08 cls sshd[49831]: Disconnected from authenticating user root 101.47.140.123 port 48902 [preauth]
Dec 14 12:24:11 cls sshd[49833]: pam_unix(sshd:auth): authentication failure; logname= uid=0 euid=0 tty=ssh ruser= rhost=45.78.217.235  user=root
Dec 14 12:24:11 cls sshd[49834]: Invalid user usuario from 162.214.92.14 port 54718
Dec 14 12:24:11 cls sshd[49834]: pam_unix(sshd:auth): check pass; user unknown
Dec 14 12:24:11 cls sshd[49834]: pam_unix(sshd:auth): authentication failure; logname= uid=0 euid=0 tty=ssh ruser= rhost=162.214.92.14 
Dec 14 12:24:13 cls sshd[49833]: Failed password for root from 45.78.217.235 port 48990 ssh2
Dec 14 12:24:14 cls sshd[49834]: Failed password for invalid user usuario from 162.214.92.14 port 54718 ssh2
Dec 14 12:24:15 cls sshd[49834]: Received disconnect from 162.214.92.14 port 54718:11: Bye Bye [preauth]
Dec 14 12:24:15 cls sshd[49834]: Disconnected from invalid user usuario 162.214.92.14 port 54718 [preauth]
Dec 14 12:24:16 cls sshd[49833]: Received disconnect from 45.78.217.235 port 48990:11: Bye Bye [preauth]
Dec 14 12:24:16 cls sshd[49833]: Disconnected from authenticating user root 45.78.217.235 port 48990 [preauth]
Dec 14 12:24:20 cls sshd[49843]: pam_unix(sshd:auth): authentication failure; logname= uid=0 euid=0 tty=ssh ruser= rhost=103.59.94.62  user=root
Dec 14 12:24:21 cls sshd[49843]: Failed password for root from 103.59.94.62 port 39418 ssh2
Dec 14 12:24:22 cls sshd[49843]: Received disconnect from 103.59.94.62 port 39418:11: Bye Bye [preauth]
Dec 14 12:24:22 cls sshd[49843]: Disconnected from authenticating user root 103.59.94.62 port 39418 [preauth]
Dec 14 12:24:27 cls sshd[49845]: Invalid user deploy from 158.69.204.92 port 50858
Dec 14 12:24:27 cls sshd[49845]: pam_unix(sshd:auth): check pass; user unknown
Dec 14 12:24:27 cls sshd[49845]: pam_unix(sshd:auth): authentication failure; logname= uid=0 euid=0 tty=ssh ruser= rhost=158.69.204.92 
Dec 14 12:24:29 cls sshd[49850]: Invalid user sinusbot from 103.243.26.230 port 57650
Dec 14 12:24:29 cls sshd[49850]: pam_unix(sshd:auth): check pass; user unknown
Dec 14 12:24:29 cls sshd[49850]: pam_unix(sshd:auth): authentication failure; logname= uid=0 euid=0 tty=ssh ruser= rhost=103.243.26.230 
Dec 14 12:24:29 cls sshd[49845]: Failed password for invalid user deploy from 158.69.204.92 port 50858 ssh2
Dec 14 12:24:30 cls sshd[49845]: Received disconnect from 158.69.204.92 port 50858:11: Bye Bye [preauth]
Dec 14 12:24:30 cls sshd[49845]: Disconnected from invalid user deploy 158.69.204.92 port 50858 [preauth]
Dec 14 12:24:31 cls sshd[49850]: Failed password for invalid user sinusbot from 103.243.26.230 port 57650 ssh2
Dec 14 12:24:31 cls sshd[49850]: Received disconnect from 103.243.26.230 port 57650:11: Bye Bye [preauth]
Dec 14 12:24:31 cls sshd[49850]: Disconnected from invalid user sinusbot 103.243.26.230 port 57650 [preauth]
Dec 14 12:24:40 cls sshd[49857]: Invalid user wangcx from 103.117.57.134 port 39510
Dec 14 12:24:40 cls sshd[49857]: pam_unix(sshd:auth): check pass; user unknown
Dec 14 12:24:40 cls sshd[49857]: pam_unix(sshd:auth): authentication failure; logname= uid=0 euid=0 tty=ssh ruser= rhost=103.117.57.134 
Dec 14 12:24:41 cls sshd[49859]: Invalid user dev from 102.88.137.213 port 49496
Dec 14 12:24:41 cls sshd[49859]: pam_unix(sshd:auth): check pass; user unknown
Dec 14 12:24:41 cls sshd[49859]: pam_unix(sshd:auth): authentication failure; logname= uid=0 euid=0 tty=ssh ruser= rhost=102.88.137.213 
Dec 14 12:24:41 cls sshd[49857]: Failed password for invalid user wangcx from 103.117.57.134 port 39510 ssh2
Dec 14 12:24:42 cls sshd[49857]: Received disconnect from 103.117.57.134 port 39510:11: Bye Bye [preauth]
Dec 14 12:24:42 cls sshd[49857]: Disconnected from invalid user wangcx 103.117.57.134 port 39510 [preauth]
Dec 14 12:24:43 cls sshd[49859]: Failed password for invalid user dev from 102.88.137.213 port 49496 ssh2
Dec 14 12:24:43 cls sshd[49861]: pam_unix(sshd:auth): authentication failure; logname= uid=0 euid=0 tty=ssh ruser= rhost=162.214.92.14  user=root
Dec 14 12:24:43 cls sshd[49859]: Received disconnect from 102.88.137.213 port 49496:11: Bye Bye [preauth]
Dec 14 12:24:43 cls sshd[49859]: Disconnected from invalid user dev 102.88.137.213 port 49496 [preauth]
Dec 14 12:24:45 cls sshd[49861]: Failed password for root from 162.214.92.14 port 40190 ssh2
Dec 14 12:24:46 cls sshd[49861]: Received disconnect from 162.214.92.14 port 40190:11: Bye Bye [preauth]
Dec 14 12:24:46 cls sshd[49861]: Disconnected from authenticating user root 162.214.92.14 port 40190 [preauth]
Dec 14 12:24:56 cls sshd[49867]: Invalid user wangcx from 158.69.204.92 port 59070
Dec 14 12:24:56 cls sshd[49867]: pam_unix(sshd:auth): check pass; user unknown
Dec 14 12:24:56 cls sshd[49867]: pam_unix(sshd:auth): authentication failure; logname= uid=0 euid=0 tty=ssh ruser= rhost=158.69.204.92 
Dec 14 12:24:58 cls sshd[49867]: Failed password for invalid user wangcx from 158.69.204.92 port 59070 ssh2
Dec 14 12:24:59 cls sshd[49867]: Received disconnect from 158.69.204.92 port 59070:11: Bye Bye [preauth]
Dec 14 12:24:59 cls sshd[49867]: Disconnected from invalid user wangcx 158.69.204.92 port 59070 [preauth]
Dec 14 12:25:01 cls sshd[49869]: pam_unix(sshd:auth): authentication failure; logname= uid=0 euid=0 tty=ssh ruser= rhost=103.59.94.62  user=root
Dec 14 12:25:02 cls sshd[49871]: pam_unix(sshd:auth): authentication failure; logname= uid=0 euid=0 tty=ssh ruser= rhost=103.243.26.230  user=root
Dec 14 12:25:03 cls sshd[49869]: Failed password for root from 103.59.94.62 port 35324 ssh2
Dec 14 12:25:04 cls sshd[49871]: Failed password for root from 103.243.26.230 port 48500 ssh2
Dec 14 12:25:04 cls sshd[49869]: Received disconnect from 103.59.94.62 port 35324:11: Bye Bye [preauth]
Dec 14 12:25:04 cls sshd[49869]: Disconnected from authenticating user root 103.59.94.62 port 35324 [preauth]
Dec 14 12:25:05 cls sshd[49871]: Received disconnect from 103.243.26.230 port 48500:11: Bye Bye [preauth]
Dec 14 12:25:05 cls sshd[49871]: Disconnected from authenticating user root 103.243.26.230 port 48500 [preauth]
Dec 14 12:25:15 cls sshd[49878]: pam_unix(sshd:auth): authentication failure; logname= uid=0 euid=0 tty=ssh ruser= rhost=162.214.92.14  user=root
Dec 14 12:25:16 cls sshd[49878]: Failed password for root from 162.214.92.14 port 53892 ssh2
Dec 14 12:25:18 cls sshd[49878]: Received disconnect from 162.214.92.14 port 53892:11: Bye Bye [preauth]
Dec 14 12:25:18 cls sshd[49878]: Disconnected from authenticating user root 162.214.92.14 port 53892 [preauth]
Dec 14 12:25:19 cls sshd[49882]: Invalid user deploy from 103.117.57.134 port 53244
Dec 14 12:25:19 cls sshd[49882]: pam_unix(sshd:auth): check pass; user unknown
Dec 14 12:25:19 cls sshd[49882]: pam_unix(sshd:auth): authentication failure; logname= uid=0 euid=0 tty=ssh ruser= rhost=103.117.57.134 
Dec 14 12:25:20 cls sshd[49880]: Invalid user wangcx from 45.78.217.235 port 59304
Dec 14 12:25:20 cls sshd[49880]: pam_unix(sshd:auth): check pass; user unknown
Dec 14 12:25:20 cls sshd[49880]: pam_unix(sshd:auth): authentication failure; logname= uid=0 euid=0 tty=ssh ruser= rhost=45.78.217.235 
Dec 14 12:25:21 cls sshd[49882]: Failed password for invalid user deploy from 103.117.57.134 port 53244 ssh2
Dec 14 12:25:22 cls sshd[49880]: Failed password for invalid user wangcx from 45.78.217.235 port 59304 ssh2
Dec 14 12:25:22 cls sshd[49880]: Received disconnect from 45.78.217.235 port 59304:11: Bye Bye [preauth]
Dec 14 12:25:22 cls sshd[49880]: Disconnected from invalid user wangcx 45.78.217.235 port 59304 [preauth]
Dec 14 12:25:22 cls sshd[49882]: Received disconnect from 103.117.57.134 port 53244:11: Bye Bye [preauth]
Dec 14 12:25:22 cls sshd[49882]: Disconnected from invalid user deploy 103.117.57.134 port 53244 [preauth]
Dec 14 12:25:26 cls sshd[49887]: pam_unix(sshd:auth): authentication failure; logname= uid=0 euid=0 tty=ssh ruser= rhost=102.88.137.213  user=ubuntu
Dec 14 12:25:26 cls sshd[49889]: pam_unix(sshd:auth): authentication failure; logname= uid=0 euid=0 tty=ssh ruser= rhost=158.69.204.92  user=root
Dec 14 12:25:27 cls sshd[49887]: Failed password for ubuntu from 102.88.137.213 port 1455 ssh2
Dec 14 12:25:28 cls sshd[49889]: Failed password for root from 158.69.204.92 port 40632 ssh2
Dec 14 12:25:28 cls sshd[49887]: Received disconnect from 102.88.137.213 port 1455:11: Bye Bye [preauth]
Dec 14 12:25:28 cls sshd[49887]: Disconnected from authenticating user ubuntu 102.88.137.213 port 1455 [preauth]
Dec 14 12:25:29 cls sshd[49889]: Received disconnect from 158.69.204.92 port 40632:11: Bye Bye [preauth]
Dec 14 12:25:29 cls sshd[49889]: Disconnected from authenticating user root 158.69.204.92 port 40632 [preauth]
Dec 14 12:25:35 cls sshd[49893]: pam_unix(sshd:auth): authentication failure; logname= uid=0 euid=0 tty=ssh ruser= rhost=103.243.26.230  user=root
Dec 14 12:25:36 cls sshd[49893]: Failed password for root from 103.243.26.230 port 46334 ssh2
Dec 14 12:25:37 cls sshd[49893]: Received disconnect from 103.243.26.230 port 46334:11: Bye Bye [preauth]
Dec 14 12:25:37 cls sshd[49893]: Disconnected from authenticating user root 103.243.26.230 port 46334 [preauth]
Dec 14 12:25:42 cls sshd[49907]: pam_unix(sshd:auth): authentication failure; logname= uid=0 euid=0 tty=ssh ruser= rhost=103.59.94.62  user=root
Dec 14 12:25:44 cls sshd[49907]: Failed password for root from 103.59.94.62 port 47524 ssh2
Dec 14 12:25:45 cls sshd[49907]: Received disconnect from 103.59.94.62 port 47524:11: Bye Bye [preauth]
Dec 14 12:25:45 cls sshd[49907]: Disconnected from authenticating user root 103.59.94.62 port 47524 [preauth]
Dec 14 12:25:48 cls sshd[49909]: Invalid user mc from 162.214.92.14 port 39362
Dec 14 12:25:48 cls sshd[49909]: pam_unix(sshd:auth): check pass; user unknown
Dec 14 12:25:48 cls sshd[49909]: pam_unix(sshd:auth): authentication failure; logname= uid=0 euid=0 tty=ssh ruser= rhost=162.214.92.14 
Dec 14 12:25:50 cls sshd[49909]: Failed password for invalid user mc from 162.214.92.14 port 39362 ssh2
Dec 14 12:25:52 cls sshd[49909]: Received disconnect from 162.214.92.14 port 39362:11: Bye Bye [preauth]
Dec 14 12:25:52 cls sshd[49909]: Disconnected from invalid user mc 162.214.92.14 port 39362 [preauth]
Dec 14 12:25:55 cls sshd[49914]: Invalid user comercial from 103.117.57.134 port 42594
Dec 14 12:25:55 cls sshd[49914]: pam_unix(sshd:auth): check pass; user unknown
Dec 14 12:25:55 cls sshd[49914]: pam_unix(sshd:auth): authentication failure; logname= uid=0 euid=0 tty=ssh ruser= rhost=103.117.57.134 
Dec 14 12:25:57 cls sshd[49916]: pam_unix(sshd:auth): authentication failure; logname= uid=0 euid=0 tty=ssh ruser= rhost=158.69.204.92  user=root
Dec 14 12:25:57 cls sshd[49914]: Failed password for invalid user comercial from 103.117.57.134 port 42594 ssh2
Dec 14 12:25:59 cls sshd[49916]: Failed password for root from 158.69.204.92 port 57774 ssh2
Dec 14 12:25:59 cls sshd[49914]: Received disconnect from 103.117.57.134 port 42594:11: Bye Bye [preauth]
Dec 14 12:25:59 cls sshd[49914]: Disconnected from invalid user comercial 103.117.57.134 port 42594 [preauth]
Dec 14 12:26:00 cls sshd[49916]: Received disconnect from 158.69.204.92 port 57774:11: Bye Bye [preauth]
Dec 14 12:26:00 cls sshd[49916]: Disconnected from authenticating user root 158.69.204.92 port 57774 [preauth]
Dec 14 12:26:08 cls sshd[49921]: Invalid user user from 103.243.26.230 port 51744
Dec 14 12:26:08 cls sshd[49921]: pam_unix(sshd:auth): check pass; user unknown
Dec 14 12:26:08 cls sshd[49921]: pam_unix(sshd:auth): authentication failure; logname= uid=0 euid=0 tty=ssh ruser= rhost=103.243.26.230 
Dec 14 12:26:10 cls sshd[49923]: pam_unix(sshd:auth): authentication failure; logname= uid=0 euid=0 tty=ssh ruser= rhost=102.88.137.213  user=root
Dec 14 12:26:10 cls sshd[49921]: Failed password for invalid user user from 103.243.26.230 port 51744 ssh2
Dec 14 12:26:12 cls sshd[49921]: Received disconnect from 103.243.26.230 port 51744:11: Bye Bye [preauth]
Dec 14 12:26:12 cls sshd[49921]: Disconnected from invalid user user 103.243.26.230 port 51744 [preauth]
Dec 14 12:26:12 cls sshd[49923]: Failed password for root from 102.88.137.213 port 49640 ssh2
Dec 14 12:26:13 cls sshd[49923]: Received disconnect from 102.88.137.213 port 49640:11: Bye Bye [preauth]
Dec 14 12:26:13 cls sshd[49923]: Disconnected from authenticating user root 102.88.137.213 port 49640 [preauth]
Dec 14 12:26:23 cls sshd[49925]: pam_unix(sshd:auth): authentication failure; logname= uid=0 euid=0 tty=ssh ruser= rhost=162.214.92.14  user=root
Dec 14 12:26:25 cls sshd[49925]: Failed password for root from 162.214.92.14 port 53070 ssh2
Dec 14 12:26:25 cls sshd[49927]: Invalid user gpadmin from 103.59.94.62 port 47908
Dec 14 12:26:25 cls sshd[49927]: pam_unix(sshd:auth): check pass; user unknown
Dec 14 12:26:25 cls sshd[49927]: pam_unix(sshd:auth): authentication failure; logname= uid=0 euid=0 tty=ssh ruser= rhost=103.59.94.62 
Dec 14 12:26:26 cls sshd[49925]: Received disconnect from 162.214.92.14 port 53070:11: Bye Bye [preauth]
Dec 14 12:26:26 cls sshd[49925]: Disconnected from authenticating user root 162.214.92.14 port 53070 [preauth]
Dec 14 12:26:27 cls sshd[49927]: Failed password for invalid user gpadmin from 103.59.94.62 port 47908 ssh2
Dec 14 12:26:27 cls sshd[49929]: Invalid user dev from 45.78.217.235 port 39892
Dec 14 12:26:27 cls sshd[49929]: pam_unix(sshd:auth): check pass; user unknown
Dec 14 12:26:27 cls sshd[49929]: pam_unix(sshd:auth): authentication failure; logname= uid=0 euid=0 tty=ssh ruser= rhost=45.78.217.235 
Dec 14 12:26:27 cls sshd[49927]: Received disconnect from 103.59.94.62 port 47908:11: Bye Bye [preauth]
Dec 14 12:26:27 cls sshd[49927]: Disconnected from invalid user gpadmin 103.59.94.62 port 47908 [preauth]
Dec 14 12:26:29 cls sshd[49929]: Failed password for invalid user dev from 45.78.217.235 port 39892 ssh2
Dec 14 12:26:31 cls sshd[49929]: Received disconnect from 45.78.217.235 port 39892:11: Bye Bye [preauth]
Dec 14 12:26:31 cls sshd[49929]: Disconnected from invalid user dev 45.78.217.235 port 39892 [preauth]
Dec 14 12:26:32 cls sshd[49935]: pam_unix(sshd:auth): authentication failure; logname= uid=0 euid=0 tty=ssh ruser= rhost=158.69.204.92  user=root
Dec 14 12:26:33 cls sshd[49935]: Failed password for root from 158.69.204.92 port 44038 ssh2
Dec 14 12:26:33 cls sshd[49938]: pam_unix(sshd:auth): authentication failure; logname= uid=0 euid=0 tty=ssh ruser= rhost=103.117.57.134  user=root
Dec 14 12:26:34 cls sshd[49935]: Received disconnect from 158.69.204.92 port 44038:11: Bye Bye [preauth]
Dec 14 12:26:34 cls sshd[49935]: Disconnected from authenticating user root 158.69.204.92 port 44038 [preauth]
Dec 14 12:26:35 cls sshd[49938]: Failed password for root from 103.117.57.134 port 42026 ssh2
Dec 14 12:26:36 cls sshd[49938]: Received disconnect from 103.117.57.134 port 42026:11: Bye Bye [preauth]
Dec 14 12:26:36 cls sshd[49938]: Disconnected from authenticating user root 103.117.57.134 port 42026 [preauth]
Dec 14 12:26:41 cls sshd[49940]: pam_unix(sshd:auth): authentication failure; logname= uid=0 euid=0 tty=ssh ruser= rhost=103.243.26.230  user=root
Dec 14 12:26:44 cls sshd[49940]: Failed password for root from 103.243.26.230 port 55716 ssh2
Dec 14 12:26:44 cls sshd[49940]: Received disconnect from 103.243.26.230 port 55716:11: Bye Bye [preauth]
Dec 14 12:26:44 cls sshd[49940]: Disconnected from authenticating user root 103.243.26.230 port 55716 [preauth]
Dec 14 12:26:55 cls sshd[49942]: pam_unix(sshd:auth): authentication failure; logname= uid=0 euid=0 tty=ssh ruser= rhost=102.88.137.213  user=root
Dec 14 12:26:55 cls sshd[49944]: pam_unix(sshd:auth): authentication failure; logname= uid=0 euid=0 tty=ssh ruser= rhost=162.214.92.14  user=root
Dec 14 12:26:57 cls sshd[49942]: Failed password for root from 102.88.137.213 port 1155 ssh2
Dec 14 12:26:58 cls sshd[49944]: Failed password for root from 162.214.92.14 port 38552 ssh2
Dec 14 12:26:58 cls sshd[49942]: Received disconnect from 102.88.137.213 port 1155:11: Bye Bye [preauth]
Dec 14 12:26:58 cls sshd[49942]: Disconnected from authenticating user root 102.88.137.213 port 1155 [preauth]
Dec 14 12:26:58 cls sshd[49944]: Received disconnect from 162.214.92.14 port 38552:11: Bye Bye [preauth]
Dec 14 12:26:58 cls sshd[49944]: Disconnected from authenticating user root 162.214.92.14 port 38552 [preauth]
Dec 14 12:27:05 cls sshd[49949]: Invalid user devops from 158.69.204.92 port 36270
Dec 14 12:27:05 cls sshd[49949]: pam_unix(sshd:auth): check pass; user unknown
Dec 14 12:27:05 cls sshd[49949]: pam_unix(sshd:auth): authentication failure; logname= uid=0 euid=0 tty=ssh ruser= rhost=158.69.204.92 
Dec 14 12:27:07 cls sshd[49949]: Failed password for invalid user devops from 158.69.204.92 port 36270 ssh2
Dec 14 12:27:09 cls sshd[49951]: Invalid user tiptop from 103.59.94.62 port 49058
Dec 14 12:27:09 cls sshd[49951]: pam_unix(sshd:auth): check pass; user unknown
Dec 14 12:27:09 cls sshd[49951]: pam_unix(sshd:auth): authentication failure; logname= uid=0 euid=0 tty=ssh ruser= rhost=103.59.94.62 
Dec 14 12:27:09 cls sshd[49949]: Received disconnect from 158.69.204.92 port 36270:11: Bye Bye [preauth]
Dec 14 12:27:09 cls sshd[49949]: Disconnected from invalid user devops 158.69.204.92 port 36270 [preauth]
Dec 14 12:27:11 cls sshd[49951]: Failed password for invalid user tiptop from 103.59.94.62 port 49058 ssh2
Dec 14 12:27:12 cls sshd[49951]: Received disconnect from 103.59.94.62 port 49058:11: Bye Bye [preauth]
Dec 14 12:27:12 cls sshd[49951]: Disconnected from invalid user tiptop 103.59.94.62 port 49058 [preauth]
Dec 14 12:27:12 cls sshd[49956]: pam_unix(sshd:auth): authentication failure; logname= uid=0 euid=0 tty=ssh ruser= rhost=103.117.57.134  user=root
Dec 14 12:27:15 cls sshd[49956]: Failed password for root from 103.117.57.134 port 54616 ssh2
Dec 14 12:27:15 cls sshd[49958]: Invalid user git from 103.243.26.230 port 45746
Dec 14 12:27:15 cls sshd[49958]: pam_unix(sshd:auth): check pass; user unknown
Dec 14 12:27:15 cls sshd[49958]: pam_unix(sshd:auth): authentication failure; logname= uid=0 euid=0 tty=ssh ruser= rhost=103.243.26.230 
Dec 14 12:27:16 cls sshd[49958]: Failed password for invalid user git from 103.243.26.230 port 45746 ssh2
Dec 14 12:27:17 cls sshd[49956]: Received disconnect from 103.117.57.134 port 54616:11: Bye Bye [preauth]
Dec 14 12:27:17 cls sshd[49956]: Disconnected from authenticating user root 103.117.57.134 port 54616 [preauth]
Dec 14 12:27:18 cls sshd[49958]: Received disconnect from 103.243.26.230 port 45746:11: Bye Bye [preauth]
Dec 14 12:27:18 cls sshd[49958]: Disconnected from invalid user git 103.243.26.230 port 45746 [preauth]
Dec 14 12:27:31 cls sshd[49976]: pam_unix(sshd:auth): authentication failure; logname= uid=0 euid=0 tty=ssh ruser= rhost=162.214.92.14  user=root
Dec 14 12:27:33 cls sshd[49976]: Failed password for root from 162.214.92.14 port 52258 ssh2
Dec 14 12:27:34 cls sshd[49976]: Received disconnect from 162.214.92.14 port 52258:11: Bye Bye [preauth]
Dec 14 12:27:34 cls sshd[49976]: Disconnected from authenticating user root 162.214.92.14 port 52258 [preauth]
Dec 14 12:27:37 cls sshd[49978]: pam_unix(sshd:auth): authentication failure; logname= uid=0 euid=0 tty=ssh ruser= rhost=45.78.217.235  user=root
Dec 14 12:27:39 cls sshd[49983]: pam_unix(sshd:auth): authentication failure; logname= uid=0 euid=0 tty=ssh ruser= rhost=87.106.36.193  user=root
Dec 14 12:27:39 cls sshd[49978]: Failed password for root from 45.78.217.235 port 39856 ssh2
Dec 14 12:27:39 cls sshd[49978]: Received disconnect from 45.78.217.235 port 39856:11: Bye Bye [preauth]
Dec 14 12:27:39 cls sshd[49978]: Disconnected from authenticating user root 45.78.217.235 port 39856 [preauth]
Dec 14 12:27:41 cls sshd[49985]: Invalid user comercial from 158.69.204.92 port 44702
Dec 14 12:27:41 cls sshd[49985]: pam_unix(sshd:auth): check pass; user unknown
Dec 14 12:27:41 cls sshd[49985]: pam_unix(sshd:auth): authentication failure; logname= uid=0 euid=0 tty=ssh ruser= rhost=158.69.204.92 
Dec 14 12:27:41 cls sshd[49983]: Failed password for root from 87.106.36.193 port 60050 ssh2
Dec 14 12:27:42 cls sshd[49983]: Received disconnect from 87.106.36.193 port 60050:11: Bye Bye [preauth]
Dec 14 12:27:42 cls sshd[49983]: Disconnected from authenticating user root 87.106.36.193 port 60050 [preauth]
Dec 14 12:27:43 cls sshd[49985]: Failed password for invalid user comercial from 158.69.204.92 port 44702 ssh2
Dec 14 12:27:43 cls sshd[49985]: Received disconnect from 158.69.204.92 port 44702:11: Bye Bye [preauth]
Dec 14 12:27:43 cls sshd[49985]: Disconnected from invalid user comercial 158.69.204.92 port 44702 [preauth]
Dec 14 12:27:43 cls sshd[49987]: pam_unix(sshd:auth): authentication failure; logname= uid=0 euid=0 tty=ssh ruser= rhost=102.88.137.213  user=root
Dec 14 12:27:45 cls sshd[49987]: Failed password for root from 102.88.137.213 port 1479 ssh2
Dec 14 12:27:46 cls sshd[49987]: Received disconnect from 102.88.137.213 port 1479:11: Bye Bye [preauth]
Dec 14 12:27:46 cls sshd[49987]: Disconnected from authenticating user root 102.88.137.213 port 1479 [preauth]
Dec 14 12:27:49 cls sshd[49992]: Invalid user tester from 103.243.26.230 port 46414
Dec 14 12:27:49 cls sshd[49992]: pam_unix(sshd:auth): check pass; user unknown
Dec 14 12:27:49 cls sshd[49992]: pam_unix(sshd:auth): authentication failure; logname= uid=0 euid=0 tty=ssh ruser= rhost=103.243.26.230 
Dec 14 12:27:51 cls sshd[49994]: Invalid user dev from 103.117.57.134 port 50564
Dec 14 12:27:51 cls sshd[49994]: pam_unix(sshd:auth): check pass; user unknown
Dec 14 12:27:51 cls sshd[49994]: pam_unix(sshd:auth): authentication failure; logname= uid=0 euid=0 tty=ssh ruser= rhost=103.117.57.134 
Dec 14 12:27:52 cls sshd[49992]: Failed password for invalid user tester from 103.243.26.230 port 46414 ssh2
Dec 14 12:27:53 cls sshd[49994]: Failed password for invalid user dev from 103.117.57.134 port 50564 ssh2
Dec 14 12:27:54 cls sshd[49992]: Received disconnect from 103.243.26.230 port 46414:11: Bye Bye [preauth]
Dec 14 12:27:54 cls sshd[49992]: Disconnected from invalid user tester 103.243.26.230 port 46414 [preauth]
Dec 14 12:27:54 cls sshd[49996]: Invalid user ravi from 103.59.94.62 port 56706
Dec 14 12:27:54 cls sshd[49996]: pam_unix(sshd:auth): check pass; user unknown
Dec 14 12:27:54 cls sshd[49996]: pam_unix(sshd:auth): authentication failure; logname= uid=0 euid=0 tty=ssh ruser= rhost=103.59.94.62 
Dec 14 12:27:55 cls sshd[49994]: Received disconnect from 103.117.57.134 port 50564:11: Bye Bye [preauth]
Dec 14 12:27:55 cls sshd[49994]: Disconnected from invalid user dev 103.117.57.134 port 50564 [preauth]
Dec 14 12:27:57 cls sshd[49996]: Failed password for invalid user ravi from 103.59.94.62 port 56706 ssh2
Dec 14 12:27:58 cls sshd[49996]: Received disconnect from 103.59.94.62 port 56706:11: Bye Bye [preauth]
Dec 14 12:27:58 cls sshd[49996]: Disconnected from invalid user ravi 103.59.94.62 port 56706 [preauth]
Dec 14 12:28:08 cls sshd[49998]: pam_unix(sshd:auth): authentication failure; logname= uid=0 euid=0 tty=ssh ruser= rhost=162.214.92.14  user=root
Dec 14 12:28:10 cls sshd[49998]: Failed password for root from 162.214.92.14 port 37730 ssh2
Dec 14 12:28:11 cls sshd[49998]: Received disconnect from 162.214.92.14 port 37730:11: Bye Bye [preauth]
Dec 14 12:28:11 cls sshd[49998]: Disconnected from authenticating user root 162.214.92.14 port 37730 [preauth]
Dec 14 12:28:16 cls sshd[50001]: pam_unix(sshd:auth): authentication failure; logname= uid=0 euid=0 tty=ssh ruser= rhost=158.69.204.92  user=root
Dec 14 12:28:18 cls sshd[50001]: Failed password for root from 158.69.204.92 port 52604 ssh2
Dec 14 12:28:19 cls sshd[50001]: Received disconnect from 158.69.204.92 port 52604:11: Bye Bye [preauth]
Dec 14 12:28:19 cls sshd[50001]: Disconnected from authenticating user root 158.69.204.92 port 52604 [preauth]
Dec 14 12:28:24 cls sshd[50005]: Invalid user john from 103.243.26.230 port 34340
Dec 14 12:28:24 cls sshd[50005]: pam_unix(sshd:auth): check pass; user unknown
Dec 14 12:28:24 cls sshd[50005]: pam_unix(sshd:auth): authentication failure; logname= uid=0 euid=0 tty=ssh ruser= rhost=103.243.26.230 
Dec 14 12:28:27 cls sshd[50005]: Failed password for invalid user john from 103.243.26.230 port 34340 ssh2
Dec 14 12:28:28 cls sshd[50005]: Received disconnect from 103.243.26.230 port 34340:11: Bye Bye [preauth]
Dec 14 12:28:28 cls sshd[50005]: Disconnected from invalid user john 103.243.26.230 port 34340 [preauth]
Dec 14 12:28:29 cls sshd[50015]: Invalid user nmrsu from 103.117.57.134 port 51836
Dec 14 12:28:29 cls sshd[50015]: pam_unix(sshd:auth): check pass; user unknown
Dec 14 12:28:29 cls sshd[50015]: pam_unix(sshd:auth): authentication failure; logname= uid=0 euid=0 tty=ssh ruser= rhost=103.117.57.134 
Dec 14 12:28:29 cls sshd[50013]: pam_unix(sshd:auth): authentication failure; logname= uid=0 euid=0 tty=ssh ruser= rhost=102.88.137.213  user=root
Dec 14 12:28:32 cls sshd[50015]: Failed password for invalid user nmrsu from 103.117.57.134 port 51836 ssh2
Dec 14 12:28:32 cls sshd[50013]: Failed password for root from 102.88.137.213 port 17558 ssh2
Dec 14 12:28:32 cls sshd[50013]: Received disconnect from 102.88.137.213 port 17558:11: Bye Bye [preauth]
Dec 14 12:28:32 cls sshd[50013]: Disconnected from authenticating user root 102.88.137.213 port 17558 [preauth]
Dec 14 12:28:33 cls sshd[50017]: Invalid user adam from 87.106.36.193 port 50288
Dec 14 12:28:33 cls sshd[50017]: pam_unix(sshd:auth): check pass; user unknown
Dec 14 12:28:33 cls sshd[50017]: pam_unix(sshd:auth): authentication failure; logname= uid=0 euid=0 tty=ssh ruser= rhost=87.106.36.193 
Dec 14 12:28:34 cls sshd[50015]: Received disconnect from 103.117.57.134 port 51836:11: Bye Bye [preauth]
Dec 14 12:28:34 cls sshd[50015]: Disconnected from invalid user nmrsu 103.117.57.134 port 51836 [preauth]
Dec 14 12:28:35 cls sshd[50017]: Failed password for invalid user adam from 87.106.36.193 port 50288 ssh2
Dec 14 12:28:36 cls sshd[50017]: Received disconnect from 87.106.36.193 port 50288:11: Bye Bye [preauth]
Dec 14 12:28:36 cls sshd[50017]: Disconnected from invalid user adam 87.106.36.193 port 50288 [preauth]
Dec 14 12:28:38 cls sshd[50024]: pam_unix(sshd:auth): authentication failure; logname= uid=0 euid=0 tty=ssh ruser= rhost=103.59.94.62  user=root
Dec 14 12:28:40 cls sshd[50024]: Failed password for root from 103.59.94.62 port 51694 ssh2
Dec 14 12:28:40 cls sshd[50026]: pam_unix(sshd:auth): authentication failure; logname= uid=0 euid=0 tty=ssh ruser= rhost=162.214.92.14  user=root
Dec 14 12:28:40 cls sshd[50024]: Received disconnect from 103.59.94.62 port 51694:11: Bye Bye [preauth]
Dec 14 12:28:40 cls sshd[50024]: Disconnected from authenticating user root 103.59.94.62 port 51694 [preauth]
Dec 14 12:28:42 cls sshd[50026]: Failed password for root from 162.214.92.14 port 51432 ssh2
Dec 14 12:28:42 cls sshd[50028]: pam_unix(sshd:auth): authentication failure; logname= uid=0 euid=0 tty=ssh ruser= rhost=45.78.217.235  user=root
Dec 14 12:28:43 cls sshd[50026]: Received disconnect from 162.214.92.14 port 51432:11: Bye Bye [preauth]
Dec 14 12:28:43 cls sshd[50026]: Disconnected from authenticating user root 162.214.92.14 port 51432 [preauth]
Dec 14 12:28:45 cls sshd[50028]: Failed password for root from 45.78.217.235 port 34058 ssh2
Dec 14 12:28:45 cls sshd[50028]: Received disconnect from 45.78.217.235 port 34058:11: Bye Bye [preauth]
Dec 14 12:28:45 cls sshd[50028]: Disconnected from authenticating user root 45.78.217.235 port 34058 [preauth]
Dec 14 12:28:50 cls sshd[50033]: pam_unix(sshd:auth): authentication failure; logname= uid=0 euid=0 tty=ssh ruser= rhost=158.69.204.92  user=root
Dec 14 12:28:52 cls sshd[50033]: Failed password for root from 158.69.204.92 port 43180 ssh2
Dec 14 12:28:53 cls sshd[50033]: Received disconnect from 158.69.204.92 port 43180:11: Bye Bye [preauth]
Dec 14 12:28:53 cls sshd[50033]: Disconnected from authenticating user root 158.69.204.92 port 43180 [preauth]
Dec 14 12:29:00 cls sshd[50039]: pam_unix(sshd:auth): authentication failure; logname= uid=0 euid=0 tty=ssh ruser= rhost=103.243.26.230  user=root
Dec 14 12:29:02 cls sshd[50039]: Failed password for root from 103.243.26.230 port 58144 ssh2
Dec 14 12:29:02 cls sshd[50039]: Received disconnect from 103.243.26.230 port 58144:11: Bye Bye [preauth]
Dec 14 12:29:02 cls sshd[50039]: Disconnected from authenticating user root 103.243.26.230 port 58144 [preauth]
Dec 14 12:29:10 cls sshd[50041]: pam_unix(sshd:auth): authentication failure; logname= uid=0 euid=0 tty=ssh ruser= rhost=103.117.57.134  user=ubuntu
Dec 14 12:29:12 cls sshd[50041]: Failed password for ubuntu from 103.117.57.134 port 50556 ssh2
Dec 14 12:29:12 cls sshd[50041]: Received disconnect from 103.117.57.134 port 50556:11: Bye Bye [preauth]
Dec 14 12:29:12 cls sshd[50041]: Disconnected from authenticating user ubuntu 103.117.57.134 port 50556 [preauth]
Dec 14 12:29:18 cls sshd[50046]: pam_unix(sshd:auth): authentication failure; logname= uid=0 euid=0 tty=ssh ruser= rhost=102.88.137.213  user=root
Dec 14 12:29:19 cls sshd[50048]: pam_unix(sshd:auth): authentication failure; logname= uid=0 euid=0 tty=ssh ruser= rhost=103.59.94.62  user=root
Dec 14 12:29:20 cls sshd[50046]: Failed password for root from 102.88.137.213 port 49838 ssh2
Dec 14 12:29:20 cls sshd[50046]: Received disconnect from 102.88.137.213 port 49838:11: Bye Bye [preauth]
Dec 14 12:29:20 cls sshd[50046]: Disconnected from authenticating user root 102.88.137.213 port 49838 [preauth]
Dec 14 12:29:22 cls sshd[50048]: Failed password for root from 103.59.94.62 port 42944 ssh2
Dec 14 12:29:24 cls sshd[50048]: Received disconnect from 103.59.94.62 port 42944:11: Bye Bye [preauth]
Dec 14 12:29:24 cls sshd[50048]: Disconnected from authenticating user root 103.59.94.62 port 42944 [preauth]
Dec 14 12:29:26 cls sshd[50050]: Invalid user mc from 158.69.204.92 port 35896
Dec 14 12:29:26 cls sshd[50050]: pam_unix(sshd:auth): check pass; user unknown
Dec 14 12:29:26 cls sshd[50050]: pam_unix(sshd:auth): authentication failure; logname= uid=0 euid=0 tty=ssh ruser= rhost=158.69.204.92 
Dec 14 12:29:28 cls sshd[50050]: Failed password for invalid user mc from 158.69.204.92 port 35896 ssh2
Dec 14 12:29:29 cls sshd[50050]: Received disconnect from 158.69.204.92 port 35896:11: Bye Bye [preauth]
Dec 14 12:29:29 cls sshd[50050]: Disconnected from invalid user mc 158.69.204.92 port 35896 [preauth]
Dec 14 12:29:31 cls sshd[50052]: pam_unix(sshd:auth): authentication failure; logname= uid=0 euid=0 tty=ssh ruser= rhost=87.106.36.193  user=root
Dec 14 12:29:34 cls sshd[50052]: Failed password for root from 87.106.36.193 port 40388 ssh2
Dec 14 12:29:36 cls sshd[50054]: pam_unix(sshd:auth): authentication failure; logname= uid=0 euid=0 tty=ssh ruser= rhost=103.243.26.230  user=root
Dec 14 12:29:36 cls sshd[50052]: Received disconnect from 87.106.36.193 port 40388:11: Bye Bye [preauth]
Dec 14 12:29:36 cls sshd[50052]: Disconnected from authenticating user root 87.106.36.193 port 40388 [preauth]
Dec 14 12:29:37 cls sshd[50054]: Failed password for root from 103.243.26.230 port 37716 ssh2
Dec 14 12:29:38 cls sshd[50054]: Received disconnect from 103.243.26.230 port 37716:11: Bye Bye [preauth]
Dec 14 12:29:38 cls sshd[50054]: Disconnected from authenticating user root 103.243.26.230 port 37716 [preauth]
Dec 14 12:29:54 cls sshd[50056]: pam_unix(sshd:auth): authentication failure; logname= uid=0 euid=0 tty=ssh ruser= rhost=103.117.57.134  user=root
Dec 14 12:29:56 cls sshd[50056]: Failed password for root from 103.117.57.134 port 50024 ssh2
Dec 14 12:29:57 cls sshd[50056]: Received disconnect from 103.117.57.134 port 50024:11: Bye Bye [preauth]
Dec 14 12:29:57 cls sshd[50056]: Disconnected from authenticating user root 103.117.57.134 port 50024 [preauth]
Dec 14 12:30:00 cls sshd[50058]: pam_unix(sshd:auth): authentication failure; logname= uid=0 euid=0 tty=ssh ruser= rhost=158.69.204.92  user=root
Dec 14 12:30:01 cls sshd[50058]: Failed password for root from 158.69.204.92 port 57516 ssh2
Dec 14 12:30:02 cls sshd[50060]: Invalid user gpadmin from 102.88.137.213 port 49624
Dec 14 12:30:02 cls sshd[50060]: pam_unix(sshd:auth): check pass; user unknown
Dec 14 12:30:02 cls sshd[50060]: pam_unix(sshd:auth): authentication failure; logname= uid=0 euid=0 tty=ssh ruser= rhost=102.88.137.213 
Dec 14 12:30:02 cls sshd[50058]: Received disconnect from 158.69.204.92 port 57516:11: Bye Bye [preauth]
Dec 14 12:30:02 cls sshd[50058]: Disconnected from authenticating user root 158.69.204.92 port 57516 [preauth]
Dec 14 12:30:04 cls sshd[50060]: Failed password for invalid user gpadmin from 102.88.137.213 port 49624 ssh2
Dec 14 12:30:06 cls sshd[50060]: Received disconnect from 102.88.137.213 port 49624:11: Bye Bye [preauth]
Dec 14 12:30:06 cls sshd[50060]: Disconnected from invalid user gpadmin 102.88.137.213 port 49624 [preauth]
Dec 14 12:30:06 cls sshd[50068]: pam_unix(sshd:auth): authentication failure; logname= uid=0 euid=0 tty=ssh ruser= rhost=103.59.94.62  user=root
Dec 14 12:30:08 cls sshd[50068]: Failed password for root from 103.59.94.62 port 56390 ssh2
Dec 14 12:30:09 cls sshd[50068]: Received disconnect from 103.59.94.62 port 56390:11: Bye Bye [preauth]
Dec 14 12:30:09 cls sshd[50068]: Disconnected from authenticating user root 103.59.94.62 port 56390 [preauth]
Dec 14 12:30:10 cls sshd[50073]: pam_unix(sshd:auth): authentication failure; logname= uid=0 euid=0 tty=ssh ruser= rhost=103.243.26.230  user=root
Dec 14 12:30:12 cls sshd[50073]: Failed password for root from 103.243.26.230 port 44142 ssh2
Dec 14 12:30:13 cls sshd[50073]: Received disconnect from 103.243.26.230 port 44142:11: Bye Bye [preauth]
Dec 14 12:30:13 cls sshd[50073]: Disconnected from authenticating user root 103.243.26.230 port 44142 [preauth]
Dec 14 12:30:22 cls sshd[50075]: Invalid user root1 from 87.106.36.193 port 51436
Dec 14 12:30:22 cls sshd[50075]: pam_unix(sshd:auth): check pass; user unknown
Dec 14 12:30:22 cls sshd[50075]: pam_unix(sshd:auth): authentication failure; logname= uid=0 euid=0 tty=ssh ruser= rhost=87.106.36.193 
Dec 14 12:30:23 cls sshd[50075]: Failed password for invalid user root1 from 87.106.36.193 port 51436 ssh2
Dec 14 12:30:24 cls sshd[50075]: Received disconnect from 87.106.36.193 port 51436:11: Bye Bye [preauth]
Dec 14 12:30:24 cls sshd[50075]: Disconnected from invalid user root1 87.106.36.193 port 51436 [preauth]
Dec 14 12:30:34 cls sshd[50077]: Invalid user server from 103.117.57.134 port 48630
Dec 14 12:30:34 cls sshd[50077]: pam_unix(sshd:auth): check pass; user unknown
Dec 14 12:30:34 cls sshd[50077]: pam_unix(sshd:auth): authentication failure; logname= uid=0 euid=0 tty=ssh ruser= rhost=103.117.57.134 
Dec 14 12:30:35 cls sshd[50079]: Invalid user sammy from 158.69.204.92 port 46408
Dec 14 12:30:35 cls sshd[50079]: pam_unix(sshd:auth): check pass; user unknown
Dec 14 12:30:35 cls sshd[50079]: pam_unix(sshd:auth): authentication failure; logname= uid=0 euid=0 tty=ssh ruser= rhost=158.69.204.92 
Dec 14 12:30:36 cls sshd[50077]: Failed password for invalid user server from 103.117.57.134 port 48630 ssh2
Dec 14 12:30:37 cls sshd[50079]: Failed password for invalid user sammy from 158.69.204.92 port 46408 ssh2
Dec 14 12:30:37 cls sshd[50077]: Received disconnect from 103.117.57.134 port 48630:11: Bye Bye [preauth]
Dec 14 12:30:37 cls sshd[50077]: Disconnected from invalid user server 103.117.57.134 port 48630 [preauth]
Dec 14 12:30:37 cls sshd[50079]: Received disconnect from 158.69.204.92 port 46408:11: Bye Bye [preauth]
Dec 14 12:30:37 cls sshd[50079]: Disconnected from invalid user sammy 158.69.204.92 port 46408 [preauth]
Dec 14 12:30:43 cls sshd[50087]: Invalid user sysadmin from 103.243.26.230 port 46146
Dec 14 12:30:43 cls sshd[50087]: pam_unix(sshd:auth): check pass; user unknown
Dec 14 12:30:43 cls sshd[50087]: pam_unix(sshd:auth): authentication failure; logname= uid=0 euid=0 tty=ssh ruser= rhost=103.243.26.230 
Dec 14 12:30:45 cls sshd[50087]: Failed password for invalid user sysadmin from 103.243.26.230 port 46146 ssh2
Dec 14 12:30:46 cls sshd[50087]: Received disconnect from 103.243.26.230 port 46146:11: Bye Bye [preauth]
Dec 14 12:30:46 cls sshd[50087]: Disconnected from invalid user sysadmin 103.243.26.230 port 46146 [preauth]
Dec 14 12:30:48 cls sshd[50092]: pam_unix(sshd:auth): authentication failure; logname= uid=0 euid=0 tty=ssh ruser= rhost=102.88.137.213  user=root
Dec 14 12:30:50 cls sshd[50094]: Invalid user mike from 103.59.94.62 port 59900
Dec 14 12:30:50 cls sshd[50094]: pam_unix(sshd:auth): check pass; user unknown
Dec 14 12:30:50 cls sshd[50094]: pam_unix(sshd:auth): authentication failure; logname= uid=0 euid=0 tty=ssh ruser= rhost=103.59.94.62 
Dec 14 12:30:51 cls sshd[50092]: Failed password for root from 102.88.137.213 port 49610 ssh2
Dec 14 12:30:52 cls sshd[50094]: Failed password for invalid user mike from 103.59.94.62 port 59900 ssh2
Dec 14 12:30:52 cls sshd[50094]: Received disconnect from 103.59.94.62 port 59900:11: Bye Bye [preauth]
Dec 14 12:30:52 cls sshd[50094]: Disconnected from invalid user mike 103.59.94.62 port 59900 [preauth]
Dec 14 12:30:53 cls sshd[50092]: Received disconnect from 102.88.137.213 port 49610:11: Bye Bye [preauth]
Dec 14 12:30:53 cls sshd[50092]: Disconnected from authenticating user root 102.88.137.213 port 49610 [preauth]
Dec 14 12:31:00 cls sshd[50098]: pam_unix(sshd:auth): authentication failure; logname= uid=0 euid=0 tty=ssh ruser= rhost=45.78.217.235  user=ubuntu
Dec 14 12:31:02 cls sshd[50098]: Failed password for ubuntu from 45.78.217.235 port 40376 ssh2
Dec 14 12:31:04 cls sshd[50098]: Received disconnect from 45.78.217.235 port 40376:11: Bye Bye [preauth]
Dec 14 12:31:04 cls sshd[50098]: Disconnected from authenticating user ubuntu 45.78.217.235 port 40376 [preauth]
Dec 14 12:31:08 cls sshd[50100]: pam_unix(sshd:auth): authentication failure; logname= uid=0 euid=0 tty=ssh ruser= rhost=158.69.204.92  user=root
Dec 14 12:31:10 cls sshd[50100]: Failed password for root from 158.69.204.92 port 52464 ssh2
Dec 14 12:31:11 cls sshd[50100]: Received disconnect from 158.69.204.92 port 52464:11: Bye Bye [preauth]
Dec 14 12:31:11 cls sshd[50100]: Disconnected from authenticating user root 158.69.204.92 port 52464 [preauth]
Dec 14 12:31:12 cls sshd[50108]: Invalid user t from 103.117.57.134 port 58400
Dec 14 12:31:12 cls sshd[50108]: pam_unix(sshd:auth): check pass; user unknown
Dec 14 12:31:12 cls sshd[50108]: pam_unix(sshd:auth): authentication failure; logname= uid=0 euid=0 tty=ssh ruser= rhost=103.117.57.134 
Dec 14 12:31:14 cls sshd[50108]: Failed password for invalid user t from 103.117.57.134 port 58400 ssh2
Dec 14 12:31:15 cls sshd[50108]: Received disconnect from 103.117.57.134 port 58400:11: Bye Bye [preauth]
Dec 14 12:31:15 cls sshd[50108]: Disconnected from invalid user t 103.117.57.134 port 58400 [preauth]
Dec 14 12:31:17 cls sshd[50118]: pam_unix(sshd:auth): authentication failure; logname= uid=0 euid=0 tty=ssh ruser= rhost=103.243.26.230  user=root
Dec 14 12:31:19 cls sshd[50118]: Failed password for root from 103.243.26.230 port 55452 ssh2
Dec 14 12:31:20 cls sshd[50118]: Received disconnect from 103.243.26.230 port 55452:11: Bye Bye [preauth]
Dec 14 12:31:20 cls sshd[50118]: Disconnected from authenticating user root 103.243.26.230 port 55452 [preauth]
Dec 14 12:31:32 cls sshd[50126]: Invalid user debian from 102.88.137.213 port 33469
Dec 14 12:31:32 cls sshd[50126]: pam_unix(sshd:auth): check pass; user unknown
Dec 14 12:31:32 cls sshd[50126]: pam_unix(sshd:auth): authentication failure; logname= uid=0 euid=0 tty=ssh ruser= rhost=102.88.137.213 
Dec 14 12:31:34 cls sshd[50126]: Failed password for invalid user debian from 102.88.137.213 port 33469 ssh2
Dec 14 12:31:34 cls sshd[50126]: Received disconnect from 102.88.137.213 port 33469:11: Bye Bye [preauth]
Dec 14 12:31:34 cls sshd[50126]: Disconnected from invalid user debian 102.88.137.213 port 33469 [preauth]
Dec 14 12:31:35 cls sshd[50128]: pam_unix(sshd:auth): authentication failure; logname= uid=0 euid=0 tty=ssh ruser= rhost=103.59.94.62  user=root
Dec 14 12:31:37 cls sshd[50128]: Failed password for root from 103.59.94.62 port 60694 ssh2
Dec 14 12:31:37 cls sshd[50128]: Received disconnect from 103.59.94.62 port 60694:11: Bye Bye [preauth]
Dec 14 12:31:37 cls sshd[50128]: Disconnected from authenticating user root 103.59.94.62 port 60694 [preauth]
Dec 14 12:31:42 cls sshd[50130]: pam_unix(sshd:auth): authentication failure; logname= uid=0 euid=0 tty=ssh ruser= rhost=158.69.204.92  user=ubuntu
Dec 14 12:31:44 cls sshd[50130]: Failed password for ubuntu from 158.69.204.92 port 60142 ssh2
Dec 14 12:31:46 cls sshd[50130]: Received disconnect from 158.69.204.92 port 60142:11: Bye Bye [preauth]
Dec 14 12:31:46 cls sshd[50130]: Disconnected from authenticating user ubuntu 158.69.204.92 port 60142 [preauth]
Dec 14 12:31:50 cls sshd[50132]: pam_unix(sshd:auth): authentication failure; logname= uid=0 euid=0 tty=ssh ruser= rhost=103.243.26.230  user=root
Dec 14 12:31:51 cls sshd[50134]: pam_unix(sshd:auth): authentication failure; logname= uid=0 euid=0 tty=ssh ruser= rhost=103.117.57.134  user=root
Dec 14 12:31:52 cls sshd[50132]: Failed password for root from 103.243.26.230 port 47140 ssh2
Dec 14 12:31:52 cls sshd[50132]: Received disconnect from 103.243.26.230 port 47140:11: Bye Bye [preauth]
Dec 14 12:31:52 cls sshd[50132]: Disconnected from authenticating user root 103.243.26.230 port 47140 [preauth]
Dec 14 12:31:53 cls sshd[50134]: Failed password for root from 103.117.57.134 port 51412 ssh2
Dec 14 12:31:54 cls sshd[50134]: Received disconnect from 103.117.57.134 port 51412:11: Bye Bye [preauth]
Dec 14 12:31:54 cls sshd[50134]: Disconnected from authenticating user root 103.117.57.134 port 51412 [preauth]
Dec 14 12:32:11 cls sshd[50138]: pam_unix(sshd:auth): authentication failure; logname= uid=0 euid=0 tty=ssh ruser= rhost=45.78.217.235  user=root
Dec 14 12:32:11 cls sshd[50140]: pam_unix(sshd:auth): authentication failure; logname= uid=0 euid=0 tty=ssh ruser= rhost=158.69.204.92  user=root
Dec 14 12:32:13 cls sshd[50138]: Failed password for root from 45.78.217.235 port 46478 ssh2
Dec 14 12:32:13 cls sshd[50140]: Failed password for root from 158.69.204.92 port 44002 ssh2
Dec 14 12:32:14 cls sshd[50138]: Received disconnect from 45.78.217.235 port 46478:11: Bye Bye [preauth]
Dec 14 12:32:14 cls sshd[50138]: Disconnected from authenticating user root 45.78.217.235 port 46478 [preauth]
Dec 14 12:32:14 cls sshd[50140]: Received disconnect from 158.69.204.92 port 44002:11: Bye Bye [preauth]
Dec 14 12:32:14 cls sshd[50140]: Disconnected from authenticating user root 158.69.204.92 port 44002 [preauth]
Dec 14 12:32:15 cls sshd[50145]: pam_unix(sshd:auth): authentication failure; logname= uid=0 euid=0 tty=ssh ruser= rhost=102.88.137.213  user=root
Dec 14 12:32:17 cls sshd[50145]: Failed password for root from 102.88.137.213 port 17540 ssh2
Dec 14 12:32:18 cls sshd[50145]: Received disconnect from 102.88.137.213 port 17540:11: Bye Bye [preauth]
Dec 14 12:32:18 cls sshd[50145]: Disconnected from authenticating user root 102.88.137.213 port 17540 [preauth]
Dec 14 12:32:18 cls sshd[50147]: Invalid user root1 from 103.59.94.62 port 44808
Dec 14 12:32:18 cls sshd[50147]: pam_unix(sshd:auth): check pass; user unknown
Dec 14 12:32:18 cls sshd[50147]: pam_unix(sshd:auth): authentication failure; logname= uid=0 euid=0 tty=ssh ruser= rhost=103.59.94.62 
Dec 14 12:32:20 cls sshd[50147]: Failed password for invalid user root1 from 103.59.94.62 port 44808 ssh2
Dec 14 12:32:21 cls sshd[50147]: Received disconnect from 103.59.94.62 port 44808:11: Bye Bye [preauth]
Dec 14 12:32:21 cls sshd[50147]: Disconnected from invalid user root1 103.59.94.62 port 44808 [preauth]
Dec 14 12:32:22 cls sshd[50154]: Invalid user test1 from 103.243.26.230 port 48866
Dec 14 12:32:22 cls sshd[50154]: pam_unix(sshd:auth): check pass; user unknown
Dec 14 12:32:22 cls sshd[50154]: pam_unix(sshd:auth): authentication failure; logname= uid=0 euid=0 tty=ssh ruser= rhost=103.243.26.230 
Dec 14 12:32:24 cls sshd[50154]: Failed password for invalid user test1 from 103.243.26.230 port 48866 ssh2
Dec 14 12:32:25 cls sshd[50154]: Received disconnect from 103.243.26.230 port 48866:11: Bye Bye [preauth]
Dec 14 12:32:25 cls sshd[50154]: Disconnected from invalid user test1 103.243.26.230 port 48866 [preauth]
Dec 14 12:32:30 cls sshd[50156]: pam_unix(sshd:auth): authentication failure; logname= uid=0 euid=0 tty=ssh ruser= rhost=103.117.57.134  user=root
Dec 14 12:32:32 cls sshd[50156]: Failed password for root from 103.117.57.134 port 58710 ssh2
Dec 14 12:32:33 cls sshd[50156]: Received disconnect from 103.117.57.134 port 58710:11: Bye Bye [preauth]
Dec 14 12:32:33 cls sshd[50156]: Disconnected from authenticating user root 103.117.57.134 port 58710 [preauth]
Dec 14 12:32:54 cls sshd[50158]: Invalid user admin from 103.243.26.230 port 43096
Dec 14 12:32:54 cls sshd[50158]: pam_unix(sshd:auth): check pass; user unknown
Dec 14 12:32:54 cls sshd[50158]: pam_unix(sshd:auth): authentication failure; logname= uid=0 euid=0 tty=ssh ruser= rhost=103.243.26.230 
Dec 14 12:32:56 cls sshd[50158]: Failed password for invalid user admin from 103.243.26.230 port 43096 ssh2
Dec 14 12:32:58 cls sshd[50158]: Received disconnect from 103.243.26.230 port 43096:11: Bye Bye [preauth]
Dec 14 12:32:58 cls sshd[50158]: Disconnected from invalid user admin 103.243.26.230 port 43096 [preauth]
Dec 14 12:33:00 cls sshd[50193]: Invalid user git from 102.88.137.213 port 49702
Dec 14 12:33:00 cls sshd[50193]: pam_unix(sshd:auth): check pass; user unknown
Dec 14 12:33:00 cls sshd[50193]: pam_unix(sshd:auth): authentication failure; logname= uid=0 euid=0 tty=ssh ruser= rhost=102.88.137.213 
Dec 14 12:33:00 cls sshd[50195]: Invalid user debian from 103.59.94.62 port 41728
Dec 14 12:33:00 cls sshd[50195]: pam_unix(sshd:auth): check pass; user unknown
Dec 14 12:33:00 cls sshd[50195]: pam_unix(sshd:auth): authentication failure; logname= uid=0 euid=0 tty=ssh ruser= rhost=103.59.94.62 
Dec 14 12:33:02 cls sshd[50193]: Failed password for invalid user git from 102.88.137.213 port 49702 ssh2
Dec 14 12:33:03 cls sshd[50195]: Failed password for invalid user debian from 103.59.94.62 port 41728 ssh2
Dec 14 12:33:03 cls sshd[50195]: Received disconnect from 103.59.94.62 port 41728:11: Bye Bye [preauth]
Dec 14 12:33:03 cls sshd[50195]: Disconnected from invalid user debian 103.59.94.62 port 41728 [preauth]
Dec 14 12:33:03 cls sshd[50193]: Received disconnect from 102.88.137.213 port 49702:11: Bye Bye [preauth]
Dec 14 12:33:03 cls sshd[50193]: Disconnected from invalid user git 102.88.137.213 port 49702 [preauth]
Dec 14 12:33:08 cls sshd[50200]: pam_unix(sshd:auth): authentication failure; logname= uid=0 euid=0 tty=ssh ruser= rhost=103.117.57.134  user=root
Dec 14 12:33:10 cls sshd[50200]: Failed password for root from 103.117.57.134 port 42666 ssh2
Dec 14 12:33:10 cls sshd[50200]: Received disconnect from 103.117.57.134 port 42666:11: Bye Bye [preauth]
Dec 14 12:33:10 cls sshd[50200]: Disconnected from authenticating user root 103.117.57.134 port 42666 [preauth]
