Dec 14 00:54:28 cls sshd[32592]: pam_unix(sshd:auth): check pass; user unknown
Dec 14 00:54:28 cls sshd[32592]: pam_unix(sshd:auth): authentication failure; logname= uid=0 euid=0 tty=ssh ruser= rhost=189.90.33.23 
Dec 14 00:54:28 cls sshd[32594]: pam_unix(sshd:auth): authentication failure; logname= uid=0 euid=0 tty=ssh ruser= rhost=92.27.157.252  user=root
Dec 14 00:54:30 cls sshd[32592]: Failed password for invalid user user5 from 189.90.33.23 port 34858 ssh2
Dec 14 00:54:30 cls sshd[32594]: Failed password for root from 92.27.157.252 port 58728 ssh2
Dec 14 00:54:31 cls sshd[32594]: Received disconnect from 92.27.157.252 port 58728:11: Bye Bye [preauth]
Dec 14 00:54:31 cls sshd[32594]: Disconnected from authenticating user root 92.27.157.252 port 58728 [preauth]
Dec 14 00:54:31 cls sshd[32592]: Received disconnect from 189.90.33.23 port 34858:11: Bye Bye [preauth]
Dec 14 00:54:31 cls sshd[32592]: Disconnected from invalid user user5 189.90.33.23 port 34858 [preauth]
Dec 14 00:54:40 cls sshd[32596]: pam_unix(sshd:auth): authentication failure; logname= uid=0 euid=0 tty=ssh ruser= rhost=161.248.201.228  user=root
Dec 14 00:54:41 cls sshd[32598]: pam_unix(sshd:auth): authentication failure; logname= uid=0 euid=0 tty=ssh ruser= rhost=194.190.153.226  user=root
Dec 14 00:54:42 cls sshd[32596]: Failed password for root from 161.248.201.228 port 52582 ssh2
Dec 14 00:54:42 cls sshd[32596]: Received disconnect from 161.248.201.228 port 52582:11: Bye Bye [preauth]
Dec 14 00:54:42 cls sshd[32596]: Disconnected from authenticating user root 161.248.201.228 port 52582 [preauth]
Dec 14 00:54:43 cls sshd[32598]: Failed password for root from 194.190.153.226 port 41220 ssh2
Dec 14 00:54:44 cls sshd[32598]: Received disconnect from 194.190.153.226 port 41220:11: Bye Bye [preauth]
Dec 14 00:54:44 cls sshd[32598]: Disconnected from authenticating user root 194.190.153.226 port 41220 [preauth]
Dec 14 00:54:49 cls sshd[32600]: pam_unix(sshd:auth): authentication failure; logname= uid=0 euid=0 tty=ssh ruser= rhost=92.27.157.252  user=root
Dec 14 00:54:51 cls sshd[32600]: Failed password for root from 92.27.157.252 port 34062 ssh2
Dec 14 00:54:51 cls sshd[32600]: Received disconnect from 92.27.157.252 port 34062:11: Bye Bye [preauth]
Dec 14 00:54:51 cls sshd[32600]: Disconnected from authenticating user root 92.27.157.252 port 34062 [preauth]
Dec 14 00:55:09 cls sshd[32616]: pam_unix(sshd:auth): authentication failure; logname= uid=0 euid=0 tty=ssh ruser= rhost=92.27.157.252  user=root
Dec 14 00:55:10 cls sshd[32616]: Failed password for root from 92.27.157.252 port 37628 ssh2
Dec 14 00:55:11 cls sshd[32618]: Invalid user guest from 189.90.33.23 port 47416
Dec 14 00:55:11 cls sshd[32618]: pam_unix(sshd:auth): check pass; user unknown
Dec 14 00:55:11 cls sshd[32618]: pam_unix(sshd:auth): authentication failure; logname= uid=0 euid=0 tty=ssh ruser= rhost=189.90.33.23 
Dec 14 00:55:12 cls sshd[32616]: Received disconnect from 92.27.157.252 port 37628:11: Bye Bye [preauth]
Dec 14 00:55:12 cls sshd[32616]: Disconnected from authenticating user root 92.27.157.252 port 37628 [preauth]
Dec 14 00:55:13 cls sshd[32618]: Failed password for invalid user guest from 189.90.33.23 port 47416 ssh2
Dec 14 00:55:16 cls sshd[32618]: Received disconnect from 189.90.33.23 port 47416:11: Bye Bye [preauth]
Dec 14 00:55:16 cls sshd[32618]: Disconnected from invalid user guest 189.90.33.23 port 47416 [preauth]
Dec 14 00:55:28 cls sshd[32625]: Invalid user test from 92.27.157.252 port 41194
Dec 14 00:55:28 cls sshd[32625]: pam_unix(sshd:auth): check pass; user unknown
Dec 14 00:55:28 cls sshd[32625]: pam_unix(sshd:auth): authentication failure; logname= uid=0 euid=0 tty=ssh ruser= rhost=92.27.157.252 
Dec 14 00:55:30 cls sshd[32625]: Failed password for invalid user test from 92.27.157.252 port 41194 ssh2
Dec 14 00:55:32 cls sshd[32625]: Received disconnect from 92.27.157.252 port 41194:11: Bye Bye [preauth]
Dec 14 00:55:32 cls sshd[32625]: Disconnected from invalid user test 92.27.157.252 port 41194 [preauth]
Dec 14 00:55:49 cls sshd[32630]: pam_unix(sshd:auth): authentication failure; logname= uid=0 euid=0 tty=ssh ruser= rhost=92.27.157.252  user=root
Dec 14 00:55:52 cls sshd[32630]: Failed password for root from 92.27.157.252 port 44756 ssh2
Dec 14 00:55:55 cls sshd[32630]: Received disconnect from 92.27.157.252 port 44756:11: Bye Bye [preauth]
Dec 14 00:55:55 cls sshd[32630]: Disconnected from authenticating user root 92.27.157.252 port 44756 [preauth]
Dec 14 00:55:57 cls sshd[32632]: pam_unix(sshd:auth): authentication failure; logname= uid=0 euid=0 tty=ssh ruser= rhost=189.90.33.23  user=root
Dec 14 00:55:58 cls sshd[32632]: Failed password for root from 189.90.33.23 port 59968 ssh2
Dec 14 00:55:59 cls sshd[32632]: Received disconnect from 189.90.33.23 port 59968:11: Bye Bye [preauth]
Dec 14 00:55:59 cls sshd[32632]: Disconnected from authenticating user root 189.90.33.23 port 59968 [preauth]
Dec 14 00:56:09 cls sshd[32634]: Invalid user guest from 92.27.157.252 port 48326
Dec 14 00:56:09 cls sshd[32634]: pam_unix(sshd:auth): check pass; user unknown
Dec 14 00:56:09 cls sshd[32634]: pam_unix(sshd:auth): authentication failure; logname= uid=0 euid=0 tty=ssh ruser= rhost=92.27.157.252 
Dec 14 00:56:11 cls sshd[32634]: Failed password for invalid user guest from 92.27.157.252 port 48326 ssh2
Dec 14 00:56:12 cls sshd[32634]: Received disconnect from 92.27.157.252 port 48326:11: Bye Bye [preauth]
Dec 14 00:56:12 cls sshd[32634]: Disconnected from invalid user guest 92.27.157.252 port 48326 [preauth]
Dec 14 00:56:30 cls sshd[32636]: pam_unix(sshd:auth): authentication failure; logname= uid=0 euid=0 tty=ssh ruser= rhost=92.27.157.252  user=root
Dec 14 00:56:32 cls sshd[32636]: Failed password for root from 92.27.157.252 port 51892 ssh2
Dec 14 00:56:33 cls sshd[32636]: Received disconnect from 92.27.157.252 port 51892:11: Bye Bye [preauth]
Dec 14 00:56:33 cls sshd[32636]: Disconnected from authenticating user root 92.27.157.252 port 51892 [preauth]
Dec 14 00:56:38 cls sshd[32641]: Invalid user git from 189.90.33.23 port 44280
Dec 14 00:56:38 cls sshd[32641]: pam_unix(sshd:auth): check pass; user unknown
Dec 14 00:56:38 cls sshd[32641]: pam_unix(sshd:auth): authentication failure; logname= uid=0 euid=0 tty=ssh ruser= rhost=189.90.33.23 
Dec 14 00:56:41 cls sshd[32641]: Failed password for invalid user git from 189.90.33.23 port 44280 ssh2
Dec 14 00:56:41 cls sshd[32641]: Received disconnect from 189.90.33.23 port 44280:11: Bye Bye [preauth]
Dec 14 00:56:41 cls sshd[32641]: Disconnected from invalid user git 189.90.33.23 port 44280 [preauth]
Dec 14 00:56:46 cls sshd[32643]: Invalid user sandeep from 45.78.217.218 port 33192
Dec 14 00:56:46 cls sshd[32643]: pam_unix(sshd:auth): check pass; user unknown
Dec 14 00:56:46 cls sshd[32643]: pam_unix(sshd:auth): authentication failure; logname= uid=0 euid=0 tty=ssh ruser= rhost=45.78.217.218 
Dec 14 00:56:48 cls sshd[32643]: Failed password for invalid user sandeep from 45.78.217.218 port 33192 ssh2
Dec 14 00:56:50 cls sshd[32643]: Received disconnect from 45.78.217.218 port 33192:11: Bye Bye [preauth]
Dec 14 00:56:50 cls sshd[32643]: Disconnected from invalid user sandeep 45.78.217.218 port 33192 [preauth]
Dec 14 00:56:52 cls sshd[32645]: pam_unix(sshd:auth): authentication failure; logname= uid=0 euid=0 tty=ssh ruser= rhost=92.27.157.252  user=root
Dec 14 00:56:54 cls sshd[32645]: Failed password for root from 92.27.157.252 port 55460 ssh2
Dec 14 00:56:55 cls sshd[32645]: Received disconnect from 92.27.157.252 port 55460:11: Bye Bye [preauth]
Dec 14 00:56:55 cls sshd[32645]: Disconnected from authenticating user root 92.27.157.252 port 55460 [preauth]
Dec 14 00:57:03 cls sshd[32647]: Invalid user anand from 38.47.92.86 port 41862
Dec 14 00:57:03 cls sshd[32647]: pam_unix(sshd:auth): check pass; user unknown
Dec 14 00:57:03 cls sshd[32647]: pam_unix(sshd:auth): authentication failure; logname= uid=0 euid=0 tty=ssh ruser= rhost=38.47.92.86 
Dec 14 00:57:04 cls sshd[32647]: Failed password for invalid user anand from 38.47.92.86 port 41862 ssh2
Dec 14 00:57:05 cls sshd[32647]: Received disconnect from 38.47.92.86 port 41862:11: Bye Bye [preauth]
Dec 14 00:57:05 cls sshd[32647]: Disconnected from invalid user anand 38.47.92.86 port 41862 [preauth]
Dec 14 00:57:10 cls sshd[32649]: pam_unix(sshd:auth): authentication failure; logname= uid=0 euid=0 tty=ssh ruser= rhost=92.27.157.252  user=root
Dec 14 00:57:13 cls sshd[32649]: Failed password for root from 92.27.157.252 port 59024 ssh2
Dec 14 00:57:13 cls sshd[32649]: Received disconnect from 92.27.157.252 port 59024:11: Bye Bye [preauth]
Dec 14 00:57:13 cls sshd[32649]: Disconnected from authenticating user root 92.27.157.252 port 59024 [preauth]
Dec 14 00:57:30 cls sshd[32652]: Invalid user jenkins from 92.27.157.252 port 34355
Dec 14 00:57:30 cls sshd[32652]: pam_unix(sshd:auth): check pass; user unknown
Dec 14 00:57:30 cls sshd[32652]: pam_unix(sshd:auth): authentication failure; logname= uid=0 euid=0 tty=ssh ruser= rhost=92.27.157.252 
Dec 14 00:57:32 cls sshd[32652]: Failed password for invalid user jenkins from 92.27.157.252 port 34355 ssh2
Dec 14 00:57:33 cls sshd[32652]: Received disconnect from 92.27.157.252 port 34355:11: Bye Bye [preauth]
Dec 14 00:57:33 cls sshd[32652]: Disconnected from invalid user jenkins 92.27.157.252 port 34355 [preauth]
Dec 14 00:57:41 cls sshd[32656]: pam_unix(sshd:auth): authentication failure; logname= uid=0 euid=0 tty=ssh ruser= rhost=189.90.33.23  user=root
Dec 14 00:57:42 cls sshd[32656]: Failed password for root from 189.90.33.23 port 56820 ssh2
Dec 14 00:57:43 cls sshd[32656]: Received disconnect from 189.90.33.23 port 56820:11: Bye Bye [preauth]
Dec 14 00:57:43 cls sshd[32656]: Disconnected from authenticating user root 189.90.33.23 port 56820 [preauth]
Dec 14 00:57:49 cls sshd[32663]: Invalid user lakshmi from 104.168.56.59 port 33296
Dec 14 00:57:49 cls sshd[32663]: pam_unix(sshd:auth): check pass; user unknown
Dec 14 00:57:49 cls sshd[32663]: pam_unix(sshd:auth): authentication failure; logname= uid=0 euid=0 tty=ssh ruser= rhost=104.168.56.59 
Dec 14 00:57:50 cls sshd[32661]: pam_unix(sshd:auth): authentication failure; logname= uid=0 euid=0 tty=ssh ruser= rhost=92.27.157.252  user=root
Dec 14 00:57:51 cls sshd[32663]: Failed password for invalid user lakshmi from 104.168.56.59 port 33296 ssh2
Dec 14 00:57:52 cls sshd[32661]: Failed password for root from 92.27.157.252 port 37923 ssh2
Dec 14 00:57:52 cls sshd[32663]: Received disconnect from 104.168.56.59 port 33296:11: Bye Bye [preauth]
Dec 14 00:57:52 cls sshd[32663]: Disconnected from invalid user lakshmi 104.168.56.59 port 33296 [preauth]
Dec 14 00:57:52 cls sshd[32661]: Received disconnect from 92.27.157.252 port 37923:11: Bye Bye [preauth]
Dec 14 00:57:52 cls sshd[32661]: Disconnected from authenticating user root 92.27.157.252 port 37923 [preauth]
Dec 14 00:58:07 cls sshd[32669]: pam_unix(sshd:auth): authentication failure; logname= uid=0 euid=0 tty=ssh ruser= rhost=92.27.157.252  user=root
Dec 14 00:58:10 cls sshd[32669]: Failed password for root from 92.27.157.252 port 41492 ssh2
Dec 14 00:58:13 cls sshd[32669]: Received disconnect from 92.27.157.252 port 41492:11: Bye Bye [preauth]
Dec 14 00:58:13 cls sshd[32669]: Disconnected from authenticating user root 92.27.157.252 port 41492 [preauth]
Dec 14 00:58:20 cls sshd[32672]: pam_unix(sshd:auth): authentication failure; logname= uid=0 euid=0 tty=ssh ruser= rhost=189.90.33.23  user=root
Dec 14 00:58:22 cls sshd[32672]: Failed password for root from 189.90.33.23 port 41134 ssh2
Dec 14 00:58:23 cls sshd[32672]: Received disconnect from 189.90.33.23 port 41134:11: Bye Bye [preauth]
Dec 14 00:58:23 cls sshd[32672]: Disconnected from authenticating user root 189.90.33.23 port 41134 [preauth]
Dec 14 00:58:27 cls sshd[32674]: Invalid user git from 92.27.157.252 port 45053
Dec 14 00:58:27 cls sshd[32674]: pam_unix(sshd:auth): check pass; user unknown
Dec 14 00:58:27 cls sshd[32674]: pam_unix(sshd:auth): authentication failure; logname= uid=0 euid=0 tty=ssh ruser= rhost=92.27.157.252 
Dec 14 00:58:27 cls sshd[32676]: pam_unix(sshd:auth): authentication failure; logname= uid=0 euid=0 tty=ssh ruser= rhost=38.47.92.86  user=root
Dec 14 00:58:29 cls sshd[32674]: Failed password for invalid user git from 92.27.157.252 port 45053 ssh2
Dec 14 00:58:29 cls sshd[32676]: Failed password for root from 38.47.92.86 port 52444 ssh2
Dec 14 00:58:30 cls sshd[32676]: Received disconnect from 38.47.92.86 port 52444:11: Bye Bye [preauth]
Dec 14 00:58:30 cls sshd[32676]: Disconnected from authenticating user root 38.47.92.86 port 52444 [preauth]
Dec 14 00:58:30 cls sshd[32674]: Received disconnect from 92.27.157.252 port 45053:11: Bye Bye [preauth]
Dec 14 00:58:30 cls sshd[32674]: Disconnected from invalid user git 92.27.157.252 port 45053 [preauth]
Dec 14 00:58:42 cls sshd[32678]: pam_unix(sshd:auth): authentication failure; logname= uid=0 euid=0 tty=ssh ruser= rhost=194.190.153.226  user=root
Dec 14 00:58:44 cls sshd[32678]: Failed password for root from 194.190.153.226 port 59900 ssh2
Dec 14 00:58:45 cls sshd[32678]: Received disconnect from 194.190.153.226 port 59900:11: Bye Bye [preauth]
Dec 14 00:58:45 cls sshd[32678]: Disconnected from authenticating user root 194.190.153.226 port 59900 [preauth]
Dec 14 00:58:45 cls sshd[32680]: pam_unix(sshd:auth): authentication failure; logname= uid=0 euid=0 tty=ssh ruser= rhost=92.27.157.252  user=root
Dec 14 00:58:47 cls sshd[32680]: Failed password for root from 92.27.157.252 port 48619 ssh2
Dec 14 00:58:48 cls sshd[32680]: Received disconnect from 92.27.157.252 port 48619:11: Bye Bye [preauth]
Dec 14 00:58:48 cls sshd[32680]: Disconnected from authenticating user root 92.27.157.252 port 48619 [preauth]
Dec 14 00:59:01 cls sshd[32682]: pam_unix(sshd:auth): authentication failure; logname= uid=0 euid=0 tty=ssh ruser= rhost=189.90.33.23  user=root
Dec 14 00:59:03 cls sshd[32682]: Failed password for root from 189.90.33.23 port 53672 ssh2
Dec 14 00:59:03 cls sshd[32682]: Received disconnect from 189.90.33.23 port 53672:11: Bye Bye [preauth]
Dec 14 00:59:03 cls sshd[32682]: Disconnected from authenticating user root 189.90.33.23 port 53672 [preauth]
Dec 14 00:59:04 cls sshd[32684]: Invalid user mailuser from 92.27.157.252 port 52185
Dec 14 00:59:04 cls sshd[32684]: pam_unix(sshd:auth): check pass; user unknown
Dec 14 00:59:04 cls sshd[32684]: pam_unix(sshd:auth): authentication failure; logname= uid=0 euid=0 tty=ssh ruser= rhost=92.27.157.252 
Dec 14 00:59:04 cls sshd[32686]: pam_unix(sshd:auth): authentication failure; logname= uid=0 euid=0 tty=ssh ruser= rhost=38.47.92.86  user=root
Dec 14 00:59:05 cls sshd[32684]: Failed password for invalid user mailuser from 92.27.157.252 port 52185 ssh2
Dec 14 00:59:06 cls sshd[32686]: Failed password for root from 38.47.92.86 port 46288 ssh2
Dec 14 00:59:06 cls sshd[32684]: Received disconnect from 92.27.157.252 port 52185:11: Bye Bye [preauth]
Dec 14 00:59:06 cls sshd[32684]: Disconnected from invalid user mailuser 92.27.157.252 port 52185 [preauth]
Dec 14 00:59:07 cls sshd[32686]: Received disconnect from 38.47.92.86 port 46288:11: Bye Bye [preauth]
Dec 14 00:59:07 cls sshd[32686]: Disconnected from authenticating user root 38.47.92.86 port 46288 [preauth]
Dec 14 00:59:13 cls sshd[32691]: pam_unix(sshd:auth): authentication failure; logname= uid=0 euid=0 tty=ssh ruser= rhost=194.190.153.226  user=root
Dec 14 00:59:15 cls sshd[32691]: Failed password for root from 194.190.153.226 port 57388 ssh2
Dec 14 00:59:16 cls sshd[32691]: Received disconnect from 194.190.153.226 port 57388:11: Bye Bye [preauth]
Dec 14 00:59:16 cls sshd[32691]: Disconnected from authenticating user root 194.190.153.226 port 57388 [preauth]
Dec 14 00:59:27 cls sshd[32693]: Invalid user hik from 92.27.157.252 port 55750
Dec 14 00:59:27 cls sshd[32693]: pam_unix(sshd:auth): check pass; user unknown
Dec 14 00:59:27 cls sshd[32693]: pam_unix(sshd:auth): authentication failure; logname= uid=0 euid=0 tty=ssh ruser= rhost=92.27.157.252 
Dec 14 00:59:29 cls sshd[32693]: Failed password for invalid user hik from 92.27.157.252 port 55750 ssh2
Dec 14 00:59:30 cls sshd[32695]: pam_unix(sshd:auth): authentication failure; logname= uid=0 euid=0 tty=ssh ruser= rhost=161.248.201.228  user=root
Dec 14 00:59:31 cls sshd[32693]: Received disconnect from 92.27.157.252 port 55750:11: Bye Bye [preauth]
Dec 14 00:59:31 cls sshd[32693]: Disconnected from invalid user hik 92.27.157.252 port 55750 [preauth]
Dec 14 00:59:32 cls sshd[32695]: Failed password for root from 161.248.201.228 port 58058 ssh2
Dec 14 00:59:32 cls sshd[32695]: Received disconnect from 161.248.201.228 port 58058:11: Bye Bye [preauth]
Dec 14 00:59:32 cls sshd[32695]: Disconnected from authenticating user root 161.248.201.228 port 58058 [preauth]
Dec 14 00:59:40 cls sshd[32697]: Invalid user admin from 45.78.217.218 port 33488
Dec 14 00:59:40 cls sshd[32697]: pam_unix(sshd:auth): check pass; user unknown
Dec 14 00:59:40 cls sshd[32697]: pam_unix(sshd:auth): authentication failure; logname= uid=0 euid=0 tty=ssh ruser= rhost=45.78.217.218 
Dec 14 00:59:42 cls sshd[32697]: Failed password for invalid user admin from 45.78.217.218 port 33488 ssh2
Dec 14 00:59:44 cls sshd[32699]: pam_unix(sshd:auth): authentication failure; logname= uid=0 euid=0 tty=ssh ruser= rhost=38.47.92.86  user=root
Dec 14 00:59:44 cls sshd[32697]: Received disconnect from 45.78.217.218 port 33488:11: Bye Bye [preauth]
Dec 14 00:59:44 cls sshd[32697]: Disconnected from invalid user admin 45.78.217.218 port 33488 [preauth]
Dec 14 00:59:46 cls sshd[32701]: Invalid user nodered from 92.27.157.252 port 59317
Dec 14 00:59:46 cls sshd[32701]: pam_unix(sshd:auth): check pass; user unknown
Dec 14 00:59:46 cls sshd[32701]: pam_unix(sshd:auth): authentication failure; logname= uid=0 euid=0 tty=ssh ruser= rhost=92.27.157.252 
Dec 14 00:59:46 cls sshd[32699]: Failed password for root from 38.47.92.86 port 54678 ssh2
Dec 14 00:59:46 cls sshd[32703]: pam_unix(sshd:auth): authentication failure; logname= uid=0 euid=0 tty=ssh ruser= rhost=194.190.153.226  user=root
Dec 14 00:59:47 cls sshd[32699]: Received disconnect from 38.47.92.86 port 54678:11: Bye Bye [preauth]
Dec 14 00:59:47 cls sshd[32699]: Disconnected from authenticating user root 38.47.92.86 port 54678 [preauth]
Dec 14 00:59:48 cls sshd[32701]: Failed password for invalid user nodered from 92.27.157.252 port 59317 ssh2
Dec 14 00:59:48 cls sshd[32703]: Failed password for root from 194.190.153.226 port 47022 ssh2
Dec 14 00:59:48 cls sshd[32701]: Received disconnect from 92.27.157.252 port 59317:11: Bye Bye [preauth]
Dec 14 00:59:48 cls sshd[32701]: Disconnected from invalid user nodered 92.27.157.252 port 59317 [preauth]
Dec 14 00:59:49 cls sshd[32703]: Received disconnect from 194.190.153.226 port 47022:11: Bye Bye [preauth]
Dec 14 00:59:49 cls sshd[32703]: Disconnected from authenticating user root 194.190.153.226 port 47022 [preauth]
Dec 14 00:59:50 cls sshd[32710]: pam_unix(sshd:auth): authentication failure; logname= uid=0 euid=0 tty=ssh ruser= rhost=189.90.33.23  user=root
Dec 14 00:59:52 cls sshd[32710]: Failed password for root from 189.90.33.23 port 37980 ssh2
Dec 14 00:59:53 cls sshd[32710]: Received disconnect from 189.90.33.23 port 37980:11: Bye Bye [preauth]
Dec 14 00:59:53 cls sshd[32710]: Disconnected from authenticating user root 189.90.33.23 port 37980 [preauth]
Dec 14 01:00:01 cls CRON[32715]: pam_unix(cron:session): session opened for user akriveia by (uid=0)
Dec 14 01:00:01 cls CRON[32715]: pam_unix(cron:session): session closed for user akriveia
Dec 14 01:00:08 cls sshd[32723]: Invalid user amalia from 161.248.201.228 port 50744
Dec 14 01:00:08 cls sshd[32723]: pam_unix(sshd:auth): check pass; user unknown
Dec 14 01:00:08 cls sshd[32723]: pam_unix(sshd:auth): authentication failure; logname= uid=0 euid=0 tty=ssh ruser= rhost=161.248.201.228 
Dec 14 01:00:09 cls sshd[32721]: pam_unix(sshd:auth): authentication failure; logname= uid=0 euid=0 tty=ssh ruser= rhost=92.27.157.252  user=root
Dec 14 01:00:10 cls sshd[32723]: Failed password for invalid user amalia from 161.248.201.228 port 50744 ssh2
Dec 14 01:00:10 cls sshd[32723]: Received disconnect from 161.248.201.228 port 50744:11: Bye Bye [preauth]
Dec 14 01:00:10 cls sshd[32723]: Disconnected from invalid user amalia 161.248.201.228 port 50744 [preauth]
Dec 14 01:00:11 cls sshd[32721]: Failed password for root from 92.27.157.252 port 34650 ssh2
Dec 14 01:00:11 cls sshd[32721]: Received disconnect from 92.27.157.252 port 34650:11: Bye Bye [preauth]
Dec 14 01:00:11 cls sshd[32721]: Disconnected from authenticating user root 92.27.157.252 port 34650 [preauth]
Dec 14 01:00:18 cls sshd[32725]: Invalid user test from 104.168.56.59 port 45298
Dec 14 01:00:18 cls sshd[32725]: pam_unix(sshd:auth): check pass; user unknown
Dec 14 01:00:18 cls sshd[32725]: pam_unix(sshd:auth): authentication failure; logname= uid=0 euid=0 tty=ssh ruser= rhost=104.168.56.59 
Dec 14 01:00:20 cls sshd[32725]: Failed password for invalid user test from 104.168.56.59 port 45298 ssh2
Dec 14 01:00:21 cls sshd[32725]: Received disconnect from 104.168.56.59 port 45298:11: Bye Bye [preauth]
Dec 14 01:00:21 cls sshd[32725]: Disconnected from invalid user test 104.168.56.59 port 45298 [preauth]
Dec 14 01:00:23 cls sshd[32727]: pam_unix(sshd:auth): authentication failure; logname= uid=0 euid=0 tty=ssh ruser= rhost=194.190.153.226  user=root
Dec 14 01:00:25 cls sshd[32727]: Failed password for root from 194.190.153.226 port 60594 ssh2
Dec 14 01:00:25 cls sshd[32727]: Received disconnect from 194.190.153.226 port 60594:11: Bye Bye [preauth]
Dec 14 01:00:25 cls sshd[32727]: Disconnected from authenticating user root 194.190.153.226 port 60594 [preauth]
Dec 14 01:00:26 cls sshd[32734]: pam_unix(sshd:auth): authentication failure; logname= uid=0 euid=0 tty=ssh ruser= rhost=38.47.92.86  user=root
Dec 14 01:00:28 cls sshd[32736]: pam_unix(sshd:auth): authentication failure; logname= uid=0 euid=0 tty=ssh ruser= rhost=92.27.157.252  user=root
Dec 14 01:00:28 cls sshd[32734]: Failed password for root from 38.47.92.86 port 41052 ssh2
Dec 14 01:00:28 cls sshd[32734]: Received disconnect from 38.47.92.86 port 41052:11: Bye Bye [preauth]
Dec 14 01:00:28 cls sshd[32734]: Disconnected from authenticating user root 38.47.92.86 port 41052 [preauth]
Dec 14 01:00:29 cls sshd[32736]: Failed password for root from 92.27.157.252 port 38215 ssh2
Dec 14 01:00:30 cls sshd[32736]: Received disconnect from 92.27.157.252 port 38215:11: Bye Bye [preauth]
Dec 14 01:00:30 cls sshd[32736]: Disconnected from authenticating user root 92.27.157.252 port 38215 [preauth]
Dec 14 01:00:35 cls sshd[32740]: pam_unix(sshd:auth): authentication failure; logname= uid=0 euid=0 tty=ssh ruser= rhost=189.90.33.23  user=root
Dec 14 01:00:37 cls sshd[32740]: Failed password for root from 189.90.33.23 port 50562 ssh2
Dec 14 01:00:38 cls sshd[32740]: Received disconnect from 189.90.33.23 port 50562:11: Bye Bye [preauth]
Dec 14 01:00:38 cls sshd[32740]: Disconnected from authenticating user root 189.90.33.23 port 50562 [preauth]
Dec 14 01:00:47 cls sshd[32744]: pam_unix(sshd:auth): authentication failure; logname= uid=0 euid=0 tty=ssh ruser= rhost=161.248.201.228  user=root
Dec 14 01:00:47 cls sshd[32742]: pam_unix(sshd:auth): authentication failure; logname= uid=0 euid=0 tty=ssh ruser= rhost=92.27.157.252  user=root
Dec 14 01:00:49 cls sshd[32744]: Failed password for root from 161.248.201.228 port 46538 ssh2
Dec 14 01:00:49 cls sshd[32742]: Failed password for root from 92.27.157.252 port 41781 ssh2
Dec 14 01:00:50 cls sshd[32744]: Received disconnect from 161.248.201.228 port 46538:11: Bye Bye [preauth]
Dec 14 01:00:50 cls sshd[32744]: Disconnected from authenticating user root 161.248.201.228 port 46538 [preauth]
Dec 14 01:00:50 cls sshd[32742]: Received disconnect from 92.27.157.252 port 41781:11: Bye Bye [preauth]
Dec 14 01:00:50 cls sshd[32742]: Disconnected from authenticating user root 92.27.157.252 port 41781 [preauth]
Dec 14 01:00:53 cls sshd[32751]: pam_unix(sshd:auth): authentication failure; logname= uid=0 euid=0 tty=ssh ruser= rhost=104.168.56.59  user=root
Dec 14 01:00:56 cls sshd[32751]: Failed password for root from 104.168.56.59 port 58176 ssh2
Dec 14 01:00:56 cls sshd[32751]: Received disconnect from 104.168.56.59 port 58176:11: Bye Bye [preauth]
Dec 14 01:00:56 cls sshd[32751]: Disconnected from authenticating user root 104.168.56.59 port 58176 [preauth]
Dec 14 01:00:57 cls sshd[32758]: pam_unix(sshd:auth): authentication failure; logname= uid=0 euid=0 tty=ssh ruser= rhost=194.190.153.226  user=root
Dec 14 01:01:00 cls sshd[32758]: Failed password for root from 194.190.153.226 port 56618 ssh2
Dec 14 01:01:03 cls sshd[32758]: Received disconnect from 194.190.153.226 port 56618:11: Bye Bye [preauth]
Dec 14 01:01:03 cls sshd[32758]: Disconnected from authenticating user root 194.190.153.226 port 56618 [preauth]
Dec 14 01:01:06 cls sshd[32763]: Invalid user test from 38.47.92.86 port 59828
Dec 14 01:01:06 cls sshd[32763]: pam_unix(sshd:auth): check pass; user unknown
Dec 14 01:01:06 cls sshd[32763]: pam_unix(sshd:auth): authentication failure; logname= uid=0 euid=0 tty=ssh ruser= rhost=38.47.92.86 
Dec 14 01:01:07 cls sshd[32760]: Invalid user anand from 92.27.157.252 port 45347
Dec 14 01:01:07 cls sshd[32760]: pam_unix(sshd:auth): check pass; user unknown
Dec 14 01:01:07 cls sshd[32760]: pam_unix(sshd:auth): authentication failure; logname= uid=0 euid=0 tty=ssh ruser= rhost=92.27.157.252 
Dec 14 01:01:09 cls sshd[32763]: Failed password for invalid user test from 38.47.92.86 port 59828 ssh2
Dec 14 01:01:09 cls sshd[32760]: Failed password for invalid user anand from 92.27.157.252 port 45347 ssh2
Dec 14 01:01:10 cls sshd[32763]: Received disconnect from 38.47.92.86 port 59828:11: Bye Bye [preauth]
Dec 14 01:01:10 cls sshd[32763]: Disconnected from invalid user test 38.47.92.86 port 59828 [preauth]
Dec 14 01:01:10 cls sshd[32760]: Received disconnect from 92.27.157.252 port 45347:11: Bye Bye [preauth]
Dec 14 01:01:10 cls sshd[32760]: Disconnected from invalid user anand 92.27.157.252 port 45347 [preauth]
Dec 14 01:01:16 cls sshd[32769]: Invalid user jenkins from 189.90.33.23 port 34866
Dec 14 01:01:16 cls sshd[32769]: pam_unix(sshd:auth): check pass; user unknown
Dec 14 01:01:16 cls sshd[32769]: pam_unix(sshd:auth): authentication failure; logname= uid=0 euid=0 tty=ssh ruser= rhost=189.90.33.23 
Dec 14 01:01:18 cls sshd[32769]: Failed password for invalid user jenkins from 189.90.33.23 port 34866 ssh2
Dec 14 01:01:20 cls sshd[32769]: Received disconnect from 189.90.33.23 port 34866:11: Bye Bye [preauth]
Dec 14 01:01:20 cls sshd[32769]: Disconnected from invalid user jenkins 189.90.33.23 port 34866 [preauth]
Dec 14 01:01:26 cls sshd[32774]: pam_unix(sshd:auth): authentication failure; logname= uid=0 euid=0 tty=ssh ruser= rhost=92.27.157.252  user=root
Dec 14 01:01:26 cls sshd[32776]: pam_unix(sshd:auth): authentication failure; logname= uid=0 euid=0 tty=ssh ruser= rhost=161.248.201.228  user=root
Dec 14 01:01:28 cls sshd[32774]: Failed password for root from 92.27.157.252 port 48913 ssh2
Dec 14 01:01:28 cls sshd[32776]: Failed password for root from 161.248.201.228 port 48832 ssh2
Dec 14 01:01:29 cls sshd[32774]: Received disconnect from 92.27.157.252 port 48913:11: Bye Bye [preauth]
Dec 14 01:01:29 cls sshd[32774]: Disconnected from authenticating user root 92.27.157.252 port 48913 [preauth]
Dec 14 01:01:29 cls sshd[32776]: Received disconnect from 161.248.201.228 port 48832:11: Bye Bye [preauth]
Dec 14 01:01:29 cls sshd[32776]: Disconnected from authenticating user root 161.248.201.228 port 48832 [preauth]
Dec 14 01:01:29 cls sshd[32778]: pam_unix(sshd:auth): authentication failure; logname= uid=0 euid=0 tty=ssh ruser= rhost=104.168.56.59  user=root
Dec 14 01:01:31 cls sshd[32778]: Failed password for root from 104.168.56.59 port 37102 ssh2
Dec 14 01:01:31 cls sshd[32780]: Invalid user sfserver from 194.190.153.226 port 60822
Dec 14 01:01:31 cls sshd[32780]: pam_unix(sshd:auth): check pass; user unknown
Dec 14 01:01:31 cls sshd[32780]: pam_unix(sshd:auth): authentication failure; logname= uid=0 euid=0 tty=ssh ruser= rhost=194.190.153.226 
Dec 14 01:01:32 cls sshd[32778]: Received disconnect from 104.168.56.59 port 37102:11: Bye Bye [preauth]
Dec 14 01:01:32 cls sshd[32778]: Disconnected from authenticating user root 104.168.56.59 port 37102 [preauth]
Dec 14 01:01:33 cls sshd[32780]: Failed password for invalid user sfserver from 194.190.153.226 port 60822 ssh2
Dec 14 01:01:35 cls sshd[32780]: Received disconnect from 194.190.153.226 port 60822:11: Bye Bye [preauth]
Dec 14 01:01:35 cls sshd[32780]: Disconnected from invalid user sfserver 194.190.153.226 port 60822 [preauth]
Dec 14 01:01:46 cls sshd[32782]: Invalid user tunnel from 92.27.157.252 port 52478
Dec 14 01:01:46 cls sshd[32782]: pam_unix(sshd:auth): check pass; user unknown
Dec 14 01:01:46 cls sshd[32782]: pam_unix(sshd:auth): authentication failure; logname= uid=0 euid=0 tty=ssh ruser= rhost=92.27.157.252 
Dec 14 01:01:49 cls sshd[32782]: Failed password for invalid user tunnel from 92.27.157.252 port 52478 ssh2
Dec 14 01:01:50 cls sshd[32784]: pam_unix(sshd:auth): authentication failure; logname= uid=0 euid=0 tty=ssh ruser= rhost=38.47.92.86  user=root
Dec 14 01:01:51 cls sshd[32782]: Received disconnect from 92.27.157.252 port 52478:11: Bye Bye [preauth]
Dec 14 01:01:51 cls sshd[32782]: Disconnected from invalid user tunnel 92.27.157.252 port 52478 [preauth]
Dec 14 01:01:52 cls sshd[32784]: Failed password for root from 38.47.92.86 port 50922 ssh2
Dec 14 01:01:53 cls sshd[32784]: Received disconnect from 38.47.92.86 port 50922:11: Bye Bye [preauth]
Dec 14 01:01:53 cls sshd[32784]: Disconnected from authenticating user root 38.47.92.86 port 50922 [preauth]
Dec 14 01:01:55 cls sshd[32786]: pam_unix(sshd:auth): authentication failure; logname= uid=0 euid=0 tty=ssh ruser= rhost=189.90.33.23  user=root
Dec 14 01:01:58 cls sshd[32786]: Failed password for root from 189.90.33.23 port 47416 ssh2
Dec 14 01:01:58 cls sshd[32786]: Received disconnect from 189.90.33.23 port 47416:11: Bye Bye [preauth]
Dec 14 01:01:58 cls sshd[32786]: Disconnected from authenticating user root 189.90.33.23 port 47416 [preauth]
Dec 14 01:02:03 cls sshd[32790]: pam_unix(sshd:auth): authentication failure; logname= uid=0 euid=0 tty=ssh ruser= rhost=161.248.201.228  user=root
Dec 14 01:02:03 cls sshd[32788]: pam_unix(sshd:auth): authentication failure; logname= uid=0 euid=0 tty=ssh ruser= rhost=104.168.56.59  user=root
Dec 14 01:02:04 cls sshd[32792]: Invalid user mailuser from 194.190.153.226 port 35062
Dec 14 01:02:04 cls sshd[32792]: pam_unix(sshd:auth): check pass; user unknown
Dec 14 01:02:04 cls sshd[32792]: pam_unix(sshd:auth): authentication failure; logname= uid=0 euid=0 tty=ssh ruser= rhost=194.190.153.226 
Dec 14 01:02:06 cls sshd[32790]: Failed password for root from 161.248.201.228 port 59206 ssh2
Dec 14 01:02:06 cls sshd[32788]: Failed password for root from 104.168.56.59 port 33674 ssh2
Dec 14 01:02:06 cls sshd[32792]: Failed password for invalid user mailuser from 194.190.153.226 port 35062 ssh2
Dec 14 01:02:07 cls sshd[32792]: Received disconnect from 194.190.153.226 port 35062:11: Bye Bye [preauth]
Dec 14 01:02:07 cls sshd[32792]: Disconnected from invalid user mailuser 194.190.153.226 port 35062 [preauth]
Dec 14 01:02:08 cls sshd[32797]: pam_unix(sshd:auth): authentication failure; logname= uid=0 euid=0 tty=ssh ruser= rhost=92.27.157.252  user=root
Dec 14 01:02:08 cls sshd[32790]: Received disconnect from 161.248.201.228 port 59206:11: Bye Bye [preauth]
Dec 14 01:02:08 cls sshd[32790]: Disconnected from authenticating user root 161.248.201.228 port 59206 [preauth]
Dec 14 01:02:08 cls sshd[32788]: Received disconnect from 104.168.56.59 port 33674:11: Bye Bye [preauth]
Dec 14 01:02:08 cls sshd[32788]: Disconnected from authenticating user root 104.168.56.59 port 33674 [preauth]
Dec 14 01:02:10 cls sshd[32797]: Failed password for root from 92.27.157.252 port 56045 ssh2
Dec 14 01:02:11 cls sshd[32797]: Received disconnect from 92.27.157.252 port 56045:11: Bye Bye [preauth]
Dec 14 01:02:11 cls sshd[32797]: Disconnected from authenticating user root 92.27.157.252 port 56045 [preauth]
Dec 14 01:02:16 cls sshd[32799]: pam_unix(sshd:auth): authentication failure; logname= uid=0 euid=0 tty=ssh ruser= rhost=45.78.217.218  user=root
Dec 14 01:02:18 cls sshd[32799]: Failed password for root from 45.78.217.218 port 40240 ssh2
Dec 14 01:02:21 cls sshd[32799]: Received disconnect from 45.78.217.218 port 40240:11: Bye Bye [preauth]
Dec 14 01:02:21 cls sshd[32799]: Disconnected from authenticating user root 45.78.217.218 port 40240 [preauth]
Dec 14 01:02:26 cls sshd[32806]: Invalid user user5 from 92.27.157.252 port 59611
Dec 14 01:02:26 cls sshd[32806]: pam_unix(sshd:auth): check pass; user unknown
Dec 14 01:02:26 cls sshd[32806]: pam_unix(sshd:auth): authentication failure; logname= uid=0 euid=0 tty=ssh ruser= rhost=92.27.157.252 
Dec 14 01:02:29 cls sshd[32806]: Failed password for invalid user user5 from 92.27.157.252 port 59611 ssh2
Dec 14 01:02:29 cls sshd[32806]: Received disconnect from 92.27.157.252 port 59611:11: Bye Bye [preauth]
Dec 14 01:02:29 cls sshd[32806]: Disconnected from invalid user user5 92.27.157.252 port 59611 [preauth]
Dec 14 01:02:33 cls sshd[32812]: Invalid user git from 38.47.92.86 port 35576
Dec 14 01:02:33 cls sshd[32812]: pam_unix(sshd:auth): check pass; user unknown
Dec 14 01:02:33 cls sshd[32812]: pam_unix(sshd:auth): authentication failure; logname= uid=0 euid=0 tty=ssh ruser= rhost=38.47.92.86 
Dec 14 01:02:35 cls sshd[32812]: Failed password for invalid user git from 38.47.92.86 port 35576 ssh2
Dec 14 01:02:35 cls sshd[32818]: pam_unix(sshd:auth): authentication failure; logname= uid=0 euid=0 tty=ssh ruser= rhost=104.168.56.59  user=root
Dec 14 01:02:35 cls sshd[32817]: Invalid user tunnel from 189.90.33.23 port 59952
Dec 14 01:02:35 cls sshd[32817]: pam_unix(sshd:auth): check pass; user unknown
Dec 14 01:02:35 cls sshd[32817]: pam_unix(sshd:auth): authentication failure; logname= uid=0 euid=0 tty=ssh ruser= rhost=189.90.33.23 
Dec 14 01:02:36 cls sshd[32812]: Received disconnect from 38.47.92.86 port 35576:11: Bye Bye [preauth]
Dec 14 01:02:36 cls sshd[32812]: Disconnected from invalid user git 38.47.92.86 port 35576 [preauth]
Dec 14 01:02:36 cls sshd[32821]: pam_unix(sshd:auth): authentication failure; logname= uid=0 euid=0 tty=ssh ruser= rhost=194.190.153.226  user=root
Dec 14 01:02:36 cls sshd[32818]: Failed password for root from 104.168.56.59 port 38644 ssh2
Dec 14 01:02:37 cls sshd[32817]: Failed password for invalid user tunnel from 189.90.33.23 port 59952 ssh2
Dec 14 01:02:38 cls sshd[32817]: Received disconnect from 189.90.33.23 port 59952:11: Bye Bye [preauth]
Dec 14 01:02:38 cls sshd[32817]: Disconnected from invalid user tunnel 189.90.33.23 port 59952 [preauth]
Dec 14 01:02:38 cls sshd[32818]: Received disconnect from 104.168.56.59 port 38644:11: Bye Bye [preauth]
Dec 14 01:02:38 cls sshd[32818]: Disconnected from authenticating user root 104.168.56.59 port 38644 [preauth]
Dec 14 01:02:38 cls sshd[32821]: Failed password for root from 194.190.153.226 port 54872 ssh2
Dec 14 01:02:39 cls sshd[32821]: Received disconnect from 194.190.153.226 port 54872:11: Bye Bye [preauth]
Dec 14 01:02:39 cls sshd[32821]: Disconnected from authenticating user root 194.190.153.226 port 54872 [preauth]
Dec 14 01:02:40 cls sshd[32825]: Invalid user tw from 161.248.201.228 port 55648
Dec 14 01:02:40 cls sshd[32825]: pam_unix(sshd:auth): check pass; user unknown
Dec 14 01:02:40 cls sshd[32825]: pam_unix(sshd:auth): authentication failure; logname= uid=0 euid=0 tty=ssh ruser= rhost=161.248.201.228 
Dec 14 01:02:42 cls sshd[32825]: Failed password for invalid user tw from 161.248.201.228 port 55648 ssh2
Dec 14 01:02:43 cls sshd[32825]: Received disconnect from 161.248.201.228 port 55648:11: Bye Bye [preauth]
Dec 14 01:02:43 cls sshd[32825]: Disconnected from invalid user tw 161.248.201.228 port 55648 [preauth]
Dec 14 01:02:45 cls sshd[32827]: Invalid user dev from 92.27.157.252 port 34945
Dec 14 01:02:45 cls sshd[32827]: pam_unix(sshd:auth): check pass; user unknown
Dec 14 01:02:45 cls sshd[32827]: pam_unix(sshd:auth): authentication failure; logname= uid=0 euid=0 tty=ssh ruser= rhost=92.27.157.252 
Dec 14 01:02:47 cls sshd[32827]: Failed password for invalid user dev from 92.27.157.252 port 34945 ssh2
Dec 14 01:02:49 cls sshd[32827]: Received disconnect from 92.27.157.252 port 34945:11: Bye Bye [preauth]
Dec 14 01:02:49 cls sshd[32827]: Disconnected from invalid user dev 92.27.157.252 port 34945 [preauth]
Dec 14 01:03:03 cls sshd[32829]: pam_unix(sshd:auth): authentication failure; logname= uid=0 euid=0 tty=ssh ruser= rhost=92.27.157.252  user=root
Dec 14 01:03:06 cls sshd[32829]: Failed password for root from 92.27.157.252 port 38507 ssh2
Dec 14 01:03:06 cls sshd[32829]: Received disconnect from 92.27.157.252 port 38507:11: Bye Bye [preauth]
Dec 14 01:03:06 cls sshd[32829]: Disconnected from authenticating user root 92.27.157.252 port 38507 [preauth]
Dec 14 01:03:08 cls sshd[32831]: Invalid user anand from 194.190.153.226 port 53642
Dec 14 01:03:08 cls sshd[32831]: pam_unix(sshd:auth): check pass; user unknown
Dec 14 01:03:08 cls sshd[32831]: pam_unix(sshd:auth): authentication failure; logname= uid=0 euid=0 tty=ssh ruser= rhost=194.190.153.226 
Dec 14 01:03:10 cls sshd[32831]: Failed password for invalid user anand from 194.190.153.226 port 53642 ssh2
Dec 14 01:03:10 cls sshd[32833]: Invalid user ria from 104.168.56.59 port 52910
Dec 14 01:03:10 cls sshd[32833]: pam_unix(sshd:auth): check pass; user unknown
Dec 14 01:03:10 cls sshd[32833]: pam_unix(sshd:auth): authentication failure; logname= uid=0 euid=0 tty=ssh ruser= rhost=104.168.56.59 
Dec 14 01:03:11 cls sshd[32831]: Received disconnect from 194.190.153.226 port 53642:11: Bye Bye [preauth]
Dec 14 01:03:11 cls sshd[32831]: Disconnected from invalid user anand 194.190.153.226 port 53642 [preauth]
Dec 14 01:03:11 cls sshd[32833]: Failed password for invalid user ria from 104.168.56.59 port 52910 ssh2
Dec 14 01:03:12 cls sshd[32833]: Received disconnect from 104.168.56.59 port 52910:11: Bye Bye [preauth]
Dec 14 01:03:12 cls sshd[32833]: Disconnected from invalid user ria 104.168.56.59 port 52910 [preauth]
Dec 14 01:03:13 cls sshd[32835]: Invalid user test from 189.90.33.23 port 44258
Dec 14 01:03:13 cls sshd[32835]: pam_unix(sshd:auth): check pass; user unknown
Dec 14 01:03:13 cls sshd[32835]: pam_unix(sshd:auth): authentication failure; logname= uid=0 euid=0 tty=ssh ruser= rhost=189.90.33.23 
Dec 14 01:03:15 cls sshd[32835]: Failed password for invalid user test from 189.90.33.23 port 44258 ssh2
Dec 14 01:03:16 cls sshd[32835]: Received disconnect from 189.90.33.23 port 44258:11: Bye Bye [preauth]
Dec 14 01:03:16 cls sshd[32835]: Disconnected from invalid user test 189.90.33.23 port 44258 [preauth]
Dec 14 01:03:16 cls sshd[32840]: Invalid user tunnel from 38.47.92.86 port 45178
Dec 14 01:03:16 cls sshd[32840]: pam_unix(sshd:auth): check pass; user unknown
Dec 14 01:03:16 cls sshd[32840]: pam_unix(sshd:auth): authentication failure; logname= uid=0 euid=0 tty=ssh ruser= rhost=38.47.92.86 
Dec 14 01:03:16 cls sshd[32842]: pam_unix(sshd:auth): authentication failure; logname= uid=0 euid=0 tty=ssh ruser= rhost=161.248.201.228  user=root
Dec 14 01:03:18 cls sshd[32840]: Failed password for invalid user tunnel from 38.47.92.86 port 45178 ssh2
Dec 14 01:03:19 cls sshd[32842]: Failed password for root from 161.248.201.228 port 41312 ssh2
Dec 14 01:03:19 cls sshd[32842]: Received disconnect from 161.248.201.228 port 41312:11: Bye Bye [preauth]
Dec 14 01:03:19 cls sshd[32842]: Disconnected from authenticating user root 161.248.201.228 port 41312 [preauth]
Dec 14 01:03:20 cls sshd[32840]: Received disconnect from 38.47.92.86 port 45178:11: Bye Bye [preauth]
Dec 14 01:03:20 cls sshd[32840]: Disconnected from invalid user tunnel 38.47.92.86 port 45178 [preauth]
Dec 14 01:03:34 cls sshd[32847]: Invalid user root2 from 45.78.217.218 port 59028
Dec 14 01:03:34 cls sshd[32847]: pam_unix(sshd:auth): check pass; user unknown
Dec 14 01:03:34 cls sshd[32847]: pam_unix(sshd:auth): authentication failure; logname= uid=0 euid=0 tty=ssh ruser= rhost=45.78.217.218 
Dec 14 01:03:36 cls sshd[32847]: Failed password for invalid user root2 from 45.78.217.218 port 59028 ssh2
Dec 14 01:03:37 cls sshd[32847]: Received disconnect from 45.78.217.218 port 59028:11: Bye Bye [preauth]
Dec 14 01:03:37 cls sshd[32847]: Disconnected from invalid user root2 45.78.217.218 port 59028 [preauth]
Dec 14 01:03:38 cls sshd[32849]: pam_unix(sshd:auth): authentication failure; logname= uid=0 euid=0 tty=ssh ruser= rhost=194.190.153.226  user=root
Dec 14 01:03:40 cls sshd[32849]: Failed password for root from 194.190.153.226 port 46382 ssh2
Dec 14 01:03:41 cls sshd[32849]: Received disconnect from 194.190.153.226 port 46382:11: Bye Bye [preauth]
Dec 14 01:03:41 cls sshd[32849]: Disconnected from authenticating user root 194.190.153.226 port 46382 [preauth]
Dec 14 01:03:42 cls sshd[32851]: pam_unix(sshd:auth): authentication failure; logname= uid=0 euid=0 tty=ssh ruser= rhost=104.168.56.59  user=root
Dec 14 01:03:44 cls sshd[32851]: Failed password for root from 104.168.56.59 port 46190 ssh2
Dec 14 01:03:45 cls sshd[32851]: Received disconnect from 104.168.56.59 port 46190:11: Bye Bye [preauth]
Dec 14 01:03:45 cls sshd[32851]: Disconnected from authenticating user root 104.168.56.59 port 46190 [preauth]
Dec 14 01:03:47 cls sshd[32853]: Invalid user admin from 87.121.84.65 port 31434
Dec 14 01:03:47 cls sshd[32853]: pam_unix(sshd:auth): check pass; user unknown
Dec 14 01:03:47 cls sshd[32853]: pam_unix(sshd:auth): authentication failure; logname= uid=0 euid=0 tty=ssh ruser= rhost=87.121.84.65 
Dec 14 01:03:49 cls sshd[32853]: Failed password for invalid user admin from 87.121.84.65 port 31434 ssh2
Dec 14 01:03:50 cls sshd[32853]: Received disconnect from 87.121.84.65 port 31434:11: Bye Bye [preauth]
Dec 14 01:03:50 cls sshd[32853]: Disconnected from invalid user admin 87.121.84.65 port 31434 [preauth]
Dec 14 01:03:54 cls sshd[32855]: pam_unix(sshd:auth): authentication failure; logname= uid=0 euid=0 tty=ssh ruser= rhost=161.248.201.228  user=root
Dec 14 01:03:55 cls sshd[32857]: pam_unix(sshd:auth): authentication failure; logname= uid=0 euid=0 tty=ssh ruser= rhost=189.90.33.23  user=root
Dec 14 01:03:56 cls sshd[32855]: Failed password for root from 161.248.201.228 port 56626 ssh2
Dec 14 01:03:56 cls sshd[32855]: Received disconnect from 161.248.201.228 port 56626:11: Bye Bye [preauth]
Dec 14 01:03:56 cls sshd[32855]: Disconnected from authenticating user root 161.248.201.228 port 56626 [preauth]
Dec 14 01:03:57 cls sshd[32857]: Failed password for root from 189.90.33.23 port 56806 ssh2
Dec 14 01:03:58 cls sshd[32857]: Received disconnect from 189.90.33.23 port 56806:11: Bye Bye [preauth]
Dec 14 01:03:58 cls sshd[32857]: Disconnected from authenticating user root 189.90.33.23 port 56806 [preauth]
Dec 14 01:04:00 cls sshd[32859]: pam_unix(sshd:auth): authentication failure; logname= uid=0 euid=0 tty=ssh ruser= rhost=38.47.92.86  user=root
Dec 14 01:04:02 cls sshd[32859]: Failed password for root from 38.47.92.86 port 41788 ssh2
Dec 14 01:04:02 cls sshd[32859]: Received disconnect from 38.47.92.86 port 41788:11: Bye Bye [preauth]
Dec 14 01:04:02 cls sshd[32859]: Disconnected from authenticating user root 38.47.92.86 port 41788 [preauth]
Dec 14 01:04:09 cls sshd[32861]: Invalid user tunnel from 194.190.153.226 port 54508
Dec 14 01:04:09 cls sshd[32861]: pam_unix(sshd:auth): check pass; user unknown
Dec 14 01:04:09 cls sshd[32861]: pam_unix(sshd:auth): authentication failure; logname= uid=0 euid=0 tty=ssh ruser= rhost=194.190.153.226 
Dec 14 01:04:11 cls sshd[32861]: Failed password for invalid user tunnel from 194.190.153.226 port 54508 ssh2
Dec 14 01:04:13 cls sshd[32861]: Received disconnect from 194.190.153.226 port 54508:11: Bye Bye [preauth]
Dec 14 01:04:13 cls sshd[32861]: Disconnected from invalid user tunnel 194.190.153.226 port 54508 [preauth]
Dec 14 01:04:16 cls sshd[32866]: Invalid user cyber from 104.168.56.59 port 35860
Dec 14 01:04:16 cls sshd[32866]: pam_unix(sshd:auth): check pass; user unknown
Dec 14 01:04:16 cls sshd[32866]: pam_unix(sshd:auth): authentication failure; logname= uid=0 euid=0 tty=ssh ruser= rhost=104.168.56.59 
Dec 14 01:04:18 cls sshd[32866]: Failed password for invalid user cyber from 104.168.56.59 port 35860 ssh2
Dec 14 01:04:18 cls sshd[32866]: Received disconnect from 104.168.56.59 port 35860:11: Bye Bye [preauth]
Dec 14 01:04:18 cls sshd[32866]: Disconnected from invalid user cyber 104.168.56.59 port 35860 [preauth]
Dec 14 01:04:29 cls sshd[32870]: pam_unix(sshd:auth): authentication failure; logname= uid=0 euid=0 tty=ssh ruser= rhost=161.248.201.228  user=root
Dec 14 01:04:31 cls sshd[32870]: Failed password for root from 161.248.201.228 port 42670 ssh2
Dec 14 01:04:32 cls sshd[32870]: Received disconnect from 161.248.201.228 port 42670:11: Bye Bye [preauth]
Dec 14 01:04:32 cls sshd[32870]: Disconnected from authenticating user root 161.248.201.228 port 42670 [preauth]
Dec 14 01:04:33 cls sshd[32872]: Invalid user hik from 189.90.33.23 port 41108
Dec 14 01:04:33 cls sshd[32872]: pam_unix(sshd:auth): check pass; user unknown
Dec 14 01:04:33 cls sshd[32872]: pam_unix(sshd:auth): authentication failure; logname= uid=0 euid=0 tty=ssh ruser= rhost=189.90.33.23 
Dec 14 01:04:35 cls sshd[32872]: Failed password for invalid user hik from 189.90.33.23 port 41108 ssh2
Dec 14 01:04:37 cls sshd[32872]: Received disconnect from 189.90.33.23 port 41108:11: Bye Bye [preauth]
Dec 14 01:04:37 cls sshd[32872]: Disconnected from invalid user hik 189.90.33.23 port 41108 [preauth]
Dec 14 01:04:40 cls sshd[32874]: pam_unix(sshd:auth): authentication failure; logname= uid=0 euid=0 tty=ssh ruser= rhost=194.190.153.226  user=root
Dec 14 01:04:42 cls sshd[32874]: Failed password for root from 194.190.153.226 port 58938 ssh2
Dec 14 01:04:43 cls sshd[32874]: Received disconnect from 194.190.153.226 port 58938:11: Bye Bye [preauth]
Dec 14 01:04:43 cls sshd[32874]: Disconnected from authenticating user root 194.190.153.226 port 58938 [preauth]
Dec 14 01:04:43 cls sshd[32876]: Invalid user ai from 38.47.92.86 port 49154
Dec 14 01:04:43 cls sshd[32876]: pam_unix(sshd:auth): check pass; user unknown
Dec 14 01:04:43 cls sshd[32876]: pam_unix(sshd:auth): authentication failure; logname= uid=0 euid=0 tty=ssh ruser= rhost=38.47.92.86 
Dec 14 01:04:45 cls sshd[32876]: Failed password for invalid user ai from 38.47.92.86 port 49154 ssh2
Dec 14 01:04:46 cls sshd[32876]: Received disconnect from 38.47.92.86 port 49154:11: Bye Bye [preauth]
Dec 14 01:04:46 cls sshd[32876]: Disconnected from invalid user ai 38.47.92.86 port 49154 [preauth]
Dec 14 01:04:48 cls sshd[32882]: pam_unix(sshd:auth): authentication failure; logname= uid=0 euid=0 tty=ssh ruser= rhost=104.168.56.59  user=root
Dec 14 01:04:50 cls sshd[32882]: Failed password for root from 104.168.56.59 port 37284 ssh2
Dec 14 01:04:50 cls sshd[32885]: Invalid user surin from 45.78.217.218 port 35198
Dec 14 01:04:50 cls sshd[32885]: pam_unix(sshd:auth): check pass; user unknown
Dec 14 01:04:50 cls sshd[32885]: pam_unix(sshd:auth): authentication failure; logname= uid=0 euid=0 tty=ssh ruser= rhost=45.78.217.218 
Dec 14 01:04:51 cls sshd[32882]: Received disconnect from 104.168.56.59 port 37284:11: Bye Bye [preauth]
Dec 14 01:04:51 cls sshd[32882]: Disconnected from authenticating user root 104.168.56.59 port 37284 [preauth]
Dec 14 01:04:53 cls sshd[32885]: Failed password for invalid user surin from 45.78.217.218 port 35198 ssh2
Dec 14 01:04:54 cls sshd[32885]: Received disconnect from 45.78.217.218 port 35198:11: Bye Bye [preauth]
Dec 14 01:04:54 cls sshd[32885]: Disconnected from invalid user surin 45.78.217.218 port 35198 [preauth]
Dec 14 01:05:05 cls sshd[32887]: pam_unix(sshd:auth): authentication failure; logname= uid=0 euid=0 tty=ssh ruser= rhost=161.248.201.228  user=root
Dec 14 01:05:06 cls sshd[32887]: Failed password for root from 161.248.201.228 port 36468 ssh2
Dec 14 01:05:07 cls sshd[32887]: Received disconnect from 161.248.201.228 port 36468:11: Bye Bye [preauth]
Dec 14 01:05:07 cls sshd[32887]: Disconnected from authenticating user root 161.248.201.228 port 36468 [preauth]
Dec 14 01:05:10 cls sshd[32889]: Invalid user mailuser from 189.90.33.23 port 53650
Dec 14 01:05:10 cls sshd[32889]: pam_unix(sshd:auth): check pass; user unknown
Dec 14 01:05:10 cls sshd[32889]: pam_unix(sshd:auth): authentication failure; logname= uid=0 euid=0 tty=ssh ruser= rhost=189.90.33.23 
Dec 14 01:05:11 cls sshd[32891]: pam_unix(sshd:auth): authentication failure; logname= uid=0 euid=0 tty=ssh ruser= rhost=194.190.153.226  user=root
Dec 14 01:05:12 cls sshd[32889]: Failed password for invalid user mailuser from 189.90.33.23 port 53650 ssh2
Dec 14 01:05:13 cls sshd[32891]: Failed password for root from 194.190.153.226 port 34014 ssh2
Dec 14 01:05:13 cls sshd[32889]: Received disconnect from 189.90.33.23 port 53650:11: Bye Bye [preauth]
Dec 14 01:05:13 cls sshd[32889]: Disconnected from invalid user mailuser 189.90.33.23 port 53650 [preauth]
Dec 14 01:05:14 cls sshd[32891]: Received disconnect from 194.190.153.226 port 34014:11: Bye Bye [preauth]
Dec 14 01:05:14 cls sshd[32891]: Disconnected from authenticating user root 194.190.153.226 port 34014 [preauth]
Dec 14 01:05:17 cls sshd[32896]: pam_unix(sshd:auth): authentication failure; logname= uid=0 euid=0 tty=ssh ruser= rhost=104.168.56.59  user=root
Dec 14 01:05:18 cls sshd[32896]: Failed password for root from 104.168.56.59 port 53466 ssh2
Dec 14 01:05:20 cls sshd[32896]: Received disconnect from 104.168.56.59 port 53466:11: Bye Bye [preauth]
