Dec 15 03:24:54 cls sshd[70423]: pam_unix(sshd:auth): authentication failure; logname= uid=0 euid=0 tty=ssh ruser= rhost=118.107.45.31  user=ubuntu
Dec 15 03:24:54 cls sshd[70421]: Failed password for root from 185.216.116.13 port 34600 ssh2
Dec 15 03:24:54 cls sshd[70419]: Received disconnect from 154.83.15.200 port 46746:11: Bye Bye [preauth]
Dec 15 03:24:54 cls sshd[70419]: Disconnected from authenticating user root 154.83.15.200 port 46746 [preauth]
Dec 15 03:24:55 cls sshd[70421]: Received disconnect from 185.216.116.13 port 34600:11: Bye Bye [preauth]
Dec 15 03:24:55 cls sshd[70421]: Disconnected from authenticating user root 185.216.116.13 port 34600 [preauth]
Dec 15 03:24:56 cls sshd[70423]: Failed password for ubuntu from 118.107.45.31 port 36258 ssh2
Dec 15 03:24:58 cls sshd[70423]: Received disconnect from 118.107.45.31 port 36258:11: Bye Bye [preauth]
Dec 15 03:24:58 cls sshd[70423]: Disconnected from authenticating user ubuntu 118.107.45.31 port 36258 [preauth]
Dec 15 03:25:08 cls sshd[70425]: pam_unix(sshd:auth): authentication failure; logname= uid=0 euid=0 tty=ssh ruser= rhost=221.156.126.1  user=root
Dec 15 03:25:09 cls sshd[70425]: Failed password for root from 221.156.126.1 port 52346 ssh2
Dec 15 03:25:11 cls sshd[70425]: Received disconnect from 221.156.126.1 port 52346:11: Bye Bye [preauth]
Dec 15 03:25:11 cls sshd[70425]: Disconnected from authenticating user root 221.156.126.1 port 52346 [preauth]
Dec 15 03:25:21 cls sshd[70430]: pam_unix(sshd:auth): authentication failure; logname= uid=0 euid=0 tty=ssh ruser= rhost=151.43.109.174  user=root
Dec 15 03:25:23 cls sshd[70430]: Failed password for root from 151.43.109.174 port 17275 ssh2
Dec 15 03:25:24 cls sshd[70430]: Received disconnect from 151.43.109.174 port 17275:11: Bye Bye [preauth]
Dec 15 03:25:24 cls sshd[70430]: Disconnected from authenticating user root 151.43.109.174 port 17275 [preauth]
Dec 15 03:25:27 cls sshd[70432]: pam_unix(sshd:auth): authentication failure; logname= uid=0 euid=0 tty=ssh ruser= rhost=200.196.50.91  user=root
Dec 15 03:25:29 cls sshd[70432]: Failed password for root from 200.196.50.91 port 38798 ssh2
Dec 15 03:25:30 cls sshd[70434]: pam_unix(sshd:auth): authentication failure; logname= uid=0 euid=0 tty=ssh ruser= rhost=200.73.135.75  user=ubuntu
Dec 15 03:25:30 cls sshd[70432]: Received disconnect from 200.196.50.91 port 38798:11: Bye Bye [preauth]
Dec 15 03:25:30 cls sshd[70432]: Disconnected from authenticating user root 200.196.50.91 port 38798 [preauth]
Dec 15 03:25:32 cls sshd[70434]: Failed password for ubuntu from 200.73.135.75 port 42554 ssh2
Dec 15 03:25:33 cls sshd[70436]: pam_unix(sshd:auth): authentication failure; logname= uid=0 euid=0 tty=ssh ruser= rhost=185.216.116.13  user=root
Dec 15 03:25:34 cls sshd[70434]: Received disconnect from 200.73.135.75 port 42554:11: Bye Bye [preauth]
Dec 15 03:25:34 cls sshd[70434]: Disconnected from authenticating user ubuntu 200.73.135.75 port 42554 [preauth]
Dec 15 03:25:35 cls sshd[70436]: Failed password for root from 185.216.116.13 port 47036 ssh2
Dec 15 03:25:35 cls sshd[70436]: Received disconnect from 185.216.116.13 port 47036:11: Bye Bye [preauth]
Dec 15 03:25:35 cls sshd[70436]: Disconnected from authenticating user root 185.216.116.13 port 47036 [preauth]
Dec 15 03:25:39 cls sshd[70438]: pam_unix(sshd:auth): authentication failure; logname= uid=0 euid=0 tty=ssh ruser= rhost=118.107.45.31  user=root
Dec 15 03:25:40 cls sshd[70440]: Invalid user system from 154.83.15.200 port 60950
Dec 15 03:25:40 cls sshd[70440]: pam_unix(sshd:auth): check pass; user unknown
Dec 15 03:25:40 cls sshd[70440]: pam_unix(sshd:auth): authentication failure; logname= uid=0 euid=0 tty=ssh ruser= rhost=154.83.15.200 
Dec 15 03:25:42 cls sshd[70438]: Failed password for root from 118.107.45.31 port 35424 ssh2
Dec 15 03:25:42 cls sshd[70438]: Received disconnect from 118.107.45.31 port 35424:11: Bye Bye [preauth]
Dec 15 03:25:42 cls sshd[70438]: Disconnected from authenticating user root 118.107.45.31 port 35424 [preauth]
Dec 15 03:25:42 cls sshd[70440]: Failed password for invalid user system from 154.83.15.200 port 60950 ssh2
Dec 15 03:25:43 cls sshd[70440]: Received disconnect from 154.83.15.200 port 60950:11: Bye Bye [preauth]
Dec 15 03:25:43 cls sshd[70440]: Disconnected from invalid user system 154.83.15.200 port 60950 [preauth]
Dec 15 03:25:44 cls sshd[70445]: pam_unix(sshd:auth): authentication failure; logname= uid=0 euid=0 tty=ssh ruser= rhost=221.156.126.1  user=root
Dec 15 03:25:46 cls sshd[70445]: Failed password for root from 221.156.126.1 port 36540 ssh2
Dec 15 03:25:46 cls sshd[70445]: Received disconnect from 221.156.126.1 port 36540:11: Bye Bye [preauth]
Dec 15 03:25:46 cls sshd[70445]: Disconnected from authenticating user root 221.156.126.1 port 36540 [preauth]
Dec 15 03:26:06 cls sshd[70447]: pam_unix(sshd:auth): authentication failure; logname= uid=0 euid=0 tty=ssh ruser= rhost=200.196.50.91  user=root
Dec 15 03:26:08 cls sshd[70447]: Failed password for root from 200.196.50.91 port 45001 ssh2
Dec 15 03:26:09 cls sshd[70447]: Received disconnect from 200.196.50.91 port 45001:11: Bye Bye [preauth]
Dec 15 03:26:09 cls sshd[70447]: Disconnected from authenticating user root 200.196.50.91 port 45001 [preauth]
Dec 15 03:26:11 cls sshd[70452]: pam_unix(sshd:auth): authentication failure; logname= uid=0 euid=0 tty=ssh ruser= rhost=185.216.116.13  user=root
Dec 15 03:26:13 cls sshd[70452]: Failed password for root from 185.216.116.13 port 59482 ssh2
Dec 15 03:26:13 cls sshd[70452]: Received disconnect from 185.216.116.13 port 59482:11: Bye Bye [preauth]
Dec 15 03:26:13 cls sshd[70452]: Disconnected from authenticating user root 185.216.116.13 port 59482 [preauth]
Dec 15 03:26:18 cls sshd[70454]: pam_unix(sshd:auth): authentication failure; logname= uid=0 euid=0 tty=ssh ruser= rhost=200.73.135.75  user=root
Dec 15 03:26:20 cls sshd[70456]: Invalid user system from 221.156.126.1 port 48970
Dec 15 03:26:20 cls sshd[70456]: pam_unix(sshd:auth): check pass; user unknown
Dec 15 03:26:20 cls sshd[70456]: pam_unix(sshd:auth): authentication failure; logname= uid=0 euid=0 tty=ssh ruser= rhost=221.156.126.1 
Dec 15 03:26:21 cls sshd[70454]: Failed password for root from 200.73.135.75 port 56546 ssh2
Dec 15 03:26:22 cls sshd[70454]: Received disconnect from 200.73.135.75 port 56546:11: Bye Bye [preauth]
Dec 15 03:26:22 cls sshd[70454]: Disconnected from authenticating user root 200.73.135.75 port 56546 [preauth]
Dec 15 03:26:22 cls sshd[70456]: Failed password for invalid user system from 221.156.126.1 port 48970 ssh2
Dec 15 03:26:24 cls sshd[70456]: Received disconnect from 221.156.126.1 port 48970:11: Bye Bye [preauth]
Dec 15 03:26:24 cls sshd[70456]: Disconnected from invalid user system 221.156.126.1 port 48970 [preauth]
Dec 15 03:26:26 cls sshd[70458]: Invalid user builder from 154.83.15.200 port 46922
Dec 15 03:26:26 cls sshd[70458]: pam_unix(sshd:auth): check pass; user unknown
Dec 15 03:26:26 cls sshd[70458]: pam_unix(sshd:auth): authentication failure; logname= uid=0 euid=0 tty=ssh ruser= rhost=154.83.15.200 
Dec 15 03:26:26 cls sshd[70460]: pam_unix(sshd:auth): authentication failure; logname= uid=0 euid=0 tty=ssh ruser= rhost=118.107.45.31  user=root
Dec 15 03:26:28 cls sshd[70458]: Failed password for invalid user builder from 154.83.15.200 port 46922 ssh2
Dec 15 03:26:28 cls sshd[70458]: Received disconnect from 154.83.15.200 port 46922:11: Bye Bye [preauth]
Dec 15 03:26:28 cls sshd[70458]: Disconnected from invalid user builder 154.83.15.200 port 46922 [preauth]
Dec 15 03:26:28 cls sshd[70460]: Failed password for root from 118.107.45.31 port 58858 ssh2
Dec 15 03:26:29 cls sshd[70460]: Received disconnect from 118.107.45.31 port 58858:11: Bye Bye [preauth]
Dec 15 03:26:29 cls sshd[70460]: Disconnected from authenticating user root 118.107.45.31 port 58858 [preauth]
Dec 15 03:26:47 cls sshd[70462]: Invalid user evil from 200.196.50.91 port 51201
Dec 15 03:26:47 cls sshd[70462]: pam_unix(sshd:auth): check pass; user unknown
Dec 15 03:26:47 cls sshd[70462]: pam_unix(sshd:auth): authentication failure; logname= uid=0 euid=0 tty=ssh ruser= rhost=200.196.50.91 
Dec 15 03:26:49 cls sshd[70462]: Failed password for invalid user evil from 200.196.50.91 port 51201 ssh2
Dec 15 03:26:51 cls sshd[70462]: Received disconnect from 200.196.50.91 port 51201:11: Bye Bye [preauth]
Dec 15 03:26:51 cls sshd[70462]: Disconnected from invalid user evil 200.196.50.91 port 51201 [preauth]
Dec 15 03:26:51 cls sshd[70464]: Invalid user vas from 185.216.116.13 port 43694
Dec 15 03:26:51 cls sshd[70464]: pam_unix(sshd:auth): check pass; user unknown
Dec 15 03:26:51 cls sshd[70464]: pam_unix(sshd:auth): authentication failure; logname= uid=0 euid=0 tty=ssh ruser= rhost=185.216.116.13 
Dec 15 03:26:52 cls sshd[70464]: Failed password for invalid user vas from 185.216.116.13 port 43694 ssh2
Dec 15 03:26:53 cls sshd[70464]: Received disconnect from 185.216.116.13 port 43694:11: Bye Bye [preauth]
Dec 15 03:26:53 cls sshd[70464]: Disconnected from invalid user vas 185.216.116.13 port 43694 [preauth]
Dec 15 03:27:02 cls sshd[70469]: pam_unix(sshd:auth): authentication failure; logname= uid=0 euid=0 tty=ssh ruser= rhost=221.156.126.1  user=root
Dec 15 03:27:03 cls sshd[70469]: Failed password for root from 221.156.126.1 port 33168 ssh2
Dec 15 03:27:04 cls sshd[70469]: Received disconnect from 221.156.126.1 port 33168:11: Bye Bye [preauth]
Dec 15 03:27:04 cls sshd[70469]: Disconnected from authenticating user root 221.156.126.1 port 33168 [preauth]
Dec 15 03:27:09 cls sshd[70471]: pam_unix(sshd:auth): authentication failure; logname= uid=0 euid=0 tty=ssh ruser= rhost=200.73.135.75  user=root
Dec 15 03:27:11 cls sshd[70471]: Failed password for root from 200.73.135.75 port 42310 ssh2
Dec 15 03:27:12 cls sshd[70471]: Received disconnect from 200.73.135.75 port 42310:11: Bye Bye [preauth]
Dec 15 03:27:12 cls sshd[70471]: Disconnected from authenticating user root 200.73.135.75 port 42310 [preauth]
Dec 15 03:27:12 cls sshd[70476]: Invalid user zhenshan from 154.83.15.200 port 32894
Dec 15 03:27:12 cls sshd[70476]: pam_unix(sshd:auth): check pass; user unknown
Dec 15 03:27:12 cls sshd[70476]: pam_unix(sshd:auth): authentication failure; logname= uid=0 euid=0 tty=ssh ruser= rhost=154.83.15.200 
Dec 15 03:27:13 cls sshd[70478]: pam_unix(sshd:auth): authentication failure; logname= uid=0 euid=0 tty=ssh ruser= rhost=151.43.109.174  user=root
Dec 15 03:27:14 cls sshd[70480]: pam_unix(sshd:auth): authentication failure; logname= uid=0 euid=0 tty=ssh ruser= rhost=118.107.45.31  user=root
Dec 15 03:27:15 cls sshd[70476]: Failed password for invalid user zhenshan from 154.83.15.200 port 32894 ssh2
Dec 15 03:27:15 cls sshd[70480]: Failed password for root from 118.107.45.31 port 35198 ssh2
Dec 15 03:27:15 cls sshd[70480]: Received disconnect from 118.107.45.31 port 35198:11: Bye Bye [preauth]
Dec 15 03:27:15 cls sshd[70480]: Disconnected from authenticating user root 118.107.45.31 port 35198 [preauth]
Dec 15 03:27:15 cls sshd[70478]: Failed password for root from 151.43.109.174 port 17425 ssh2
Dec 15 03:27:16 cls sshd[70476]: Received disconnect from 154.83.15.200 port 32894:11: Bye Bye [preauth]
Dec 15 03:27:16 cls sshd[70476]: Disconnected from invalid user zhenshan 154.83.15.200 port 32894 [preauth]
Dec 15 03:27:16 cls sshd[70478]: Received disconnect from 151.43.109.174 port 17425:11: Bye Bye [preauth]
Dec 15 03:27:16 cls sshd[70478]: Disconnected from authenticating user root 151.43.109.174 port 17425 [preauth]
Dec 15 03:27:27 cls sshd[70485]: Invalid user saad from 200.196.50.91 port 57389
Dec 15 03:27:27 cls sshd[70485]: pam_unix(sshd:auth): check pass; user unknown
Dec 15 03:27:27 cls sshd[70485]: pam_unix(sshd:auth): authentication failure; logname= uid=0 euid=0 tty=ssh ruser= rhost=200.196.50.91 
Dec 15 03:27:28 cls sshd[70487]: Invalid user user2 from 49.206.243.162 port 29178
Dec 15 03:27:28 cls sshd[70487]: pam_unix(sshd:auth): check pass; user unknown
Dec 15 03:27:28 cls sshd[70487]: pam_unix(sshd:auth): authentication failure; logname= uid=0 euid=0 tty=ssh ruser= rhost=49.206.243.162 
Dec 15 03:27:29 cls sshd[70489]: pam_unix(sshd:auth): authentication failure; logname= uid=0 euid=0 tty=ssh ruser= rhost=185.216.116.13  user=root
Dec 15 03:27:30 cls sshd[70485]: Failed password for invalid user saad from 200.196.50.91 port 57389 ssh2
Dec 15 03:27:31 cls sshd[70487]: Failed password for invalid user user2 from 49.206.243.162 port 29178 ssh2
Dec 15 03:27:32 cls sshd[70489]: Failed password for root from 185.216.116.13 port 56136 ssh2
Dec 15 03:27:32 cls sshd[70485]: Received disconnect from 200.196.50.91 port 57389:11: Bye Bye [preauth]
Dec 15 03:27:32 cls sshd[70485]: Disconnected from invalid user saad 200.196.50.91 port 57389 [preauth]
Dec 15 03:27:32 cls sshd[70487]: Received disconnect from 49.206.243.162 port 29178:11: Bye Bye [preauth]
Dec 15 03:27:32 cls sshd[70487]: Disconnected from invalid user user2 49.206.243.162 port 29178 [preauth]
Dec 15 03:27:32 cls sshd[70489]: Received disconnect from 185.216.116.13 port 56136:11: Bye Bye [preauth]
Dec 15 03:27:32 cls sshd[70489]: Disconnected from authenticating user root 185.216.116.13 port 56136 [preauth]
Dec 15 03:27:40 cls sshd[70495]: pam_unix(sshd:auth): authentication failure; logname= uid=0 euid=0 tty=ssh ruser= rhost=221.156.126.1  user=root
Dec 15 03:27:42 cls sshd[70495]: Failed password for root from 221.156.126.1 port 45604 ssh2
Dec 15 03:27:43 cls sshd[70495]: Received disconnect from 221.156.126.1 port 45604:11: Bye Bye [preauth]
Dec 15 03:27:43 cls sshd[70495]: Disconnected from authenticating user root 221.156.126.1 port 45604 [preauth]
Dec 15 03:27:56 cls sshd[70500]: Invalid user temp from 200.73.135.75 port 56302
Dec 15 03:27:56 cls sshd[70500]: pam_unix(sshd:auth): check pass; user unknown
Dec 15 03:27:56 cls sshd[70500]: pam_unix(sshd:auth): authentication failure; logname= uid=0 euid=0 tty=ssh ruser= rhost=200.73.135.75 
Dec 15 03:27:57 cls sshd[70502]: Invalid user vagrant from 87.121.84.136 port 38904
Dec 15 03:27:57 cls sshd[70502]: pam_unix(sshd:auth): check pass; user unknown
Dec 15 03:27:57 cls sshd[70502]: pam_unix(sshd:auth): authentication failure; logname= uid=0 euid=0 tty=ssh ruser= rhost=87.121.84.136 
Dec 15 03:27:57 cls sshd[70507]: pam_unix(sshd:auth): authentication failure; logname= uid=0 euid=0 tty=ssh ruser= rhost=154.83.15.200  user=root
Dec 15 03:27:57 cls sshd[70500]: Failed password for invalid user temp from 200.73.135.75 port 56302 ssh2
Dec 15 03:27:58 cls sshd[70502]: Failed password for invalid user vagrant from 87.121.84.136 port 38904 ssh2
Dec 15 03:27:59 cls sshd[70507]: Failed password for root from 154.83.15.200 port 47098 ssh2
Dec 15 03:27:59 cls sshd[70502]: Received disconnect from 87.121.84.136 port 38904:11: Bye Bye [preauth]
Dec 15 03:27:59 cls sshd[70502]: Disconnected from invalid user vagrant 87.121.84.136 port 38904 [preauth]
Dec 15 03:27:59 cls sshd[70500]: Received disconnect from 200.73.135.75 port 56302:11: Bye Bye [preauth]
Dec 15 03:27:59 cls sshd[70500]: Disconnected from invalid user temp 200.73.135.75 port 56302 [preauth]
Dec 15 03:28:00 cls sshd[70509]: Invalid user max from 118.107.45.31 port 42670
Dec 15 03:28:00 cls sshd[70509]: pam_unix(sshd:auth): check pass; user unknown
Dec 15 03:28:00 cls sshd[70509]: pam_unix(sshd:auth): authentication failure; logname= uid=0 euid=0 tty=ssh ruser= rhost=118.107.45.31 
Dec 15 03:28:00 cls sshd[70507]: Received disconnect from 154.83.15.200 port 47098:11: Bye Bye [preauth]
Dec 15 03:28:00 cls sshd[70507]: Disconnected from authenticating user root 154.83.15.200 port 47098 [preauth]
Dec 15 03:28:01 cls sshd[70509]: Failed password for invalid user max from 118.107.45.31 port 42670 ssh2
Dec 15 03:28:02 cls sshd[70509]: Received disconnect from 118.107.45.31 port 42670:11: Bye Bye [preauth]
Dec 15 03:28:02 cls sshd[70509]: Disconnected from invalid user max 118.107.45.31 port 42670 [preauth]
Dec 15 03:28:06 cls sshd[70514]: Invalid user book from 200.196.50.91 port 35346
Dec 15 03:28:06 cls sshd[70514]: pam_unix(sshd:auth): check pass; user unknown
Dec 15 03:28:06 cls sshd[70514]: pam_unix(sshd:auth): authentication failure; logname= uid=0 euid=0 tty=ssh ruser= rhost=200.196.50.91 
Dec 15 03:28:09 cls sshd[70514]: Failed password for invalid user book from 200.196.50.91 port 35346 ssh2
Dec 15 03:28:10 cls sshd[70514]: Received disconnect from 200.196.50.91 port 35346:11: Bye Bye [preauth]
Dec 15 03:28:10 cls sshd[70514]: Disconnected from invalid user book 200.196.50.91 port 35346 [preauth]
Dec 15 03:28:10 cls sshd[70521]: Invalid user book from 185.216.116.13 port 40352
Dec 15 03:28:10 cls sshd[70521]: pam_unix(sshd:auth): check pass; user unknown
Dec 15 03:28:10 cls sshd[70521]: pam_unix(sshd:auth): authentication failure; logname= uid=0 euid=0 tty=ssh ruser= rhost=185.216.116.13 
Dec 15 03:28:12 cls sshd[70521]: Failed password for invalid user book from 185.216.116.13 port 40352 ssh2
Dec 15 03:28:14 cls sshd[70521]: Received disconnect from 185.216.116.13 port 40352:11: Bye Bye [preauth]
Dec 15 03:28:14 cls sshd[70521]: Disconnected from invalid user book 185.216.116.13 port 40352 [preauth]
Dec 15 03:28:16 cls sshd[70523]: Invalid user evan from 221.156.126.1 port 58038
Dec 15 03:28:16 cls sshd[70523]: pam_unix(sshd:auth): check pass; user unknown
Dec 15 03:28:16 cls sshd[70523]: pam_unix(sshd:auth): authentication failure; logname= uid=0 euid=0 tty=ssh ruser= rhost=221.156.126.1 
Dec 15 03:28:18 cls sshd[70523]: Failed password for invalid user evan from 221.156.126.1 port 58038 ssh2
Dec 15 03:28:19 cls sshd[70523]: Received disconnect from 221.156.126.1 port 58038:11: Bye Bye [preauth]
Dec 15 03:28:19 cls sshd[70523]: Disconnected from invalid user evan 221.156.126.1 port 58038 [preauth]
Dec 15 03:28:43 cls sshd[70529]: pam_unix(sshd:auth): authentication failure; logname= uid=0 euid=0 tty=ssh ruser= rhost=154.83.15.200  user=root
Dec 15 03:28:44 cls sshd[70535]: Invalid user marketing from 118.107.45.31 port 60626
Dec 15 03:28:44 cls sshd[70535]: pam_unix(sshd:auth): check pass; user unknown
Dec 15 03:28:44 cls sshd[70535]: pam_unix(sshd:auth): authentication failure; logname= uid=0 euid=0 tty=ssh ruser= rhost=118.107.45.31 
Dec 15 03:28:45 cls sshd[70533]: pam_unix(sshd:auth): authentication failure; logname= uid=0 euid=0 tty=ssh ruser= rhost=200.196.50.91  user=root
Dec 15 03:28:45 cls sshd[70535]: Failed password for invalid user marketing from 118.107.45.31 port 60626 ssh2
Dec 15 03:28:45 cls sshd[70529]: Failed password for root from 154.83.15.200 port 33074 ssh2
Dec 15 03:28:46 cls sshd[70531]: pam_unix(sshd:auth): authentication failure; logname= uid=0 euid=0 tty=ssh ruser= rhost=200.73.135.75  user=root
Dec 15 03:28:46 cls sshd[70529]: Received disconnect from 154.83.15.200 port 33074:11: Bye Bye [preauth]
Dec 15 03:28:46 cls sshd[70529]: Disconnected from authenticating user root 154.83.15.200 port 33074 [preauth]
Dec 15 03:28:46 cls sshd[70535]: Received disconnect from 118.107.45.31 port 60626:11: Bye Bye [preauth]
Dec 15 03:28:46 cls sshd[70535]: Disconnected from invalid user marketing 118.107.45.31 port 60626 [preauth]
Dec 15 03:28:47 cls sshd[70533]: Failed password for root from 200.196.50.91 port 41547 ssh2
Dec 15 03:28:47 cls sshd[70531]: Failed password for root from 200.73.135.75 port 42062 ssh2
Dec 15 03:28:47 cls sshd[70537]: Invalid user gpadmin from 185.216.116.13 port 52790
Dec 15 03:28:47 cls sshd[70537]: pam_unix(sshd:auth): check pass; user unknown
Dec 15 03:28:47 cls sshd[70537]: pam_unix(sshd:auth): authentication failure; logname= uid=0 euid=0 tty=ssh ruser= rhost=185.216.116.13 
Dec 15 03:28:48 cls sshd[70533]: Received disconnect from 200.196.50.91 port 41547:11: Bye Bye [preauth]
Dec 15 03:28:48 cls sshd[70533]: Disconnected from authenticating user root 200.196.50.91 port 41547 [preauth]
Dec 15 03:28:49 cls sshd[70531]: Received disconnect from 200.73.135.75 port 42062:11: Bye Bye [preauth]
Dec 15 03:28:49 cls sshd[70531]: Disconnected from authenticating user root 200.73.135.75 port 42062 [preauth]
Dec 15 03:28:49 cls sshd[70537]: Failed password for invalid user gpadmin from 185.216.116.13 port 52790 ssh2
Dec 15 03:28:49 cls sshd[70537]: Received disconnect from 185.216.116.13 port 52790:11: Bye Bye [preauth]
Dec 15 03:28:49 cls sshd[70537]: Disconnected from invalid user gpadmin 185.216.116.13 port 52790 [preauth]
Dec 15 03:29:27 cls sshd[70542]: Invalid user sftpuser from 185.216.116.13 port 36996
Dec 15 03:29:27 cls sshd[70542]: pam_unix(sshd:auth): check pass; user unknown
Dec 15 03:29:27 cls sshd[70542]: pam_unix(sshd:auth): authentication failure; logname= uid=0 euid=0 tty=ssh ruser= rhost=185.216.116.13 
Dec 15 03:29:27 cls sshd[70544]: pam_unix(sshd:auth): authentication failure; logname= uid=0 euid=0 tty=ssh ruser= rhost=154.83.15.200  user=root
Dec 15 03:29:28 cls sshd[70542]: Failed password for invalid user sftpuser from 185.216.116.13 port 36996 ssh2
Dec 15 03:29:29 cls sshd[70546]: Invalid user omar from 118.107.45.31 port 55766
Dec 15 03:29:29 cls sshd[70546]: pam_unix(sshd:auth): check pass; user unknown
Dec 15 03:29:29 cls sshd[70546]: pam_unix(sshd:auth): authentication failure; logname= uid=0 euid=0 tty=ssh ruser= rhost=118.107.45.31 
Dec 15 03:29:29 cls sshd[70542]: Received disconnect from 185.216.116.13 port 36996:11: Bye Bye [preauth]
Dec 15 03:29:29 cls sshd[70542]: Disconnected from invalid user sftpuser 185.216.116.13 port 36996 [preauth]
Dec 15 03:29:29 cls sshd[70544]: Failed password for root from 154.83.15.200 port 47282 ssh2
Dec 15 03:29:30 cls sshd[70544]: Received disconnect from 154.83.15.200 port 47282:11: Bye Bye [preauth]
Dec 15 03:29:30 cls sshd[70544]: Disconnected from authenticating user root 154.83.15.200 port 47282 [preauth]
Dec 15 03:29:30 cls sshd[70546]: Failed password for invalid user omar from 118.107.45.31 port 55766 ssh2
Dec 15 03:29:31 cls sshd[70546]: Received disconnect from 118.107.45.31 port 55766:11: Bye Bye [preauth]
Dec 15 03:29:31 cls sshd[70546]: Disconnected from invalid user omar 118.107.45.31 port 55766 [preauth]
Dec 15 03:29:43 cls sshd[70551]: Invalid user sandy from 200.73.135.75 port 56062
Dec 15 03:29:43 cls sshd[70551]: pam_unix(sshd:auth): check pass; user unknown
Dec 15 03:29:43 cls sshd[70551]: pam_unix(sshd:auth): authentication failure; logname= uid=0 euid=0 tty=ssh ruser= rhost=200.73.135.75 
Dec 15 03:29:45 cls sshd[70551]: Failed password for invalid user sandy from 200.73.135.75 port 56062 ssh2
Dec 15 03:29:48 cls sshd[70551]: Received disconnect from 200.73.135.75 port 56062:11: Bye Bye [preauth]
Dec 15 03:29:48 cls sshd[70551]: Disconnected from invalid user sandy 200.73.135.75 port 56062 [preauth]
Dec 15 03:30:04 cls sshd[70553]: Invalid user evil from 185.216.116.13 port 49438
Dec 15 03:30:04 cls sshd[70553]: pam_unix(sshd:auth): check pass; user unknown
Dec 15 03:30:04 cls sshd[70553]: pam_unix(sshd:auth): authentication failure; logname= uid=0 euid=0 tty=ssh ruser= rhost=185.216.116.13 
Dec 15 03:30:06 cls sshd[70553]: Failed password for invalid user evil from 185.216.116.13 port 49438 ssh2
Dec 15 03:30:06 cls sshd[70553]: Received disconnect from 185.216.116.13 port 49438:11: Bye Bye [preauth]
Dec 15 03:30:06 cls sshd[70553]: Disconnected from invalid user evil 185.216.116.13 port 49438 [preauth]
Dec 15 03:30:11 cls sshd[70555]: pam_unix(sshd:auth): authentication failure; logname= uid=0 euid=0 tty=ssh ruser= rhost=118.107.45.31  user=root
Dec 15 03:30:12 cls sshd[70557]: pam_unix(sshd:auth): authentication failure; logname= uid=0 euid=0 tty=ssh ruser= rhost=154.83.15.200  user=root
Dec 15 03:30:13 cls sshd[70555]: Failed password for root from 118.107.45.31 port 45030 ssh2
Dec 15 03:30:14 cls sshd[70557]: Failed password for root from 154.83.15.200 port 33254 ssh2
Dec 15 03:30:14 cls sshd[70555]: Received disconnect from 118.107.45.31 port 45030:11: Bye Bye [preauth]
Dec 15 03:30:14 cls sshd[70555]: Disconnected from authenticating user root 118.107.45.31 port 45030 [preauth]
Dec 15 03:30:14 cls sshd[70557]: Received disconnect from 154.83.15.200 port 33254:11: Bye Bye [preauth]
Dec 15 03:30:14 cls sshd[70557]: Disconnected from authenticating user root 154.83.15.200 port 33254 [preauth]
Dec 15 03:30:31 cls sshd[70559]: pam_unix(sshd:auth): authentication failure; logname= uid=0 euid=0 tty=ssh ruser= rhost=200.73.135.75  user=ubuntu
Dec 15 03:30:33 cls sshd[70559]: Failed password for ubuntu from 200.73.135.75 port 41822 ssh2
Dec 15 03:30:35 cls sshd[70559]: Received disconnect from 200.73.135.75 port 41822:11: Bye Bye [preauth]
Dec 15 03:30:35 cls sshd[70559]: Disconnected from authenticating user ubuntu 200.73.135.75 port 41822 [preauth]
Dec 15 03:30:55 cls sshd[70564]: Invalid user mhd from 118.107.45.31 port 50556
Dec 15 03:30:55 cls sshd[70564]: pam_unix(sshd:auth): check pass; user unknown
Dec 15 03:30:55 cls sshd[70564]: pam_unix(sshd:auth): authentication failure; logname= uid=0 euid=0 tty=ssh ruser= rhost=118.107.45.31 
Dec 15 03:30:58 cls sshd[70564]: Failed password for invalid user mhd from 118.107.45.31 port 50556 ssh2
Dec 15 03:30:58 cls sshd[70566]: Invalid user evan from 154.83.15.200 port 47458
Dec 15 03:30:58 cls sshd[70566]: pam_unix(sshd:auth): check pass; user unknown
Dec 15 03:30:58 cls sshd[70566]: pam_unix(sshd:auth): authentication failure; logname= uid=0 euid=0 tty=ssh ruser= rhost=154.83.15.200 
Dec 15 03:30:58 cls sshd[70564]: Received disconnect from 118.107.45.31 port 50556:11: Bye Bye [preauth]
Dec 15 03:30:58 cls sshd[70564]: Disconnected from invalid user mhd 118.107.45.31 port 50556 [preauth]
Dec 15 03:30:59 cls sshd[70566]: Failed password for invalid user evan from 154.83.15.200 port 47458 ssh2
Dec 15 03:31:00 cls sshd[70566]: Received disconnect from 154.83.15.200 port 47458:11: Bye Bye [preauth]
Dec 15 03:31:00 cls sshd[70566]: Disconnected from invalid user evan 154.83.15.200 port 47458 [preauth]
Dec 15 03:31:00 cls sshd[70571]: Invalid user evil from 49.206.243.162 port 53934
Dec 15 03:31:00 cls sshd[70571]: pam_unix(sshd:auth): check pass; user unknown
Dec 15 03:31:00 cls sshd[70571]: pam_unix(sshd:auth): authentication failure; logname= uid=0 euid=0 tty=ssh ruser= rhost=49.206.243.162 
Dec 15 03:31:02 cls sshd[70571]: Failed password for invalid user evil from 49.206.243.162 port 53934 ssh2
Dec 15 03:31:03 cls sshd[70571]: Received disconnect from 49.206.243.162 port 53934:11: Bye Bye [preauth]
Dec 15 03:31:03 cls sshd[70571]: Disconnected from invalid user evil 49.206.243.162 port 53934 [preauth]
Dec 15 03:31:24 cls sshd[70576]: pam_unix(sshd:auth): authentication failure; logname= uid=0 euid=0 tty=ssh ruser= rhost=200.73.135.75  user=root
Dec 15 03:31:26 cls sshd[70576]: Failed password for root from 200.73.135.75 port 55820 ssh2
Dec 15 03:31:27 cls sshd[70576]: Received disconnect from 200.73.135.75 port 55820:11: Bye Bye [preauth]
Dec 15 03:31:27 cls sshd[70576]: Disconnected from authenticating user root 200.73.135.75 port 55820 [preauth]
Dec 15 03:31:40 cls sshd[70578]: pam_unix(sshd:auth): authentication failure; logname= uid=0 euid=0 tty=ssh ruser= rhost=118.107.45.31  user=root
Dec 15 03:31:42 cls sshd[70578]: Failed password for root from 118.107.45.31 port 50200 ssh2
Dec 15 03:31:42 cls sshd[70578]: Received disconnect from 118.107.45.31 port 50200:11: Bye Bye [preauth]
Dec 15 03:31:42 cls sshd[70578]: Disconnected from authenticating user root 118.107.45.31 port 50200 [preauth]
Dec 15 03:31:44 cls sshd[70580]: pam_unix(sshd:auth): authentication failure; logname= uid=0 euid=0 tty=ssh ruser= rhost=154.83.15.200  user=root
Dec 15 03:31:46 cls sshd[70580]: Failed password for root from 154.83.15.200 port 33432 ssh2
Dec 15 03:31:47 cls sshd[70580]: Received disconnect from 154.83.15.200 port 33432:11: Bye Bye [preauth]
Dec 15 03:31:47 cls sshd[70580]: Disconnected from authenticating user root 154.83.15.200 port 33432 [preauth]
Dec 15 03:32:19 cls sshd[70585]: Invalid user system from 200.73.135.75 port 41586
Dec 15 03:32:19 cls sshd[70585]: pam_unix(sshd:auth): check pass; user unknown
Dec 15 03:32:19 cls sshd[70585]: pam_unix(sshd:auth): authentication failure; logname= uid=0 euid=0 tty=ssh ruser= rhost=200.73.135.75 
Dec 15 03:32:21 cls sshd[70585]: Failed password for invalid user system from 200.73.135.75 port 41586 ssh2
Dec 15 03:32:22 cls sshd[70585]: Received disconnect from 200.73.135.75 port 41586:11: Bye Bye [preauth]
Dec 15 03:32:22 cls sshd[70585]: Disconnected from invalid user system 200.73.135.75 port 41586 [preauth]
Dec 15 03:32:25 cls sshd[70587]: pam_unix(sshd:auth): authentication failure; logname= uid=0 euid=0 tty=ssh ruser= rhost=118.107.45.31  user=root
Dec 15 03:32:27 cls sshd[70589]: Invalid user zwd from 87.121.84.65 port 26590
Dec 15 03:32:27 cls sshd[70589]: pam_unix(sshd:auth): check pass; user unknown
Dec 15 03:32:27 cls sshd[70589]: pam_unix(sshd:auth): authentication failure; logname= uid=0 euid=0 tty=ssh ruser= rhost=87.121.84.65 
Dec 15 03:32:28 cls sshd[70587]: Failed password for root from 118.107.45.31 port 41606 ssh2
Dec 15 03:32:28 cls sshd[70587]: Received disconnect from 118.107.45.31 port 41606:11: Bye Bye [preauth]
Dec 15 03:32:28 cls sshd[70587]: Disconnected from authenticating user root 118.107.45.31 port 41606 [preauth]
Dec 15 03:32:29 cls sshd[70589]: Failed password for invalid user zwd from 87.121.84.65 port 26590 ssh2
Dec 15 03:32:31 cls sshd[70589]: Connection closed by invalid user zwd 87.121.84.65 port 26590 [preauth]
Dec 15 03:32:48 cls sshd[70600]: Invalid user evil from 151.43.109.174 port 17708
Dec 15 03:32:48 cls sshd[70600]: pam_unix(sshd:auth): check pass; user unknown
Dec 15 03:32:48 cls sshd[70600]: pam_unix(sshd:auth): authentication failure; logname= uid=0 euid=0 tty=ssh ruser= rhost=151.43.109.174 
Dec 15 03:32:50 cls sshd[70600]: Failed password for invalid user evil from 151.43.109.174 port 17708 ssh2
Dec 15 03:32:51 cls sshd[70600]: Received disconnect from 151.43.109.174 port 17708:11: Bye Bye [preauth]
Dec 15 03:32:51 cls sshd[70600]: Disconnected from invalid user evil 151.43.109.174 port 17708 [preauth]
Dec 15 03:33:08 cls sshd[70602]: Invalid user mata from 200.73.135.75 port 55580
Dec 15 03:33:08 cls sshd[70602]: pam_unix(sshd:auth): check pass; user unknown
Dec 15 03:33:08 cls sshd[70602]: pam_unix(sshd:auth): authentication failure; logname= uid=0 euid=0 tty=ssh ruser= rhost=200.73.135.75 
Dec 15 03:33:10 cls sshd[70602]: Failed password for invalid user mata from 200.73.135.75 port 55580 ssh2
Dec 15 03:33:12 cls sshd[70602]: Received disconnect from 200.73.135.75 port 55580:11: Bye Bye [preauth]
Dec 15 03:33:12 cls sshd[70602]: Disconnected from invalid user mata 200.73.135.75 port 55580 [preauth]
Dec 15 03:33:12 cls sshd[70607]: Invalid user book from 118.107.45.31 port 49252
Dec 15 03:33:12 cls sshd[70607]: pam_unix(sshd:auth): check pass; user unknown
Dec 15 03:33:12 cls sshd[70607]: pam_unix(sshd:auth): authentication failure; logname= uid=0 euid=0 tty=ssh ruser= rhost=118.107.45.31 
Dec 15 03:33:14 cls sshd[70607]: Failed password for invalid user book from 118.107.45.31 port 49252 ssh2
Dec 15 03:33:16 cls sshd[70607]: Received disconnect from 118.107.45.31 port 49252:11: Bye Bye [preauth]
Dec 15 03:33:16 cls sshd[70607]: Disconnected from invalid user book 118.107.45.31 port 49252 [preauth]
Dec 15 03:33:42 cls sshd[70609]: Invalid user vas from 151.43.109.174 port 17819
Dec 15 03:33:42 cls sshd[70609]: pam_unix(sshd:auth): check pass; user unknown
Dec 15 03:33:42 cls sshd[70609]: pam_unix(sshd:auth): authentication failure; logname= uid=0 euid=0 tty=ssh ruser= rhost=151.43.109.174 
Dec 15 03:33:45 cls sshd[70609]: Failed password for invalid user vas from 151.43.109.174 port 17819 ssh2
Dec 15 03:33:46 cls sshd[70609]: Received disconnect from 151.43.109.174 port 17819:11: Bye Bye [preauth]
Dec 15 03:33:46 cls sshd[70609]: Disconnected from invalid user vas 151.43.109.174 port 17819 [preauth]
Dec 15 03:33:56 cls sshd[70611]: Invalid user teamspeak3 from 200.73.135.75 port 41340
Dec 15 03:33:56 cls sshd[70611]: pam_unix(sshd:auth): check pass; user unknown
Dec 15 03:33:56 cls sshd[70611]: pam_unix(sshd:auth): authentication failure; logname= uid=0 euid=0 tty=ssh ruser= rhost=200.73.135.75 
Dec 15 03:33:59 cls sshd[70611]: Failed password for invalid user teamspeak3 from 200.73.135.75 port 41340 ssh2
Dec 15 03:34:01 cls sshd[70611]: Received disconnect from 200.73.135.75 port 41340:11: Bye Bye [preauth]
Dec 15 03:34:01 cls sshd[70611]: Disconnected from invalid user teamspeak3 200.73.135.75 port 41340 [preauth]
Dec 15 03:34:25 cls sshd[70613]: pam_unix(sshd:auth): authentication failure; logname= uid=0 euid=0 tty=ssh ruser= rhost=203.209.181.4  user=root
Dec 15 03:34:27 cls sshd[70613]: Failed password for root from 203.209.181.4 port 56350 ssh2
Dec 15 03:34:28 cls sshd[70613]: Received disconnect from 203.209.181.4 port 56350:11: Bye Bye [preauth]
Dec 15 03:34:28 cls sshd[70613]: Disconnected from authenticating user root 203.209.181.4 port 56350 [preauth]
Dec 15 03:34:31 cls sshd[70615]: pam_unix(sshd:auth): authentication failure; logname= uid=0 euid=0 tty=ssh ruser= rhost=49.206.243.162  user=root
Dec 15 03:34:34 cls sshd[70615]: Failed password for root from 49.206.243.162 port 32188 ssh2
Dec 15 03:34:34 cls sshd[70615]: Received disconnect from 49.206.243.162 port 32188:11: Bye Bye [preauth]
Dec 15 03:34:34 cls sshd[70615]: Disconnected from authenticating user root 49.206.243.162 port 32188 [preauth]
Dec 15 03:34:47 cls sshd[70617]: Invalid user wekan from 45.78.218.108 port 51818
Dec 15 03:34:47 cls sshd[70617]: pam_unix(sshd:auth): check pass; user unknown
Dec 15 03:34:47 cls sshd[70617]: pam_unix(sshd:auth): authentication failure; logname= uid=0 euid=0 tty=ssh ruser= rhost=45.78.218.108 
Dec 15 03:34:49 cls sshd[70617]: Failed password for invalid user wekan from 45.78.218.108 port 51818 ssh2
Dec 15 03:34:50 cls sshd[70617]: Received disconnect from 45.78.218.108 port 51818:11: Bye Bye [preauth]
Dec 15 03:34:50 cls sshd[70617]: Disconnected from invalid user wekan 45.78.218.108 port 51818 [preauth]
Dec 15 03:35:16 cls sshd[70622]: Invalid user user14 from 45.93.169.154 port 59936
Dec 15 03:35:16 cls sshd[70622]: pam_unix(sshd:auth): check pass; user unknown
Dec 15 03:35:16 cls sshd[70622]: pam_unix(sshd:auth): authentication failure; logname= uid=0 euid=0 tty=ssh ruser= rhost=45.93.169.154 
Dec 15 03:35:18 cls sshd[70622]: Failed password for invalid user user14 from 45.93.169.154 port 59936 ssh2
Dec 15 03:35:19 cls sshd[70622]: Received disconnect from 45.93.169.154 port 59936:11: Bye Bye [preauth]
Dec 15 03:35:19 cls sshd[70622]: Disconnected from invalid user user14 45.93.169.154 port 59936 [preauth]
Dec 15 03:35:29 cls sshd[70624]: pam_unix(sshd:auth): authentication failure; logname= uid=0 euid=0 tty=ssh ruser= rhost=151.43.109.174  user=root
Dec 15 03:35:31 cls sshd[70624]: Failed password for root from 151.43.109.174 port 17442 ssh2
Dec 15 03:35:32 cls sshd[70624]: Received disconnect from 151.43.109.174 port 17442:11: Bye Bye [preauth]
Dec 15 03:35:32 cls sshd[70624]: Disconnected from authenticating user root 151.43.109.174 port 17442 [preauth]
Dec 15 03:35:59 cls sshd[70629]: pam_unix(sshd:auth): authentication failure; logname= uid=0 euid=0 tty=ssh ruser= rhost=45.78.218.124  user=root
Dec 15 03:35:59 cls sshd[70631]: Invalid user wk from 103.55.216.2 port 57910
Dec 15 03:35:59 cls sshd[70631]: pam_unix(sshd:auth): check pass; user unknown
Dec 15 03:35:59 cls sshd[70631]: pam_unix(sshd:auth): authentication failure; logname= uid=0 euid=0 tty=ssh ruser= rhost=103.55.216.2 
Dec 15 03:36:01 cls sshd[70629]: Failed password for root from 45.78.218.124 port 48302 ssh2
Dec 15 03:36:01 cls sshd[70631]: Failed password for invalid user wk from 103.55.216.2 port 57910 ssh2
Dec 15 03:36:01 cls sshd[70629]: Received disconnect from 45.78.218.124 port 48302:11: Bye Bye [preauth]
Dec 15 03:36:01 cls sshd[70629]: Disconnected from authenticating user root 45.78.218.124 port 48302 [preauth]
Dec 15 03:36:02 cls sshd[70631]: Received disconnect from 103.55.216.2 port 57910:11: Bye Bye [preauth]
Dec 15 03:36:02 cls sshd[70631]: Disconnected from invalid user wk 103.55.216.2 port 57910 [preauth]
Dec 15 03:36:22 cls sshd[70633]: Invalid user gpadmin from 151.43.109.174 port 17488
Dec 15 03:36:22 cls sshd[70633]: pam_unix(sshd:auth): check pass; user unknown
Dec 15 03:36:22 cls sshd[70633]: pam_unix(sshd:auth): authentication failure; logname= uid=0 euid=0 tty=ssh ruser= rhost=151.43.109.174 
Dec 15 03:36:24 cls sshd[70633]: Failed password for invalid user gpadmin from 151.43.109.174 port 17488 ssh2
Dec 15 03:36:24 cls sshd[70633]: Received disconnect from 151.43.109.174 port 17488:11: Bye Bye [preauth]
Dec 15 03:36:24 cls sshd[70633]: Disconnected from invalid user gpadmin 151.43.109.174 port 17488 [preauth]
Dec 15 03:37:15 cls sshd[70653]: Invalid user saad from 151.43.109.174 port 17691
Dec 15 03:37:15 cls sshd[70653]: pam_unix(sshd:auth): check pass; user unknown
Dec 15 03:37:15 cls sshd[70653]: pam_unix(sshd:auth): authentication failure; logname= uid=0 euid=0 tty=ssh ruser= rhost=151.43.109.174 
Dec 15 03:37:16 cls sshd[70653]: Failed password for invalid user saad from 151.43.109.174 port 17691 ssh2
Dec 15 03:37:17 cls sshd[70653]: Received disconnect from 151.43.109.174 port 17691:11: Bye Bye [preauth]
Dec 15 03:37:17 cls sshd[70653]: Disconnected from invalid user saad 151.43.109.174 port 17691 [preauth]
Dec 15 03:37:17 cls sshd[70657]: pam_unix(sshd:auth): authentication failure; logname= uid=0 euid=0 tty=ssh ruser= rhost=151.47.119.34  user=root
Dec 15 03:37:19 cls sshd[70657]: Failed password for root from 151.47.119.34 port 28054 ssh2
Dec 15 03:37:20 cls sshd[70657]: Received disconnect from 151.47.119.34 port 28054:11: Bye Bye [preauth]
Dec 15 03:37:20 cls sshd[70657]: Disconnected from authenticating user root 151.47.119.34 port 28054 [preauth]
Dec 15 03:37:26 cls sshd[70660]: Invalid user xiaolong from 45.78.227.246 port 57892
Dec 15 03:37:26 cls sshd[70660]: pam_unix(sshd:auth): check pass; user unknown
Dec 15 03:37:26 cls sshd[70660]: pam_unix(sshd:auth): authentication failure; logname= uid=0 euid=0 tty=ssh ruser= rhost=45.78.227.246 
Dec 15 03:37:28 cls sshd[70660]: Failed password for invalid user xiaolong from 45.78.227.246 port 57892 ssh2
Dec 15 03:37:30 cls sshd[70660]: Received disconnect from 45.78.227.246 port 57892:11: Bye Bye [preauth]
Dec 15 03:37:30 cls sshd[70660]: Disconnected from invalid user xiaolong 45.78.227.246 port 57892 [preauth]
Dec 15 03:39:01 cls CRON[70682]: pam_unix(cron:session): session opened for user root by (uid=0)
Dec 15 03:39:01 cls CRON[70682]: pam_unix(cron:session): session closed for user root
Dec 15 03:39:34 cls sshd[70795]: Invalid user yxu from 45.78.218.108 port 52016
Dec 15 03:39:34 cls sshd[70795]: pam_unix(sshd:auth): check pass; user unknown
Dec 15 03:39:34 cls sshd[70795]: pam_unix(sshd:auth): authentication failure; logname= uid=0 euid=0 tty=ssh ruser= rhost=45.78.218.108 
Dec 15 03:39:35 cls sshd[70797]: Invalid user jrodrig from 45.93.169.154 port 56110
Dec 15 03:39:35 cls sshd[70797]: pam_unix(sshd:auth): check pass; user unknown
Dec 15 03:39:35 cls sshd[70797]: pam_unix(sshd:auth): authentication failure; logname= uid=0 euid=0 tty=ssh ruser= rhost=45.93.169.154 
Dec 15 03:39:37 cls sshd[70795]: Failed password for invalid user yxu from 45.78.218.108 port 52016 ssh2
Dec 15 03:39:38 cls sshd[70795]: Received disconnect from 45.78.218.108 port 52016:11: Bye Bye [preauth]
Dec 15 03:39:38 cls sshd[70795]: Disconnected from invalid user yxu 45.78.218.108 port 52016 [preauth]
Dec 15 03:39:38 cls sshd[70797]: Failed password for invalid user jrodrig from 45.93.169.154 port 56110 ssh2
Dec 15 03:39:39 cls sshd[70797]: Received disconnect from 45.93.169.154 port 56110:11: Bye Bye [preauth]
Dec 15 03:39:39 cls sshd[70797]: Disconnected from invalid user jrodrig 45.93.169.154 port 56110 [preauth]
Dec 15 03:39:56 cls sshd[70801]: pam_unix(sshd:auth): authentication failure; logname= uid=0 euid=0 tty=ssh ruser= rhost=151.43.109.174  user=root
Dec 15 03:39:58 cls sshd[70801]: Failed password for root from 151.43.109.174 port 17547 ssh2
Dec 15 03:39:59 cls sshd[70801]: Received disconnect from 151.43.109.174 port 17547:11: Bye Bye [preauth]
Dec 15 03:39:59 cls sshd[70801]: Disconnected from authenticating user root 151.43.109.174 port 17547 [preauth]
Dec 15 03:40:03 cls sshd[70808]: Invalid user zahar from 103.55.216.2 port 59460
Dec 15 03:40:03 cls sshd[70808]: pam_unix(sshd:auth): check pass; user unknown
Dec 15 03:40:03 cls sshd[70808]: pam_unix(sshd:auth): authentication failure; logname= uid=0 euid=0 tty=ssh ruser= rhost=103.55.216.2 
Dec 15 03:40:04 cls sshd[70806]: Invalid user oracle from 203.209.181.4 port 42636
Dec 15 03:40:04 cls sshd[70806]: pam_unix(sshd:auth): check pass; user unknown
Dec 15 03:40:04 cls sshd[70806]: pam_unix(sshd:auth): authentication failure; logname= uid=0 euid=0 tty=ssh ruser= rhost=203.209.181.4 
Dec 15 03:40:05 cls sshd[70808]: Failed password for invalid user zahar from 103.55.216.2 port 59460 ssh2
Dec 15 03:40:06 cls sshd[70808]: Received disconnect from 103.55.216.2 port 59460:11: Bye Bye [preauth]
Dec 15 03:40:06 cls sshd[70808]: Disconnected from invalid user zahar 103.55.216.2 port 59460 [preauth]
Dec 15 03:40:06 cls sshd[70806]: Failed password for invalid user oracle from 203.209.181.4 port 42636 ssh2
Dec 15 03:40:06 cls sshd[70806]: Received disconnect from 203.209.181.4 port 42636:11: Bye Bye [preauth]
Dec 15 03:40:06 cls sshd[70806]: Disconnected from invalid user oracle 203.209.181.4 port 42636 [preauth]
Dec 15 03:40:07 cls sshd[70812]: Invalid user vivek from 45.93.169.154 port 58570
Dec 15 03:40:07 cls sshd[70812]: pam_unix(sshd:auth): check pass; user unknown
Dec 15 03:40:07 cls sshd[70812]: pam_unix(sshd:auth): authentication failure; logname= uid=0 euid=0 tty=ssh ruser= rhost=45.93.169.154 
Dec 15 03:40:08 cls sshd[70812]: Failed password for invalid user vivek from 45.93.169.154 port 58570 ssh2
Dec 15 03:40:09 cls sshd[70812]: Received disconnect from 45.93.169.154 port 58570:11: Bye Bye [preauth]
Dec 15 03:40:09 cls sshd[70812]: Disconnected from invalid user vivek 45.93.169.154 port 58570 [preauth]
Dec 15 03:40:09 cls sshd[70819]: pam_unix(sshd:auth): authentication failure; logname= uid=0 euid=0 tty=ssh ruser= rhost=45.78.227.246  user=root
Dec 15 03:40:12 cls sshd[70819]: Failed password for root from 45.78.227.246 port 58020 ssh2
Dec 15 03:40:12 cls sshd[70819]: Received disconnect from 45.78.227.246 port 58020:11: Bye Bye [preauth]
Dec 15 03:40:12 cls sshd[70819]: Disconnected from authenticating user root 45.78.227.246 port 58020 [preauth]
Dec 15 03:40:37 cls sshd[70889]: pam_unix(sshd:auth): authentication failure; logname= uid=0 euid=0 tty=ssh ruser= rhost=45.93.169.154  user=root
Dec 15 03:40:39 cls sshd[70889]: Failed password for root from 45.93.169.154 port 52140 ssh2
Dec 15 03:40:40 cls sshd[70889]: Received disconnect from 45.93.169.154 port 52140:11: Bye Bye [preauth]
Dec 15 03:40:40 cls sshd[70889]: Disconnected from authenticating user root 45.93.169.154 port 52140 [preauth]
Dec 15 03:40:41 cls sshd[70891]: Invalid user user1 from 151.47.119.34 port 28880
Dec 15 03:40:41 cls sshd[70891]: pam_unix(sshd:auth): check pass; user unknown
Dec 15 03:40:41 cls sshd[70891]: pam_unix(sshd:auth): authentication failure; logname= uid=0 euid=0 tty=ssh ruser= rhost=151.47.119.34 
Dec 15 03:40:43 cls sshd[70891]: Failed password for invalid user user1 from 151.47.119.34 port 28880 ssh2
Dec 15 03:40:44 cls sshd[70893]: Invalid user oracle from 103.55.216.2 port 35194
Dec 15 03:40:44 cls sshd[70893]: pam_unix(sshd:auth): check pass; user unknown
Dec 15 03:40:44 cls sshd[70893]: pam_unix(sshd:auth): authentication failure; logname= uid=0 euid=0 tty=ssh ruser= rhost=103.55.216.2 
Dec 15 03:40:44 cls sshd[70891]: Received disconnect from 151.47.119.34 port 28880:11: Bye Bye [preauth]
Dec 15 03:40:44 cls sshd[70891]: Disconnected from invalid user user1 151.47.119.34 port 28880 [preauth]
Dec 15 03:40:46 cls sshd[70902]: pam_unix(sshd:auth): authentication failure; logname= uid=0 euid=0 tty=ssh ruser= rhost=203.209.181.4  user=root
Dec 15 03:40:46 cls sshd[70900]: pam_unix(sshd:auth): authentication failure; logname= uid=0 euid=0 tty=ssh ruser= rhost=45.78.218.108  user=root
Dec 15 03:40:46 cls sshd[70893]: Failed password for invalid user oracle from 103.55.216.2 port 35194 ssh2
Dec 15 03:40:47 cls sshd[70893]: Received disconnect from 103.55.216.2 port 35194:11: Bye Bye [preauth]
Dec 15 03:40:47 cls sshd[70893]: Disconnected from invalid user oracle 103.55.216.2 port 35194 [preauth]
Dec 15 03:40:48 cls sshd[70902]: Failed password for root from 203.209.181.4 port 37304 ssh2
Dec 15 03:40:49 cls sshd[70900]: Failed password for root from 45.78.218.108 port 33694 ssh2
Dec 15 03:40:51 cls sshd[70902]: Received disconnect from 203.209.181.4 port 37304:11: Bye Bye [preauth]
Dec 15 03:40:51 cls sshd[70902]: Disconnected from authenticating user root 203.209.181.4 port 37304 [preauth]
Dec 15 03:40:52 cls sshd[70900]: Received disconnect from 45.78.218.108 port 33694:11: Bye Bye [preauth]
Dec 15 03:40:52 cls sshd[70900]: Disconnected from authenticating user root 45.78.218.108 port 33694 [preauth]
Dec 15 03:41:06 cls sshd[70919]: pam_unix(sshd:auth): authentication failure; logname= uid=0 euid=0 tty=ssh ruser= rhost=45.93.169.154  user=root
Dec 15 03:41:06 cls sshd[70921]: Invalid user jenny from 45.78.218.124 port 55730
Dec 15 03:41:06 cls sshd[70921]: pam_unix(sshd:auth): check pass; user unknown
Dec 15 03:41:06 cls sshd[70921]: pam_unix(sshd:auth): authentication failure; logname= uid=0 euid=0 tty=ssh ruser= rhost=45.78.218.124 
Dec 15 03:41:08 cls sshd[70921]: Failed password for invalid user jenny from 45.78.218.124 port 55730 ssh2
Dec 15 03:41:08 cls sshd[70919]: Failed password for root from 45.93.169.154 port 51746 ssh2
Dec 15 03:41:08 cls sshd[70921]: Received disconnect from 45.78.218.124 port 55730:11: Bye Bye [preauth]
Dec 15 03:41:08 cls sshd[70921]: Disconnected from invalid user jenny 45.78.218.124 port 55730 [preauth]
Dec 15 03:41:08 cls sshd[70919]: Received disconnect from 45.93.169.154 port 51746:11: Bye Bye [preauth]
Dec 15 03:41:08 cls sshd[70919]: Disconnected from authenticating user root 45.93.169.154 port 51746 [preauth]
Dec 15 03:41:23 cls sshd[70925]: Invalid user nemo from 103.55.216.2 port 39586
Dec 15 03:41:23 cls sshd[70925]: pam_unix(sshd:auth): check pass; user unknown
Dec 15 03:41:23 cls sshd[70925]: pam_unix(sshd:auth): authentication failure; logname= uid=0 euid=0 tty=ssh ruser= rhost=103.55.216.2 
Dec 15 03:41:23 cls sshd[70923]: Invalid user admin from 45.78.227.246 port 58774
Dec 15 03:41:23 cls sshd[70923]: pam_unix(sshd:auth): check pass; user unknown
Dec 15 03:41:23 cls sshd[70923]: pam_unix(sshd:auth): authentication failure; logname= uid=0 euid=0 tty=ssh ruser= rhost=45.78.227.246 
Dec 15 03:41:25 cls sshd[70927]: Invalid user esuser from 203.209.181.4 port 56946
Dec 15 03:41:25 cls sshd[70927]: pam_unix(sshd:auth): check pass; user unknown
Dec 15 03:41:25 cls sshd[70927]: pam_unix(sshd:auth): authentication failure; logname= uid=0 euid=0 tty=ssh ruser= rhost=203.209.181.4 
Dec 15 03:41:25 cls sshd[70925]: Failed password for invalid user nemo from 103.55.216.2 port 39586 ssh2
Dec 15 03:41:25 cls sshd[70923]: Failed password for invalid user admin from 45.78.227.246 port 58774 ssh2
Dec 15 03:41:26 cls sshd[70927]: Failed password for invalid user esuser from 203.209.181.4 port 56946 ssh2
Dec 15 03:41:27 cls sshd[70927]: Received disconnect from 203.209.181.4 port 56946:11: Bye Bye [preauth]
Dec 15 03:41:27 cls sshd[70927]: Disconnected from invalid user esuser 203.209.181.4 port 56946 [preauth]
Dec 15 03:41:27 cls sshd[70925]: Received disconnect from 103.55.216.2 port 39586:11: Bye Bye [preauth]
Dec 15 03:41:27 cls sshd[70925]: Disconnected from invalid user nemo 103.55.216.2 port 39586 [preauth]
Dec 15 03:41:27 cls sshd[70923]: Received disconnect from 45.78.227.246 port 58774:11: Bye Bye [preauth]
Dec 15 03:41:27 cls sshd[70923]: Disconnected from invalid user admin 45.78.227.246 port 58774 [preauth]
Dec 15 03:41:32 cls sshd[70941]: pam_unix(sshd:auth): authentication failure; logname= uid=0 euid=0 tty=ssh ruser= rhost=151.47.119.34  user=root
Dec 15 03:41:34 cls sshd[70941]: Failed password for root from 151.47.119.34 port 28343 ssh2
Dec 15 03:41:34 cls sshd[70943]: Invalid user rancher from 45.93.169.154 port 41446
Dec 15 03:41:34 cls sshd[70943]: pam_unix(sshd:auth): check pass; user unknown
Dec 15 03:41:34 cls sshd[70943]: pam_unix(sshd:auth): authentication failure; logname= uid=0 euid=0 tty=ssh ruser= rhost=45.93.169.154 
Dec 15 03:41:35 cls sshd[70941]: Received disconnect from 151.47.119.34 port 28343:11: Bye Bye [preauth]
Dec 15 03:41:35 cls sshd[70941]: Disconnected from authenticating user root 151.47.119.34 port 28343 [preauth]
Dec 15 03:41:36 cls sshd[70943]: Failed password for invalid user rancher from 45.93.169.154 port 41446 ssh2
Dec 15 03:41:38 cls sshd[70943]: Received disconnect from 45.93.169.154 port 41446:11: Bye Bye [preauth]
Dec 15 03:41:38 cls sshd[70943]: Disconnected from invalid user rancher 45.93.169.154 port 41446 [preauth]
Dec 15 03:41:58 cls sshd[70948]: pam_unix(sshd:auth): authentication failure; logname= uid=0 euid=0 tty=ssh ruser= rhost=45.78.218.108  user=root
Dec 15 03:41:59 cls sshd[70948]: Failed password for root from 45.78.218.108 port 59096 ssh2
Dec 15 03:42:00 cls sshd[70948]: Received disconnect from 45.78.218.108 port 59096:11: Bye Bye [preauth]
Dec 15 03:42:00 cls sshd[70948]: Disconnected from authenticating user root 45.78.218.108 port 59096 [preauth]
Dec 15 03:42:02 cls sshd[70952]: pam_unix(sshd:auth): authentication failure; logname= uid=0 euid=0 tty=ssh ruser= rhost=103.55.216.2  user=root
