Dec 14 10:28:07 cls sshd[45948]: Failed password for invalid user user from 115.113.96.56 port 40782 ssh2
Dec 14 10:28:08 cls sshd[45948]: Received disconnect from 115.113.96.56 port 40782:11: Bye Bye [preauth]
Dec 14 10:28:08 cls sshd[45948]: Disconnected from invalid user user 115.113.96.56 port 40782 [preauth]
Dec 14 10:28:11 cls sshd[45962]: Invalid user es from 101.47.160.231 port 42504
Dec 14 10:28:11 cls sshd[45962]: pam_unix(sshd:auth): check pass; user unknown
Dec 14 10:28:11 cls sshd[45962]: pam_unix(sshd:auth): authentication failure; logname= uid=0 euid=0 tty=ssh ruser= rhost=101.47.160.231 
Dec 14 10:28:12 cls sshd[45965]: Invalid user forward from 64.227.139.157 port 34294
Dec 14 10:28:12 cls sshd[45965]: pam_unix(sshd:auth): check pass; user unknown
Dec 14 10:28:12 cls sshd[45965]: pam_unix(sshd:auth): authentication failure; logname= uid=0 euid=0 tty=ssh ruser= rhost=64.227.139.157 
Dec 14 10:28:13 cls sshd[45962]: Failed password for invalid user es from 101.47.160.231 port 42504 ssh2
Dec 14 10:28:13 cls sshd[45962]: Received disconnect from 101.47.160.231 port 42504:11: Bye Bye [preauth]
Dec 14 10:28:13 cls sshd[45962]: Disconnected from invalid user es 101.47.160.231 port 42504 [preauth]
Dec 14 10:28:14 cls sshd[45965]: Failed password for invalid user forward from 64.227.139.157 port 34294 ssh2
Dec 14 10:28:16 cls sshd[45965]: Received disconnect from 64.227.139.157 port 34294:11: Bye Bye [preauth]
Dec 14 10:28:16 cls sshd[45965]: Disconnected from invalid user forward 64.227.139.157 port 34294 [preauth]
Dec 14 10:28:17 cls sshd[45977]: pam_unix(sshd:auth): authentication failure; logname= uid=0 euid=0 tty=ssh ruser= rhost=187.110.238.50  user=root
Dec 14 10:28:19 cls sshd[45977]: Failed password for root from 187.110.238.50 port 55224 ssh2
Dec 14 10:28:20 cls sshd[45979]: Invalid user info from 162.19.224.161 port 40320
Dec 14 10:28:20 cls sshd[45979]: pam_unix(sshd:auth): check pass; user unknown
Dec 14 10:28:20 cls sshd[45979]: pam_unix(sshd:auth): authentication failure; logname= uid=0 euid=0 tty=ssh ruser= rhost=162.19.224.161 
Dec 14 10:28:20 cls sshd[45977]: Received disconnect from 187.110.238.50 port 55224:11: Bye Bye [preauth]
Dec 14 10:28:20 cls sshd[45977]: Disconnected from authenticating user root 187.110.238.50 port 55224 [preauth]
Dec 14 10:28:21 cls sshd[45981]: Invalid user data from 167.86.127.135 port 48400
Dec 14 10:28:21 cls sshd[45981]: pam_unix(sshd:auth): check pass; user unknown
Dec 14 10:28:21 cls sshd[45981]: pam_unix(sshd:auth): authentication failure; logname= uid=0 euid=0 tty=ssh ruser= rhost=167.86.127.135 
Dec 14 10:28:22 cls sshd[45979]: Failed password for invalid user info from 162.19.224.161 port 40320 ssh2
Dec 14 10:28:22 cls sshd[45983]: Invalid user vishal from 186.87.166.141 port 52150
Dec 14 10:28:22 cls sshd[45983]: pam_unix(sshd:auth): check pass; user unknown
Dec 14 10:28:22 cls sshd[45983]: pam_unix(sshd:auth): authentication failure; logname= uid=0 euid=0 tty=ssh ruser= rhost=186.87.166.141 
Dec 14 10:28:23 cls sshd[45979]: Received disconnect from 162.19.224.161 port 40320:11: Bye Bye [preauth]
Dec 14 10:28:23 cls sshd[45979]: Disconnected from invalid user info 162.19.224.161 port 40320 [preauth]
Dec 14 10:28:23 cls sshd[45981]: Failed password for invalid user data from 167.86.127.135 port 48400 ssh2
Dec 14 10:28:24 cls sshd[45981]: Received disconnect from 167.86.127.135 port 48400:11: Bye Bye [preauth]
Dec 14 10:28:24 cls sshd[45981]: Disconnected from invalid user data 167.86.127.135 port 48400 [preauth]
Dec 14 10:28:25 cls sshd[45983]: Failed password for invalid user vishal from 186.87.166.141 port 52150 ssh2
Dec 14 10:28:27 cls sshd[45983]: Received disconnect from 186.87.166.141 port 52150:11: Bye Bye [preauth]
Dec 14 10:28:27 cls sshd[45983]: Disconnected from invalid user vishal 186.87.166.141 port 52150 [preauth]
Dec 14 10:28:30 cls sshd[45985]: Invalid user demo from 182.180.57.212 port 46954
Dec 14 10:28:30 cls sshd[45985]: pam_unix(sshd:auth): check pass; user unknown
Dec 14 10:28:30 cls sshd[45985]: pam_unix(sshd:auth): authentication failure; logname= uid=0 euid=0 tty=ssh ruser= rhost=182.180.57.212 
Dec 14 10:28:32 cls sshd[45985]: Failed password for invalid user demo from 182.180.57.212 port 46954 ssh2
Dec 14 10:28:33 cls sshd[45985]: Received disconnect from 182.180.57.212 port 46954:11: Bye Bye [preauth]
Dec 14 10:28:33 cls sshd[45985]: Disconnected from invalid user demo 182.180.57.212 port 46954 [preauth]
Dec 14 10:28:34 cls sshd[45987]: pam_unix(sshd:auth): authentication failure; logname= uid=0 euid=0 tty=ssh ruser= rhost=45.78.206.234  user=root
Dec 14 10:28:37 cls sshd[45987]: Failed password for root from 45.78.206.234 port 53714 ssh2
Dec 14 10:28:40 cls sshd[45987]: Received disconnect from 45.78.206.234 port 53714:11: Bye Bye [preauth]
Dec 14 10:28:40 cls sshd[45987]: Disconnected from authenticating user root 45.78.206.234 port 53714 [preauth]
Dec 14 10:28:45 cls sshd[45989]: pam_unix(sshd:auth): authentication failure; logname= uid=0 euid=0 tty=ssh ruser= rhost=115.113.96.56  user=root
Dec 14 10:28:48 cls sshd[45989]: Failed password for root from 115.113.96.56 port 53352 ssh2
Dec 14 10:28:51 cls sshd[45989]: Received disconnect from 115.113.96.56 port 53352:11: Bye Bye [preauth]
Dec 14 10:28:51 cls sshd[45989]: Disconnected from authenticating user root 115.113.96.56 port 53352 [preauth]
Dec 14 10:28:51 cls sshd[45991]: pam_unix(sshd:auth): authentication failure; logname= uid=0 euid=0 tty=ssh ruser= rhost=162.19.224.161  user=root
Dec 14 10:28:52 cls sshd[45995]: pam_unix(sshd:auth): authentication failure; logname= uid=0 euid=0 tty=ssh ruser= rhost=64.227.139.157  user=root
Dec 14 10:28:53 cls sshd[45991]: Failed password for root from 162.19.224.161 port 34438 ssh2
Dec 14 10:28:53 cls sshd[45993]: Invalid user admin from 187.110.238.50 port 39216
Dec 14 10:28:53 cls sshd[45993]: pam_unix(sshd:auth): check pass; user unknown
Dec 14 10:28:53 cls sshd[45993]: pam_unix(sshd:auth): authentication failure; logname= uid=0 euid=0 tty=ssh ruser= rhost=187.110.238.50 
Dec 14 10:28:54 cls sshd[45991]: Received disconnect from 162.19.224.161 port 34438:11: Bye Bye [preauth]
Dec 14 10:28:54 cls sshd[45991]: Disconnected from authenticating user root 162.19.224.161 port 34438 [preauth]
Dec 14 10:28:54 cls sshd[45995]: Failed password for root from 64.227.139.157 port 39476 ssh2
Dec 14 10:28:55 cls sshd[45995]: Received disconnect from 64.227.139.157 port 39476:11: Bye Bye [preauth]
Dec 14 10:28:55 cls sshd[45995]: Disconnected from authenticating user root 64.227.139.157 port 39476 [preauth]
Dec 14 10:28:55 cls sshd[45993]: Failed password for invalid user admin from 187.110.238.50 port 39216 ssh2
Dec 14 10:28:55 cls sshd[45993]: Received disconnect from 187.110.238.50 port 39216:11: Bye Bye [preauth]
Dec 14 10:28:55 cls sshd[45993]: Disconnected from invalid user admin 187.110.238.50 port 39216 [preauth]
Dec 14 10:28:58 cls sshd[46000]: Invalid user hadoop from 5.252.53.62 port 36014
Dec 14 10:28:58 cls sshd[46000]: pam_unix(sshd:auth): check pass; user unknown
Dec 14 10:28:58 cls sshd[46000]: pam_unix(sshd:auth): authentication failure; logname= uid=0 euid=0 tty=ssh ruser= rhost=5.252.53.62 
Dec 14 10:28:59 cls sshd[46002]: pam_unix(sshd:auth): authentication failure; logname= uid=0 euid=0 tty=ssh ruser= rhost=167.86.127.135  user=root
Dec 14 10:29:00 cls sshd[46000]: Failed password for invalid user hadoop from 5.252.53.62 port 36014 ssh2
Dec 14 10:29:01 cls sshd[46000]: Received disconnect from 5.252.53.62 port 36014:11: Bye Bye [preauth]
Dec 14 10:29:01 cls sshd[46000]: Disconnected from invalid user hadoop 5.252.53.62 port 36014 [preauth]
Dec 14 10:29:01 cls sshd[46002]: Failed password for root from 167.86.127.135 port 57712 ssh2
Dec 14 10:29:02 cls sshd[46002]: Received disconnect from 167.86.127.135 port 57712:11: Bye Bye [preauth]
Dec 14 10:29:02 cls sshd[46002]: Disconnected from authenticating user root 167.86.127.135 port 57712 [preauth]
Dec 14 10:29:06 cls sshd[46007]: pam_unix(sshd:auth): authentication failure; logname= uid=0 euid=0 tty=ssh ruser= rhost=186.87.166.141  user=root
Dec 14 10:29:08 cls sshd[46007]: Failed password for root from 186.87.166.141 port 37272 ssh2
Dec 14 10:29:09 cls sshd[46007]: Received disconnect from 186.87.166.141 port 37272:11: Bye Bye [preauth]
Dec 14 10:29:09 cls sshd[46007]: Disconnected from authenticating user root 186.87.166.141 port 37272 [preauth]
Dec 14 10:29:23 cls sshd[46015]: pam_unix(sshd:auth): authentication failure; logname= uid=0 euid=0 tty=ssh ruser= rhost=162.19.224.161  user=root
Dec 14 10:29:25 cls sshd[46017]: Invalid user tidb from 182.180.57.212 port 59208
Dec 14 10:29:25 cls sshd[46017]: pam_unix(sshd:auth): check pass; user unknown
Dec 14 10:29:25 cls sshd[46017]: pam_unix(sshd:auth): authentication failure; logname= uid=0 euid=0 tty=ssh ruser= rhost=182.180.57.212 
Dec 14 10:29:25 cls sshd[46015]: Failed password for root from 162.19.224.161 port 54668 ssh2
Dec 14 10:29:26 cls sshd[46015]: Received disconnect from 162.19.224.161 port 54668:11: Bye Bye [preauth]
Dec 14 10:29:26 cls sshd[46015]: Disconnected from authenticating user root 162.19.224.161 port 54668 [preauth]
Dec 14 10:29:26 cls sshd[46017]: Failed password for invalid user tidb from 182.180.57.212 port 59208 ssh2
Dec 14 10:29:27 cls sshd[46022]: Invalid user demo from 115.113.96.56 port 37694
Dec 14 10:29:27 cls sshd[46022]: pam_unix(sshd:auth): check pass; user unknown
Dec 14 10:29:27 cls sshd[46022]: pam_unix(sshd:auth): authentication failure; logname= uid=0 euid=0 tty=ssh ruser= rhost=115.113.96.56 
Dec 14 10:29:28 cls sshd[46017]: Received disconnect from 182.180.57.212 port 59208:11: Bye Bye [preauth]
Dec 14 10:29:28 cls sshd[46017]: Disconnected from invalid user tidb 182.180.57.212 port 59208 [preauth]
Dec 14 10:29:29 cls sshd[46026]: Invalid user gits from 64.227.139.157 port 54088
Dec 14 10:29:29 cls sshd[46026]: pam_unix(sshd:auth): check pass; user unknown
Dec 14 10:29:29 cls sshd[46026]: pam_unix(sshd:auth): authentication failure; logname= uid=0 euid=0 tty=ssh ruser= rhost=64.227.139.157 
Dec 14 10:29:29 cls sshd[46024]: pam_unix(sshd:auth): authentication failure; logname= uid=0 euid=0 tty=ssh ruser= rhost=187.110.238.50  user=root
Dec 14 10:29:29 cls sshd[46022]: Failed password for invalid user demo from 115.113.96.56 port 37694 ssh2
Dec 14 10:29:30 cls sshd[46022]: Received disconnect from 115.113.96.56 port 37694:11: Bye Bye [preauth]
Dec 14 10:29:30 cls sshd[46022]: Disconnected from invalid user demo 115.113.96.56 port 37694 [preauth]
Dec 14 10:29:30 cls sshd[46026]: Failed password for invalid user gits from 64.227.139.157 port 54088 ssh2
Dec 14 10:29:31 cls sshd[46024]: Failed password for root from 187.110.238.50 port 51440 ssh2
Dec 14 10:29:31 cls sshd[46026]: Received disconnect from 64.227.139.157 port 54088:11: Bye Bye [preauth]
Dec 14 10:29:31 cls sshd[46026]: Disconnected from invalid user gits 64.227.139.157 port 54088 [preauth]
Dec 14 10:29:32 cls sshd[46028]: pam_unix(sshd:auth): authentication failure; logname= uid=0 euid=0 tty=ssh ruser= rhost=101.47.160.231  user=root
Dec 14 10:29:32 cls sshd[46024]: Received disconnect from 187.110.238.50 port 51440:11: Bye Bye [preauth]
Dec 14 10:29:32 cls sshd[46024]: Disconnected from authenticating user root 187.110.238.50 port 51440 [preauth]
Dec 14 10:29:34 cls sshd[46028]: Failed password for root from 101.47.160.231 port 47120 ssh2
Dec 14 10:29:34 cls sshd[46028]: Received disconnect from 101.47.160.231 port 47120:11: Bye Bye [preauth]
Dec 14 10:29:34 cls sshd[46028]: Disconnected from authenticating user root 101.47.160.231 port 47120 [preauth]
Dec 14 10:29:38 cls sshd[46030]: pam_unix(sshd:auth): authentication failure; logname= uid=0 euid=0 tty=ssh ruser= rhost=167.86.127.135  user=root
Dec 14 10:29:39 cls sshd[46030]: Failed password for root from 167.86.127.135 port 45086 ssh2
Dec 14 10:29:39 cls sshd[46032]: pam_unix(sshd:auth): authentication failure; logname= uid=0 euid=0 tty=ssh ruser= rhost=5.252.53.62  user=root
Dec 14 10:29:41 cls sshd[46030]: Received disconnect from 167.86.127.135 port 45086:11: Bye Bye [preauth]
Dec 14 10:29:41 cls sshd[46030]: Disconnected from authenticating user root 167.86.127.135 port 45086 [preauth]
Dec 14 10:29:41 cls sshd[46032]: Failed password for root from 5.252.53.62 port 50792 ssh2
Dec 14 10:29:42 cls sshd[46032]: Received disconnect from 5.252.53.62 port 50792:11: Bye Bye [preauth]
Dec 14 10:29:42 cls sshd[46032]: Disconnected from authenticating user root 5.252.53.62 port 50792 [preauth]
Dec 14 10:29:42 cls sshd[46034]: Invalid user gits from 45.78.206.234 port 42476
Dec 14 10:29:42 cls sshd[46034]: pam_unix(sshd:auth): check pass; user unknown
Dec 14 10:29:42 cls sshd[46034]: pam_unix(sshd:auth): authentication failure; logname= uid=0 euid=0 tty=ssh ruser= rhost=45.78.206.234 
Dec 14 10:29:45 cls sshd[46034]: Failed password for invalid user gits from 45.78.206.234 port 42476 ssh2
Dec 14 10:29:47 cls sshd[46034]: Received disconnect from 45.78.206.234 port 42476:11: Bye Bye [preauth]
Dec 14 10:29:47 cls sshd[46034]: Disconnected from invalid user gits 45.78.206.234 port 42476 [preauth]
Dec 14 10:29:52 cls sshd[46036]: Invalid user geo from 186.87.166.141 port 50624
Dec 14 10:29:52 cls sshd[46036]: pam_unix(sshd:auth): check pass; user unknown
Dec 14 10:29:52 cls sshd[46036]: pam_unix(sshd:auth): authentication failure; logname= uid=0 euid=0 tty=ssh ruser= rhost=186.87.166.141 
Dec 14 10:29:54 cls sshd[46036]: Failed password for invalid user geo from 186.87.166.141 port 50624 ssh2
Dec 14 10:29:54 cls sshd[46036]: Received disconnect from 186.87.166.141 port 50624:11: Bye Bye [preauth]
Dec 14 10:29:54 cls sshd[46036]: Disconnected from invalid user geo 186.87.166.141 port 50624 [preauth]
Dec 14 10:29:55 cls sshd[46041]: Invalid user zhangsan from 162.19.224.161 port 56636
Dec 14 10:29:55 cls sshd[46041]: pam_unix(sshd:auth): check pass; user unknown
Dec 14 10:29:55 cls sshd[46041]: pam_unix(sshd:auth): authentication failure; logname= uid=0 euid=0 tty=ssh ruser= rhost=162.19.224.161 
Dec 14 10:29:57 cls sshd[46041]: Failed password for invalid user zhangsan from 162.19.224.161 port 56636 ssh2
Dec 14 10:29:59 cls sshd[46041]: Received disconnect from 162.19.224.161 port 56636:11: Bye Bye [preauth]
Dec 14 10:29:59 cls sshd[46041]: Disconnected from invalid user zhangsan 162.19.224.161 port 56636 [preauth]
Dec 14 10:30:04 cls sshd[46043]: pam_unix(sshd:auth): authentication failure; logname= uid=0 euid=0 tty=ssh ruser= rhost=187.110.238.50  user=root
Dec 14 10:30:06 cls sshd[46043]: Failed password for root from 187.110.238.50 port 35432 ssh2
Dec 14 10:30:06 cls sshd[46045]: pam_unix(sshd:auth): authentication failure; logname= uid=0 euid=0 tty=ssh ruser= rhost=64.227.139.157  user=root
Dec 14 10:30:07 cls sshd[46043]: Received disconnect from 187.110.238.50 port 35432:11: Bye Bye [preauth]
Dec 14 10:30:07 cls sshd[46043]: Disconnected from authenticating user root 187.110.238.50 port 35432 [preauth]
Dec 14 10:30:08 cls sshd[46047]: pam_unix(sshd:auth): authentication failure; logname= uid=0 euid=0 tty=ssh ruser= rhost=115.113.96.56  user=root
Dec 14 10:30:09 cls sshd[46045]: Failed password for root from 64.227.139.157 port 55352 ssh2
Dec 14 10:30:09 cls sshd[46045]: Received disconnect from 64.227.139.157 port 55352:11: Bye Bye [preauth]
Dec 14 10:30:09 cls sshd[46045]: Disconnected from authenticating user root 64.227.139.157 port 55352 [preauth]
Dec 14 10:30:10 cls sshd[46047]: Failed password for root from 115.113.96.56 port 50262 ssh2
Dec 14 10:30:10 cls sshd[46047]: Received disconnect from 115.113.96.56 port 50262:11: Bye Bye [preauth]
Dec 14 10:30:10 cls sshd[46047]: Disconnected from authenticating user root 115.113.96.56 port 50262 [preauth]
Dec 14 10:30:17 cls sshd[46052]: Invalid user test from 167.86.127.135 port 52522
Dec 14 10:30:17 cls sshd[46052]: pam_unix(sshd:auth): check pass; user unknown
Dec 14 10:30:17 cls sshd[46052]: pam_unix(sshd:auth): authentication failure; logname= uid=0 euid=0 tty=ssh ruser= rhost=167.86.127.135 
Dec 14 10:30:19 cls sshd[46052]: Failed password for invalid user test from 167.86.127.135 port 52522 ssh2
Dec 14 10:30:20 cls sshd[46052]: Received disconnect from 167.86.127.135 port 52522:11: Bye Bye [preauth]
Dec 14 10:30:20 cls sshd[46052]: Disconnected from invalid user test 167.86.127.135 port 52522 [preauth]
Dec 14 10:30:21 cls sshd[46054]: pam_unix(sshd:auth): authentication failure; logname= uid=0 euid=0 tty=ssh ruser= rhost=5.252.53.62  user=root
Dec 14 10:30:21 cls sshd[46056]: pam_unix(sshd:auth): authentication failure; logname= uid=0 euid=0 tty=ssh ruser= rhost=182.180.57.212  user=root
Dec 14 10:30:23 cls sshd[46054]: Failed password for root from 5.252.53.62 port 57620 ssh2
Dec 14 10:30:23 cls sshd[46056]: Failed password for root from 182.180.57.212 port 43236 ssh2
Dec 14 10:30:24 cls sshd[46054]: Received disconnect from 5.252.53.62 port 57620:11: Bye Bye [preauth]
Dec 14 10:30:24 cls sshd[46054]: Disconnected from authenticating user root 5.252.53.62 port 57620 [preauth]
Dec 14 10:30:24 cls sshd[46056]: Received disconnect from 182.180.57.212 port 43236:11: Bye Bye [preauth]
Dec 14 10:30:24 cls sshd[46056]: Disconnected from authenticating user root 182.180.57.212 port 43236 [preauth]
Dec 14 10:30:27 cls sshd[46066]: Invalid user test from 162.19.224.161 port 51210
Dec 14 10:30:27 cls sshd[46066]: pam_unix(sshd:auth): check pass; user unknown
Dec 14 10:30:27 cls sshd[46066]: pam_unix(sshd:auth): authentication failure; logname= uid=0 euid=0 tty=ssh ruser= rhost=162.19.224.161 
Dec 14 10:30:28 cls sshd[46066]: Failed password for invalid user test from 162.19.224.161 port 51210 ssh2
Dec 14 10:30:30 cls sshd[46066]: Received disconnect from 162.19.224.161 port 51210:11: Bye Bye [preauth]
Dec 14 10:30:30 cls sshd[46066]: Disconnected from invalid user test 162.19.224.161 port 51210 [preauth]
Dec 14 10:30:37 cls sshd[46068]: pam_unix(sshd:auth): authentication failure; logname= uid=0 euid=0 tty=ssh ruser= rhost=186.87.166.141  user=root
Dec 14 10:30:38 cls sshd[46068]: Failed password for root from 186.87.166.141 port 35746 ssh2
Dec 14 10:30:40 cls sshd[46068]: Received disconnect from 186.87.166.141 port 35746:11: Bye Bye [preauth]
Dec 14 10:30:40 cls sshd[46068]: Disconnected from authenticating user root 186.87.166.141 port 35746 [preauth]
Dec 14 10:30:42 cls sshd[46070]: Invalid user es from 187.110.238.50 port 47648
Dec 14 10:30:42 cls sshd[46070]: pam_unix(sshd:auth): check pass; user unknown
Dec 14 10:30:42 cls sshd[46070]: pam_unix(sshd:auth): authentication failure; logname= uid=0 euid=0 tty=ssh ruser= rhost=187.110.238.50 
Dec 14 10:30:43 cls sshd[46070]: Failed password for invalid user es from 187.110.238.50 port 47648 ssh2
Dec 14 10:30:43 cls sshd[46075]: Invalid user jarservice from 64.227.139.157 port 50892
Dec 14 10:30:43 cls sshd[46075]: pam_unix(sshd:auth): check pass; user unknown
Dec 14 10:30:43 cls sshd[46075]: pam_unix(sshd:auth): authentication failure; logname= uid=0 euid=0 tty=ssh ruser= rhost=64.227.139.157 
Dec 14 10:30:44 cls sshd[46070]: Received disconnect from 187.110.238.50 port 47648:11: Bye Bye [preauth]
Dec 14 10:30:44 cls sshd[46070]: Disconnected from invalid user es 187.110.238.50 port 47648 [preauth]
Dec 14 10:30:46 cls sshd[46075]: Failed password for invalid user jarservice from 64.227.139.157 port 50892 ssh2
Dec 14 10:30:47 cls sshd[46075]: Received disconnect from 64.227.139.157 port 50892:11: Bye Bye [preauth]
Dec 14 10:30:47 cls sshd[46075]: Disconnected from invalid user jarservice 64.227.139.157 port 50892 [preauth]
Dec 14 10:30:49 cls sshd[46077]: Invalid user jarservice from 115.113.96.56 port 34602
Dec 14 10:30:49 cls sshd[46077]: pam_unix(sshd:auth): check pass; user unknown
Dec 14 10:30:49 cls sshd[46077]: pam_unix(sshd:auth): authentication failure; logname= uid=0 euid=0 tty=ssh ruser= rhost=115.113.96.56 
Dec 14 10:30:51 cls sshd[46077]: Failed password for invalid user jarservice from 115.113.96.56 port 34602 ssh2
Dec 14 10:30:51 cls sshd[46077]: Received disconnect from 115.113.96.56 port 34602:11: Bye Bye [preauth]
Dec 14 10:30:51 cls sshd[46077]: Disconnected from invalid user jarservice 115.113.96.56 port 34602 [preauth]
Dec 14 10:30:53 cls sshd[46079]: pam_unix(sshd:auth): authentication failure; logname= uid=0 euid=0 tty=ssh ruser= rhost=101.47.160.231  user=root
Dec 14 10:30:54 cls sshd[46081]: Invalid user luna from 167.86.127.135 port 35700
Dec 14 10:30:54 cls sshd[46081]: pam_unix(sshd:auth): check pass; user unknown
Dec 14 10:30:54 cls sshd[46081]: pam_unix(sshd:auth): authentication failure; logname= uid=0 euid=0 tty=ssh ruser= rhost=167.86.127.135 
Dec 14 10:30:54 cls sshd[46079]: Failed password for root from 101.47.160.231 port 50276 ssh2
Dec 14 10:30:56 cls sshd[46079]: Received disconnect from 101.47.160.231 port 50276:11: Bye Bye [preauth]
Dec 14 10:30:56 cls sshd[46079]: Disconnected from authenticating user root 101.47.160.231 port 50276 [preauth]
Dec 14 10:30:56 cls sshd[46081]: Failed password for invalid user luna from 167.86.127.135 port 35700 ssh2
Dec 14 10:30:57 cls sshd[46081]: Received disconnect from 167.86.127.135 port 35700:11: Bye Bye [preauth]
Dec 14 10:30:57 cls sshd[46081]: Disconnected from invalid user luna 167.86.127.135 port 35700 [preauth]
Dec 14 10:30:57 cls sshd[46086]: pam_unix(sshd:auth): authentication failure; logname= uid=0 euid=0 tty=ssh ruser= rhost=162.19.224.161  user=root
Dec 14 10:31:00 cls sshd[46086]: Failed password for root from 162.19.224.161 port 34700 ssh2
Dec 14 10:31:00 cls sshd[46086]: Received disconnect from 162.19.224.161 port 34700:11: Bye Bye [preauth]
Dec 14 10:31:00 cls sshd[46086]: Disconnected from authenticating user root 162.19.224.161 port 34700 [preauth]
Dec 14 10:31:01 cls CRON[46091]: pam_unix(cron:session): session opened for user root by (uid=0)
Dec 14 10:31:01 cls CRON[46091]: pam_unix(cron:session): session closed for user root
Dec 14 10:31:04 cls sshd[46094]: Invalid user jarservice from 5.252.53.62 port 59608
Dec 14 10:31:04 cls sshd[46094]: pam_unix(sshd:auth): check pass; user unknown
Dec 14 10:31:04 cls sshd[46094]: pam_unix(sshd:auth): authentication failure; logname= uid=0 euid=0 tty=ssh ruser= rhost=5.252.53.62 
Dec 14 10:31:06 cls sshd[46094]: Failed password for invalid user jarservice from 5.252.53.62 port 59608 ssh2
Dec 14 10:31:08 cls sshd[46094]: Received disconnect from 5.252.53.62 port 59608:11: Bye Bye [preauth]
Dec 14 10:31:08 cls sshd[46094]: Disconnected from invalid user jarservice 5.252.53.62 port 59608 [preauth]
Dec 14 10:31:17 cls sshd[46099]: Invalid user forward from 187.110.238.50 port 59870
Dec 14 10:31:17 cls sshd[46099]: pam_unix(sshd:auth): check pass; user unknown
Dec 14 10:31:17 cls sshd[46099]: pam_unix(sshd:auth): authentication failure; logname= uid=0 euid=0 tty=ssh ruser= rhost=187.110.238.50 
Dec 14 10:31:17 cls sshd[46101]: Invalid user app from 182.180.57.212 port 55492
Dec 14 10:31:17 cls sshd[46101]: pam_unix(sshd:auth): check pass; user unknown
Dec 14 10:31:17 cls sshd[46101]: pam_unix(sshd:auth): authentication failure; logname= uid=0 euid=0 tty=ssh ruser= rhost=182.180.57.212 
Dec 14 10:31:18 cls sshd[46099]: Failed password for invalid user forward from 187.110.238.50 port 59870 ssh2
Dec 14 10:31:18 cls sshd[46101]: Failed password for invalid user app from 182.180.57.212 port 55492 ssh2
Dec 14 10:31:19 cls sshd[46101]: Received disconnect from 182.180.57.212 port 55492:11: Bye Bye [preauth]
Dec 14 10:31:19 cls sshd[46101]: Disconnected from invalid user app 182.180.57.212 port 55492 [preauth]
Dec 14 10:31:19 cls sshd[46099]: Received disconnect from 187.110.238.50 port 59870:11: Bye Bye [preauth]
Dec 14 10:31:19 cls sshd[46099]: Disconnected from invalid user forward 187.110.238.50 port 59870 [preauth]
Dec 14 10:31:22 cls sshd[46105]: pam_unix(sshd:auth): authentication failure; logname= uid=0 euid=0 tty=ssh ruser= rhost=64.227.139.157  user=root
Dec 14 10:31:22 cls sshd[46103]: pam_unix(sshd:auth): authentication failure; logname= uid=0 euid=0 tty=ssh ruser= rhost=186.87.166.141  user=root
Dec 14 10:31:24 cls sshd[46105]: Failed password for root from 64.227.139.157 port 55764 ssh2
Dec 14 10:31:24 cls sshd[46103]: Failed password for root from 186.87.166.141 port 49100 ssh2
Dec 14 10:31:25 cls sshd[46105]: Received disconnect from 64.227.139.157 port 55764:11: Bye Bye [preauth]
Dec 14 10:31:25 cls sshd[46105]: Disconnected from authenticating user root 64.227.139.157 port 55764 [preauth]
Dec 14 10:31:25 cls sshd[46103]: Received disconnect from 186.87.166.141 port 49100:11: Bye Bye [preauth]
Dec 14 10:31:25 cls sshd[46103]: Disconnected from authenticating user root 186.87.166.141 port 49100 [preauth]
Dec 14 10:31:28 cls sshd[46107]: pam_unix(sshd:auth): authentication failure; logname= uid=0 euid=0 tty=ssh ruser= rhost=115.113.96.56  user=root
Dec 14 10:31:29 cls sshd[46109]: pam_unix(sshd:auth): authentication failure; logname= uid=0 euid=0 tty=ssh ruser= rhost=162.19.224.161  user=root
Dec 14 10:31:30 cls sshd[46107]: Failed password for root from 115.113.96.56 port 47172 ssh2
Dec 14 10:31:30 cls sshd[46109]: Failed password for root from 162.19.224.161 port 47526 ssh2
Dec 14 10:31:30 cls sshd[46107]: Received disconnect from 115.113.96.56 port 47172:11: Bye Bye [preauth]
Dec 14 10:31:30 cls sshd[46107]: Disconnected from authenticating user root 115.113.96.56 port 47172 [preauth]
Dec 14 10:31:31 cls sshd[46109]: Received disconnect from 162.19.224.161 port 47526:11: Bye Bye [preauth]
Dec 14 10:31:31 cls sshd[46109]: Disconnected from authenticating user root 162.19.224.161 port 47526 [preauth]
Dec 14 10:31:32 cls sshd[46111]: pam_unix(sshd:auth): authentication failure; logname= uid=0 euid=0 tty=ssh ruser= rhost=167.86.127.135  user=root
Dec 14 10:31:34 cls sshd[46111]: Failed password for root from 167.86.127.135 port 54188 ssh2
Dec 14 10:31:35 cls sshd[46111]: Received disconnect from 167.86.127.135 port 54188:11: Bye Bye [preauth]
Dec 14 10:31:35 cls sshd[46111]: Disconnected from authenticating user root 167.86.127.135 port 54188 [preauth]
Dec 14 10:31:44 cls sshd[46113]: Invalid user newroot from 5.252.53.62 port 42518
Dec 14 10:31:44 cls sshd[46113]: pam_unix(sshd:auth): check pass; user unknown
Dec 14 10:31:44 cls sshd[46113]: pam_unix(sshd:auth): authentication failure; logname= uid=0 euid=0 tty=ssh ruser= rhost=5.252.53.62 
Dec 14 10:31:46 cls sshd[46113]: Failed password for invalid user newroot from 5.252.53.62 port 42518 ssh2
Dec 14 10:31:48 cls sshd[46113]: Received disconnect from 5.252.53.62 port 42518:11: Bye Bye [preauth]
Dec 14 10:31:48 cls sshd[46113]: Disconnected from invalid user newroot 5.252.53.62 port 42518 [preauth]
Dec 14 10:31:52 cls sshd[46115]: pam_unix(sshd:auth): authentication failure; logname= uid=0 euid=0 tty=ssh ruser= rhost=187.110.238.50  user=root
Dec 14 10:31:53 cls sshd[46115]: Failed password for root from 187.110.238.50 port 43864 ssh2
Dec 14 10:31:54 cls sshd[46115]: Received disconnect from 187.110.238.50 port 43864:11: Bye Bye [preauth]
Dec 14 10:31:54 cls sshd[46115]: Disconnected from authenticating user root 187.110.238.50 port 43864 [preauth]
Dec 14 10:31:58 cls sshd[46117]: pam_unix(sshd:auth): authentication failure; logname= uid=0 euid=0 tty=ssh ruser= rhost=64.227.139.157  user=root
Dec 14 10:32:00 cls sshd[46119]: Invalid user example from 162.19.224.161 port 37146
Dec 14 10:32:00 cls sshd[46119]: pam_unix(sshd:auth): check pass; user unknown
Dec 14 10:32:00 cls sshd[46119]: pam_unix(sshd:auth): authentication failure; logname= uid=0 euid=0 tty=ssh ruser= rhost=162.19.224.161 
Dec 14 10:32:00 cls sshd[46117]: Failed password for root from 64.227.139.157 port 57238 ssh2
Dec 14 10:32:00 cls sshd[46117]: Received disconnect from 64.227.139.157 port 57238:11: Bye Bye [preauth]
Dec 14 10:32:00 cls sshd[46117]: Disconnected from authenticating user root 64.227.139.157 port 57238 [preauth]
Dec 14 10:32:01 cls sshd[46119]: Failed password for invalid user example from 162.19.224.161 port 37146 ssh2
Dec 14 10:32:03 cls sshd[46119]: Received disconnect from 162.19.224.161 port 37146:11: Bye Bye [preauth]
Dec 14 10:32:03 cls sshd[46119]: Disconnected from invalid user example 162.19.224.161 port 37146 [preauth]
Dec 14 10:32:08 cls sshd[46121]: pam_unix(sshd:auth): authentication failure; logname= uid=0 euid=0 tty=ssh ruser= rhost=115.113.96.56  user=root
Dec 14 10:32:09 cls sshd[46125]: pam_unix(sshd:auth): authentication failure; logname= uid=0 euid=0 tty=ssh ruser= rhost=167.86.127.135  user=root
Dec 14 10:32:09 cls sshd[46123]: Invalid user web from 186.87.166.141 port 34226
Dec 14 10:32:09 cls sshd[46123]: pam_unix(sshd:auth): check pass; user unknown
Dec 14 10:32:09 cls sshd[46123]: pam_unix(sshd:auth): authentication failure; logname= uid=0 euid=0 tty=ssh ruser= rhost=186.87.166.141 
Dec 14 10:32:10 cls sshd[46121]: Failed password for root from 115.113.96.56 port 59744 ssh2
Dec 14 10:32:10 cls sshd[46121]: Received disconnect from 115.113.96.56 port 59744:11: Bye Bye [preauth]
Dec 14 10:32:10 cls sshd[46121]: Disconnected from authenticating user root 115.113.96.56 port 59744 [preauth]
Dec 14 10:32:11 cls sshd[46125]: Failed password for root from 167.86.127.135 port 40414 ssh2
Dec 14 10:32:11 cls sshd[46123]: Failed password for invalid user web from 186.87.166.141 port 34226 ssh2
Dec 14 10:32:12 cls sshd[46123]: Received disconnect from 186.87.166.141 port 34226:11: Bye Bye [preauth]
Dec 14 10:32:12 cls sshd[46123]: Disconnected from invalid user web 186.87.166.141 port 34226 [preauth]
Dec 14 10:32:12 cls sshd[46125]: Received disconnect from 167.86.127.135 port 40414:11: Bye Bye [preauth]
Dec 14 10:32:12 cls sshd[46125]: Disconnected from authenticating user root 167.86.127.135 port 40414 [preauth]
Dec 14 10:32:15 cls sshd[46127]: Invalid user forward from 101.47.160.231 port 37462
Dec 14 10:32:15 cls sshd[46127]: pam_unix(sshd:auth): check pass; user unknown
Dec 14 10:32:15 cls sshd[46127]: pam_unix(sshd:auth): authentication failure; logname= uid=0 euid=0 tty=ssh ruser= rhost=101.47.160.231 
Dec 14 10:32:16 cls sshd[46127]: Failed password for invalid user forward from 101.47.160.231 port 37462 ssh2
Dec 14 10:32:18 cls sshd[46127]: Received disconnect from 101.47.160.231 port 37462:11: Bye Bye [preauth]
Dec 14 10:32:18 cls sshd[46127]: Disconnected from invalid user forward 101.47.160.231 port 37462 [preauth]
Dec 14 10:32:23 cls sshd[46129]: pam_unix(sshd:auth): authentication failure; logname= uid=0 euid=0 tty=ssh ruser= rhost=182.180.57.212  user=root
Dec 14 10:32:24 cls sshd[46131]: pam_unix(sshd:auth): authentication failure; logname= uid=0 euid=0 tty=ssh ruser= rhost=5.252.53.62  user=root
Dec 14 10:32:25 cls sshd[46129]: Failed password for root from 182.180.57.212 port 39528 ssh2
Dec 14 10:32:26 cls sshd[46133]: Invalid user tidb from 187.110.238.50 port 56084
Dec 14 10:32:26 cls sshd[46133]: pam_unix(sshd:auth): check pass; user unknown
Dec 14 10:32:26 cls sshd[46133]: pam_unix(sshd:auth): authentication failure; logname= uid=0 euid=0 tty=ssh ruser= rhost=187.110.238.50 
Dec 14 10:32:26 cls sshd[46129]: Received disconnect from 182.180.57.212 port 39528:11: Bye Bye [preauth]
Dec 14 10:32:26 cls sshd[46129]: Disconnected from authenticating user root 182.180.57.212 port 39528 [preauth]
Dec 14 10:32:26 cls sshd[46131]: Failed password for root from 5.252.53.62 port 38410 ssh2
Dec 14 10:32:27 cls sshd[46131]: Received disconnect from 5.252.53.62 port 38410:11: Bye Bye [preauth]
Dec 14 10:32:27 cls sshd[46131]: Disconnected from authenticating user root 5.252.53.62 port 38410 [preauth]
Dec 14 10:32:28 cls sshd[46133]: Failed password for invalid user tidb from 187.110.238.50 port 56084 ssh2
Dec 14 10:32:29 cls sshd[46133]: Received disconnect from 187.110.238.50 port 56084:11: Bye Bye [preauth]
Dec 14 10:32:29 cls sshd[46133]: Disconnected from invalid user tidb 187.110.238.50 port 56084 [preauth]
Dec 14 10:32:31 cls sshd[46138]: pam_unix(sshd:auth): authentication failure; logname= uid=0 euid=0 tty=ssh ruser= rhost=162.19.224.161  user=root
Dec 14 10:32:32 cls sshd[46140]: Invalid user tidb from 64.227.139.157 port 35412
Dec 14 10:32:32 cls sshd[46140]: pam_unix(sshd:auth): check pass; user unknown
Dec 14 10:32:32 cls sshd[46140]: pam_unix(sshd:auth): authentication failure; logname= uid=0 euid=0 tty=ssh ruser= rhost=64.227.139.157 
Dec 14 10:32:33 cls sshd[46138]: Failed password for root from 162.19.224.161 port 44578 ssh2
Dec 14 10:32:33 cls sshd[46138]: Received disconnect from 162.19.224.161 port 44578:11: Bye Bye [preauth]
Dec 14 10:32:33 cls sshd[46138]: Disconnected from authenticating user root 162.19.224.161 port 44578 [preauth]
Dec 14 10:32:35 cls sshd[46140]: Failed password for invalid user tidb from 64.227.139.157 port 35412 ssh2
Dec 14 10:32:35 cls sshd[46140]: Received disconnect from 64.227.139.157 port 35412:11: Bye Bye [preauth]
Dec 14 10:32:35 cls sshd[46140]: Disconnected from invalid user tidb 64.227.139.157 port 35412 [preauth]
Dec 14 10:32:47 cls sshd[46150]: pam_unix(sshd:auth): authentication failure; logname= uid=0 euid=0 tty=ssh ruser= rhost=115.113.96.56  user=root
Dec 14 10:32:49 cls sshd[46150]: Failed password for root from 115.113.96.56 port 44082 ssh2
Dec 14 10:32:49 cls sshd[46153]: pam_unix(sshd:auth): authentication failure; logname= uid=0 euid=0 tty=ssh ruser= rhost=167.86.127.135  user=root
Dec 14 10:32:49 cls sshd[46150]: Received disconnect from 115.113.96.56 port 44082:11: Bye Bye [preauth]
Dec 14 10:32:49 cls sshd[46150]: Disconnected from authenticating user root 115.113.96.56 port 44082 [preauth]
Dec 14 10:32:51 cls sshd[46153]: Failed password for root from 167.86.127.135 port 34572 ssh2
Dec 14 10:32:52 cls sshd[46153]: Received disconnect from 167.86.127.135 port 34572:11: Bye Bye [preauth]
Dec 14 10:32:52 cls sshd[46153]: Disconnected from authenticating user root 167.86.127.135 port 34572 [preauth]
Dec 14 10:32:57 cls sshd[46159]: Invalid user taha from 186.87.166.141 port 47578
Dec 14 10:32:57 cls sshd[46159]: pam_unix(sshd:auth): check pass; user unknown
Dec 14 10:32:57 cls sshd[46159]: pam_unix(sshd:auth): authentication failure; logname= uid=0 euid=0 tty=ssh ruser= rhost=186.87.166.141 
Dec 14 10:32:59 cls sshd[46159]: Failed password for invalid user taha from 186.87.166.141 port 47578 ssh2
Dec 14 10:33:01 cls sshd[46164]: Invalid user roots from 187.110.238.50 port 40070
Dec 14 10:33:01 cls sshd[46164]: pam_unix(sshd:auth): check pass; user unknown
Dec 14 10:33:01 cls sshd[46164]: pam_unix(sshd:auth): authentication failure; logname= uid=0 euid=0 tty=ssh ruser= rhost=187.110.238.50 
Dec 14 10:33:01 cls sshd[46159]: Received disconnect from 186.87.166.141 port 47578:11: Bye Bye [preauth]
Dec 14 10:33:01 cls sshd[46159]: Disconnected from invalid user taha 186.87.166.141 port 47578 [preauth]
Dec 14 10:33:02 cls sshd[46164]: Failed password for invalid user roots from 187.110.238.50 port 40070 ssh2
Dec 14 10:33:03 cls sshd[46164]: Received disconnect from 187.110.238.50 port 40070:11: Bye Bye [preauth]
Dec 14 10:33:03 cls sshd[46164]: Disconnected from invalid user roots 187.110.238.50 port 40070 [preauth]
Dec 14 10:33:04 cls sshd[46168]: pam_unix(sshd:auth): authentication failure; logname= uid=0 euid=0 tty=ssh ruser= rhost=5.252.53.62  user=root
Dec 14 10:33:06 cls sshd[46168]: Failed password for root from 5.252.53.62 port 37370 ssh2
Dec 14 10:33:07 cls sshd[46170]: pam_unix(sshd:auth): authentication failure; logname= uid=0 euid=0 tty=ssh ruser= rhost=162.19.224.161  user=root
Dec 14 10:33:07 cls sshd[46168]: Received disconnect from 5.252.53.62 port 37370:11: Bye Bye [preauth]
Dec 14 10:33:07 cls sshd[46168]: Disconnected from authenticating user root 5.252.53.62 port 37370 [preauth]
Dec 14 10:33:07 cls sshd[46174]: pam_unix(sshd:auth): authentication failure; logname= uid=0 euid=0 tty=ssh ruser= rhost=64.227.139.157  user=root
Dec 14 10:33:08 cls sshd[46172]: Invalid user user from 180.110.72.89 port 58848
Dec 14 10:33:08 cls sshd[46172]: pam_unix(sshd:auth): check pass; user unknown
Dec 14 10:33:08 cls sshd[46172]: pam_unix(sshd:auth): authentication failure; logname= uid=0 euid=0 tty=ssh ruser= rhost=180.110.72.89 
Dec 14 10:33:09 cls sshd[46170]: Failed password for root from 162.19.224.161 port 44300 ssh2
Dec 14 10:33:10 cls sshd[46170]: Received disconnect from 162.19.224.161 port 44300:11: Bye Bye [preauth]
Dec 14 10:33:10 cls sshd[46170]: Disconnected from authenticating user root 162.19.224.161 port 44300 [preauth]
Dec 14 10:33:10 cls sshd[46174]: Failed password for root from 64.227.139.157 port 55756 ssh2
Dec 14 10:33:10 cls sshd[46174]: Received disconnect from 64.227.139.157 port 55756:11: Bye Bye [preauth]
Dec 14 10:33:10 cls sshd[46174]: Disconnected from authenticating user root 64.227.139.157 port 55756 [preauth]
Dec 14 10:33:10 cls sshd[46172]: Failed password for invalid user user from 180.110.72.89 port 58848 ssh2
Dec 14 10:33:12 cls sshd[46172]: Received disconnect from 180.110.72.89 port 58848:11: Bye Bye [preauth]
Dec 14 10:33:12 cls sshd[46172]: Disconnected from invalid user user 180.110.72.89 port 58848 [preauth]
Dec 14 10:33:16 cls sshd[46184]: Invalid user jarservice from 182.180.57.212 port 51780
Dec 14 10:33:16 cls sshd[46184]: pam_unix(sshd:auth): check pass; user unknown
Dec 14 10:33:16 cls sshd[46184]: pam_unix(sshd:auth): authentication failure; logname= uid=0 euid=0 tty=ssh ruser= rhost=182.180.57.212 
Dec 14 10:33:18 cls sshd[46184]: Failed password for invalid user jarservice from 182.180.57.212 port 51780 ssh2
Dec 14 10:33:19 cls sshd[46184]: Received disconnect from 182.180.57.212 port 51780:11: Bye Bye [preauth]
Dec 14 10:33:19 cls sshd[46184]: Disconnected from invalid user jarservice 182.180.57.212 port 51780 [preauth]
Dec 14 10:33:27 cls sshd[46189]: Invalid user info from 167.86.127.135 port 46986
Dec 14 10:33:27 cls sshd[46189]: pam_unix(sshd:auth): check pass; user unknown
Dec 14 10:33:27 cls sshd[46189]: pam_unix(sshd:auth): authentication failure; logname= uid=0 euid=0 tty=ssh ruser= rhost=167.86.127.135 
Dec 14 10:33:29 cls sshd[46191]: Invalid user admin from 115.113.96.56 port 56652
Dec 14 10:33:29 cls sshd[46191]: pam_unix(sshd:auth): check pass; user unknown
Dec 14 10:33:29 cls sshd[46191]: pam_unix(sshd:auth): authentication failure; logname= uid=0 euid=0 tty=ssh ruser= rhost=115.113.96.56 
Dec 14 10:33:29 cls sshd[46189]: Failed password for invalid user info from 167.86.127.135 port 46986 ssh2
Dec 14 10:33:30 cls sshd[46189]: Received disconnect from 167.86.127.135 port 46986:11: Bye Bye [preauth]
Dec 14 10:33:30 cls sshd[46189]: Disconnected from invalid user info 167.86.127.135 port 46986 [preauth]
Dec 14 10:33:30 cls sshd[46191]: Failed password for invalid user admin from 115.113.96.56 port 56652 ssh2
Dec 14 10:33:31 cls sshd[46191]: Received disconnect from 115.113.96.56 port 56652:11: Bye Bye [preauth]
Dec 14 10:33:31 cls sshd[46191]: Disconnected from invalid user admin 115.113.96.56 port 56652 [preauth]
Dec 14 10:33:37 cls sshd[46196]: Invalid user newroot from 187.110.238.50 port 52296
Dec 14 10:33:37 cls sshd[46196]: pam_unix(sshd:auth): check pass; user unknown
Dec 14 10:33:37 cls sshd[46196]: pam_unix(sshd:auth): authentication failure; logname= uid=0 euid=0 tty=ssh ruser= rhost=187.110.238.50 
Dec 14 10:33:39 cls sshd[46196]: Failed password for invalid user newroot from 187.110.238.50 port 52296 ssh2
Dec 14 10:33:39 cls sshd[46200]: pam_unix(sshd:auth): authentication failure; logname= uid=0 euid=0 tty=ssh ruser= rhost=162.19.224.161  user=root
Dec 14 10:33:40 cls sshd[46198]: Invalid user hadoop from 101.47.160.231 port 53354
Dec 14 10:33:40 cls sshd[46198]: pam_unix(sshd:auth): check pass; user unknown
Dec 14 10:33:40 cls sshd[46198]: pam_unix(sshd:auth): authentication failure; logname= uid=0 euid=0 tty=ssh ruser= rhost=101.47.160.231 
Dec 14 10:33:41 cls sshd[46196]: Received disconnect from 187.110.238.50 port 52296:11: Bye Bye [preauth]
Dec 14 10:33:41 cls sshd[46196]: Disconnected from invalid user newroot 187.110.238.50 port 52296 [preauth]
Dec 14 10:33:41 cls sshd[46200]: Failed password for root from 162.19.224.161 port 57318 ssh2
Dec 14 10:33:42 cls sshd[46200]: Received disconnect from 162.19.224.161 port 57318:11: Bye Bye [preauth]
Dec 14 10:33:42 cls sshd[46200]: Disconnected from authenticating user root 162.19.224.161 port 57318 [preauth]
Dec 14 10:33:42 cls sshd[46198]: Failed password for invalid user hadoop from 101.47.160.231 port 53354 ssh2
Dec 14 10:33:42 cls sshd[46198]: Received disconnect from 101.47.160.231 port 53354:11: Bye Bye [preauth]
Dec 14 10:33:42 cls sshd[46198]: Disconnected from invalid user hadoop 101.47.160.231 port 53354 [preauth]
Dec 14 10:33:44 cls sshd[46205]: pam_unix(sshd:auth): authentication failure; logname= uid=0 euid=0 tty=ssh ruser= rhost=186.87.166.141  user=root
Dec 14 10:33:46 cls sshd[46205]: Failed password for root from 186.87.166.141 port 60938 ssh2
Dec 14 10:33:47 cls sshd[46207]: Invalid user demo from 5.252.53.62 port 58214
Dec 14 10:33:47 cls sshd[46207]: pam_unix(sshd:auth): check pass; user unknown
Dec 14 10:33:47 cls sshd[46207]: pam_unix(sshd:auth): authentication failure; logname= uid=0 euid=0 tty=ssh ruser= rhost=5.252.53.62 
Dec 14 10:33:47 cls sshd[46205]: Received disconnect from 186.87.166.141 port 60938:11: Bye Bye [preauth]
Dec 14 10:33:47 cls sshd[46205]: Disconnected from authenticating user root 186.87.166.141 port 60938 [preauth]
Dec 14 10:33:48 cls sshd[46207]: Failed password for invalid user demo from 5.252.53.62 port 58214 ssh2
Dec 14 10:33:48 cls sshd[46207]: Received disconnect from 5.252.53.62 port 58214:11: Bye Bye [preauth]
Dec 14 10:33:48 cls sshd[46207]: Disconnected from invalid user demo 5.252.53.62 port 58214 [preauth]
Dec 14 10:33:48 cls sshd[46209]: pam_unix(sshd:auth): authentication failure; logname= uid=0 euid=0 tty=ssh ruser= rhost=64.227.139.157  user=root
Dec 14 10:33:50 cls sshd[46209]: Failed password for root from 64.227.139.157 port 51386 ssh2
Dec 14 10:33:51 cls sshd[46209]: Received disconnect from 64.227.139.157 port 51386:11: Bye Bye [preauth]
Dec 14 10:33:51 cls sshd[46209]: Disconnected from authenticating user root 64.227.139.157 port 51386 [preauth]
Dec 14 10:34:06 cls sshd[46211]: pam_unix(sshd:auth): authentication failure; logname= uid=0 euid=0 tty=ssh ruser= rhost=167.86.127.135  user=root
Dec 14 10:34:08 cls sshd[46211]: Failed password for root from 167.86.127.135 port 39814 ssh2
Dec 14 10:34:09 cls sshd[46211]: Received disconnect from 167.86.127.135 port 39814:11: Bye Bye [preauth]
Dec 14 10:34:09 cls sshd[46211]: Disconnected from authenticating user root 167.86.127.135 port 39814 [preauth]
Dec 14 10:34:10 cls sshd[46215]: Invalid user app from 115.113.96.56 port 40992
Dec 14 10:34:10 cls sshd[46215]: pam_unix(sshd:auth): check pass; user unknown
Dec 14 10:34:10 cls sshd[46215]: pam_unix(sshd:auth): authentication failure; logname= uid=0 euid=0 tty=ssh ruser= rhost=115.113.96.56 
Dec 14 10:34:12 cls sshd[46217]: pam_unix(sshd:auth): authentication failure; logname= uid=0 euid=0 tty=ssh ruser= rhost=45.78.206.234  user=root
Dec 14 10:34:12 cls sshd[46219]: Invalid user sammy from 162.19.224.161 port 52392
Dec 14 10:34:12 cls sshd[46219]: pam_unix(sshd:auth): check pass; user unknown
Dec 14 10:34:12 cls sshd[46219]: pam_unix(sshd:auth): authentication failure; logname= uid=0 euid=0 tty=ssh ruser= rhost=162.19.224.161 
Dec 14 10:34:13 cls sshd[46215]: Failed password for invalid user app from 115.113.96.56 port 40992 ssh2
Dec 14 10:34:14 cls sshd[46213]: pam_unix(sshd:auth): authentication failure; logname= uid=0 euid=0 tty=ssh ruser= rhost=182.180.57.212  user=root
Dec 14 10:34:14 cls sshd[46215]: Received disconnect from 115.113.96.56 port 40992:11: Bye Bye [preauth]
Dec 14 10:34:14 cls sshd[46215]: Disconnected from invalid user app 115.113.96.56 port 40992 [preauth]
Dec 14 10:34:14 cls sshd[46221]: Invalid user gits from 187.110.238.50 port 36284
Dec 14 10:34:14 cls sshd[46221]: pam_unix(sshd:auth): check pass; user unknown
Dec 14 10:34:14 cls sshd[46221]: pam_unix(sshd:auth): authentication failure; logname= uid=0 euid=0 tty=ssh ruser= rhost=187.110.238.50 
Dec 14 10:34:14 cls sshd[46217]: Failed password for root from 45.78.206.234 port 51918 ssh2
Dec 14 10:34:15 cls sshd[46219]: Failed password for invalid user sammy from 162.19.224.161 port 52392 ssh2
Dec 14 10:34:15 cls sshd[46217]: Received disconnect from 45.78.206.234 port 51918:11: Bye Bye [preauth]
Dec 14 10:34:15 cls sshd[46217]: Disconnected from authenticating user root 45.78.206.234 port 51918 [preauth]
Dec 14 10:34:16 cls sshd[46213]: Failed password for root from 182.180.57.212 port 35792 ssh2
Dec 14 10:34:16 cls sshd[46221]: Failed password for invalid user gits from 187.110.238.50 port 36284 ssh2
Dec 14 10:34:16 cls sshd[46219]: Received disconnect from 162.19.224.161 port 52392:11: Bye Bye [preauth]
Dec 14 10:34:16 cls sshd[46219]: Disconnected from invalid user sammy 162.19.224.161 port 52392 [preauth]
Dec 14 10:34:16 cls sshd[46213]: Received disconnect from 182.180.57.212 port 35792:11: Bye Bye [preauth]
Dec 14 10:34:16 cls sshd[46213]: Disconnected from authenticating user root 182.180.57.212 port 35792 [preauth]
Dec 14 10:34:18 cls sshd[46221]: Received disconnect from 187.110.238.50 port 36284:11: Bye Bye [preauth]
Dec 14 10:34:18 cls sshd[46221]: Disconnected from invalid user gits 187.110.238.50 port 36284 [preauth]
Dec 14 10:34:28 cls sshd[46226]: pam_unix(sshd:auth): authentication failure; logname= uid=0 euid=0 tty=ssh ruser= rhost=5.252.53.62  user=root
Dec 14 10:34:28 cls sshd[46228]: pam_unix(sshd:auth): authentication failure; logname= uid=0 euid=0 tty=ssh ruser= rhost=64.227.139.157  user=root
Dec 14 10:34:30 cls sshd[46226]: Failed password for root from 5.252.53.62 port 35154 ssh2
Dec 14 10:34:30 cls sshd[46228]: Failed password for root from 64.227.139.157 port 54416 ssh2
Dec 14 10:34:31 cls sshd[46226]: Received disconnect from 5.252.53.62 port 35154:11: Bye Bye [preauth]
Dec 14 10:34:31 cls sshd[46226]: Disconnected from authenticating user root 5.252.53.62 port 35154 [preauth]
Dec 14 10:34:31 cls sshd[46228]: Received disconnect from 64.227.139.157 port 54416:11: Bye Bye [preauth]
Dec 14 10:34:31 cls sshd[46228]: Disconnected from authenticating user root 64.227.139.157 port 54416 [preauth]
Dec 14 10:34:34 cls sshd[46230]: Invalid user test from 186.87.166.141 port 46070
Dec 14 10:34:34 cls sshd[46230]: pam_unix(sshd:auth): check pass; user unknown
Dec 14 10:34:34 cls sshd[46230]: pam_unix(sshd:auth): authentication failure; logname= uid=0 euid=0 tty=ssh ruser= rhost=186.87.166.141 
Dec 14 10:34:37 cls sshd[46230]: Failed password for invalid user test from 186.87.166.141 port 46070 ssh2
Dec 14 10:34:38 cls sshd[46230]: Received disconnect from 186.87.166.141 port 46070:11: Bye Bye [preauth]
Dec 14 10:34:38 cls sshd[46230]: Disconnected from invalid user test 186.87.166.141 port 46070 [preauth]
Dec 14 10:34:46 cls sshd[46234]: Invalid user jenkins from 167.86.127.135 port 35486
Dec 14 10:34:46 cls sshd[46234]: pam_unix(sshd:auth): check pass; user unknown
Dec 14 10:34:46 cls sshd[46234]: pam_unix(sshd:auth): authentication failure; logname= uid=0 euid=0 tty=ssh ruser= rhost=167.86.127.135 
Dec 14 10:34:46 cls sshd[46236]: Invalid user luna from 162.19.224.161 port 56196
Dec 14 10:34:46 cls sshd[46236]: pam_unix(sshd:auth): check pass; user unknown
Dec 14 10:34:46 cls sshd[46236]: pam_unix(sshd:auth): authentication failure; logname= uid=0 euid=0 tty=ssh ruser= rhost=162.19.224.161 
Dec 14 10:34:47 cls sshd[46232]: pam_unix(sshd:auth): authentication failure; logname= uid=0 euid=0 tty=ssh ruser= rhost=186.86.52.137  user=root
Dec 14 10:34:48 cls sshd[46234]: Failed password for invalid user jenkins from 167.86.127.135 port 35486 ssh2
Dec 14 10:34:49 cls sshd[46236]: Failed password for invalid user luna from 162.19.224.161 port 56196 ssh2
Dec 14 10:34:49 cls sshd[46232]: Failed password for root from 186.86.52.137 port 26135 ssh2
Dec 14 10:34:50 cls sshd[46234]: Received disconnect from 167.86.127.135 port 35486:11: Bye Bye [preauth]
Dec 14 10:34:50 cls sshd[46234]: Disconnected from invalid user jenkins 167.86.127.135 port 35486 [preauth]
Dec 14 10:34:50 cls sshd[46236]: Received disconnect from 162.19.224.161 port 56196:11: Bye Bye [preauth]
Dec 14 10:34:50 cls sshd[46236]: Disconnected from invalid user luna 162.19.224.161 port 56196 [preauth]
Dec 14 10:34:51 cls sshd[46241]: Invalid user app from 187.110.238.50 port 48506
Dec 14 10:34:51 cls sshd[46241]: pam_unix(sshd:auth): check pass; user unknown
Dec 14 10:34:51 cls sshd[46241]: pam_unix(sshd:auth): authentication failure; logname= uid=0 euid=0 tty=ssh ruser= rhost=187.110.238.50 
Dec 14 10:34:53 cls sshd[46243]: pam_unix(sshd:auth): authentication failure; logname= uid=0 euid=0 tty=ssh ruser= rhost=115.113.96.56  user=root
Dec 14 10:34:53 cls sshd[46232]: Received disconnect from 186.86.52.137 port 26135:11: Bye Bye [preauth]
Dec 14 10:34:53 cls sshd[46232]: Disconnected from authenticating user root 186.86.52.137 port 26135 [preauth]
Dec 14 10:34:54 cls sshd[46241]: Failed password for invalid user app from 187.110.238.50 port 48506 ssh2
Dec 14 10:34:55 cls sshd[46241]: Received disconnect from 187.110.238.50 port 48506:11: Bye Bye [preauth]
Dec 14 10:34:55 cls sshd[46241]: Disconnected from invalid user app 187.110.238.50 port 48506 [preauth]
Dec 14 10:34:55 cls sshd[46243]: Failed password for root from 115.113.96.56 port 53562 ssh2
Dec 14 10:34:55 cls sshd[46243]: Received disconnect from 115.113.96.56 port 53562:11: Bye Bye [preauth]
Dec 14 10:34:55 cls sshd[46243]: Disconnected from authenticating user root 115.113.96.56 port 53562 [preauth]
Dec 14 10:35:05 cls sshd[46248]: pam_unix(sshd:auth): authentication failure; logname= uid=0 euid=0 tty=ssh ruser= rhost=101.47.160.231  user=root
Dec 14 10:35:06 cls sshd[46250]: Invalid user newroot from 64.227.139.157 port 36954
