Dec 14 01:05:20 cls sshd[32896]: Disconnected from authenticating user root 104.168.56.59 port 53466 [preauth]
Dec 14 01:05:27 cls sshd[32901]: Invalid user hik from 38.47.92.86 port 32992
Dec 14 01:05:27 cls sshd[32901]: pam_unix(sshd:auth): check pass; user unknown
Dec 14 01:05:27 cls sshd[32901]: pam_unix(sshd:auth): authentication failure; logname= uid=0 euid=0 tty=ssh ruser= rhost=38.47.92.86 
Dec 14 01:05:29 cls sshd[32901]: Failed password for invalid user hik from 38.47.92.86 port 32992 ssh2
Dec 14 01:05:30 cls sshd[32901]: Received disconnect from 38.47.92.86 port 32992:11: Bye Bye [preauth]
Dec 14 01:05:30 cls sshd[32901]: Disconnected from invalid user hik 38.47.92.86 port 32992 [preauth]
Dec 14 01:05:41 cls sshd[32903]: Invalid user deployer from 161.248.201.228 port 39050
Dec 14 01:05:41 cls sshd[32903]: pam_unix(sshd:auth): check pass; user unknown
Dec 14 01:05:41 cls sshd[32903]: pam_unix(sshd:auth): authentication failure; logname= uid=0 euid=0 tty=ssh ruser= rhost=161.248.201.228 
Dec 14 01:05:41 cls sshd[32905]: pam_unix(sshd:auth): authentication failure; logname= uid=0 euid=0 tty=ssh ruser= rhost=194.190.153.226  user=root
Dec 14 01:05:43 cls sshd[32903]: Failed password for invalid user deployer from 161.248.201.228 port 39050 ssh2
Dec 14 01:05:43 cls sshd[32905]: Failed password for root from 194.190.153.226 port 57958 ssh2
Dec 14 01:05:44 cls sshd[32905]: Received disconnect from 194.190.153.226 port 57958:11: Bye Bye [preauth]
Dec 14 01:05:44 cls sshd[32905]: Disconnected from authenticating user root 194.190.153.226 port 57958 [preauth]
Dec 14 01:05:44 cls sshd[32903]: Received disconnect from 161.248.201.228 port 39050:11: Bye Bye [preauth]
Dec 14 01:05:44 cls sshd[32903]: Disconnected from invalid user deployer 161.248.201.228 port 39050 [preauth]
Dec 14 01:05:49 cls sshd[32910]: pam_unix(sshd:auth): authentication failure; logname= uid=0 euid=0 tty=ssh ruser= rhost=104.168.56.59  user=root
Dec 14 01:05:50 cls sshd[32912]: Invalid user dev from 189.90.33.23 port 37956
Dec 14 01:05:50 cls sshd[32912]: pam_unix(sshd:auth): check pass; user unknown
Dec 14 01:05:50 cls sshd[32912]: pam_unix(sshd:auth): authentication failure; logname= uid=0 euid=0 tty=ssh ruser= rhost=189.90.33.23 
Dec 14 01:05:51 cls sshd[32910]: Failed password for root from 104.168.56.59 port 33054 ssh2
Dec 14 01:05:52 cls sshd[32910]: Received disconnect from 104.168.56.59 port 33054:11: Bye Bye [preauth]
Dec 14 01:05:52 cls sshd[32910]: Disconnected from authenticating user root 104.168.56.59 port 33054 [preauth]
Dec 14 01:05:52 cls sshd[32912]: Failed password for invalid user dev from 189.90.33.23 port 37956 ssh2
Dec 14 01:05:53 cls sshd[32912]: Received disconnect from 189.90.33.23 port 37956:11: Bye Bye [preauth]
Dec 14 01:05:53 cls sshd[32912]: Disconnected from invalid user dev 189.90.33.23 port 37956 [preauth]
Dec 14 01:06:03 cls sshd[32918]: Invalid user hadoop from 45.78.217.218 port 45630
Dec 14 01:06:03 cls sshd[32918]: pam_unix(sshd:auth): check pass; user unknown
Dec 14 01:06:03 cls sshd[32918]: pam_unix(sshd:auth): authentication failure; logname= uid=0 euid=0 tty=ssh ruser= rhost=45.78.217.218 
Dec 14 01:06:06 cls sshd[32918]: Failed password for invalid user hadoop from 45.78.217.218 port 45630 ssh2
Dec 14 01:06:08 cls sshd[32918]: Received disconnect from 45.78.217.218 port 45630:11: Bye Bye [preauth]
Dec 14 01:06:08 cls sshd[32918]: Disconnected from invalid user hadoop 45.78.217.218 port 45630 [preauth]
Dec 14 01:06:09 cls sshd[32923]: pam_unix(sshd:auth): authentication failure; logname= uid=0 euid=0 tty=ssh ruser= rhost=38.47.92.86  user=root
Dec 14 01:06:11 cls sshd[32923]: Failed password for root from 38.47.92.86 port 43310 ssh2
Dec 14 01:06:11 cls sshd[32925]: Invalid user guest from 194.190.153.226 port 49964
Dec 14 01:06:11 cls sshd[32925]: pam_unix(sshd:auth): check pass; user unknown
Dec 14 01:06:11 cls sshd[32925]: pam_unix(sshd:auth): authentication failure; logname= uid=0 euid=0 tty=ssh ruser= rhost=194.190.153.226 
Dec 14 01:06:12 cls sshd[32923]: Received disconnect from 38.47.92.86 port 43310:11: Bye Bye [preauth]
Dec 14 01:06:12 cls sshd[32923]: Disconnected from authenticating user root 38.47.92.86 port 43310 [preauth]
Dec 14 01:06:13 cls sshd[32925]: Failed password for invalid user guest from 194.190.153.226 port 49964 ssh2
Dec 14 01:06:14 cls sshd[32925]: Received disconnect from 194.190.153.226 port 49964:11: Bye Bye [preauth]
Dec 14 01:06:14 cls sshd[32925]: Disconnected from invalid user guest 194.190.153.226 port 49964 [preauth]
Dec 14 01:06:15 cls sshd[32930]: Invalid user user14 from 161.248.201.228 port 58542
Dec 14 01:06:15 cls sshd[32930]: pam_unix(sshd:auth): check pass; user unknown
Dec 14 01:06:15 cls sshd[32930]: pam_unix(sshd:auth): authentication failure; logname= uid=0 euid=0 tty=ssh ruser= rhost=161.248.201.228 
Dec 14 01:06:18 cls sshd[32930]: Failed password for invalid user user14 from 161.248.201.228 port 58542 ssh2
Dec 14 01:06:18 cls sshd[32930]: Received disconnect from 161.248.201.228 port 58542:11: Bye Bye [preauth]
Dec 14 01:06:18 cls sshd[32930]: Disconnected from invalid user user14 161.248.201.228 port 58542 [preauth]
Dec 14 01:06:25 cls sshd[32932]: pam_unix(sshd:auth): authentication failure; logname= uid=0 euid=0 tty=ssh ruser= rhost=104.168.56.59  user=root
Dec 14 01:06:27 cls sshd[32932]: Failed password for root from 104.168.56.59 port 37670 ssh2
Dec 14 01:06:28 cls sshd[32932]: Received disconnect from 104.168.56.59 port 37670:11: Bye Bye [preauth]
Dec 14 01:06:28 cls sshd[32932]: Disconnected from authenticating user root 104.168.56.59 port 37670 [preauth]
Dec 14 01:06:32 cls sshd[32934]: pam_unix(sshd:auth): authentication failure; logname= uid=0 euid=0 tty=ssh ruser= rhost=189.90.33.23  user=root
Dec 14 01:06:34 cls sshd[32934]: Failed password for root from 189.90.33.23 port 50502 ssh2
Dec 14 01:06:35 cls sshd[32934]: Received disconnect from 189.90.33.23 port 50502:11: Bye Bye [preauth]
Dec 14 01:06:35 cls sshd[32934]: Disconnected from authenticating user root 189.90.33.23 port 50502 [preauth]
Dec 14 01:06:44 cls sshd[32936]: Invalid user git from 194.190.153.226 port 49642
Dec 14 01:06:44 cls sshd[32936]: pam_unix(sshd:auth): check pass; user unknown
Dec 14 01:06:44 cls sshd[32936]: pam_unix(sshd:auth): authentication failure; logname= uid=0 euid=0 tty=ssh ruser= rhost=194.190.153.226 
Dec 14 01:06:46 cls sshd[32936]: Failed password for invalid user git from 194.190.153.226 port 49642 ssh2
Dec 14 01:06:47 cls sshd[32936]: Received disconnect from 194.190.153.226 port 49642:11: Bye Bye [preauth]
Dec 14 01:06:47 cls sshd[32936]: Disconnected from invalid user git 194.190.153.226 port 49642 [preauth]
Dec 14 01:06:51 cls sshd[32938]: pam_unix(sshd:auth): authentication failure; logname= uid=0 euid=0 tty=ssh ruser= rhost=161.248.201.228  user=root
Dec 14 01:06:51 cls sshd[32940]: Invalid user jenkins from 38.47.92.86 port 53824
Dec 14 01:06:51 cls sshd[32940]: pam_unix(sshd:auth): check pass; user unknown
Dec 14 01:06:51 cls sshd[32940]: pam_unix(sshd:auth): authentication failure; logname= uid=0 euid=0 tty=ssh ruser= rhost=38.47.92.86 
Dec 14 01:06:53 cls sshd[32938]: Failed password for root from 161.248.201.228 port 43844 ssh2
Dec 14 01:06:54 cls sshd[32940]: Failed password for invalid user jenkins from 38.47.92.86 port 53824 ssh2
Dec 14 01:06:54 cls sshd[32938]: Received disconnect from 161.248.201.228 port 43844:11: Bye Bye [preauth]
Dec 14 01:06:54 cls sshd[32938]: Disconnected from authenticating user root 161.248.201.228 port 43844 [preauth]
Dec 14 01:06:56 cls sshd[32940]: Received disconnect from 38.47.92.86 port 53824:11: Bye Bye [preauth]
Dec 14 01:06:56 cls sshd[32940]: Disconnected from invalid user jenkins 38.47.92.86 port 53824 [preauth]
Dec 14 01:06:59 cls sshd[32945]: Invalid user jenkins from 104.168.56.59 port 53420
Dec 14 01:06:59 cls sshd[32945]: pam_unix(sshd:auth): check pass; user unknown
Dec 14 01:06:59 cls sshd[32945]: pam_unix(sshd:auth): authentication failure; logname= uid=0 euid=0 tty=ssh ruser= rhost=104.168.56.59 
Dec 14 01:07:01 cls sshd[32945]: Failed password for invalid user jenkins from 104.168.56.59 port 53420 ssh2
Dec 14 01:07:02 cls sshd[32945]: Received disconnect from 104.168.56.59 port 53420:11: Bye Bye [preauth]
Dec 14 01:07:02 cls sshd[32945]: Disconnected from invalid user jenkins 104.168.56.59 port 53420 [preauth]
Dec 14 01:07:16 cls sshd[32949]: pam_unix(sshd:auth): authentication failure; logname= uid=0 euid=0 tty=ssh ruser= rhost=45.78.217.218  user=root
Dec 14 01:07:18 cls sshd[32951]: Invalid user dev from 194.190.153.226 port 54736
Dec 14 01:07:18 cls sshd[32951]: pam_unix(sshd:auth): check pass; user unknown
Dec 14 01:07:18 cls sshd[32951]: pam_unix(sshd:auth): authentication failure; logname= uid=0 euid=0 tty=ssh ruser= rhost=194.190.153.226 
Dec 14 01:07:18 cls sshd[32949]: Failed password for root from 45.78.217.218 port 44114 ssh2
Dec 14 01:07:19 cls sshd[32949]: Received disconnect from 45.78.217.218 port 44114:11: Bye Bye [preauth]
Dec 14 01:07:19 cls sshd[32949]: Disconnected from authenticating user root 45.78.217.218 port 44114 [preauth]
Dec 14 01:07:20 cls sshd[32951]: Failed password for invalid user dev from 194.190.153.226 port 54736 ssh2
Dec 14 01:07:22 cls sshd[32951]: Received disconnect from 194.190.153.226 port 54736:11: Bye Bye [preauth]
Dec 14 01:07:22 cls sshd[32951]: Disconnected from invalid user dev 194.190.153.226 port 54736 [preauth]
Dec 14 01:07:31 cls sshd[32957]: pam_unix(sshd:auth): authentication failure; logname= uid=0 euid=0 tty=ssh ruser= rhost=161.248.201.228  user=root
Dec 14 01:07:33 cls sshd[32957]: Failed password for root from 161.248.201.228 port 60358 ssh2
Dec 14 01:07:33 cls sshd[32957]: Received disconnect from 161.248.201.228 port 60358:11: Bye Bye [preauth]
Dec 14 01:07:33 cls sshd[32957]: Disconnected from authenticating user root 161.248.201.228 port 60358 [preauth]
Dec 14 01:07:35 cls sshd[32962]: Invalid user anand from 189.90.33.23 port 34816
Dec 14 01:07:35 cls sshd[32962]: pam_unix(sshd:auth): check pass; user unknown
Dec 14 01:07:35 cls sshd[32962]: pam_unix(sshd:auth): authentication failure; logname= uid=0 euid=0 tty=ssh ruser= rhost=189.90.33.23 
Dec 14 01:07:35 cls sshd[32964]: Invalid user user5 from 38.47.92.86 port 42254
Dec 14 01:07:35 cls sshd[32964]: pam_unix(sshd:auth): check pass; user unknown
Dec 14 01:07:35 cls sshd[32964]: pam_unix(sshd:auth): authentication failure; logname= uid=0 euid=0 tty=ssh ruser= rhost=38.47.92.86 
Dec 14 01:07:35 cls sshd[32960]: Invalid user surin from 104.168.56.59 port 33330
Dec 14 01:07:35 cls sshd[32960]: pam_unix(sshd:auth): check pass; user unknown
Dec 14 01:07:35 cls sshd[32960]: pam_unix(sshd:auth): authentication failure; logname= uid=0 euid=0 tty=ssh ruser= rhost=104.168.56.59 
Dec 14 01:07:36 cls sshd[32962]: Failed password for invalid user anand from 189.90.33.23 port 34816 ssh2
Dec 14 01:07:36 cls sshd[32964]: Failed password for invalid user user5 from 38.47.92.86 port 42254 ssh2
Dec 14 01:07:37 cls sshd[32960]: Failed password for invalid user surin from 104.168.56.59 port 33330 ssh2
Dec 14 01:07:37 cls sshd[32962]: Received disconnect from 189.90.33.23 port 34816:11: Bye Bye [preauth]
Dec 14 01:07:37 cls sshd[32962]: Disconnected from invalid user anand 189.90.33.23 port 34816 [preauth]
Dec 14 01:07:38 cls sshd[32964]: Received disconnect from 38.47.92.86 port 42254:11: Bye Bye [preauth]
Dec 14 01:07:38 cls sshd[32964]: Disconnected from invalid user user5 38.47.92.86 port 42254 [preauth]
Dec 14 01:07:38 cls sshd[32960]: Received disconnect from 104.168.56.59 port 33330:11: Bye Bye [preauth]
Dec 14 01:07:38 cls sshd[32960]: Disconnected from invalid user surin 104.168.56.59 port 33330 [preauth]
Dec 14 01:07:50 cls sshd[32972]: pam_unix(sshd:auth): authentication failure; logname= uid=0 euid=0 tty=ssh ruser= rhost=194.190.153.226  user=root
Dec 14 01:07:52 cls sshd[32972]: Failed password for root from 194.190.153.226 port 59362 ssh2
Dec 14 01:07:53 cls sshd[32972]: Received disconnect from 194.190.153.226 port 59362:11: Bye Bye [preauth]
Dec 14 01:07:53 cls sshd[32972]: Disconnected from authenticating user root 194.190.153.226 port 59362 [preauth]
Dec 14 01:08:06 cls sshd[32974]: pam_unix(sshd:auth): authentication failure; logname= uid=0 euid=0 tty=ssh ruser= rhost=104.168.56.59  user=root
Dec 14 01:08:07 cls sshd[32977]: pam_unix(sshd:auth): authentication failure; logname= uid=0 euid=0 tty=ssh ruser= rhost=161.248.201.228  user=ubuntu
Dec 14 01:08:08 cls sshd[32974]: Failed password for root from 104.168.56.59 port 41072 ssh2
Dec 14 01:08:09 cls sshd[32974]: Received disconnect from 104.168.56.59 port 41072:11: Bye Bye [preauth]
Dec 14 01:08:09 cls sshd[32974]: Disconnected from authenticating user root 104.168.56.59 port 41072 [preauth]
Dec 14 01:08:10 cls sshd[32977]: Failed password for ubuntu from 161.248.201.228 port 36836 ssh2
Dec 14 01:08:11 cls sshd[32977]: Received disconnect from 161.248.201.228 port 36836:11: Bye Bye [preauth]
Dec 14 01:08:11 cls sshd[32977]: Disconnected from authenticating user ubuntu 161.248.201.228 port 36836 [preauth]
Dec 14 01:08:16 cls sshd[32984]: pam_unix(sshd:auth): authentication failure; logname= uid=0 euid=0 tty=ssh ruser= rhost=189.90.33.23  user=root
Dec 14 01:08:18 cls sshd[32988]: pam_unix(sshd:auth): authentication failure; logname= uid=0 euid=0 tty=ssh ruser= rhost=38.47.92.86  user=root
Dec 14 01:08:18 cls sshd[32984]: Failed password for root from 189.90.33.23 port 47368 ssh2
Dec 14 01:08:19 cls sshd[32984]: Received disconnect from 189.90.33.23 port 47368:11: Bye Bye [preauth]
Dec 14 01:08:19 cls sshd[32984]: Disconnected from authenticating user root 189.90.33.23 port 47368 [preauth]
Dec 14 01:08:20 cls sshd[32988]: Failed password for root from 38.47.92.86 port 48208 ssh2
Dec 14 01:08:21 cls sshd[32988]: Received disconnect from 38.47.92.86 port 48208:11: Bye Bye [preauth]
Dec 14 01:08:21 cls sshd[32988]: Disconnected from authenticating user root 38.47.92.86 port 48208 [preauth]
Dec 14 01:08:22 cls sshd[32990]: Invalid user ai from 194.190.153.226 port 40016
Dec 14 01:08:22 cls sshd[32990]: pam_unix(sshd:auth): check pass; user unknown
Dec 14 01:08:22 cls sshd[32990]: pam_unix(sshd:auth): authentication failure; logname= uid=0 euid=0 tty=ssh ruser= rhost=194.190.153.226 
Dec 14 01:08:24 cls sshd[32990]: Failed password for invalid user ai from 194.190.153.226 port 40016 ssh2
Dec 14 01:08:26 cls sshd[32990]: Received disconnect from 194.190.153.226 port 40016:11: Bye Bye [preauth]
Dec 14 01:08:26 cls sshd[32990]: Disconnected from invalid user ai 194.190.153.226 port 40016 [preauth]
Dec 14 01:08:33 cls sshd[32992]: Invalid user ria from 45.78.217.218 port 56892
Dec 14 01:08:33 cls sshd[32992]: pam_unix(sshd:auth): check pass; user unknown
Dec 14 01:08:33 cls sshd[32992]: pam_unix(sshd:auth): authentication failure; logname= uid=0 euid=0 tty=ssh ruser= rhost=45.78.217.218 
Dec 14 01:08:34 cls sshd[32992]: Failed password for invalid user ria from 45.78.217.218 port 56892 ssh2
Dec 14 01:08:36 cls sshd[32992]: Received disconnect from 45.78.217.218 port 56892:11: Bye Bye [preauth]
Dec 14 01:08:36 cls sshd[32992]: Disconnected from invalid user ria 45.78.217.218 port 56892 [preauth]
Dec 14 01:08:40 cls sshd[32994]: Invalid user sam from 104.168.56.59 port 33784
Dec 14 01:08:40 cls sshd[32994]: pam_unix(sshd:auth): check pass; user unknown
Dec 14 01:08:40 cls sshd[32994]: pam_unix(sshd:auth): authentication failure; logname= uid=0 euid=0 tty=ssh ruser= rhost=104.168.56.59 
Dec 14 01:08:42 cls sshd[32994]: Failed password for invalid user sam from 104.168.56.59 port 33784 ssh2
Dec 14 01:08:44 cls sshd[32996]: Invalid user homeassistant from 161.248.201.228 port 49658
Dec 14 01:08:44 cls sshd[32996]: pam_unix(sshd:auth): check pass; user unknown
Dec 14 01:08:44 cls sshd[32996]: pam_unix(sshd:auth): authentication failure; logname= uid=0 euid=0 tty=ssh ruser= rhost=161.248.201.228 
Dec 14 01:08:44 cls sshd[32994]: Received disconnect from 104.168.56.59 port 33784:11: Bye Bye [preauth]
Dec 14 01:08:44 cls sshd[32994]: Disconnected from invalid user sam 104.168.56.59 port 33784 [preauth]
Dec 14 01:08:45 cls sshd[32996]: Failed password for invalid user homeassistant from 161.248.201.228 port 49658 ssh2
Dec 14 01:08:46 cls sshd[32996]: Received disconnect from 161.248.201.228 port 49658:11: Bye Bye [preauth]
Dec 14 01:08:46 cls sshd[32996]: Disconnected from invalid user homeassistant 161.248.201.228 port 49658 [preauth]
Dec 14 01:08:54 cls sshd[32998]: pam_unix(sshd:auth): authentication failure; logname= uid=0 euid=0 tty=ssh ruser= rhost=194.190.153.226  user=root
Dec 14 01:08:56 cls sshd[32998]: Failed password for root from 194.190.153.226 port 57476 ssh2
Dec 14 01:08:56 cls sshd[32998]: Received disconnect from 194.190.153.226 port 57476:11: Bye Bye [preauth]
Dec 14 01:08:56 cls sshd[32998]: Disconnected from authenticating user root 194.190.153.226 port 57476 [preauth]
Dec 14 01:08:59 cls sshd[33000]: pam_unix(sshd:auth): authentication failure; logname= uid=0 euid=0 tty=ssh ruser= rhost=189.90.33.23  user=root
Dec 14 01:09:01 cls sshd[33000]: Failed password for root from 189.90.33.23 port 59912 ssh2
Dec 14 01:09:01 cls CRON[33002]: pam_unix(cron:session): session opened for user root by (uid=0)
Dec 14 01:09:01 cls CRON[33002]: pam_unix(cron:session): session closed for user root
Dec 14 01:09:02 cls sshd[33000]: Received disconnect from 189.90.33.23 port 59912:11: Bye Bye [preauth]
Dec 14 01:09:02 cls sshd[33000]: Disconnected from authenticating user root 189.90.33.23 port 59912 [preauth]
Dec 14 01:09:03 cls sshd[33114]: Invalid user sfserver from 38.47.92.86 port 36836
Dec 14 01:09:03 cls sshd[33114]: pam_unix(sshd:auth): check pass; user unknown
Dec 14 01:09:03 cls sshd[33114]: pam_unix(sshd:auth): authentication failure; logname= uid=0 euid=0 tty=ssh ruser= rhost=38.47.92.86 
Dec 14 01:09:05 cls sshd[33114]: Failed password for invalid user sfserver from 38.47.92.86 port 36836 ssh2
Dec 14 01:09:07 cls sshd[33114]: Received disconnect from 38.47.92.86 port 36836:11: Bye Bye [preauth]
Dec 14 01:09:07 cls sshd[33114]: Disconnected from invalid user sfserver 38.47.92.86 port 36836 [preauth]
Dec 14 01:09:12 cls sshd[33119]: Invalid user public from 104.168.56.59 port 53732
Dec 14 01:09:12 cls sshd[33119]: pam_unix(sshd:auth): check pass; user unknown
Dec 14 01:09:12 cls sshd[33119]: pam_unix(sshd:auth): authentication failure; logname= uid=0 euid=0 tty=ssh ruser= rhost=104.168.56.59 
Dec 14 01:09:14 cls sshd[33119]: Failed password for invalid user public from 104.168.56.59 port 53732 ssh2
Dec 14 01:09:15 cls sshd[33119]: Received disconnect from 104.168.56.59 port 53732:11: Bye Bye [preauth]
Dec 14 01:09:15 cls sshd[33119]: Disconnected from invalid user public 104.168.56.59 port 53732 [preauth]
Dec 14 01:09:20 cls sshd[33124]: pam_unix(sshd:auth): authentication failure; logname= uid=0 euid=0 tty=ssh ruser= rhost=161.248.201.228  user=www-data
Dec 14 01:09:22 cls sshd[33124]: Failed password for www-data from 161.248.201.228 port 52756 ssh2
Dec 14 01:09:24 cls sshd[33124]: Received disconnect from 161.248.201.228 port 52756:11: Bye Bye [preauth]
Dec 14 01:09:24 cls sshd[33124]: Disconnected from authenticating user www-data 161.248.201.228 port 52756 [preauth]
Dec 14 01:09:28 cls sshd[33126]: Invalid user test from 194.190.153.226 port 33586
Dec 14 01:09:28 cls sshd[33126]: pam_unix(sshd:auth): check pass; user unknown
Dec 14 01:09:28 cls sshd[33126]: pam_unix(sshd:auth): authentication failure; logname= uid=0 euid=0 tty=ssh ruser= rhost=194.190.153.226 
Dec 14 01:09:30 cls sshd[33126]: Failed password for invalid user test from 194.190.153.226 port 33586 ssh2
Dec 14 01:09:31 cls sshd[33126]: Received disconnect from 194.190.153.226 port 33586:11: Bye Bye [preauth]
Dec 14 01:09:31 cls sshd[33126]: Disconnected from invalid user test 194.190.153.226 port 33586 [preauth]
Dec 14 01:09:38 cls sshd[33131]: pam_unix(sshd:auth): authentication failure; logname= uid=0 euid=0 tty=ssh ruser= rhost=189.90.33.23  user=root
Dec 14 01:09:40 cls sshd[33131]: Failed password for root from 189.90.33.23 port 44224 ssh2
Dec 14 01:09:41 cls sshd[33131]: Received disconnect from 189.90.33.23 port 44224:11: Bye Bye [preauth]
Dec 14 01:09:41 cls sshd[33131]: Disconnected from authenticating user root 189.90.33.23 port 44224 [preauth]
Dec 14 01:09:46 cls sshd[33136]: pam_unix(sshd:auth): authentication failure; logname= uid=0 euid=0 tty=ssh ruser= rhost=45.78.217.218  user=root
Dec 14 01:09:47 cls sshd[33138]: pam_unix(sshd:auth): authentication failure; logname= uid=0 euid=0 tty=ssh ruser= rhost=104.168.56.59  user=root
Dec 14 01:09:47 cls sshd[33136]: Failed password for root from 45.78.217.218 port 35976 ssh2
Dec 14 01:09:48 cls sshd[33136]: Received disconnect from 45.78.217.218 port 35976:11: Bye Bye [preauth]
Dec 14 01:09:48 cls sshd[33136]: Disconnected from authenticating user root 45.78.217.218 port 35976 [preauth]
Dec 14 01:09:49 cls sshd[33138]: Failed password for root from 104.168.56.59 port 53764 ssh2
Dec 14 01:09:49 cls sshd[33143]: pam_unix(sshd:auth): authentication failure; logname= uid=0 euid=0 tty=ssh ruser= rhost=38.47.92.86  user=root
Dec 14 01:09:50 cls sshd[33138]: Received disconnect from 104.168.56.59 port 53764:11: Bye Bye [preauth]
Dec 14 01:09:50 cls sshd[33138]: Disconnected from authenticating user root 104.168.56.59 port 53764 [preauth]
Dec 14 01:09:51 cls sshd[33143]: Failed password for root from 38.47.92.86 port 60840 ssh2
Dec 14 01:09:52 cls sshd[33143]: Received disconnect from 38.47.92.86 port 60840:11: Bye Bye [preauth]
Dec 14 01:09:52 cls sshd[33143]: Disconnected from authenticating user root 38.47.92.86 port 60840 [preauth]
Dec 14 01:09:58 cls sshd[33145]: pam_unix(sshd:auth): authentication failure; logname= uid=0 euid=0 tty=ssh ruser= rhost=161.248.201.228  user=root
Dec 14 01:09:59 cls sshd[33147]: pam_unix(sshd:auth): authentication failure; logname= uid=0 euid=0 tty=ssh ruser= rhost=194.190.153.226  user=root
Dec 14 01:10:00 cls sshd[33145]: Failed password for root from 161.248.201.228 port 39666 ssh2
Dec 14 01:10:01 cls sshd[33145]: Received disconnect from 161.248.201.228 port 39666:11: Bye Bye [preauth]
Dec 14 01:10:01 cls sshd[33145]: Disconnected from authenticating user root 161.248.201.228 port 39666 [preauth]
Dec 14 01:10:02 cls sshd[33147]: Failed password for root from 194.190.153.226 port 36858 ssh2
Dec 14 01:10:02 cls sshd[33147]: Received disconnect from 194.190.153.226 port 36858:11: Bye Bye [preauth]
Dec 14 01:10:02 cls sshd[33147]: Disconnected from authenticating user root 194.190.153.226 port 36858 [preauth]
Dec 14 01:10:16 cls sshd[33150]: Invalid user root2 from 104.168.56.59 port 46582
Dec 14 01:10:16 cls sshd[33150]: pam_unix(sshd:auth): check pass; user unknown
Dec 14 01:10:16 cls sshd[33150]: pam_unix(sshd:auth): authentication failure; logname= uid=0 euid=0 tty=ssh ruser= rhost=104.168.56.59 
Dec 14 01:10:18 cls sshd[33150]: Failed password for invalid user root2 from 104.168.56.59 port 46582 ssh2
Dec 14 01:10:19 cls sshd[33150]: Received disconnect from 104.168.56.59 port 46582:11: Bye Bye [preauth]
Dec 14 01:10:19 cls sshd[33150]: Disconnected from invalid user root2 104.168.56.59 port 46582 [preauth]
Dec 14 01:10:24 cls sshd[33152]: pam_unix(sshd:auth): authentication failure; logname= uid=0 euid=0 tty=ssh ruser= rhost=189.90.33.23  user=root
Dec 14 01:10:26 cls sshd[33152]: Failed password for root from 189.90.33.23 port 56776 ssh2
Dec 14 01:10:26 cls sshd[33152]: Received disconnect from 189.90.33.23 port 56776:11: Bye Bye [preauth]
Dec 14 01:10:26 cls sshd[33152]: Disconnected from authenticating user root 189.90.33.23 port 56776 [preauth]
Dec 14 01:10:33 cls sshd[33157]: pam_unix(sshd:auth): authentication failure; logname= uid=0 euid=0 tty=ssh ruser= rhost=194.190.153.226  user=root
Dec 14 01:10:34 cls sshd[33159]: Invalid user consultor from 161.248.201.228 port 52784
Dec 14 01:10:34 cls sshd[33159]: pam_unix(sshd:auth): check pass; user unknown
Dec 14 01:10:34 cls sshd[33159]: pam_unix(sshd:auth): authentication failure; logname= uid=0 euid=0 tty=ssh ruser= rhost=161.248.201.228 
Dec 14 01:10:35 cls sshd[33157]: Failed password for root from 194.190.153.226 port 36178 ssh2
Dec 14 01:10:36 cls sshd[33159]: Failed password for invalid user consultor from 161.248.201.228 port 52784 ssh2
Dec 14 01:10:36 cls sshd[33164]: Invalid user nodered from 38.47.92.86 port 54736
Dec 14 01:10:36 cls sshd[33164]: pam_unix(sshd:auth): check pass; user unknown
Dec 14 01:10:36 cls sshd[33164]: pam_unix(sshd:auth): authentication failure; logname= uid=0 euid=0 tty=ssh ruser= rhost=38.47.92.86 
Dec 14 01:10:36 cls sshd[33159]: Received disconnect from 161.248.201.228 port 52784:11: Bye Bye [preauth]
Dec 14 01:10:36 cls sshd[33159]: Disconnected from invalid user consultor 161.248.201.228 port 52784 [preauth]
Dec 14 01:10:36 cls sshd[33157]: Received disconnect from 194.190.153.226 port 36178:11: Bye Bye [preauth]
Dec 14 01:10:36 cls sshd[33157]: Disconnected from authenticating user root 194.190.153.226 port 36178 [preauth]
Dec 14 01:10:39 cls sshd[33164]: Failed password for invalid user nodered from 38.47.92.86 port 54736 ssh2
Dec 14 01:10:40 cls sshd[33164]: Received disconnect from 38.47.92.86 port 54736:11: Bye Bye [preauth]
Dec 14 01:10:40 cls sshd[33164]: Disconnected from invalid user nodered 38.47.92.86 port 54736 [preauth]
Dec 14 01:10:51 cls sshd[33166]: pam_unix(sshd:auth): authentication failure; logname= uid=0 euid=0 tty=ssh ruser= rhost=104.168.56.59  user=root
Dec 14 01:10:52 cls sshd[33166]: Failed password for root from 104.168.56.59 port 55850 ssh2
Dec 14 01:10:54 cls sshd[33166]: Received disconnect from 104.168.56.59 port 55850:11: Bye Bye [preauth]
Dec 14 01:10:54 cls sshd[33166]: Disconnected from authenticating user root 104.168.56.59 port 55850 [preauth]
Dec 14 01:11:01 cls sshd[33171]: pam_unix(sshd:auth): authentication failure; logname= uid=0 euid=0 tty=ssh ruser= rhost=45.78.217.218  user=root
Dec 14 01:11:02 cls sshd[33173]: Invalid user nodered from 189.90.33.23 port 41086
Dec 14 01:11:02 cls sshd[33173]: pam_unix(sshd:auth): check pass; user unknown
Dec 14 01:11:02 cls sshd[33173]: pam_unix(sshd:auth): authentication failure; logname= uid=0 euid=0 tty=ssh ruser= rhost=189.90.33.23 
Dec 14 01:11:02 cls sshd[33171]: Failed password for root from 45.78.217.218 port 58390 ssh2
Dec 14 01:11:04 cls sshd[33171]: Received disconnect from 45.78.217.218 port 58390:11: Bye Bye [preauth]
Dec 14 01:11:04 cls sshd[33171]: Disconnected from authenticating user root 45.78.217.218 port 58390 [preauth]
Dec 14 01:11:04 cls sshd[33173]: Failed password for invalid user nodered from 189.90.33.23 port 41086 ssh2
Dec 14 01:11:04 cls sshd[33173]: Received disconnect from 189.90.33.23 port 41086:11: Bye Bye [preauth]
Dec 14 01:11:04 cls sshd[33173]: Disconnected from invalid user nodered 189.90.33.23 port 41086 [preauth]
Dec 14 01:11:06 cls sshd[33175]: pam_unix(sshd:auth): authentication failure; logname= uid=0 euid=0 tty=ssh ruser= rhost=194.190.153.226  user=root
Dec 14 01:11:08 cls sshd[33175]: Failed password for root from 194.190.153.226 port 60722 ssh2
Dec 14 01:11:09 cls sshd[33175]: Received disconnect from 194.190.153.226 port 60722:11: Bye Bye [preauth]
Dec 14 01:11:09 cls sshd[33175]: Disconnected from authenticating user root 194.190.153.226 port 60722 [preauth]
Dec 14 01:11:10 cls sshd[33177]: Invalid user bot from 161.248.201.228 port 58380
Dec 14 01:11:10 cls sshd[33177]: pam_unix(sshd:auth): check pass; user unknown
Dec 14 01:11:10 cls sshd[33177]: pam_unix(sshd:auth): authentication failure; logname= uid=0 euid=0 tty=ssh ruser= rhost=161.248.201.228 
Dec 14 01:11:11 cls sshd[33177]: Failed password for invalid user bot from 161.248.201.228 port 58380 ssh2
Dec 14 01:11:12 cls sshd[33177]: Received disconnect from 161.248.201.228 port 58380:11: Bye Bye [preauth]
Dec 14 01:11:12 cls sshd[33177]: Disconnected from invalid user bot 161.248.201.228 port 58380 [preauth]
Dec 14 01:11:19 cls sshd[33179]: pam_unix(sshd:auth): authentication failure; logname= uid=0 euid=0 tty=ssh ruser= rhost=38.47.92.86  user=root
Dec 14 01:11:21 cls sshd[33179]: Failed password for root from 38.47.92.86 port 40414 ssh2
Dec 14 01:11:22 cls sshd[33179]: Received disconnect from 38.47.92.86 port 40414:11: Bye Bye [preauth]
Dec 14 01:11:22 cls sshd[33179]: Disconnected from authenticating user root 38.47.92.86 port 40414 [preauth]
Dec 14 01:11:24 cls sshd[33184]: pam_unix(sshd:auth): authentication failure; logname= uid=0 euid=0 tty=ssh ruser= rhost=104.168.56.59  user=root
Dec 14 01:11:26 cls sshd[33184]: Failed password for root from 104.168.56.59 port 37570 ssh2
Dec 14 01:11:27 cls sshd[33184]: Received disconnect from 104.168.56.59 port 37570:11: Bye Bye [preauth]
Dec 14 01:11:27 cls sshd[33184]: Disconnected from authenticating user root 104.168.56.59 port 37570 [preauth]
Dec 14 01:11:39 cls sshd[33186]: pam_unix(sshd:auth): authentication failure; logname= uid=0 euid=0 tty=ssh ruser= rhost=194.190.153.226  user=root
Dec 14 01:11:41 cls sshd[33186]: Failed password for root from 194.190.153.226 port 53536 ssh2
Dec 14 01:11:42 cls sshd[33186]: Received disconnect from 194.190.153.226 port 53536:11: Bye Bye [preauth]
Dec 14 01:11:42 cls sshd[33186]: Disconnected from authenticating user root 194.190.153.226 port 53536 [preauth]
Dec 14 01:11:42 cls sshd[33188]: pam_unix(sshd:auth): authentication failure; logname= uid=0 euid=0 tty=ssh ruser= rhost=189.90.33.23  user=root
Dec 14 01:11:44 cls sshd[33188]: Failed password for root from 189.90.33.23 port 53626 ssh2
Dec 14 01:11:45 cls sshd[33193]: Invalid user vncuser from 161.248.201.228 port 41380
Dec 14 01:11:45 cls sshd[33193]: pam_unix(sshd:auth): check pass; user unknown
Dec 14 01:11:45 cls sshd[33193]: pam_unix(sshd:auth): authentication failure; logname= uid=0 euid=0 tty=ssh ruser= rhost=161.248.201.228 
Dec 14 01:11:45 cls sshd[33188]: Received disconnect from 189.90.33.23 port 53626:11: Bye Bye [preauth]
Dec 14 01:11:45 cls sshd[33188]: Disconnected from authenticating user root 189.90.33.23 port 53626 [preauth]
Dec 14 01:11:46 cls sshd[33193]: Failed password for invalid user vncuser from 161.248.201.228 port 41380 ssh2
Dec 14 01:11:47 cls sshd[33193]: Received disconnect from 161.248.201.228 port 41380:11: Bye Bye [preauth]
Dec 14 01:11:47 cls sshd[33193]: Disconnected from invalid user vncuser 161.248.201.228 port 41380 [preauth]
Dec 14 01:12:00 cls sshd[33200]: pam_unix(sshd:auth): authentication failure; logname= uid=0 euid=0 tty=ssh ruser= rhost=104.168.56.59  user=root
Dec 14 01:12:02 cls sshd[33200]: Failed password for root from 104.168.56.59 port 37612 ssh2
Dec 14 01:12:03 cls sshd[33200]: Received disconnect from 104.168.56.59 port 37612:11: Bye Bye [preauth]
Dec 14 01:12:03 cls sshd[33200]: Disconnected from authenticating user root 104.168.56.59 port 37612 [preauth]
Dec 14 01:12:04 cls sshd[33209]: pam_unix(sshd:auth): authentication failure; logname= uid=0 euid=0 tty=ssh ruser= rhost=38.47.92.86  user=root
Dec 14 01:12:05 cls sshd[33209]: Failed password for root from 38.47.92.86 port 48216 ssh2
Dec 14 01:12:06 cls sshd[33209]: Received disconnect from 38.47.92.86 port 48216:11: Bye Bye [preauth]
Dec 14 01:12:06 cls sshd[33209]: Disconnected from authenticating user root 38.47.92.86 port 48216 [preauth]
Dec 14 01:12:13 cls sshd[33211]: Invalid user nodered from 194.190.153.226 port 60736
Dec 14 01:12:13 cls sshd[33211]: pam_unix(sshd:auth): check pass; user unknown
Dec 14 01:12:13 cls sshd[33211]: pam_unix(sshd:auth): authentication failure; logname= uid=0 euid=0 tty=ssh ruser= rhost=194.190.153.226 
Dec 14 01:12:14 cls sshd[33211]: Failed password for invalid user nodered from 194.190.153.226 port 60736 ssh2
Dec 14 01:12:15 cls sshd[33211]: Received disconnect from 194.190.153.226 port 60736:11: Bye Bye [preauth]
Dec 14 01:12:15 cls sshd[33211]: Disconnected from invalid user nodered 194.190.153.226 port 60736 [preauth]
Dec 14 01:12:21 cls sshd[33213]: pam_unix(sshd:auth): authentication failure; logname= uid=0 euid=0 tty=ssh ruser= rhost=45.78.217.218  user=root
Dec 14 01:12:21 cls sshd[33215]: Invalid user admin from 161.248.201.228 port 34452
Dec 14 01:12:21 cls sshd[33215]: pam_unix(sshd:auth): check pass; user unknown
Dec 14 01:12:21 cls sshd[33215]: pam_unix(sshd:auth): authentication failure; logname= uid=0 euid=0 tty=ssh ruser= rhost=161.248.201.228 
Dec 14 01:12:23 cls sshd[33217]: pam_unix(sshd:auth): authentication failure; logname= uid=0 euid=0 tty=ssh ruser= rhost=189.90.33.23  user=root
Dec 14 01:12:23 cls sshd[33213]: Failed password for root from 45.78.217.218 port 40662 ssh2
Dec 14 01:12:23 cls sshd[33215]: Failed password for invalid user admin from 161.248.201.228 port 34452 ssh2
Dec 14 01:12:24 cls sshd[33213]: Received disconnect from 45.78.217.218 port 40662:11: Bye Bye [preauth]
Dec 14 01:12:24 cls sshd[33213]: Disconnected from authenticating user root 45.78.217.218 port 40662 [preauth]
Dec 14 01:12:25 cls sshd[33217]: Failed password for root from 189.90.33.23 port 37942 ssh2
Dec 14 01:12:25 cls sshd[33215]: Received disconnect from 161.248.201.228 port 34452:11: Bye Bye [preauth]
Dec 14 01:12:25 cls sshd[33215]: Disconnected from invalid user admin 161.248.201.228 port 34452 [preauth]
Dec 14 01:12:26 cls sshd[33217]: Received disconnect from 189.90.33.23 port 37942:11: Bye Bye [preauth]
Dec 14 01:12:26 cls sshd[33217]: Disconnected from authenticating user root 189.90.33.23 port 37942 [preauth]
Dec 14 01:12:35 cls sshd[33225]: pam_unix(sshd:auth): authentication failure; logname= uid=0 euid=0 tty=ssh ruser= rhost=104.168.56.59  user=root
Dec 14 01:12:37 cls sshd[33225]: Failed password for root from 104.168.56.59 port 56702 ssh2
Dec 14 01:12:38 cls sshd[33225]: Received disconnect from 104.168.56.59 port 56702:11: Bye Bye [preauth]
Dec 14 01:12:38 cls sshd[33225]: Disconnected from authenticating user root 104.168.56.59 port 56702 [preauth]
Dec 14 01:12:47 cls sshd[33229]: Invalid user hik from 194.190.153.226 port 41068
Dec 14 01:12:47 cls sshd[33229]: pam_unix(sshd:auth): check pass; user unknown
Dec 14 01:12:47 cls sshd[33229]: pam_unix(sshd:auth): authentication failure; logname= uid=0 euid=0 tty=ssh ruser= rhost=194.190.153.226 
Dec 14 01:12:49 cls sshd[33229]: Failed password for invalid user hik from 194.190.153.226 port 41068 ssh2
Dec 14 01:12:49 cls sshd[33229]: Received disconnect from 194.190.153.226 port 41068:11: Bye Bye [preauth]
Dec 14 01:12:49 cls sshd[33229]: Disconnected from invalid user hik 194.190.153.226 port 41068 [preauth]
Dec 14 01:12:50 cls sshd[33231]: pam_unix(sshd:auth): authentication failure; logname= uid=0 euid=0 tty=ssh ruser= rhost=38.47.92.86  user=root
Dec 14 01:12:51 cls sshd[33233]: pam_unix(sshd:auth): authentication failure; logname= uid=0 euid=0 tty=ssh ruser= rhost=103.144.247.233  user=root
Dec 14 01:12:52 cls sshd[33231]: Failed password for root from 38.47.92.86 port 45190 ssh2
Dec 14 01:12:52 cls sshd[33231]: Received disconnect from 38.47.92.86 port 45190:11: Bye Bye [preauth]
Dec 14 01:12:52 cls sshd[33231]: Disconnected from authenticating user root 38.47.92.86 port 45190 [preauth]
Dec 14 01:12:54 cls sshd[33233]: Failed password for root from 103.144.247.233 port 54732 ssh2
Dec 14 01:12:54 cls sshd[33233]: Received disconnect from 103.144.247.233 port 54732:11: Bye Bye [preauth]
Dec 14 01:12:54 cls sshd[33233]: Disconnected from authenticating user root 103.144.247.233 port 54732 [preauth]
Dec 14 01:13:00 cls sshd[33236]: Invalid user frappe-user from 161.248.201.228 port 58496
Dec 14 01:13:00 cls sshd[33236]: pam_unix(sshd:auth): check pass; user unknown
Dec 14 01:13:00 cls sshd[33236]: pam_unix(sshd:auth): authentication failure; logname= uid=0 euid=0 tty=ssh ruser= rhost=161.248.201.228 
Dec 14 01:13:02 cls sshd[33238]: pam_unix(sshd:auth): authentication failure; logname= uid=0 euid=0 tty=ssh ruser= rhost=189.90.33.23  user=root
Dec 14 01:13:02 cls sshd[33236]: Failed password for invalid user frappe-user from 161.248.201.228 port 58496 ssh2
Dec 14 01:13:02 cls sshd[33236]: Received disconnect from 161.248.201.228 port 58496:11: Bye Bye [preauth]
Dec 14 01:13:02 cls sshd[33236]: Disconnected from invalid user frappe-user 161.248.201.228 port 58496 [preauth]
Dec 14 01:13:04 cls sshd[33238]: Failed password for root from 189.90.33.23 port 50482 ssh2
Dec 14 01:13:05 cls sshd[33238]: Received disconnect from 189.90.33.23 port 50482:11: Bye Bye [preauth]
Dec 14 01:13:05 cls sshd[33238]: Disconnected from authenticating user root 189.90.33.23 port 50482 [preauth]
Dec 14 01:13:08 cls sshd[33243]: Invalid user admin from 104.168.56.59 port 39388
Dec 14 01:13:08 cls sshd[33243]: pam_unix(sshd:auth): check pass; user unknown
Dec 14 01:13:08 cls sshd[33243]: pam_unix(sshd:auth): authentication failure; logname= uid=0 euid=0 tty=ssh ruser= rhost=104.168.56.59 
Dec 14 01:13:10 cls sshd[33243]: Failed password for invalid user admin from 104.168.56.59 port 39388 ssh2
Dec 14 01:13:10 cls sshd[33243]: Received disconnect from 104.168.56.59 port 39388:11: Bye Bye [preauth]
Dec 14 01:13:10 cls sshd[33243]: Disconnected from invalid user admin 104.168.56.59 port 39388 [preauth]
Dec 14 01:13:20 cls sshd[33248]: pam_unix(sshd:auth): authentication failure; logname= uid=0 euid=0 tty=ssh ruser= rhost=194.190.153.226  user=root
Dec 14 01:13:21 cls sshd[33248]: Failed password for root from 194.190.153.226 port 60340 ssh2
Dec 14 01:13:23 cls sshd[33248]: Received disconnect from 194.190.153.226 port 60340:11: Bye Bye [preauth]
Dec 14 01:13:23 cls sshd[33248]: Disconnected from authenticating user root 194.190.153.226 port 60340 [preauth]
Dec 14 01:13:30 cls sshd[33253]: Invalid user public from 45.78.217.218 port 53714
Dec 14 01:13:30 cls sshd[33253]: pam_unix(sshd:auth): check pass; user unknown
Dec 14 01:13:30 cls sshd[33253]: pam_unix(sshd:auth): authentication failure; logname= uid=0 euid=0 tty=ssh ruser= rhost=45.78.217.218 
Dec 14 01:13:33 cls sshd[33253]: Failed password for invalid user public from 45.78.217.218 port 53714 ssh2
Dec 14 01:13:33 cls sshd[33253]: Received disconnect from 45.78.217.218 port 53714:11: Bye Bye [preauth]
Dec 14 01:13:33 cls sshd[33253]: Disconnected from invalid user public 45.78.217.218 port 53714 [preauth]
Dec 14 01:13:35 cls sshd[33255]: pam_unix(sshd:auth): authentication failure; logname= uid=0 euid=0 tty=ssh ruser= rhost=38.47.92.86  user=root
Dec 14 01:13:37 cls sshd[33257]: Invalid user dong from 161.248.201.228 port 47050
Dec 14 01:13:37 cls sshd[33257]: pam_unix(sshd:auth): check pass; user unknown
Dec 14 01:13:37 cls sshd[33257]: pam_unix(sshd:auth): authentication failure; logname= uid=0 euid=0 tty=ssh ruser= rhost=161.248.201.228 
Dec 14 01:13:37 cls sshd[33255]: Failed password for root from 38.47.92.86 port 53458 ssh2
Dec 14 01:13:38 cls sshd[33255]: Received disconnect from 38.47.92.86 port 53458:11: Bye Bye [preauth]
Dec 14 01:13:38 cls sshd[33255]: Disconnected from authenticating user root 38.47.92.86 port 53458 [preauth]
Dec 14 01:13:39 cls sshd[33257]: Failed password for invalid user dong from 161.248.201.228 port 47050 ssh2
Dec 14 01:13:41 cls sshd[33257]: Received disconnect from 161.248.201.228 port 47050:11: Bye Bye [preauth]
Dec 14 01:13:41 cls sshd[33257]: Disconnected from invalid user dong 161.248.201.228 port 47050 [preauth]
Dec 14 01:13:45 cls sshd[33262]: pam_unix(sshd:auth): authentication failure; logname= uid=0 euid=0 tty=ssh ruser= rhost=104.168.56.59  user=root
Dec 14 01:13:45 cls sshd[33264]: pam_unix(sshd:auth): authentication failure; logname= uid=0 euid=0 tty=ssh ruser= rhost=189.90.33.23  user=root
Dec 14 01:13:47 cls sshd[33262]: Failed password for root from 104.168.56.59 port 48298 ssh2
Dec 14 01:13:48 cls sshd[33264]: Failed password for root from 189.90.33.23 port 34788 ssh2
Dec 14 01:13:48 cls sshd[33262]: Received disconnect from 104.168.56.59 port 48298:11: Bye Bye [preauth]
Dec 14 01:13:48 cls sshd[33262]: Disconnected from authenticating user root 104.168.56.59 port 48298 [preauth]
Dec 14 01:13:48 cls sshd[33264]: Received disconnect from 189.90.33.23 port 34788:11: Bye Bye [preauth]
Dec 14 01:13:48 cls sshd[33264]: Disconnected from authenticating user root 189.90.33.23 port 34788 [preauth]
Dec 14 01:13:52 cls sshd[33266]: Invalid user jenkins from 194.190.153.226 port 55324
Dec 14 01:13:52 cls sshd[33266]: pam_unix(sshd:auth): check pass; user unknown
Dec 14 01:13:52 cls sshd[33266]: pam_unix(sshd:auth): authentication failure; logname= uid=0 euid=0 tty=ssh ruser= rhost=194.190.153.226 
Dec 14 01:13:54 cls sshd[33266]: Failed password for invalid user jenkins from 194.190.153.226 port 55324 ssh2
Dec 14 01:13:56 cls sshd[33266]: Received disconnect from 194.190.153.226 port 55324:11: Bye Bye [preauth]
Dec 14 01:13:56 cls sshd[33266]: Disconnected from invalid user jenkins 194.190.153.226 port 55324 [preauth]
Dec 14 01:14:14 cls sshd[33269]: Invalid user rramirez from 161.248.201.228 port 50022
Dec 14 01:14:14 cls sshd[33269]: pam_unix(sshd:auth): check pass; user unknown
Dec 14 01:14:14 cls sshd[33269]: pam_unix(sshd:auth): authentication failure; logname= uid=0 euid=0 tty=ssh ruser= rhost=161.248.201.228 
Dec 14 01:14:16 cls sshd[33269]: Failed password for invalid user rramirez from 161.248.201.228 port 50022 ssh2
Dec 14 01:14:16 cls sshd[33269]: Received disconnect from 161.248.201.228 port 50022:11: Bye Bye [preauth]
Dec 14 01:14:16 cls sshd[33269]: Disconnected from invalid user rramirez 161.248.201.228 port 50022 [preauth]
Dec 14 01:14:21 cls sshd[33273]: pam_unix(sshd:auth): authentication failure; logname= uid=0 euid=0 tty=ssh ruser= rhost=38.47.92.86  user=root
Dec 14 01:14:21 cls sshd[33271]: Invalid user sandeep from 104.168.56.59 port 42426
Dec 14 01:14:21 cls sshd[33271]: pam_unix(sshd:auth): check pass; user unknown
Dec 14 01:14:21 cls sshd[33271]: pam_unix(sshd:auth): authentication failure; logname= uid=0 euid=0 tty=ssh ruser= rhost=104.168.56.59 
Dec 14 01:14:23 cls sshd[33273]: Failed password for root from 38.47.92.86 port 43940 ssh2
Dec 14 01:14:23 cls sshd[33271]: Failed password for invalid user sandeep from 104.168.56.59 port 42426 ssh2
Dec 14 01:14:24 cls sshd[33273]: Received disconnect from 38.47.92.86 port 43940:11: Bye Bye [preauth]
Dec 14 01:14:24 cls sshd[33273]: Disconnected from authenticating user root 38.47.92.86 port 43940 [preauth]
Dec 14 01:14:25 cls sshd[33271]: Received disconnect from 104.168.56.59 port 42426:11: Bye Bye [preauth]
Dec 14 01:14:25 cls sshd[33271]: Disconnected from invalid user sandeep 104.168.56.59 port 42426 [preauth]
Dec 14 01:14:25 cls sshd[33275]: Invalid user ai from 189.90.33.23 port 47336
Dec 14 01:14:25 cls sshd[33275]: pam_unix(sshd:auth): check pass; user unknown
Dec 14 01:14:25 cls sshd[33275]: pam_unix(sshd:auth): authentication failure; logname= uid=0 euid=0 tty=ssh ruser= rhost=189.90.33.23 
Dec 14 01:14:28 cls sshd[33277]: Invalid user user5 from 194.190.153.226 port 52292
Dec 14 01:14:28 cls sshd[33277]: pam_unix(sshd:auth): check pass; user unknown
Dec 14 01:14:28 cls sshd[33277]: pam_unix(sshd:auth): authentication failure; logname= uid=0 euid=0 tty=ssh ruser= rhost=194.190.153.226 
Dec 14 01:14:28 cls sshd[33275]: Failed password for invalid user ai from 189.90.33.23 port 47336 ssh2
Dec 14 01:14:30 cls sshd[33275]: Received disconnect from 189.90.33.23 port 47336:11: Bye Bye [preauth]
Dec 14 01:14:30 cls sshd[33275]: Disconnected from invalid user ai 189.90.33.23 port 47336 [preauth]
Dec 14 01:14:30 cls sshd[33277]: Failed password for invalid user user5 from 194.190.153.226 port 52292 ssh2
Dec 14 01:14:30 cls sshd[33277]: Received disconnect from 194.190.153.226 port 52292:11: Bye Bye [preauth]
Dec 14 01:14:30 cls sshd[33277]: Disconnected from invalid user user5 194.190.153.226 port 52292 [preauth]
Dec 14 01:14:41 cls sshd[33279]: pam_unix(sshd:auth): authentication failure; logname= uid=0 euid=0 tty=ssh ruser= rhost=45.78.204.179  user=root
Dec 14 01:14:43 cls sshd[33279]: Failed password for root from 45.78.204.179 port 47504 ssh2
Dec 14 01:14:44 cls sshd[33279]: Received disconnect from 45.78.204.179 port 47504:11: Bye Bye [preauth]
Dec 14 01:14:44 cls sshd[33279]: Disconnected from authenticating user root 45.78.204.179 port 47504 [preauth]
Dec 14 01:14:45 cls sshd[33281]: Invalid user ociisprd from 103.9.78.110 port 51402
Dec 14 01:14:45 cls sshd[33281]: pam_unix(sshd:auth): check pass; user unknown
Dec 14 01:14:45 cls sshd[33281]: pam_unix(sshd:auth): authentication failure; logname= uid=0 euid=0 tty=ssh ruser= rhost=103.9.78.110 
Dec 14 01:14:47 cls sshd[33281]: Failed password for invalid user ociisprd from 103.9.78.110 port 51402 ssh2
Dec 14 01:14:47 cls sshd[33283]: pam_unix(sshd:auth): authentication failure; logname= uid=0 euid=0 tty=ssh ruser= rhost=45.78.217.218  user=root
Dec 14 01:14:49 cls sshd[33281]: Received disconnect from 103.9.78.110 port 51402:11: Bye Bye [preauth]
Dec 14 01:14:49 cls sshd[33281]: Disconnected from invalid user ociisprd 103.9.78.110 port 51402 [preauth]
Dec 14 01:14:49 cls sshd[33283]: Failed password for root from 45.78.217.218 port 55490 ssh2
Dec 14 01:14:50 cls sshd[33283]: Received disconnect from 45.78.217.218 port 55490:11: Bye Bye [preauth]
Dec 14 01:14:50 cls sshd[33283]: Disconnected from authenticating user root 45.78.217.218 port 55490 [preauth]
Dec 14 01:14:51 cls sshd[33288]: Invalid user test from 161.248.201.228 port 35670
Dec 14 01:14:51 cls sshd[33288]: pam_unix(sshd:auth): check pass; user unknown
Dec 14 01:14:51 cls sshd[33288]: pam_unix(sshd:auth): authentication failure; logname= uid=0 euid=0 tty=ssh ruser= rhost=161.248.201.228 
Dec 14 01:14:53 cls sshd[33288]: Failed password for invalid user test from 161.248.201.228 port 35670 ssh2
Dec 14 01:14:54 cls sshd[33288]: Received disconnect from 161.248.201.228 port 35670:11: Bye Bye [preauth]
Dec 14 01:14:54 cls sshd[33288]: Disconnected from invalid user test 161.248.201.228 port 35670 [preauth]
Dec 14 01:14:56 cls sshd[33295]: Invalid user david from 103.144.247.233 port 54716
Dec 14 01:14:56 cls sshd[33295]: pam_unix(sshd:auth): check pass; user unknown
Dec 14 01:14:56 cls sshd[33295]: pam_unix(sshd:auth): authentication failure; logname= uid=0 euid=0 tty=ssh ruser= rhost=103.144.247.233 
Dec 14 01:14:56 cls sshd[33293]: Invalid user hadoop from 104.168.56.59 port 55602
Dec 14 01:14:56 cls sshd[33293]: pam_unix(sshd:auth): check pass; user unknown
Dec 14 01:14:56 cls sshd[33293]: pam_unix(sshd:auth): authentication failure; logname= uid=0 euid=0 tty=ssh ruser= rhost=104.168.56.59 
Dec 14 01:14:57 cls sshd[33295]: Failed password for invalid user david from 103.144.247.233 port 54716 ssh2
Dec 14 01:14:58 cls sshd[33293]: Failed password for invalid user hadoop from 104.168.56.59 port 55602 ssh2
Dec 14 01:14:58 cls sshd[33293]: Received disconnect from 104.168.56.59 port 55602:11: Bye Bye [preauth]
Dec 14 01:14:58 cls sshd[33293]: Disconnected from invalid user hadoop 104.168.56.59 port 55602 [preauth]
Dec 14 01:14:59 cls sshd[33295]: Received disconnect from 103.144.247.233 port 54716:11: Bye Bye [preauth]
Dec 14 01:14:59 cls sshd[33295]: Disconnected from invalid user david 103.144.247.233 port 54716 [preauth]
Dec 14 01:15:04 cls sshd[33300]: pam_unix(sshd:auth): authentication failure; logname= uid=0 euid=0 tty=ssh ruser= rhost=189.90.33.23  user=root
Dec 14 01:15:06 cls sshd[33302]: pam_unix(sshd:auth): authentication failure; logname= uid=0 euid=0 tty=ssh ruser= rhost=38.47.92.86  user=root
Dec 14 01:15:06 cls sshd[33300]: Failed password for root from 189.90.33.23 port 59880 ssh2
Dec 14 01:15:07 cls sshd[33300]: Received disconnect from 189.90.33.23 port 59880:11: Bye Bye [preauth]
Dec 14 01:15:07 cls sshd[33300]: Disconnected from authenticating user root 189.90.33.23 port 59880 [preauth]
Dec 14 01:15:08 cls sshd[33302]: Failed password for root from 38.47.92.86 port 59650 ssh2
Dec 14 01:15:08 cls sshd[33302]: Received disconnect from 38.47.92.86 port 59650:11: Bye Bye [preauth]
Dec 14 01:15:08 cls sshd[33302]: Disconnected from authenticating user root 38.47.92.86 port 59650 [preauth]
Dec 14 01:15:28 cls sshd[33307]: pam_unix(sshd:auth): authentication failure; logname= uid=0 euid=0 tty=ssh ruser= rhost=161.248.201.228  user=root
Dec 14 01:15:30 cls sshd[33307]: Failed password for root from 161.248.201.228 port 55008 ssh2
Dec 14 01:15:30 cls sshd[33309]: pam_unix(sshd:auth): authentication failure; logname= uid=0 euid=0 tty=ssh ruser= rhost=103.144.247.233  user=root
Dec 14 01:15:31 cls sshd[33307]: Received disconnect from 161.248.201.228 port 55008:11: Bye Bye [preauth]
Dec 14 01:15:31 cls sshd[33307]: Disconnected from authenticating user root 161.248.201.228 port 55008 [preauth]
Dec 14 01:15:31 cls sshd[33311]: pam_unix(sshd:auth): authentication failure; logname= uid=0 euid=0 tty=ssh ruser= rhost=104.168.56.59  user=root
Dec 14 01:15:33 cls sshd[33309]: Failed password for root from 103.144.247.233 port 38640 ssh2
Dec 14 01:15:33 cls sshd[33309]: Received disconnect from 103.144.247.233 port 38640:11: Bye Bye [preauth]
Dec 14 01:15:33 cls sshd[33309]: Disconnected from authenticating user root 103.144.247.233 port 38640 [preauth]
Dec 14 01:15:34 cls sshd[33311]: Failed password for root from 104.168.56.59 port 45354 ssh2
Dec 14 01:15:34 cls sshd[33311]: Received disconnect from 104.168.56.59 port 45354:11: Bye Bye [preauth]
Dec 14 01:15:34 cls sshd[33311]: Disconnected from authenticating user root 104.168.56.59 port 45354 [preauth]
Dec 14 01:15:50 cls sshd[33313]: Invalid user guest from 38.47.92.86 port 53172
Dec 14 01:15:50 cls sshd[33313]: pam_unix(sshd:auth): check pass; user unknown
Dec 14 01:15:50 cls sshd[33313]: pam_unix(sshd:auth): authentication failure; logname= uid=0 euid=0 tty=ssh ruser= rhost=38.47.92.86 
Dec 14 01:15:51 cls sshd[33313]: Failed password for invalid user guest from 38.47.92.86 port 53172 ssh2
