Dec 15 01:10:50 cls sshd[67968]: Invalid user icon from 181.104.58.194 port 35230
Dec 15 01:10:50 cls sshd[67968]: pam_unix(sshd:auth): check pass; user unknown
Dec 15 01:10:50 cls sshd[67968]: pam_unix(sshd:auth): authentication failure; logname= uid=0 euid=0 tty=ssh ruser= rhost=181.104.58.194 
Dec 15 01:10:52 cls sshd[67968]: Failed password for invalid user icon from 181.104.58.194 port 35230 ssh2
Dec 15 01:10:53 cls sshd[67968]: Received disconnect from 181.104.58.194 port 35230:11: Bye Bye [preauth]
Dec 15 01:10:53 cls sshd[67968]: Disconnected from invalid user icon 181.104.58.194 port 35230 [preauth]
Dec 15 01:11:01 cls sshd[67977]: pam_unix(sshd:auth): authentication failure; logname= uid=0 euid=0 tty=ssh ruser= rhost=45.78.219.175  user=root
Dec 15 01:11:03 cls sshd[67977]: Failed password for root from 45.78.219.175 port 48572 ssh2
Dec 15 01:11:04 cls sshd[67977]: Received disconnect from 45.78.219.175 port 48572:11: Bye Bye [preauth]
Dec 15 01:11:04 cls sshd[67977]: Disconnected from authenticating user root 45.78.219.175 port 48572 [preauth]
Dec 15 01:11:04 cls sshd[67979]: pam_unix(sshd:auth): authentication failure; logname= uid=0 euid=0 tty=ssh ruser= rhost=45.78.216.116  user=root
Dec 15 01:11:06 cls sshd[67979]: Failed password for root from 45.78.216.116 port 51638 ssh2
Dec 15 01:11:07 cls sshd[67979]: Received disconnect from 45.78.216.116 port 51638:11: Bye Bye [preauth]
Dec 15 01:11:07 cls sshd[67979]: Disconnected from authenticating user root 45.78.216.116 port 51638 [preauth]
Dec 15 01:11:14 cls sshd[67988]: Invalid user wg from 221.161.235.168 port 59468
Dec 15 01:11:14 cls sshd[67988]: pam_unix(sshd:auth): check pass; user unknown
Dec 15 01:11:14 cls sshd[67988]: pam_unix(sshd:auth): authentication failure; logname= uid=0 euid=0 tty=ssh ruser= rhost=221.161.235.168 
Dec 15 01:11:14 cls sshd[67990]: pam_unix(sshd:auth): authentication failure; logname= uid=0 euid=0 tty=ssh ruser= rhost=143.110.241.64  user=root
Dec 15 01:11:15 cls sshd[67988]: Failed password for invalid user wg from 221.161.235.168 port 59468 ssh2
Dec 15 01:11:16 cls sshd[67990]: Failed password for root from 143.110.241.64 port 33320 ssh2
Dec 15 01:11:16 cls sshd[67990]: Received disconnect from 143.110.241.64 port 33320:11: Bye Bye [preauth]
Dec 15 01:11:16 cls sshd[67990]: Disconnected from authenticating user root 143.110.241.64 port 33320 [preauth]
Dec 15 01:11:17 cls sshd[67996]: Invalid user ali from 81.23.173.32 port 53454
Dec 15 01:11:17 cls sshd[67996]: pam_unix(sshd:auth): check pass; user unknown
Dec 15 01:11:17 cls sshd[67996]: pam_unix(sshd:auth): authentication failure; logname= uid=0 euid=0 tty=ssh ruser= rhost=81.23.173.32 
Dec 15 01:11:17 cls sshd[67988]: Received disconnect from 221.161.235.168 port 59468:11: Bye Bye [preauth]
Dec 15 01:11:17 cls sshd[67988]: Disconnected from invalid user wg 221.161.235.168 port 59468 [preauth]
Dec 15 01:11:20 cls sshd[67996]: Failed password for invalid user ali from 81.23.173.32 port 53454 ssh2
Dec 15 01:11:22 cls sshd[67996]: Received disconnect from 81.23.173.32 port 53454:11: Bye Bye [preauth]
Dec 15 01:11:22 cls sshd[67996]: Disconnected from invalid user ali 81.23.173.32 port 53454 [preauth]
Dec 15 01:11:51 cls sshd[68005]: pam_unix(sshd:auth): authentication failure; logname= uid=0 euid=0 tty=ssh ruser= rhost=221.161.235.168  user=root
Dec 15 01:11:53 cls sshd[68007]: Invalid user vpn from 143.110.241.64 port 53206
Dec 15 01:11:53 cls sshd[68007]: pam_unix(sshd:auth): check pass; user unknown
Dec 15 01:11:53 cls sshd[68007]: pam_unix(sshd:auth): authentication failure; logname= uid=0 euid=0 tty=ssh ruser= rhost=143.110.241.64 
Dec 15 01:11:53 cls sshd[68005]: Failed password for root from 221.161.235.168 port 43504 ssh2
Dec 15 01:11:54 cls sshd[68005]: Received disconnect from 221.161.235.168 port 43504:11: Bye Bye [preauth]
Dec 15 01:11:54 cls sshd[68005]: Disconnected from authenticating user root 221.161.235.168 port 43504 [preauth]
Dec 15 01:11:55 cls sshd[68007]: Failed password for invalid user vpn from 143.110.241.64 port 53206 ssh2
Dec 15 01:11:56 cls sshd[68009]: pam_unix(sshd:auth): authentication failure; logname= uid=0 euid=0 tty=ssh ruser= rhost=45.78.217.123  user=root
Dec 15 01:11:56 cls sshd[68007]: Received disconnect from 143.110.241.64 port 53206:11: Bye Bye [preauth]
Dec 15 01:11:56 cls sshd[68007]: Disconnected from invalid user vpn 143.110.241.64 port 53206 [preauth]
Dec 15 01:11:58 cls sshd[68011]: pam_unix(sshd:auth): authentication failure; logname= uid=0 euid=0 tty=ssh ruser= rhost=81.23.173.32  user=root
Dec 15 01:11:58 cls sshd[68009]: Failed password for root from 45.78.217.123 port 46404 ssh2
Dec 15 01:12:00 cls sshd[68011]: Failed password for root from 81.23.173.32 port 57150 ssh2
Dec 15 01:12:00 cls sshd[68011]: Received disconnect from 81.23.173.32 port 57150:11: Bye Bye [preauth]
Dec 15 01:12:00 cls sshd[68011]: Disconnected from authenticating user root 81.23.173.32 port 57150 [preauth]
Dec 15 01:12:01 cls sshd[68009]: Received disconnect from 45.78.217.123 port 46404:11: Bye Bye [preauth]
Dec 15 01:12:01 cls sshd[68009]: Disconnected from authenticating user root 45.78.217.123 port 46404 [preauth]
Dec 15 01:12:20 cls sshd[68013]: pam_unix(sshd:auth): authentication failure; logname= uid=0 euid=0 tty=ssh ruser= rhost=45.78.219.175  user=root
Dec 15 01:12:23 cls sshd[68013]: Failed password for root from 45.78.219.175 port 40262 ssh2
Dec 15 01:12:23 cls sshd[68013]: Received disconnect from 45.78.219.175 port 40262:11: Bye Bye [preauth]
Dec 15 01:12:23 cls sshd[68013]: Disconnected from authenticating user root 45.78.219.175 port 40262 [preauth]
Dec 15 01:12:26 cls sshd[68015]: pam_unix(sshd:auth): authentication failure; logname= uid=0 euid=0 tty=ssh ruser= rhost=181.104.58.194  user=root
Dec 15 01:12:28 cls sshd[68015]: Failed password for root from 181.104.58.194 port 35158 ssh2
Dec 15 01:12:29 cls sshd[68015]: Received disconnect from 181.104.58.194 port 35158:11: Bye Bye [preauth]
Dec 15 01:12:29 cls sshd[68015]: Disconnected from authenticating user root 181.104.58.194 port 35158 [preauth]
Dec 15 01:12:30 cls sshd[68017]: pam_unix(sshd:auth): authentication failure; logname= uid=0 euid=0 tty=ssh ruser= rhost=221.161.235.168  user=root
Dec 15 01:12:31 cls sshd[68019]: Invalid user gitlab-runner from 143.110.241.64 port 54422
Dec 15 01:12:31 cls sshd[68019]: pam_unix(sshd:auth): check pass; user unknown
Dec 15 01:12:31 cls sshd[68019]: pam_unix(sshd:auth): authentication failure; logname= uid=0 euid=0 tty=ssh ruser= rhost=143.110.241.64 
Dec 15 01:12:33 cls sshd[68019]: Failed password for invalid user gitlab-runner from 143.110.241.64 port 54422 ssh2
Dec 15 01:12:33 cls sshd[68017]: Failed password for root from 221.161.235.168 port 55772 ssh2
Dec 15 01:12:33 cls sshd[68019]: Received disconnect from 143.110.241.64 port 54422:11: Bye Bye [preauth]
Dec 15 01:12:33 cls sshd[68019]: Disconnected from invalid user gitlab-runner 143.110.241.64 port 54422 [preauth]
Dec 15 01:12:35 cls sshd[68017]: Received disconnect from 221.161.235.168 port 55772:11: Bye Bye [preauth]
Dec 15 01:12:35 cls sshd[68017]: Disconnected from authenticating user root 221.161.235.168 port 55772 [preauth]
Dec 15 01:12:36 cls sshd[68024]: pam_unix(sshd:auth): authentication failure; logname= uid=0 euid=0 tty=ssh ruser= rhost=81.23.173.32  user=root
Dec 15 01:12:39 cls sshd[68024]: Failed password for root from 81.23.173.32 port 58988 ssh2
Dec 15 01:12:39 cls sshd[68024]: Received disconnect from 81.23.173.32 port 58988:11: Bye Bye [preauth]
Dec 15 01:12:39 cls sshd[68024]: Disconnected from authenticating user root 81.23.173.32 port 58988 [preauth]
Dec 15 01:13:07 cls sshd[68032]: Invalid user es_user from 143.110.241.64 port 49958
Dec 15 01:13:07 cls sshd[68032]: pam_unix(sshd:auth): check pass; user unknown
Dec 15 01:13:07 cls sshd[68032]: pam_unix(sshd:auth): authentication failure; logname= uid=0 euid=0 tty=ssh ruser= rhost=143.110.241.64 
Dec 15 01:13:09 cls sshd[68032]: Failed password for invalid user es_user from 143.110.241.64 port 49958 ssh2
Dec 15 01:13:10 cls sshd[68036]: pam_unix(sshd:auth): authentication failure; logname= uid=0 euid=0 tty=ssh ruser= rhost=221.161.235.168  user=root
Dec 15 01:13:11 cls sshd[68032]: Received disconnect from 143.110.241.64 port 49958:11: Bye Bye [preauth]
Dec 15 01:13:11 cls sshd[68032]: Disconnected from invalid user es_user 143.110.241.64 port 49958 [preauth]
Dec 15 01:13:11 cls sshd[68034]: Invalid user wg from 181.104.58.194 port 49238
Dec 15 01:13:11 cls sshd[68034]: pam_unix(sshd:auth): check pass; user unknown
Dec 15 01:13:11 cls sshd[68034]: pam_unix(sshd:auth): authentication failure; logname= uid=0 euid=0 tty=ssh ruser= rhost=181.104.58.194 
Dec 15 01:13:13 cls sshd[68036]: Failed password for root from 221.161.235.168 port 39808 ssh2
Dec 15 01:13:13 cls sshd[68036]: Received disconnect from 221.161.235.168 port 39808:11: Bye Bye [preauth]
Dec 15 01:13:13 cls sshd[68036]: Disconnected from authenticating user root 221.161.235.168 port 39808 [preauth]
Dec 15 01:13:13 cls sshd[68034]: Failed password for invalid user wg from 181.104.58.194 port 49238 ssh2
Dec 15 01:13:15 cls sshd[68034]: Received disconnect from 181.104.58.194 port 49238:11: Bye Bye [preauth]
Dec 15 01:13:15 cls sshd[68034]: Disconnected from invalid user wg 181.104.58.194 port 49238 [preauth]
Dec 15 01:13:15 cls sshd[68040]: pam_unix(sshd:auth): authentication failure; logname= uid=0 euid=0 tty=ssh ruser= rhost=45.78.217.123  user=root
Dec 15 01:13:15 cls sshd[68038]: pam_unix(sshd:auth): authentication failure; logname= uid=0 euid=0 tty=ssh ruser= rhost=81.23.173.32  user=root
Dec 15 01:13:17 cls sshd[68040]: Failed password for root from 45.78.217.123 port 37058 ssh2
Dec 15 01:13:17 cls sshd[68038]: Failed password for root from 81.23.173.32 port 56778 ssh2
Dec 15 01:13:18 cls sshd[68038]: Received disconnect from 81.23.173.32 port 56778:11: Bye Bye [preauth]
Dec 15 01:13:18 cls sshd[68038]: Disconnected from authenticating user root 81.23.173.32 port 56778 [preauth]
Dec 15 01:13:18 cls sshd[68040]: Received disconnect from 45.78.217.123 port 37058:11: Bye Bye [preauth]
Dec 15 01:13:18 cls sshd[68040]: Disconnected from authenticating user root 45.78.217.123 port 37058 [preauth]
Dec 15 01:13:19 cls sshd[68042]: pam_unix(sshd:auth): authentication failure; logname= uid=0 euid=0 tty=ssh ruser= rhost=45.78.216.116  user=root
Dec 15 01:13:21 cls sshd[68042]: Failed password for root from 45.78.216.116 port 53882 ssh2
Dec 15 01:13:21 cls sshd[68042]: Received disconnect from 45.78.216.116 port 53882:11: Bye Bye [preauth]
Dec 15 01:13:21 cls sshd[68042]: Disconnected from authenticating user root 45.78.216.116 port 53882 [preauth]
Dec 15 01:13:42 cls sshd[68046]: Invalid user icon from 45.78.219.175 port 55720
Dec 15 01:13:42 cls sshd[68046]: pam_unix(sshd:auth): check pass; user unknown
Dec 15 01:13:42 cls sshd[68046]: pam_unix(sshd:auth): authentication failure; logname= uid=0 euid=0 tty=ssh ruser= rhost=45.78.219.175 
Dec 15 01:13:44 cls sshd[68046]: Failed password for invalid user icon from 45.78.219.175 port 55720 ssh2
Dec 15 01:13:46 cls sshd[68051]: pam_unix(sshd:auth): authentication failure; logname= uid=0 euid=0 tty=ssh ruser= rhost=143.110.241.64  user=root
Dec 15 01:13:46 cls sshd[68046]: Received disconnect from 45.78.219.175 port 55720:11: Bye Bye [preauth]
Dec 15 01:13:46 cls sshd[68046]: Disconnected from invalid user icon 45.78.219.175 port 55720 [preauth]
Dec 15 01:13:48 cls sshd[68051]: Failed password for root from 143.110.241.64 port 55876 ssh2
Dec 15 01:13:48 cls sshd[68053]: pam_unix(sshd:auth): authentication failure; logname= uid=0 euid=0 tty=ssh ruser= rhost=221.161.235.168  user=root
Dec 15 01:13:48 cls sshd[68051]: Received disconnect from 143.110.241.64 port 55876:11: Bye Bye [preauth]
Dec 15 01:13:48 cls sshd[68051]: Disconnected from authenticating user root 143.110.241.64 port 55876 [preauth]
Dec 15 01:13:50 cls sshd[68053]: Failed password for root from 221.161.235.168 port 52078 ssh2
Dec 15 01:13:51 cls sshd[68053]: Received disconnect from 221.161.235.168 port 52078:11: Bye Bye [preauth]
Dec 15 01:13:51 cls sshd[68053]: Disconnected from authenticating user root 221.161.235.168 port 52078 [preauth]
Dec 15 01:13:52 cls sshd[68055]: pam_unix(sshd:auth): authentication failure; logname= uid=0 euid=0 tty=ssh ruser= rhost=81.23.173.32  user=root
Dec 15 01:13:55 cls sshd[68055]: Failed password for root from 81.23.173.32 port 56384 ssh2
Dec 15 01:13:58 cls sshd[68055]: Received disconnect from 81.23.173.32 port 56384:11: Bye Bye [preauth]
Dec 15 01:13:58 cls sshd[68055]: Disconnected from authenticating user root 81.23.173.32 port 56384 [preauth]
Dec 15 01:14:06 cls sshd[68060]: pam_unix(sshd:auth): authentication failure; logname= uid=0 euid=0 tty=ssh ruser= rhost=181.104.58.194  user=root
Dec 15 01:14:08 cls sshd[68060]: Failed password for root from 181.104.58.194 port 35086 ssh2
Dec 15 01:14:09 cls sshd[68062]: Invalid user upload from 87.121.84.136 port 48816
Dec 15 01:14:09 cls sshd[68062]: pam_unix(sshd:auth): check pass; user unknown
Dec 15 01:14:09 cls sshd[68062]: pam_unix(sshd:auth): authentication failure; logname= uid=0 euid=0 tty=ssh ruser= rhost=87.121.84.136 
Dec 15 01:14:11 cls sshd[68060]: Received disconnect from 181.104.58.194 port 35086:11: Bye Bye [preauth]
Dec 15 01:14:11 cls sshd[68060]: Disconnected from authenticating user root 181.104.58.194 port 35086 [preauth]
Dec 15 01:14:11 cls sshd[68062]: Failed password for invalid user upload from 87.121.84.136 port 48816 ssh2
Dec 15 01:14:11 cls sshd[68062]: Received disconnect from 87.121.84.136 port 48816:11: Bye Bye [preauth]
Dec 15 01:14:11 cls sshd[68062]: Disconnected from invalid user upload 87.121.84.136 port 48816 [preauth]
Dec 15 01:14:24 cls sshd[68070]: Invalid user papa from 143.110.241.64 port 42448
Dec 15 01:14:24 cls sshd[68070]: pam_unix(sshd:auth): check pass; user unknown
Dec 15 01:14:24 cls sshd[68070]: pam_unix(sshd:auth): authentication failure; logname= uid=0 euid=0 tty=ssh ruser= rhost=143.110.241.64 
Dec 15 01:14:26 cls sshd[68070]: Failed password for invalid user papa from 143.110.241.64 port 42448 ssh2
Dec 15 01:14:27 cls sshd[68070]: Received disconnect from 143.110.241.64 port 42448:11: Bye Bye [preauth]
Dec 15 01:14:27 cls sshd[68070]: Disconnected from invalid user papa 143.110.241.64 port 42448 [preauth]
Dec 15 01:14:31 cls sshd[68075]: Invalid user webuser from 81.23.173.32 port 41394
Dec 15 01:14:31 cls sshd[68075]: pam_unix(sshd:auth): check pass; user unknown
Dec 15 01:14:31 cls sshd[68075]: pam_unix(sshd:auth): authentication failure; logname= uid=0 euid=0 tty=ssh ruser= rhost=81.23.173.32 
Dec 15 01:14:32 cls sshd[68075]: Failed password for invalid user webuser from 81.23.173.32 port 41394 ssh2
Dec 15 01:14:32 cls sshd[68077]: pam_unix(sshd:auth): authentication failure; logname= uid=0 euid=0 tty=ssh ruser= rhost=221.161.235.168  user=root
Dec 15 01:14:33 cls sshd[68075]: Received disconnect from 81.23.173.32 port 41394:11: Bye Bye [preauth]
Dec 15 01:14:33 cls sshd[68075]: Disconnected from invalid user webuser 81.23.173.32 port 41394 [preauth]
Dec 15 01:14:34 cls sshd[68077]: Failed password for root from 221.161.235.168 port 36122 ssh2
Dec 15 01:14:35 cls sshd[68077]: Received disconnect from 221.161.235.168 port 36122:11: Bye Bye [preauth]
Dec 15 01:14:35 cls sshd[68077]: Disconnected from authenticating user root 221.161.235.168 port 36122 [preauth]
Dec 15 01:14:48 cls sshd[68084]: pam_unix(sshd:auth): authentication failure; logname= uid=0 euid=0 tty=ssh ruser= rhost=181.104.58.194  user=ubuntu
Dec 15 01:14:49 cls sshd[68084]: Failed password for ubuntu from 181.104.58.194 port 49166 ssh2
Dec 15 01:14:52 cls sshd[68084]: Received disconnect from 181.104.58.194 port 49166:11: Bye Bye [preauth]
Dec 15 01:14:52 cls sshd[68084]: Disconnected from authenticating user ubuntu 181.104.58.194 port 49166 [preauth]
Dec 15 01:14:54 cls sshd[68086]: Invalid user vpn from 45.78.219.175 port 59778
Dec 15 01:14:54 cls sshd[68086]: pam_unix(sshd:auth): check pass; user unknown
Dec 15 01:14:54 cls sshd[68086]: pam_unix(sshd:auth): authentication failure; logname= uid=0 euid=0 tty=ssh ruser= rhost=45.78.219.175 
Dec 15 01:14:57 cls sshd[68086]: Failed password for invalid user vpn from 45.78.219.175 port 59778 ssh2
Dec 15 01:15:01 cls sshd[68088]: Invalid user choi from 143.110.241.64 port 45516
Dec 15 01:15:01 cls sshd[68088]: pam_unix(sshd:auth): check pass; user unknown
Dec 15 01:15:01 cls sshd[68088]: pam_unix(sshd:auth): authentication failure; logname= uid=0 euid=0 tty=ssh ruser= rhost=143.110.241.64 
Dec 15 01:15:02 cls sshd[68086]: Received disconnect from 45.78.219.175 port 59778:11: Bye Bye [preauth]
Dec 15 01:15:02 cls sshd[68086]: Disconnected from invalid user vpn 45.78.219.175 port 59778 [preauth]
Dec 15 01:15:02 cls sshd[68088]: Failed password for invalid user choi from 143.110.241.64 port 45516 ssh2
Dec 15 01:15:02 cls sshd[68088]: Received disconnect from 143.110.241.64 port 45516:11: Bye Bye [preauth]
Dec 15 01:15:02 cls sshd[68088]: Disconnected from invalid user choi 143.110.241.64 port 45516 [preauth]
Dec 15 01:15:07 cls sshd[68079]: Invalid user webuser from 45.78.217.123 port 36250
Dec 15 01:15:07 cls sshd[68079]: pam_unix(sshd:auth): check pass; user unknown
Dec 15 01:15:07 cls sshd[68079]: pam_unix(sshd:auth): authentication failure; logname= uid=0 euid=0 tty=ssh ruser= rhost=45.78.217.123 
Dec 15 01:15:08 cls sshd[68079]: Failed password for invalid user webuser from 45.78.217.123 port 36250 ssh2
Dec 15 01:15:09 cls sshd[68079]: Received disconnect from 45.78.217.123 port 36250:11: Bye Bye [preauth]
Dec 15 01:15:09 cls sshd[68079]: Disconnected from invalid user webuser 45.78.217.123 port 36250 [preauth]
Dec 15 01:15:09 cls sshd[68090]: pam_unix(sshd:auth): authentication failure; logname= uid=0 euid=0 tty=ssh ruser= rhost=81.23.173.32  user=root
Dec 15 01:15:10 cls sshd[68095]: Invalid user papa from 221.161.235.168 port 48392
Dec 15 01:15:10 cls sshd[68095]: pam_unix(sshd:auth): check pass; user unknown
Dec 15 01:15:10 cls sshd[68095]: pam_unix(sshd:auth): authentication failure; logname= uid=0 euid=0 tty=ssh ruser= rhost=221.161.235.168 
Dec 15 01:15:11 cls sshd[68090]: Failed password for root from 81.23.173.32 port 34124 ssh2
Dec 15 01:15:12 cls sshd[68090]: Received disconnect from 81.23.173.32 port 34124:11: Bye Bye [preauth]
Dec 15 01:15:12 cls sshd[68090]: Disconnected from authenticating user root 81.23.173.32 port 34124 [preauth]
Dec 15 01:15:12 cls sshd[68095]: Failed password for invalid user papa from 221.161.235.168 port 48392 ssh2
Dec 15 01:15:14 cls sshd[68095]: Received disconnect from 221.161.235.168 port 48392:11: Bye Bye [preauth]
Dec 15 01:15:14 cls sshd[68095]: Disconnected from invalid user papa 221.161.235.168 port 48392 [preauth]
Dec 15 01:15:36 cls sshd[68099]: Invalid user igor from 45.78.216.116 port 40064
Dec 15 01:15:36 cls sshd[68099]: pam_unix(sshd:auth): check pass; user unknown
Dec 15 01:15:36 cls sshd[68099]: pam_unix(sshd:auth): authentication failure; logname= uid=0 euid=0 tty=ssh ruser= rhost=45.78.216.116 
Dec 15 01:15:38 cls sshd[68097]: Invalid user es_user from 181.104.58.194 port 35012
Dec 15 01:15:38 cls sshd[68097]: pam_unix(sshd:auth): check pass; user unknown
Dec 15 01:15:38 cls sshd[68097]: pam_unix(sshd:auth): authentication failure; logname= uid=0 euid=0 tty=ssh ruser= rhost=181.104.58.194 
Dec 15 01:15:38 cls sshd[68099]: Failed password for invalid user igor from 45.78.216.116 port 40064 ssh2
Dec 15 01:15:38 cls sshd[68099]: Received disconnect from 45.78.216.116 port 40064:11: Bye Bye [preauth]
Dec 15 01:15:38 cls sshd[68099]: Disconnected from invalid user igor 45.78.216.116 port 40064 [preauth]
Dec 15 01:15:39 cls sshd[68101]: Invalid user wg from 143.110.241.64 port 51178
Dec 15 01:15:39 cls sshd[68101]: pam_unix(sshd:auth): check pass; user unknown
Dec 15 01:15:39 cls sshd[68101]: pam_unix(sshd:auth): authentication failure; logname= uid=0 euid=0 tty=ssh ruser= rhost=143.110.241.64 
Dec 15 01:15:40 cls sshd[68097]: Failed password for invalid user es_user from 181.104.58.194 port 35012 ssh2
Dec 15 01:15:40 cls sshd[68101]: Failed password for invalid user wg from 143.110.241.64 port 51178 ssh2
Dec 15 01:15:41 cls sshd[68101]: Received disconnect from 143.110.241.64 port 51178:11: Bye Bye [preauth]
Dec 15 01:15:41 cls sshd[68101]: Disconnected from invalid user wg 143.110.241.64 port 51178 [preauth]
Dec 15 01:15:42 cls sshd[68097]: Received disconnect from 181.104.58.194 port 35012:11: Bye Bye [preauth]
Dec 15 01:15:42 cls sshd[68097]: Disconnected from invalid user es_user 181.104.58.194 port 35012 [preauth]
Dec 15 01:15:46 cls sshd[68106]: Invalid user es_user from 221.161.235.168 port 60650
Dec 15 01:15:46 cls sshd[68106]: pam_unix(sshd:auth): check pass; user unknown
Dec 15 01:15:46 cls sshd[68106]: pam_unix(sshd:auth): authentication failure; logname= uid=0 euid=0 tty=ssh ruser= rhost=221.161.235.168 
Dec 15 01:15:48 cls sshd[68106]: Failed password for invalid user es_user from 221.161.235.168 port 60650 ssh2
Dec 15 01:15:48 cls sshd[68108]: pam_unix(sshd:auth): authentication failure; logname= uid=0 euid=0 tty=ssh ruser= rhost=81.23.173.32  user=root
Dec 15 01:15:48 cls sshd[68106]: Received disconnect from 221.161.235.168 port 60650:11: Bye Bye [preauth]
Dec 15 01:15:48 cls sshd[68106]: Disconnected from invalid user es_user 221.161.235.168 port 60650 [preauth]
Dec 15 01:15:50 cls sshd[68108]: Failed password for root from 81.23.173.32 port 34270 ssh2
Dec 15 01:15:50 cls sshd[68110]: pam_unix(sshd:auth): authentication failure; logname= uid=0 euid=0 tty=ssh ruser= rhost=45.78.217.123  user=root
Dec 15 01:15:51 cls sshd[68108]: Received disconnect from 81.23.173.32 port 34270:11: Bye Bye [preauth]
Dec 15 01:15:51 cls sshd[68108]: Disconnected from authenticating user root 81.23.173.32 port 34270 [preauth]
Dec 15 01:15:52 cls sshd[68110]: Failed password for root from 45.78.217.123 port 44848 ssh2
Dec 15 01:15:53 cls sshd[68110]: Received disconnect from 45.78.217.123 port 44848:11: Bye Bye [preauth]
Dec 15 01:15:53 cls sshd[68110]: Disconnected from authenticating user root 45.78.217.123 port 44848 [preauth]
Dec 15 01:16:16 cls sshd[68114]: pam_unix(sshd:auth): authentication failure; logname= uid=0 euid=0 tty=ssh ruser= rhost=143.110.241.64  user=root
Dec 15 01:16:18 cls sshd[68114]: Failed password for root from 143.110.241.64 port 36868 ssh2
Dec 15 01:16:19 cls sshd[68114]: Received disconnect from 143.110.241.64 port 36868:11: Bye Bye [preauth]
Dec 15 01:16:19 cls sshd[68114]: Disconnected from authenticating user root 143.110.241.64 port 36868 [preauth]
Dec 15 01:16:22 cls sshd[68116]: Invalid user terra from 221.161.235.168 port 44682
Dec 15 01:16:22 cls sshd[68116]: pam_unix(sshd:auth): check pass; user unknown
Dec 15 01:16:22 cls sshd[68116]: pam_unix(sshd:auth): authentication failure; logname= uid=0 euid=0 tty=ssh ruser= rhost=221.161.235.168 
Dec 15 01:16:24 cls sshd[68116]: Failed password for invalid user terra from 221.161.235.168 port 44682 ssh2
Dec 15 01:16:26 cls sshd[68116]: Received disconnect from 221.161.235.168 port 44682:11: Bye Bye [preauth]
Dec 15 01:16:26 cls sshd[68116]: Disconnected from invalid user terra 221.161.235.168 port 44682 [preauth]
Dec 15 01:16:26 cls sshd[68121]: Invalid user igor from 181.104.58.194 port 49096
Dec 15 01:16:26 cls sshd[68121]: pam_unix(sshd:auth): check pass; user unknown
Dec 15 01:16:26 cls sshd[68121]: pam_unix(sshd:auth): authentication failure; logname= uid=0 euid=0 tty=ssh ruser= rhost=181.104.58.194 
Dec 15 01:16:28 cls sshd[68121]: Failed password for invalid user igor from 181.104.58.194 port 49096 ssh2
Dec 15 01:16:29 cls sshd[68121]: Received disconnect from 181.104.58.194 port 49096:11: Bye Bye [preauth]
Dec 15 01:16:29 cls sshd[68121]: Disconnected from invalid user igor 181.104.58.194 port 49096 [preauth]
Dec 15 01:16:30 cls sshd[68126]: Invalid user dev from 81.23.173.32 port 45122
Dec 15 01:16:30 cls sshd[68126]: pam_unix(sshd:auth): check pass; user unknown
Dec 15 01:16:30 cls sshd[68126]: pam_unix(sshd:auth): authentication failure; logname= uid=0 euid=0 tty=ssh ruser= rhost=81.23.173.32 
Dec 15 01:16:32 cls sshd[68126]: Failed password for invalid user dev from 81.23.173.32 port 45122 ssh2
Dec 15 01:16:34 cls sshd[68126]: Received disconnect from 81.23.173.32 port 45122:11: Bye Bye [preauth]
Dec 15 01:16:34 cls sshd[68126]: Disconnected from invalid user dev 81.23.173.32 port 45122 [preauth]
Dec 15 01:16:45 cls sshd[68132]: Invalid user choi from 45.78.216.116 port 56070
Dec 15 01:16:45 cls sshd[68132]: pam_unix(sshd:auth): check pass; user unknown
Dec 15 01:16:45 cls sshd[68132]: pam_unix(sshd:auth): authentication failure; logname= uid=0 euid=0 tty=ssh ruser= rhost=45.78.216.116 
Dec 15 01:16:47 cls sshd[68132]: Failed password for invalid user choi from 45.78.216.116 port 56070 ssh2
Dec 15 01:16:48 cls sshd[68132]: Received disconnect from 45.78.216.116 port 56070:11: Bye Bye [preauth]
Dec 15 01:16:48 cls sshd[68132]: Disconnected from invalid user choi 45.78.216.116 port 56070 [preauth]
Dec 15 01:16:53 cls sshd[68142]: pam_unix(sshd:auth): authentication failure; logname= uid=0 euid=0 tty=ssh ruser= rhost=143.110.241.64  user=root
Dec 15 01:16:56 cls sshd[68142]: Failed password for root from 143.110.241.64 port 55010 ssh2
Dec 15 01:16:56 cls sshd[68142]: Received disconnect from 143.110.241.64 port 55010:11: Bye Bye [preauth]
Dec 15 01:16:56 cls sshd[68142]: Disconnected from authenticating user root 143.110.241.64 port 55010 [preauth]
Dec 15 01:16:58 cls sshd[68144]: Invalid user ftpuser from 221.161.235.168 port 56944
Dec 15 01:16:58 cls sshd[68144]: pam_unix(sshd:auth): check pass; user unknown
Dec 15 01:16:58 cls sshd[68144]: pam_unix(sshd:auth): authentication failure; logname= uid=0 euid=0 tty=ssh ruser= rhost=221.161.235.168 
Dec 15 01:17:00 cls sshd[68144]: Failed password for invalid user ftpuser from 221.161.235.168 port 56944 ssh2
Dec 15 01:17:01 cls CRON[68146]: pam_unix(cron:session): session opened for user root by (uid=0)
Dec 15 01:17:01 cls CRON[68146]: pam_unix(cron:session): session closed for user root
Dec 15 01:17:02 cls sshd[68144]: Received disconnect from 221.161.235.168 port 56944:11: Bye Bye [preauth]
Dec 15 01:17:02 cls sshd[68144]: Disconnected from invalid user ftpuser 221.161.235.168 port 56944 [preauth]
Dec 15 01:17:05 cls sshd[68149]: pam_unix(sshd:auth): authentication failure; logname= uid=0 euid=0 tty=ssh ruser= rhost=45.78.217.123  user=root
Dec 15 01:17:07 cls sshd[68149]: Failed password for root from 45.78.217.123 port 34564 ssh2
Dec 15 01:17:08 cls sshd[68149]: Received disconnect from 45.78.217.123 port 34564:11: Bye Bye [preauth]
Dec 15 01:17:08 cls sshd[68149]: Disconnected from authenticating user root 45.78.217.123 port 34564 [preauth]
Dec 15 01:17:09 cls sshd[68151]: pam_unix(sshd:auth): authentication failure; logname= uid=0 euid=0 tty=ssh ruser= rhost=181.104.58.194  user=root
Dec 15 01:17:11 cls sshd[68151]: Failed password for root from 181.104.58.194 port 34940 ssh2
Dec 15 01:17:12 cls sshd[68151]: Received disconnect from 181.104.58.194 port 34940:11: Bye Bye [preauth]
Dec 15 01:17:12 cls sshd[68151]: Disconnected from authenticating user root 181.104.58.194 port 34940 [preauth]
Dec 15 01:17:13 cls sshd[68153]: Invalid user user2 from 81.23.173.32 port 39548
Dec 15 01:17:13 cls sshd[68153]: pam_unix(sshd:auth): check pass; user unknown
Dec 15 01:17:13 cls sshd[68153]: pam_unix(sshd:auth): authentication failure; logname= uid=0 euid=0 tty=ssh ruser= rhost=81.23.173.32 
Dec 15 01:17:15 cls sshd[68153]: Failed password for invalid user user2 from 81.23.173.32 port 39548 ssh2
Dec 15 01:17:17 cls sshd[68153]: Received disconnect from 81.23.173.32 port 39548:11: Bye Bye [preauth]
Dec 15 01:17:17 cls sshd[68153]: Disconnected from invalid user user2 81.23.173.32 port 39548 [preauth]
Dec 15 01:17:31 cls sshd[68157]: pam_unix(sshd:auth): authentication failure; logname= uid=0 euid=0 tty=ssh ruser= rhost=143.110.241.64  user=root
Dec 15 01:17:31 cls sshd[68155]: pam_unix(sshd:auth): authentication failure; logname= uid=0 euid=0 tty=ssh ruser= rhost=45.78.219.175  user=root
Dec 15 01:17:33 cls sshd[68157]: Failed password for root from 143.110.241.64 port 36962 ssh2
Dec 15 01:17:33 cls sshd[68155]: Failed password for root from 45.78.219.175 port 40664 ssh2
Dec 15 01:17:34 cls sshd[68157]: Received disconnect from 143.110.241.64 port 36962:11: Bye Bye [preauth]
Dec 15 01:17:34 cls sshd[68157]: Disconnected from authenticating user root 143.110.241.64 port 36962 [preauth]
Dec 15 01:17:34 cls sshd[68155]: Received disconnect from 45.78.219.175 port 40664:11: Bye Bye [preauth]
Dec 15 01:17:34 cls sshd[68155]: Disconnected from authenticating user root 45.78.219.175 port 40664 [preauth]
Dec 15 01:17:35 cls sshd[68159]: pam_unix(sshd:auth): authentication failure; logname= uid=0 euid=0 tty=ssh ruser= rhost=221.161.235.168  user=root
Dec 15 01:17:37 cls sshd[68159]: Failed password for root from 221.161.235.168 port 40980 ssh2
Dec 15 01:17:37 cls sshd[68159]: Received disconnect from 221.161.235.168 port 40980:11: Bye Bye [preauth]
Dec 15 01:17:37 cls sshd[68159]: Disconnected from authenticating user root 221.161.235.168 port 40980 [preauth]
Dec 15 01:17:53 cls sshd[68163]: Invalid user wanghy from 181.104.58.194 port 49018
Dec 15 01:17:53 cls sshd[68163]: pam_unix(sshd:auth): check pass; user unknown
Dec 15 01:17:53 cls sshd[68163]: pam_unix(sshd:auth): authentication failure; logname= uid=0 euid=0 tty=ssh ruser= rhost=181.104.58.194 
Dec 15 01:17:53 cls sshd[68165]: pam_unix(sshd:auth): authentication failure; logname= uid=0 euid=0 tty=ssh ruser= rhost=45.78.216.116  user=root
Dec 15 01:17:55 cls sshd[68163]: Failed password for invalid user wanghy from 181.104.58.194 port 49018 ssh2
Dec 15 01:17:55 cls sshd[68165]: Failed password for root from 45.78.216.116 port 45146 ssh2
Dec 15 01:17:56 cls sshd[68163]: Received disconnect from 181.104.58.194 port 49018:11: Bye Bye [preauth]
Dec 15 01:17:56 cls sshd[68163]: Disconnected from invalid user wanghy 181.104.58.194 port 49018 [preauth]
Dec 15 01:17:56 cls sshd[68165]: Received disconnect from 45.78.216.116 port 45146:11: Bye Bye [preauth]
Dec 15 01:17:56 cls sshd[68165]: Disconnected from authenticating user root 45.78.216.116 port 45146 [preauth]
Dec 15 01:17:57 cls sshd[68167]: Invalid user parham from 81.23.173.32 port 32786
Dec 15 01:17:57 cls sshd[68167]: pam_unix(sshd:auth): check pass; user unknown
Dec 15 01:17:57 cls sshd[68167]: pam_unix(sshd:auth): authentication failure; logname= uid=0 euid=0 tty=ssh ruser= rhost=81.23.173.32 
Dec 15 01:17:59 cls sshd[68167]: Failed password for invalid user parham from 81.23.173.32 port 32786 ssh2
Dec 15 01:18:00 cls sshd[68167]: Received disconnect from 81.23.173.32 port 32786:11: Bye Bye [preauth]
Dec 15 01:18:00 cls sshd[68167]: Disconnected from invalid user parham 81.23.173.32 port 32786 [preauth]
Dec 15 01:18:11 cls sshd[68175]: Invalid user ftpuser from 143.110.241.64 port 37706
Dec 15 01:18:11 cls sshd[68175]: pam_unix(sshd:auth): check pass; user unknown
Dec 15 01:18:11 cls sshd[68175]: pam_unix(sshd:auth): authentication failure; logname= uid=0 euid=0 tty=ssh ruser= rhost=143.110.241.64 
Dec 15 01:18:12 cls sshd[68173]: pam_unix(sshd:auth): authentication failure; logname= uid=0 euid=0 tty=ssh ruser= rhost=221.161.235.168  user=root
Dec 15 01:18:13 cls sshd[68175]: Failed password for invalid user ftpuser from 143.110.241.64 port 37706 ssh2
Dec 15 01:18:14 cls sshd[68173]: Failed password for root from 221.161.235.168 port 53250 ssh2
Dec 15 01:18:14 cls sshd[68173]: Received disconnect from 221.161.235.168 port 53250:11: Bye Bye [preauth]
Dec 15 01:18:14 cls sshd[68173]: Disconnected from authenticating user root 221.161.235.168 port 53250 [preauth]
Dec 15 01:18:15 cls sshd[68175]: Received disconnect from 143.110.241.64 port 37706:11: Bye Bye [preauth]
Dec 15 01:18:15 cls sshd[68175]: Disconnected from invalid user ftpuser 143.110.241.64 port 37706 [preauth]
Dec 15 01:18:22 cls sshd[68182]: pam_unix(sshd:auth): authentication failure; logname= uid=0 euid=0 tty=ssh ruser= rhost=45.78.217.123  user=root
Dec 15 01:18:24 cls sshd[68182]: Failed password for root from 45.78.217.123 port 51414 ssh2
Dec 15 01:18:25 cls sshd[68182]: Received disconnect from 45.78.217.123 port 51414:11: Bye Bye [preauth]
Dec 15 01:18:25 cls sshd[68182]: Disconnected from authenticating user root 45.78.217.123 port 51414 [preauth]
Dec 15 01:18:40 cls sshd[68186]: pam_unix(sshd:auth): authentication failure; logname= uid=0 euid=0 tty=ssh ruser= rhost=81.23.173.32  user=root
Dec 15 01:18:42 cls sshd[68184]: Connection closed by 181.104.58.194 port 34864 [preauth]
Dec 15 01:18:42 cls sshd[68186]: Failed password for root from 81.23.173.32 port 48360 ssh2
Dec 15 01:18:43 cls sshd[68186]: Received disconnect from 81.23.173.32 port 48360:11: Bye Bye [preauth]
Dec 15 01:18:43 cls sshd[68186]: Disconnected from authenticating user root 81.23.173.32 port 48360 [preauth]
Dec 15 01:18:49 cls sshd[68188]: pam_unix(sshd:auth): authentication failure; logname= uid=0 euid=0 tty=ssh ruser= rhost=221.161.235.168  user=root
Dec 15 01:18:51 cls sshd[68192]: pam_unix(sshd:auth): authentication failure; logname= uid=0 euid=0 tty=ssh ruser= rhost=143.110.241.64  user=root
Dec 15 01:18:51 cls sshd[68188]: Failed password for root from 221.161.235.168 port 37286 ssh2
Dec 15 01:18:52 cls sshd[68188]: Received disconnect from 221.161.235.168 port 37286:11: Bye Bye [preauth]
Dec 15 01:18:52 cls sshd[68188]: Disconnected from authenticating user root 221.161.235.168 port 37286 [preauth]
Dec 15 01:18:53 cls sshd[68192]: Failed password for root from 143.110.241.64 port 34104 ssh2
Dec 15 01:18:54 cls sshd[68192]: Received disconnect from 143.110.241.64 port 34104:11: Bye Bye [preauth]
Dec 15 01:18:54 cls sshd[68192]: Disconnected from authenticating user root 143.110.241.64 port 34104 [preauth]
Dec 15 01:18:54 cls sshd[68190]: Invalid user choi from 45.78.219.175 port 57468
Dec 15 01:18:54 cls sshd[68190]: pam_unix(sshd:auth): check pass; user unknown
Dec 15 01:18:54 cls sshd[68190]: pam_unix(sshd:auth): authentication failure; logname= uid=0 euid=0 tty=ssh ruser= rhost=45.78.219.175 
Dec 15 01:18:56 cls sshd[68190]: Failed password for invalid user choi from 45.78.219.175 port 57468 ssh2
Dec 15 01:18:56 cls sshd[68190]: Received disconnect from 45.78.219.175 port 57468:11: Bye Bye [preauth]
Dec 15 01:18:56 cls sshd[68190]: Disconnected from invalid user choi 45.78.219.175 port 57468 [preauth]
Dec 15 01:19:04 cls sshd[68197]: Invalid user papa from 45.78.216.116 port 56454
Dec 15 01:19:04 cls sshd[68197]: pam_unix(sshd:auth): check pass; user unknown
Dec 15 01:19:04 cls sshd[68197]: pam_unix(sshd:auth): authentication failure; logname= uid=0 euid=0 tty=ssh ruser= rhost=45.78.216.116 
Dec 15 01:19:06 cls sshd[68197]: Failed password for invalid user papa from 45.78.216.116 port 56454 ssh2
Dec 15 01:19:08 cls sshd[68197]: Received disconnect from 45.78.216.116 port 56454:11: Bye Bye [preauth]
Dec 15 01:19:08 cls sshd[68197]: Disconnected from invalid user papa 45.78.216.116 port 56454 [preauth]
Dec 15 01:19:25 cls sshd[68199]: pam_unix(sshd:auth): authentication failure; logname= uid=0 euid=0 tty=ssh ruser= rhost=81.23.173.32  user=root
Dec 15 01:19:26 cls sshd[68199]: Failed password for root from 81.23.173.32 port 54756 ssh2
Dec 15 01:19:27 cls sshd[68204]: pam_unix(sshd:auth): authentication failure; logname= uid=0 euid=0 tty=ssh ruser= rhost=221.161.235.168  user=root
Dec 15 01:19:27 cls sshd[68199]: Received disconnect from 81.23.173.32 port 54756:11: Bye Bye [preauth]
Dec 15 01:19:27 cls sshd[68199]: Disconnected from authenticating user root 81.23.173.32 port 54756 [preauth]
Dec 15 01:19:29 cls sshd[68202]: Invalid user terra from 181.104.58.194 port 48946
Dec 15 01:19:29 cls sshd[68202]: pam_unix(sshd:auth): check pass; user unknown
Dec 15 01:19:29 cls sshd[68202]: pam_unix(sshd:auth): authentication failure; logname= uid=0 euid=0 tty=ssh ruser= rhost=181.104.58.194 
Dec 15 01:19:29 cls sshd[68204]: Failed password for root from 221.161.235.168 port 49550 ssh2
Dec 15 01:19:30 cls sshd[68204]: Received disconnect from 221.161.235.168 port 49550:11: Bye Bye [preauth]
Dec 15 01:19:30 cls sshd[68204]: Disconnected from authenticating user root 221.161.235.168 port 49550 [preauth]
Dec 15 01:19:31 cls sshd[68202]: Failed password for invalid user terra from 181.104.58.194 port 48946 ssh2
Dec 15 01:19:31 cls sshd[68209]: Invalid user username from 143.110.241.64 port 35062
Dec 15 01:19:31 cls sshd[68209]: pam_unix(sshd:auth): check pass; user unknown
Dec 15 01:19:31 cls sshd[68209]: pam_unix(sshd:auth): authentication failure; logname= uid=0 euid=0 tty=ssh ruser= rhost=143.110.241.64 
Dec 15 01:19:33 cls sshd[68202]: Received disconnect from 181.104.58.194 port 48946:11: Bye Bye [preauth]
Dec 15 01:19:33 cls sshd[68202]: Disconnected from invalid user terra 181.104.58.194 port 48946 [preauth]
Dec 15 01:19:33 cls sshd[68209]: Failed password for invalid user username from 143.110.241.64 port 35062 ssh2
Dec 15 01:19:35 cls sshd[68209]: Received disconnect from 143.110.241.64 port 35062:11: Bye Bye [preauth]
Dec 15 01:19:35 cls sshd[68209]: Disconnected from invalid user username 143.110.241.64 port 35062 [preauth]
Dec 15 01:19:38 cls sshd[68211]: pam_unix(sshd:auth): authentication failure; logname= uid=0 euid=0 tty=ssh ruser= rhost=45.78.217.123  user=root
Dec 15 01:19:40 cls sshd[68211]: Failed password for root from 45.78.217.123 port 54036 ssh2
Dec 15 01:19:40 cls sshd[68211]: Received disconnect from 45.78.217.123 port 54036:11: Bye Bye [preauth]
Dec 15 01:19:40 cls sshd[68211]: Disconnected from authenticating user root 45.78.217.123 port 54036 [preauth]
Dec 15 01:20:04 cls sshd[68215]: pam_unix(sshd:auth): authentication failure; logname= uid=0 euid=0 tty=ssh ruser= rhost=221.161.235.168  user=root
Dec 15 01:20:06 cls sshd[68215]: Failed password for root from 221.161.235.168 port 33586 ssh2
Dec 15 01:20:07 cls sshd[68215]: Received disconnect from 221.161.235.168 port 33586:11: Bye Bye [preauth]
Dec 15 01:20:07 cls sshd[68215]: Disconnected from authenticating user root 221.161.235.168 port 33586 [preauth]
Dec 15 01:20:07 cls sshd[68218]: Invalid user wg from 45.78.219.175 port 38334
Dec 15 01:20:07 cls sshd[68218]: pam_unix(sshd:auth): check pass; user unknown
Dec 15 01:20:07 cls sshd[68218]: pam_unix(sshd:auth): authentication failure; logname= uid=0 euid=0 tty=ssh ruser= rhost=45.78.219.175 
Dec 15 01:20:07 cls sshd[68221]: pam_unix(sshd:auth): authentication failure; logname= uid=0 euid=0 tty=ssh ruser= rhost=81.23.173.32  user=root
Dec 15 01:20:09 cls sshd[68218]: Failed password for invalid user wg from 45.78.219.175 port 38334 ssh2
Dec 15 01:20:09 cls sshd[68221]: Failed password for root from 81.23.173.32 port 33710 ssh2
Dec 15 01:20:10 cls sshd[68225]: pam_unix(sshd:auth): authentication failure; logname= uid=0 euid=0 tty=ssh ruser= rhost=143.110.241.64  user=root
Dec 15 01:20:10 cls sshd[68221]: Received disconnect from 81.23.173.32 port 33710:11: Bye Bye [preauth]
Dec 15 01:20:10 cls sshd[68221]: Disconnected from authenticating user root 81.23.173.32 port 33710 [preauth]
Dec 15 01:20:11 cls sshd[68218]: Received disconnect from 45.78.219.175 port 38334:11: Bye Bye [preauth]
Dec 15 01:20:11 cls sshd[68218]: Disconnected from invalid user wg 45.78.219.175 port 38334 [preauth]
Dec 15 01:20:12 cls sshd[68223]: pam_unix(sshd:auth): authentication failure; logname= uid=0 euid=0 tty=ssh ruser= rhost=45.78.216.116  user=root
Dec 15 01:20:12 cls sshd[68225]: Failed password for root from 143.110.241.64 port 40504 ssh2
Dec 15 01:20:12 cls sshd[68225]: Received disconnect from 143.110.241.64 port 40504:11: Bye Bye [preauth]
Dec 15 01:20:12 cls sshd[68225]: Disconnected from authenticating user root 143.110.241.64 port 40504 [preauth]
Dec 15 01:20:13 cls sshd[68229]: Invalid user choi from 181.104.58.194 port 34792
Dec 15 01:20:13 cls sshd[68229]: pam_unix(sshd:auth): check pass; user unknown
Dec 15 01:20:13 cls sshd[68229]: pam_unix(sshd:auth): authentication failure; logname= uid=0 euid=0 tty=ssh ruser= rhost=181.104.58.194 
Dec 15 01:20:14 cls sshd[68223]: Failed password for root from 45.78.216.116 port 43520 ssh2
Dec 15 01:20:14 cls sshd[68229]: Failed password for invalid user choi from 181.104.58.194 port 34792 ssh2
Dec 15 01:20:15 cls sshd[68229]: Received disconnect from 181.104.58.194 port 34792:11: Bye Bye [preauth]
Dec 15 01:20:15 cls sshd[68229]: Disconnected from invalid user choi 181.104.58.194 port 34792 [preauth]
Dec 15 01:20:15 cls sshd[68223]: Received disconnect from 45.78.216.116 port 43520:11: Bye Bye [preauth]
Dec 15 01:20:15 cls sshd[68223]: Disconnected from authenticating user root 45.78.216.116 port 43520 [preauth]
Dec 15 01:20:40 cls sshd[68231]: Invalid user wanghy from 221.161.235.168 port 45852
Dec 15 01:20:40 cls sshd[68231]: pam_unix(sshd:auth): check pass; user unknown
Dec 15 01:20:40 cls sshd[68231]: pam_unix(sshd:auth): authentication failure; logname= uid=0 euid=0 tty=ssh ruser= rhost=221.161.235.168 
Dec 15 01:20:42 cls sshd[68231]: Failed password for invalid user wanghy from 221.161.235.168 port 45852 ssh2
Dec 15 01:20:43 cls sshd[68231]: Received disconnect from 221.161.235.168 port 45852:11: Bye Bye [preauth]
Dec 15 01:20:43 cls sshd[68231]: Disconnected from invalid user wanghy 221.161.235.168 port 45852 [preauth]
Dec 15 01:20:46 cls sshd[68236]: pam_unix(sshd:auth): authentication failure; logname= uid=0 euid=0 tty=ssh ruser= rhost=143.110.241.64  user=root
Dec 15 01:20:47 cls sshd[68236]: Failed password for root from 143.110.241.64 port 56444 ssh2
Dec 15 01:20:48 cls sshd[68236]: Received disconnect from 143.110.241.64 port 56444:11: Bye Bye [preauth]
Dec 15 01:20:48 cls sshd[68236]: Disconnected from authenticating user root 143.110.241.64 port 56444 [preauth]
Dec 15 01:20:49 cls sshd[68241]: Invalid user rdp from 81.23.173.32 port 60714
Dec 15 01:20:49 cls sshd[68241]: pam_unix(sshd:auth): check pass; user unknown
Dec 15 01:20:49 cls sshd[68241]: pam_unix(sshd:auth): authentication failure; logname= uid=0 euid=0 tty=ssh ruser= rhost=81.23.173.32 
Dec 15 01:20:51 cls sshd[68241]: Failed password for invalid user rdp from 81.23.173.32 port 60714 ssh2
Dec 15 01:20:52 cls sshd[68241]: Received disconnect from 81.23.173.32 port 60714:11: Bye Bye [preauth]
Dec 15 01:20:52 cls sshd[68241]: Disconnected from invalid user rdp 81.23.173.32 port 60714 [preauth]
Dec 15 01:20:55 cls sshd[68246]: Invalid user ftpuser from 181.104.58.194 port 48868
Dec 15 01:20:55 cls sshd[68246]: pam_unix(sshd:auth): check pass; user unknown
Dec 15 01:20:55 cls sshd[68246]: pam_unix(sshd:auth): authentication failure; logname= uid=0 euid=0 tty=ssh ruser= rhost=181.104.58.194 
Dec 15 01:20:57 cls sshd[68246]: Failed password for invalid user ftpuser from 181.104.58.194 port 48868 ssh2
Dec 15 01:20:57 cls sshd[68246]: Received disconnect from 181.104.58.194 port 48868:11: Bye Bye [preauth]
Dec 15 01:20:57 cls sshd[68246]: Disconnected from invalid user ftpuser 181.104.58.194 port 48868 [preauth]
Dec 15 01:20:58 cls sshd[68248]: Invalid user rdp from 45.78.217.123 port 59482
Dec 15 01:20:58 cls sshd[68248]: pam_unix(sshd:auth): check pass; user unknown
Dec 15 01:20:58 cls sshd[68248]: pam_unix(sshd:auth): authentication failure; logname= uid=0 euid=0 tty=ssh ruser= rhost=45.78.217.123 
Dec 15 01:20:59 cls sshd[68248]: Failed password for invalid user rdp from 45.78.217.123 port 59482 ssh2
Dec 15 01:21:00 cls sshd[68248]: Received disconnect from 45.78.217.123 port 59482:11: Bye Bye [preauth]
Dec 15 01:21:00 cls sshd[68248]: Disconnected from invalid user rdp 45.78.217.123 port 59482 [preauth]
Dec 15 01:21:19 cls sshd[68255]: pam_unix(sshd:auth): authentication failure; logname= uid=0 euid=0 tty=ssh ruser= rhost=45.78.216.116  user=root
Dec 15 01:21:21 cls sshd[68257]: pam_unix(sshd:auth): authentication failure; logname= uid=0 euid=0 tty=ssh ruser= rhost=143.110.241.64  user=root
Dec 15 01:21:22 cls sshd[68255]: Failed password for root from 45.78.216.116 port 58888 ssh2
Dec 15 01:21:22 cls sshd[68255]: Received disconnect from 45.78.216.116 port 58888:11: Bye Bye [preauth]
Dec 15 01:21:22 cls sshd[68255]: Disconnected from authenticating user root 45.78.216.116 port 58888 [preauth]
Dec 15 01:21:23 cls sshd[68257]: Failed password for root from 143.110.241.64 port 54302 ssh2
Dec 15 01:21:24 cls sshd[68257]: Received disconnect from 143.110.241.64 port 54302:11: Bye Bye [preauth]
Dec 15 01:21:24 cls sshd[68257]: Disconnected from authenticating user root 143.110.241.64 port 54302 [preauth]
Dec 15 01:21:32 cls sshd[68262]: pam_unix(sshd:auth): authentication failure; logname= uid=0 euid=0 tty=ssh ruser= rhost=81.23.173.32  user=root
Dec 15 01:21:33 cls sshd[68262]: Failed password for root from 81.23.173.32 port 41070 ssh2
Dec 15 01:21:35 cls sshd[68262]: Received disconnect from 81.23.173.32 port 41070:11: Bye Bye [preauth]
Dec 15 01:21:35 cls sshd[68262]: Disconnected from authenticating user root 81.23.173.32 port 41070 [preauth]
Dec 15 01:21:44 cls sshd[68264]: Connection closed by 181.104.58.194 port 34714 [preauth]
Dec 15 01:21:58 cls sshd[68266]: pam_unix(sshd:auth): authentication failure; logname= uid=0 euid=0 tty=ssh ruser= rhost=143.110.241.64  user=root
Dec 15 01:22:00 cls sshd[68266]: Failed password for root from 143.110.241.64 port 36404 ssh2
Dec 15 01:22:00 cls sshd[68266]: Received disconnect from 143.110.241.64 port 36404:11: Bye Bye [preauth]
Dec 15 01:22:00 cls sshd[68266]: Disconnected from authenticating user root 143.110.241.64 port 36404 [preauth]
Dec 15 01:22:13 cls sshd[68268]: pam_unix(sshd:auth): authentication failure; logname= uid=0 euid=0 tty=ssh ruser= rhost=45.78.217.123  user=root
Dec 15 01:22:14 cls sshd[68270]: pam_unix(sshd:auth): authentication failure; logname= uid=0 euid=0 tty=ssh ruser= rhost=81.23.173.32  user=root
Dec 15 01:22:15 cls sshd[68268]: Failed password for root from 45.78.217.123 port 48106 ssh2
Dec 15 01:22:15 cls sshd[68270]: Failed password for root from 81.23.173.32 port 59178 ssh2
Dec 15 01:22:15 cls sshd[68268]: Received disconnect from 45.78.217.123 port 48106:11: Bye Bye [preauth]
Dec 15 01:22:15 cls sshd[68268]: Disconnected from authenticating user root 45.78.217.123 port 48106 [preauth]
Dec 15 01:22:16 cls sshd[68270]: Received disconnect from 81.23.173.32 port 59178:11: Bye Bye [preauth]
Dec 15 01:22:16 cls sshd[68270]: Disconnected from authenticating user root 81.23.173.32 port 59178 [preauth]
Dec 15 01:22:30 cls sshd[68274]: Invalid user gitlab-runner from 181.104.58.194 port 48796
Dec 15 01:22:30 cls sshd[68274]: pam_unix(sshd:auth): check pass; user unknown
Dec 15 01:22:30 cls sshd[68274]: pam_unix(sshd:auth): authentication failure; logname= uid=0 euid=0 tty=ssh ruser= rhost=181.104.58.194 
Dec 15 01:22:30 cls sshd[68272]: Connection closed by 45.78.216.116 port 50048 [preauth]
Dec 15 01:22:32 cls sshd[68274]: Failed password for invalid user gitlab-runner from 181.104.58.194 port 48796 ssh2
Dec 15 01:22:33 cls sshd[68274]: Received disconnect from 181.104.58.194 port 48796:11: Bye Bye [preauth]
Dec 15 01:22:33 cls sshd[68274]: Disconnected from invalid user gitlab-runner 181.104.58.194 port 48796 [preauth]
Dec 15 01:22:36 cls sshd[68279]: pam_unix(sshd:auth): authentication failure; logname= uid=0 euid=0 tty=ssh ruser= rhost=143.110.241.64  user=root
Dec 15 01:22:38 cls sshd[68279]: Failed password for root from 143.110.241.64 port 51934 ssh2
Dec 15 01:22:38 cls sshd[68279]: Received disconnect from 143.110.241.64 port 51934:11: Bye Bye [preauth]
Dec 15 01:22:38 cls sshd[68279]: Disconnected from authenticating user root 143.110.241.64 port 51934 [preauth]
Dec 15 01:22:56 cls sshd[68283]: Invalid user steamcmd from 81.23.173.32 port 33326
Dec 15 01:22:56 cls sshd[68283]: pam_unix(sshd:auth): check pass; user unknown
Dec 15 01:22:56 cls sshd[68283]: pam_unix(sshd:auth): authentication failure; logname= uid=0 euid=0 tty=ssh ruser= rhost=81.23.173.32 
Dec 15 01:22:57 cls sshd[68283]: Failed password for invalid user steamcmd from 81.23.173.32 port 33326 ssh2
Dec 15 01:22:59 cls sshd[68283]: Received disconnect from 81.23.173.32 port 33326:11: Bye Bye [preauth]
Dec 15 01:22:59 cls sshd[68283]: Disconnected from invalid user steamcmd 81.23.173.32 port 33326 [preauth]
Dec 15 01:23:12 cls sshd[68286]: pam_unix(sshd:auth): authentication failure; logname= uid=0 euid=0 tty=ssh ruser= rhost=143.110.241.64  user=root
Dec 15 01:23:14 cls sshd[68286]: Failed password for root from 143.110.241.64 port 37652 ssh2
Dec 15 01:23:15 cls sshd[68288]: pam_unix(sshd:auth): authentication failure; logname= uid=0 euid=0 tty=ssh ruser= rhost=181.104.58.194  user=root
Dec 15 01:23:15 cls sshd[68286]: Received disconnect from 143.110.241.64 port 37652:11: Bye Bye [preauth]
Dec 15 01:23:15 cls sshd[68286]: Disconnected from authenticating user root 143.110.241.64 port 37652 [preauth]
Dec 15 01:23:17 cls sshd[68288]: Failed password for root from 181.104.58.194 port 34642 ssh2
Dec 15 01:23:18 cls sshd[68288]: Received disconnect from 181.104.58.194 port 34642:11: Bye Bye [preauth]
Dec 15 01:23:18 cls sshd[68288]: Disconnected from authenticating user root 181.104.58.194 port 34642 [preauth]
Dec 15 01:23:38 cls sshd[68294]: Invalid user matt from 81.23.173.32 port 51498
Dec 15 01:23:38 cls sshd[68294]: pam_unix(sshd:auth): check pass; user unknown
Dec 15 01:23:38 cls sshd[68294]: pam_unix(sshd:auth): authentication failure; logname= uid=0 euid=0 tty=ssh ruser= rhost=81.23.173.32 
Dec 15 01:23:40 cls sshd[68294]: Failed password for invalid user matt from 81.23.173.32 port 51498 ssh2
Dec 15 01:23:41 cls sshd[68294]: Received disconnect from 81.23.173.32 port 51498:11: Bye Bye [preauth]
Dec 15 01:23:41 cls sshd[68294]: Disconnected from invalid user matt 81.23.173.32 port 51498 [preauth]
