Dec 14 12:14:01 cls sshd[49430]: pam_unix(sshd:auth): check pass; user unknown
Dec 14 12:14:01 cls sshd[49430]: pam_unix(sshd:auth): authentication failure; logname= uid=0 euid=0 tty=ssh ruser= rhost=103.117.57.134 
Dec 14 12:14:01 cls sshd[49428]: Failed password for invalid user support from 101.47.49.224 port 46070 ssh2
Dec 14 12:14:02 cls sshd[49428]: Received disconnect from 101.47.49.224 port 46070:11: Bye Bye [preauth]
Dec 14 12:14:02 cls sshd[49428]: Disconnected from invalid user support 101.47.49.224 port 46070 [preauth]
Dec 14 12:14:03 cls sshd[49430]: Failed password for invalid user mc from 103.117.57.134 port 47882 ssh2
Dec 14 12:14:03 cls sshd[49432]: pam_unix(sshd:auth): authentication failure; logname= uid=0 euid=0 tty=ssh ruser= rhost=158.69.204.92  user=root
Dec 14 12:14:04 cls sshd[49430]: Received disconnect from 103.117.57.134 port 47882:11: Bye Bye [preauth]
Dec 14 12:14:04 cls sshd[49430]: Disconnected from invalid user mc 103.117.57.134 port 47882 [preauth]
Dec 14 12:14:05 cls sshd[49432]: Failed password for root from 158.69.204.92 port 54064 ssh2
Dec 14 12:14:06 cls sshd[49432]: Received disconnect from 158.69.204.92 port 54064:11: Bye Bye [preauth]
Dec 14 12:14:06 cls sshd[49432]: Disconnected from authenticating user root 158.69.204.92 port 54064 [preauth]
Dec 14 12:14:11 cls sshd[49434]: pam_unix(sshd:auth): authentication failure; logname= uid=0 euid=0 tty=ssh ruser= rhost=162.214.92.14  user=root
Dec 14 12:14:13 cls sshd[49434]: Failed password for root from 162.214.92.14 port 33852 ssh2
Dec 14 12:14:14 cls sshd[49434]: Received disconnect from 162.214.92.14 port 33852:11: Bye Bye [preauth]
Dec 14 12:14:14 cls sshd[49434]: Disconnected from authenticating user root 162.214.92.14 port 33852 [preauth]
Dec 14 12:14:15 cls sshd[49436]: pam_unix(sshd:auth): authentication failure; logname= uid=0 euid=0 tty=ssh ruser= rhost=103.59.94.62  user=root
Dec 14 12:14:17 cls sshd[49436]: Failed password for root from 103.59.94.62 port 41108 ssh2
Dec 14 12:14:18 cls sshd[49436]: Received disconnect from 103.59.94.62 port 41108:11: Bye Bye [preauth]
Dec 14 12:14:18 cls sshd[49436]: Disconnected from authenticating user root 103.59.94.62 port 41108 [preauth]
Dec 14 12:14:29 cls sshd[49440]: pam_unix(sshd:auth): authentication failure; logname= uid=0 euid=0 tty=ssh ruser= rhost=101.47.142.21  user=root
Dec 14 12:14:31 cls sshd[49440]: Failed password for root from 101.47.142.21 port 49780 ssh2
Dec 14 12:14:31 cls sshd[49440]: Received disconnect from 101.47.142.21 port 49780:11: Bye Bye [preauth]
Dec 14 12:14:31 cls sshd[49440]: Disconnected from authenticating user root 101.47.142.21 port 49780 [preauth]
Dec 14 12:14:37 cls sshd[49445]: Invalid user misha from 101.47.140.123 port 55812
Dec 14 12:14:37 cls sshd[49445]: pam_unix(sshd:auth): check pass; user unknown
Dec 14 12:14:37 cls sshd[49445]: pam_unix(sshd:auth): authentication failure; logname= uid=0 euid=0 tty=ssh ruser= rhost=101.47.140.123 
Dec 14 12:14:39 cls sshd[49445]: Failed password for invalid user misha from 101.47.140.123 port 55812 ssh2
Dec 14 12:14:39 cls sshd[49445]: Received disconnect from 101.47.140.123 port 55812:11: Bye Bye [preauth]
Dec 14 12:14:39 cls sshd[49445]: Disconnected from invalid user misha 101.47.140.123 port 55812 [preauth]
Dec 14 12:14:45 cls sshd[49449]: Invalid user z from 162.214.92.14 port 47554
Dec 14 12:14:45 cls sshd[49449]: pam_unix(sshd:auth): check pass; user unknown
Dec 14 12:14:45 cls sshd[49449]: pam_unix(sshd:auth): authentication failure; logname= uid=0 euid=0 tty=ssh ruser= rhost=162.214.92.14 
Dec 14 12:14:47 cls sshd[49449]: Failed password for invalid user z from 162.214.92.14 port 47554 ssh2
Dec 14 12:14:48 cls sshd[49449]: Received disconnect from 162.214.92.14 port 47554:11: Bye Bye [preauth]
Dec 14 12:14:48 cls sshd[49449]: Disconnected from invalid user z 162.214.92.14 port 47554 [preauth]
Dec 14 12:14:57 cls sshd[49426]: Connection closed by 45.78.222.23 port 33412 [preauth]
Dec 14 12:15:03 cls sshd[49456]: pam_unix(sshd:auth): authentication failure; logname= uid=0 euid=0 tty=ssh ruser= rhost=101.47.49.224  user=root
Dec 14 12:15:05 cls sshd[49456]: Failed password for root from 101.47.49.224 port 42286 ssh2
Dec 14 12:15:06 cls sshd[49456]: Received disconnect from 101.47.49.224 port 42286:11: Bye Bye [preauth]
Dec 14 12:15:06 cls sshd[49456]: Disconnected from authenticating user root 101.47.49.224 port 42286 [preauth]
Dec 14 12:15:20 cls sshd[49466]: pam_unix(sshd:auth): authentication failure; logname= uid=0 euid=0 tty=ssh ruser= rhost=162.214.92.14  user=root
Dec 14 12:15:22 cls sshd[49466]: Failed password for root from 162.214.92.14 port 33028 ssh2
Dec 14 12:15:22 cls sshd[49466]: Received disconnect from 162.214.92.14 port 33028:11: Bye Bye [preauth]
Dec 14 12:15:22 cls sshd[49466]: Disconnected from authenticating user root 162.214.92.14 port 33028 [preauth]
Dec 14 12:15:41 cls sshd[49468]: Received disconnect from 101.47.142.21 port 39248:11: Bye Bye [preauth]
Dec 14 12:15:41 cls sshd[49468]: Disconnected from 101.47.142.21 port 39248 [preauth]
Dec 14 12:15:52 cls sshd[49478]: Invalid user jinyu from 101.47.140.123 port 54076
Dec 14 12:15:52 cls sshd[49478]: pam_unix(sshd:auth): check pass; user unknown
Dec 14 12:15:52 cls sshd[49478]: pam_unix(sshd:auth): authentication failure; logname= uid=0 euid=0 tty=ssh ruser= rhost=101.47.140.123 
Dec 14 12:15:52 cls sshd[49476]: Invalid user devops from 162.214.92.14 port 46730
Dec 14 12:15:52 cls sshd[49476]: pam_unix(sshd:auth): check pass; user unknown
Dec 14 12:15:52 cls sshd[49476]: pam_unix(sshd:auth): authentication failure; logname= uid=0 euid=0 tty=ssh ruser= rhost=162.214.92.14 
Dec 14 12:15:54 cls sshd[49478]: Failed password for invalid user jinyu from 101.47.140.123 port 54076 ssh2
Dec 14 12:15:54 cls sshd[49476]: Failed password for invalid user devops from 162.214.92.14 port 46730 ssh2
Dec 14 12:15:56 cls sshd[49476]: Received disconnect from 162.214.92.14 port 46730:11: Bye Bye [preauth]
Dec 14 12:15:56 cls sshd[49476]: Disconnected from invalid user devops 162.214.92.14 port 46730 [preauth]
Dec 14 12:15:56 cls sshd[49478]: Received disconnect from 101.47.140.123 port 54076:11: Bye Bye [preauth]
Dec 14 12:15:56 cls sshd[49478]: Disconnected from invalid user jinyu 101.47.140.123 port 54076 [preauth]
Dec 14 12:16:28 cls sshd[49483]: pam_unix(sshd:auth): authentication failure; logname= uid=0 euid=0 tty=ssh ruser= rhost=162.214.92.14  user=root
Dec 14 12:16:30 cls sshd[49483]: Failed password for root from 162.214.92.14 port 60446 ssh2
Dec 14 12:16:30 cls sshd[49483]: Received disconnect from 162.214.92.14 port 60446:11: Bye Bye [preauth]
Dec 14 12:16:30 cls sshd[49483]: Disconnected from authenticating user root 162.214.92.14 port 60446 [preauth]
Dec 14 12:16:47 cls sshd[49485]: Connection closed by 101.47.142.21 port 60044 [preauth]
Dec 14 12:16:48 cls sshd[49487]: pam_unix(sshd:auth): authentication failure; logname= uid=0 euid=0 tty=ssh ruser= rhost=87.106.36.193  user=root
Dec 14 12:16:50 cls sshd[49487]: Failed password for root from 87.106.36.193 port 42280 ssh2
Dec 14 12:16:51 cls sshd[49487]: Received disconnect from 87.106.36.193 port 42280:11: Bye Bye [preauth]
Dec 14 12:16:51 cls sshd[49487]: Disconnected from authenticating user root 87.106.36.193 port 42280 [preauth]
Dec 14 12:17:00 cls sshd[49491]: Invalid user dev from 162.214.92.14 port 45924
Dec 14 12:17:00 cls sshd[49491]: pam_unix(sshd:auth): check pass; user unknown
Dec 14 12:17:00 cls sshd[49491]: pam_unix(sshd:auth): authentication failure; logname= uid=0 euid=0 tty=ssh ruser= rhost=162.214.92.14 
Dec 14 12:17:01 cls CRON[49496]: pam_unix(cron:session): session opened for user root by (uid=0)
Dec 14 12:17:01 cls CRON[49496]: pam_unix(cron:session): session closed for user root
Dec 14 12:17:02 cls sshd[49491]: Failed password for invalid user dev from 162.214.92.14 port 45924 ssh2
Dec 14 12:17:04 cls sshd[49491]: Received disconnect from 162.214.92.14 port 45924:11: Bye Bye [preauth]
Dec 14 12:17:04 cls sshd[49491]: Disconnected from invalid user dev 162.214.92.14 port 45924 [preauth]
Dec 14 12:17:04 cls sshd[49499]: pam_unix(sshd:auth): authentication failure; logname= uid=0 euid=0 tty=ssh ruser= rhost=158.69.204.92  user=root
Dec 14 12:17:06 cls sshd[49499]: Failed password for root from 158.69.204.92 port 40354 ssh2
Dec 14 12:17:06 cls sshd[49501]: Invalid user backuppc from 103.243.26.230 port 51920
Dec 14 12:17:06 cls sshd[49501]: pam_unix(sshd:auth): check pass; user unknown
Dec 14 12:17:06 cls sshd[49501]: pam_unix(sshd:auth): authentication failure; logname= uid=0 euid=0 tty=ssh ruser= rhost=103.243.26.230 
Dec 14 12:17:07 cls sshd[49499]: Received disconnect from 158.69.204.92 port 40354:11: Bye Bye [preauth]
Dec 14 12:17:07 cls sshd[49499]: Disconnected from authenticating user root 158.69.204.92 port 40354 [preauth]
Dec 14 12:17:08 cls sshd[49503]: pam_unix(sshd:auth): authentication failure; logname= uid=0 euid=0 tty=ssh ruser= rhost=103.59.94.62  user=root
Dec 14 12:17:08 cls sshd[49501]: Failed password for invalid user backuppc from 103.243.26.230 port 51920 ssh2
Dec 14 12:17:09 cls sshd[49501]: Received disconnect from 103.243.26.230 port 51920:11: Bye Bye [preauth]
Dec 14 12:17:09 cls sshd[49501]: Disconnected from invalid user backuppc 103.243.26.230 port 51920 [preauth]
Dec 14 12:17:09 cls sshd[49503]: Failed password for root from 103.59.94.62 port 44744 ssh2
Dec 14 12:17:10 cls sshd[49503]: Received disconnect from 103.59.94.62 port 44744:11: Bye Bye [preauth]
Dec 14 12:17:10 cls sshd[49503]: Disconnected from authenticating user root 103.59.94.62 port 44744 [preauth]
Dec 14 12:17:14 cls sshd[49505]: Invalid user adam from 102.88.137.213 port 49584
Dec 14 12:17:14 cls sshd[49505]: pam_unix(sshd:auth): check pass; user unknown
Dec 14 12:17:14 cls sshd[49505]: pam_unix(sshd:auth): authentication failure; logname= uid=0 euid=0 tty=ssh ruser= rhost=102.88.137.213 
Dec 14 12:17:16 cls sshd[49505]: Failed password for invalid user adam from 102.88.137.213 port 49584 ssh2
Dec 14 12:17:18 cls sshd[49505]: Received disconnect from 102.88.137.213 port 49584:11: Bye Bye [preauth]
Dec 14 12:17:18 cls sshd[49505]: Disconnected from invalid user adam 102.88.137.213 port 49584 [preauth]
Dec 14 12:17:24 cls sshd[49509]: pam_unix(sshd:auth): authentication failure; logname= uid=0 euid=0 tty=ssh ruser= rhost=103.117.57.134  user=root
Dec 14 12:17:26 cls sshd[49509]: Failed password for root from 103.117.57.134 port 53088 ssh2
Dec 14 12:17:27 cls sshd[49509]: Received disconnect from 103.117.57.134 port 53088:11: Bye Bye [preauth]
Dec 14 12:17:27 cls sshd[49509]: Disconnected from authenticating user root 103.117.57.134 port 53088 [preauth]
Dec 14 12:17:29 cls sshd[49507]: Invalid user misha from 101.47.49.224 port 44756
Dec 14 12:17:29 cls sshd[49507]: pam_unix(sshd:auth): check pass; user unknown
Dec 14 12:17:29 cls sshd[49507]: pam_unix(sshd:auth): authentication failure; logname= uid=0 euid=0 tty=ssh ruser= rhost=101.47.49.224 
Dec 14 12:17:31 cls sshd[49507]: Failed password for invalid user misha from 101.47.49.224 port 44756 ssh2
Dec 14 12:17:31 cls sshd[49507]: Received disconnect from 101.47.49.224 port 44756:11: Bye Bye [preauth]
Dec 14 12:17:31 cls sshd[49507]: Disconnected from invalid user misha 101.47.49.224 port 44756 [preauth]
Dec 14 12:17:33 cls sshd[49514]: pam_unix(sshd:auth): authentication failure; logname= uid=0 euid=0 tty=ssh ruser= rhost=162.214.92.14  user=ubuntu
Dec 14 12:17:35 cls sshd[49514]: Failed password for ubuntu from 162.214.92.14 port 59632 ssh2
Dec 14 12:17:37 cls sshd[49514]: Received disconnect from 162.214.92.14 port 59632:11: Bye Bye [preauth]
Dec 14 12:17:37 cls sshd[49514]: Disconnected from authenticating user ubuntu 162.214.92.14 port 59632 [preauth]
Dec 14 12:17:41 cls sshd[49519]: Invalid user gitlab-runner from 103.243.26.230 port 54840
Dec 14 12:17:41 cls sshd[49519]: pam_unix(sshd:auth): check pass; user unknown
Dec 14 12:17:41 cls sshd[49519]: pam_unix(sshd:auth): authentication failure; logname= uid=0 euid=0 tty=ssh ruser= rhost=103.243.26.230 
Dec 14 12:17:43 cls sshd[49519]: Failed password for invalid user gitlab-runner from 103.243.26.230 port 54840 ssh2
Dec 14 12:17:44 cls sshd[49519]: Received disconnect from 103.243.26.230 port 54840:11: Bye Bye [preauth]
Dec 14 12:17:44 cls sshd[49519]: Disconnected from invalid user gitlab-runner 103.243.26.230 port 54840 [preauth]
Dec 14 12:17:44 cls sshd[49526]: pam_unix(sshd:auth): authentication failure; logname= uid=0 euid=0 tty=ssh ruser= rhost=158.69.204.92  user=root
Dec 14 12:17:47 cls sshd[49526]: Failed password for root from 158.69.204.92 port 41994 ssh2
Dec 14 12:17:47 cls sshd[49526]: Received disconnect from 158.69.204.92 port 41994:11: Bye Bye [preauth]
Dec 14 12:17:47 cls sshd[49526]: Disconnected from authenticating user root 158.69.204.92 port 41994 [preauth]
Dec 14 12:17:49 cls sshd[49528]: pam_unix(sshd:auth): authentication failure; logname= uid=0 euid=0 tty=ssh ruser= rhost=101.47.142.21  user=root
Dec 14 12:17:51 cls sshd[49528]: Failed password for root from 101.47.142.21 port 32838 ssh2
Dec 14 12:17:52 cls sshd[49530]: pam_unix(sshd:auth): authentication failure; logname= uid=0 euid=0 tty=ssh ruser= rhost=103.59.94.62  user=root
Dec 14 12:17:52 cls sshd[49528]: Received disconnect from 101.47.142.21 port 32838:11: Bye Bye [preauth]
Dec 14 12:17:52 cls sshd[49528]: Disconnected from authenticating user root 101.47.142.21 port 32838 [preauth]
Dec 14 12:17:54 cls sshd[49530]: Failed password for root from 103.59.94.62 port 59386 ssh2
Dec 14 12:17:54 cls sshd[49530]: Received disconnect from 103.59.94.62 port 59386:11: Bye Bye [preauth]
Dec 14 12:17:54 cls sshd[49530]: Disconnected from authenticating user root 103.59.94.62 port 59386 [preauth]
Dec 14 12:18:00 cls sshd[49532]: pam_unix(sshd:auth): authentication failure; logname= uid=0 euid=0 tty=ssh ruser= rhost=102.88.137.213  user=mysql
Dec 14 12:18:02 cls sshd[49532]: Failed password for mysql from 102.88.137.213 port 1267 ssh2
Dec 14 12:18:04 cls sshd[49532]: Received disconnect from 102.88.137.213 port 1267:11: Bye Bye [preauth]
Dec 14 12:18:04 cls sshd[49532]: Disconnected from authenticating user mysql 102.88.137.213 port 1267 [preauth]
Dec 14 12:18:05 cls sshd[49539]: pam_unix(sshd:auth): authentication failure; logname= uid=0 euid=0 tty=ssh ruser= rhost=162.214.92.14  user=root
Dec 14 12:18:06 cls sshd[49539]: Failed password for root from 162.214.92.14 port 45102 ssh2
Dec 14 12:18:08 cls sshd[49539]: Received disconnect from 162.214.92.14 port 45102:11: Bye Bye [preauth]
Dec 14 12:18:08 cls sshd[49539]: Disconnected from authenticating user root 162.214.92.14 port 45102 [preauth]
Dec 14 12:18:10 cls sshd[49543]: Invalid user sammy from 103.117.57.134 port 55948
Dec 14 12:18:10 cls sshd[49543]: pam_unix(sshd:auth): check pass; user unknown
Dec 14 12:18:10 cls sshd[49543]: pam_unix(sshd:auth): authentication failure; logname= uid=0 euid=0 tty=ssh ruser= rhost=103.117.57.134 
Dec 14 12:18:12 cls sshd[49543]: Failed password for invalid user sammy from 103.117.57.134 port 55948 ssh2
Dec 14 12:18:14 cls sshd[49543]: Received disconnect from 103.117.57.134 port 55948:11: Bye Bye [preauth]
Dec 14 12:18:14 cls sshd[49543]: Disconnected from invalid user sammy 103.117.57.134 port 55948 [preauth]
Dec 14 12:18:17 cls sshd[49551]: pam_unix(sshd:auth): authentication failure; logname= uid=0 euid=0 tty=ssh ruser= rhost=103.243.26.230  user=root
Dec 14 12:18:18 cls sshd[49553]: Invalid user usuario from 45.78.217.235 port 42174
Dec 14 12:18:18 cls sshd[49553]: pam_unix(sshd:auth): check pass; user unknown
Dec 14 12:18:18 cls sshd[49553]: pam_unix(sshd:auth): authentication failure; logname= uid=0 euid=0 tty=ssh ruser= rhost=45.78.217.235 
Dec 14 12:18:18 cls sshd[49551]: Failed password for root from 103.243.26.230 port 60838 ssh2
Dec 14 12:18:19 cls sshd[49555]: pam_unix(sshd:auth): authentication failure; logname= uid=0 euid=0 tty=ssh ruser= rhost=158.69.204.92  user=root
Dec 14 12:18:19 cls sshd[49553]: Failed password for invalid user usuario from 45.78.217.235 port 42174 ssh2
Dec 14 12:18:19 cls sshd[49551]: Received disconnect from 103.243.26.230 port 60838:11: Bye Bye [preauth]
Dec 14 12:18:19 cls sshd[49551]: Disconnected from authenticating user root 103.243.26.230 port 60838 [preauth]
Dec 14 12:18:19 cls sshd[49553]: Received disconnect from 45.78.217.235 port 42174:11: Bye Bye [preauth]
Dec 14 12:18:19 cls sshd[49553]: Disconnected from invalid user usuario 45.78.217.235 port 42174 [preauth]
Dec 14 12:18:21 cls sshd[49555]: Failed password for root from 158.69.204.92 port 56636 ssh2
Dec 14 12:18:24 cls sshd[49555]: Received disconnect from 158.69.204.92 port 56636:11: Bye Bye [preauth]
Dec 14 12:18:24 cls sshd[49555]: Disconnected from authenticating user root 158.69.204.92 port 56636 [preauth]
Dec 14 12:18:32 cls sshd[49557]: Invalid user matt from 101.47.49.224 port 52944
Dec 14 12:18:32 cls sshd[49557]: pam_unix(sshd:auth): check pass; user unknown
Dec 14 12:18:32 cls sshd[49557]: pam_unix(sshd:auth): authentication failure; logname= uid=0 euid=0 tty=ssh ruser= rhost=101.47.49.224 
Dec 14 12:18:34 cls sshd[49557]: Failed password for invalid user matt from 101.47.49.224 port 52944 ssh2
Dec 14 12:18:34 cls sshd[49557]: Received disconnect from 101.47.49.224 port 52944:11: Bye Bye [preauth]
Dec 14 12:18:34 cls sshd[49557]: Disconnected from invalid user matt 101.47.49.224 port 52944 [preauth]
Dec 14 12:18:35 cls sshd[49575]: pam_unix(sshd:auth): authentication failure; logname= uid=0 euid=0 tty=ssh ruser= rhost=103.59.94.62  user=root
Dec 14 12:18:36 cls sshd[49565]: Invalid user developer from 162.214.92.14 port 58804
Dec 14 12:18:36 cls sshd[49565]: pam_unix(sshd:auth): check pass; user unknown
Dec 14 12:18:36 cls sshd[49565]: pam_unix(sshd:auth): authentication failure; logname= uid=0 euid=0 tty=ssh ruser= rhost=162.214.92.14 
Dec 14 12:18:37 cls sshd[49575]: Failed password for root from 103.59.94.62 port 57478 ssh2
Dec 14 12:18:38 cls sshd[49565]: Failed password for invalid user developer from 162.214.92.14 port 58804 ssh2
Dec 14 12:18:38 cls sshd[49575]: Received disconnect from 103.59.94.62 port 57478:11: Bye Bye [preauth]
Dec 14 12:18:38 cls sshd[49575]: Disconnected from authenticating user root 103.59.94.62 port 57478 [preauth]
Dec 14 12:18:39 cls sshd[49565]: Received disconnect from 162.214.92.14 port 58804:11: Bye Bye [preauth]
Dec 14 12:18:39 cls sshd[49565]: Disconnected from invalid user developer 162.214.92.14 port 58804 [preauth]
Dec 14 12:18:43 cls sshd[49580]: pam_unix(sshd:auth): authentication failure; logname= uid=0 euid=0 tty=ssh ruser= rhost=102.88.137.213  user=root
Dec 14 12:18:45 cls sshd[49580]: Failed password for root from 102.88.137.213 port 33695 ssh2
Dec 14 12:18:46 cls sshd[49583]: pam_unix(sshd:auth): authentication failure; logname= uid=0 euid=0 tty=ssh ruser= rhost=101.47.140.123  user=root
Dec 14 12:18:46 cls sshd[49580]: Received disconnect from 102.88.137.213 port 33695:11: Bye Bye [preauth]
Dec 14 12:18:46 cls sshd[49580]: Disconnected from authenticating user root 102.88.137.213 port 33695 [preauth]
Dec 14 12:18:47 cls sshd[49583]: Failed password for root from 101.47.140.123 port 37816 ssh2
Dec 14 12:18:48 cls sshd[49583]: Received disconnect from 101.47.140.123 port 37816:11: Bye Bye [preauth]
Dec 14 12:18:48 cls sshd[49583]: Disconnected from authenticating user root 101.47.140.123 port 37816 [preauth]
Dec 14 12:18:50 cls sshd[49586]: pam_unix(sshd:auth): authentication failure; logname= uid=0 euid=0 tty=ssh ruser= rhost=103.243.26.230  user=root
Dec 14 12:18:51 cls sshd[49588]: pam_unix(sshd:auth): authentication failure; logname= uid=0 euid=0 tty=ssh ruser= rhost=103.117.57.134  user=root
Dec 14 12:18:52 cls sshd[49586]: Failed password for root from 103.243.26.230 port 48332 ssh2
Dec 14 12:18:53 cls sshd[49588]: Failed password for root from 103.117.57.134 port 56188 ssh2
Dec 14 12:18:53 cls sshd[49590]: Invalid user dev from 158.69.204.92 port 33108
Dec 14 12:18:53 cls sshd[49590]: pam_unix(sshd:auth): check pass; user unknown
Dec 14 12:18:53 cls sshd[49590]: pam_unix(sshd:auth): authentication failure; logname= uid=0 euid=0 tty=ssh ruser= rhost=158.69.204.92 
Dec 14 12:18:53 cls sshd[49586]: Received disconnect from 103.243.26.230 port 48332:11: Bye Bye [preauth]
Dec 14 12:18:53 cls sshd[49586]: Disconnected from authenticating user root 103.243.26.230 port 48332 [preauth]
Dec 14 12:18:54 cls sshd[49588]: Received disconnect from 103.117.57.134 port 56188:11: Bye Bye [preauth]
Dec 14 12:18:54 cls sshd[49588]: Disconnected from authenticating user root 103.117.57.134 port 56188 [preauth]
Dec 14 12:18:55 cls sshd[49590]: Failed password for invalid user dev from 158.69.204.92 port 33108 ssh2
Dec 14 12:18:57 cls sshd[49590]: Received disconnect from 158.69.204.92 port 33108:11: Bye Bye [preauth]
Dec 14 12:18:57 cls sshd[49590]: Disconnected from invalid user dev 158.69.204.92 port 33108 [preauth]
Dec 14 12:19:06 cls sshd[49599]: Invalid user nmrsu from 162.214.92.14 port 44276
Dec 14 12:19:06 cls sshd[49599]: pam_unix(sshd:auth): check pass; user unknown
Dec 14 12:19:06 cls sshd[49599]: pam_unix(sshd:auth): authentication failure; logname= uid=0 euid=0 tty=ssh ruser= rhost=162.214.92.14 
Dec 14 12:19:08 cls sshd[49599]: Failed password for invalid user nmrsu from 162.214.92.14 port 44276 ssh2
Dec 14 12:19:11 cls sshd[49599]: Received disconnect from 162.214.92.14 port 44276:11: Bye Bye [preauth]
Dec 14 12:19:11 cls sshd[49599]: Disconnected from invalid user nmrsu 162.214.92.14 port 44276 [preauth]
Dec 14 12:19:19 cls sshd[49607]: Invalid user dev from 103.59.94.62 port 35714
Dec 14 12:19:19 cls sshd[49607]: pam_unix(sshd:auth): check pass; user unknown
Dec 14 12:19:19 cls sshd[49607]: pam_unix(sshd:auth): authentication failure; logname= uid=0 euid=0 tty=ssh ruser= rhost=103.59.94.62 
Dec 14 12:19:21 cls sshd[49607]: Failed password for invalid user dev from 103.59.94.62 port 35714 ssh2
Dec 14 12:19:23 cls sshd[49607]: Received disconnect from 103.59.94.62 port 35714:11: Bye Bye [preauth]
Dec 14 12:19:23 cls sshd[49607]: Disconnected from invalid user dev 103.59.94.62 port 35714 [preauth]
Dec 14 12:19:23 cls sshd[49614]: Invalid user ts3server from 103.243.26.230 port 47498
Dec 14 12:19:23 cls sshd[49614]: pam_unix(sshd:auth): check pass; user unknown
Dec 14 12:19:23 cls sshd[49614]: pam_unix(sshd:auth): authentication failure; logname= uid=0 euid=0 tty=ssh ruser= rhost=103.243.26.230 
Dec 14 12:19:25 cls sshd[49614]: Failed password for invalid user ts3server from 103.243.26.230 port 47498 ssh2
Dec 14 12:19:26 cls sshd[49614]: Received disconnect from 103.243.26.230 port 47498:11: Bye Bye [preauth]
Dec 14 12:19:26 cls sshd[49614]: Disconnected from invalid user ts3server 103.243.26.230 port 47498 [preauth]
Dec 14 12:19:28 cls sshd[49619]: pam_unix(sshd:auth): authentication failure; logname= uid=0 euid=0 tty=ssh ruser= rhost=102.88.137.213  user=root
Dec 14 12:19:28 cls sshd[49623]: pam_unix(sshd:auth): authentication failure; logname= uid=0 euid=0 tty=ssh ruser= rhost=103.117.57.134  user=ubuntu
Dec 14 12:19:28 cls sshd[49621]: pam_unix(sshd:auth): authentication failure; logname= uid=0 euid=0 tty=ssh ruser= rhost=158.69.204.92  user=root
Dec 14 12:19:30 cls sshd[49619]: Failed password for root from 102.88.137.213 port 49686 ssh2
Dec 14 12:19:30 cls sshd[49623]: Failed password for ubuntu from 103.117.57.134 port 56164 ssh2
Dec 14 12:19:31 cls sshd[49619]: Received disconnect from 102.88.137.213 port 49686:11: Bye Bye [preauth]
Dec 14 12:19:31 cls sshd[49619]: Disconnected from authenticating user root 102.88.137.213 port 49686 [preauth]
Dec 14 12:19:31 cls sshd[49621]: Failed password for root from 158.69.204.92 port 36930 ssh2
Dec 14 12:19:31 cls sshd[49621]: Received disconnect from 158.69.204.92 port 36930:11: Bye Bye [preauth]
Dec 14 12:19:31 cls sshd[49621]: Disconnected from authenticating user root 158.69.204.92 port 36930 [preauth]
Dec 14 12:19:32 cls sshd[49623]: Received disconnect from 103.117.57.134 port 56164:11: Bye Bye [preauth]
Dec 14 12:19:32 cls sshd[49623]: Disconnected from authenticating user ubuntu 103.117.57.134 port 56164 [preauth]
Dec 14 12:19:42 cls sshd[49625]: pam_unix(sshd:auth): authentication failure; logname= uid=0 euid=0 tty=ssh ruser= rhost=162.214.92.14  user=root
Dec 14 12:19:43 cls sshd[49625]: Failed password for root from 162.214.92.14 port 57986 ssh2
Dec 14 12:19:44 cls sshd[49625]: Received disconnect from 162.214.92.14 port 57986:11: Bye Bye [preauth]
Dec 14 12:19:44 cls sshd[49625]: Disconnected from authenticating user root 162.214.92.14 port 57986 [preauth]
Dec 14 12:19:57 cls sshd[49627]: Invalid user user from 103.243.26.230 port 41602
Dec 14 12:19:57 cls sshd[49627]: pam_unix(sshd:auth): check pass; user unknown
Dec 14 12:19:57 cls sshd[49627]: pam_unix(sshd:auth): authentication failure; logname= uid=0 euid=0 tty=ssh ruser= rhost=103.243.26.230 
Dec 14 12:19:58 cls sshd[49627]: Failed password for invalid user user from 103.243.26.230 port 41602 ssh2
Dec 14 12:19:58 cls sshd[49627]: Received disconnect from 103.243.26.230 port 41602:11: Bye Bye [preauth]
Dec 14 12:19:58 cls sshd[49627]: Disconnected from invalid user user 103.243.26.230 port 41602 [preauth]
Dec 14 12:19:59 cls sshd[49629]: Invalid user victor from 101.47.140.123 port 59400
Dec 14 12:19:59 cls sshd[49629]: pam_unix(sshd:auth): check pass; user unknown
Dec 14 12:19:59 cls sshd[49629]: pam_unix(sshd:auth): authentication failure; logname= uid=0 euid=0 tty=ssh ruser= rhost=101.47.140.123 
Dec 14 12:19:59 cls sshd[49633]: Invalid user git from 103.59.94.62 port 52088
Dec 14 12:19:59 cls sshd[49633]: pam_unix(sshd:auth): check pass; user unknown
Dec 14 12:19:59 cls sshd[49633]: pam_unix(sshd:auth): authentication failure; logname= uid=0 euid=0 tty=ssh ruser= rhost=103.59.94.62 
Dec 14 12:20:00 cls sshd[49631]: Invalid user z from 158.69.204.92 port 52900
Dec 14 12:20:00 cls sshd[49631]: pam_unix(sshd:auth): check pass; user unknown
Dec 14 12:20:00 cls sshd[49631]: pam_unix(sshd:auth): authentication failure; logname= uid=0 euid=0 tty=ssh ruser= rhost=158.69.204.92 
Dec 14 12:20:00 cls sshd[49635]: pam_unix(sshd:auth): authentication failure; logname= uid=0 euid=0 tty=ssh ruser= rhost=101.47.142.21  user=root
Dec 14 12:20:01 cls sshd[49629]: Failed password for invalid user victor from 101.47.140.123 port 59400 ssh2
Dec 14 12:20:01 cls sshd[49633]: Failed password for invalid user git from 103.59.94.62 port 52088 ssh2
Dec 14 12:20:01 cls sshd[49629]: Received disconnect from 101.47.140.123 port 59400:11: Bye Bye [preauth]
Dec 14 12:20:01 cls sshd[49629]: Disconnected from invalid user victor 101.47.140.123 port 59400 [preauth]
Dec 14 12:20:02 cls sshd[49631]: Failed password for invalid user z from 158.69.204.92 port 52900 ssh2
Dec 14 12:20:02 cls sshd[49633]: Received disconnect from 103.59.94.62 port 52088:11: Bye Bye [preauth]
Dec 14 12:20:02 cls sshd[49633]: Disconnected from invalid user git 103.59.94.62 port 52088 [preauth]
Dec 14 12:20:02 cls sshd[49635]: Failed password for root from 101.47.142.21 port 45158 ssh2
Dec 14 12:20:03 cls sshd[49631]: Received disconnect from 158.69.204.92 port 52900:11: Bye Bye [preauth]
Dec 14 12:20:03 cls sshd[49631]: Disconnected from invalid user z 158.69.204.92 port 52900 [preauth]
Dec 14 12:20:03 cls sshd[49635]: Received disconnect from 101.47.142.21 port 45158:11: Bye Bye [preauth]
Dec 14 12:20:03 cls sshd[49635]: Disconnected from authenticating user root 101.47.142.21 port 45158 [preauth]
Dec 14 12:20:05 cls sshd[49637]: Invalid user z from 103.117.57.134 port 49478
Dec 14 12:20:05 cls sshd[49637]: pam_unix(sshd:auth): check pass; user unknown
Dec 14 12:20:05 cls sshd[49637]: pam_unix(sshd:auth): authentication failure; logname= uid=0 euid=0 tty=ssh ruser= rhost=103.117.57.134 
Dec 14 12:20:07 cls sshd[49637]: Failed password for invalid user z from 103.117.57.134 port 49478 ssh2
Dec 14 12:20:08 cls sshd[49637]: Received disconnect from 103.117.57.134 port 49478:11: Bye Bye [preauth]
Dec 14 12:20:08 cls sshd[49637]: Disconnected from invalid user z 103.117.57.134 port 49478 [preauth]
Dec 14 12:20:11 cls sshd[49639]: pam_unix(sshd:auth): authentication failure; logname= uid=0 euid=0 tty=ssh ruser= rhost=102.88.137.213  user=root
Dec 14 12:20:13 cls sshd[49639]: Failed password for root from 102.88.137.213 port 49576 ssh2
Dec 14 12:20:14 cls sshd[49639]: Received disconnect from 102.88.137.213 port 49576:11: Bye Bye [preauth]
Dec 14 12:20:14 cls sshd[49639]: Disconnected from authenticating user root 102.88.137.213 port 49576 [preauth]
Dec 14 12:20:15 cls sshd[49641]: Invalid user comercial from 162.214.92.14 port 43458
Dec 14 12:20:15 cls sshd[49641]: pam_unix(sshd:auth): check pass; user unknown
Dec 14 12:20:15 cls sshd[49641]: pam_unix(sshd:auth): authentication failure; logname= uid=0 euid=0 tty=ssh ruser= rhost=162.214.92.14 
Dec 14 12:20:16 cls sshd[49641]: Failed password for invalid user comercial from 162.214.92.14 port 43458 ssh2
Dec 14 12:20:17 cls sshd[49641]: Received disconnect from 162.214.92.14 port 43458:11: Bye Bye [preauth]
Dec 14 12:20:17 cls sshd[49641]: Disconnected from invalid user comercial 162.214.92.14 port 43458 [preauth]
Dec 14 12:20:17 cls sshd[49643]: pam_unix(sshd:auth): authentication failure; logname= uid=0 euid=0 tty=ssh ruser= rhost=45.78.222.23  user=root
Dec 14 12:20:19 cls sshd[49643]: Failed password for root from 45.78.222.23 port 52006 ssh2
Dec 14 12:20:20 cls sshd[49643]: Received disconnect from 45.78.222.23 port 52006:11: Bye Bye [preauth]
Dec 14 12:20:20 cls sshd[49643]: Disconnected from authenticating user root 45.78.222.23 port 52006 [preauth]
Dec 14 12:20:29 cls sshd[49648]: Invalid user testuser from 103.243.26.230 port 44612
Dec 14 12:20:29 cls sshd[49648]: pam_unix(sshd:auth): check pass; user unknown
Dec 14 12:20:29 cls sshd[49648]: pam_unix(sshd:auth): authentication failure; logname= uid=0 euid=0 tty=ssh ruser= rhost=103.243.26.230 
Dec 14 12:20:30 cls sshd[49650]: Invalid user nmrsu from 158.69.204.92 port 53512
Dec 14 12:20:30 cls sshd[49650]: pam_unix(sshd:auth): check pass; user unknown
Dec 14 12:20:30 cls sshd[49650]: pam_unix(sshd:auth): authentication failure; logname= uid=0 euid=0 tty=ssh ruser= rhost=158.69.204.92 
Dec 14 12:20:31 cls sshd[49648]: Failed password for invalid user testuser from 103.243.26.230 port 44612 ssh2
Dec 14 12:20:32 cls sshd[49648]: Received disconnect from 103.243.26.230 port 44612:11: Bye Bye [preauth]
Dec 14 12:20:32 cls sshd[49648]: Disconnected from invalid user testuser 103.243.26.230 port 44612 [preauth]
Dec 14 12:20:33 cls sshd[49650]: Failed password for invalid user nmrsu from 158.69.204.92 port 53512 ssh2
Dec 14 12:20:33 cls sshd[49650]: Received disconnect from 158.69.204.92 port 53512:11: Bye Bye [preauth]
Dec 14 12:20:33 cls sshd[49650]: Disconnected from invalid user nmrsu 158.69.204.92 port 53512 [preauth]
Dec 14 12:20:42 cls sshd[49655]: pam_unix(sshd:auth): authentication failure; logname= uid=0 euid=0 tty=ssh ruser= rhost=103.59.94.62  user=ubuntu
Dec 14 12:20:44 cls sshd[49655]: Failed password for ubuntu from 103.59.94.62 port 39708 ssh2
Dec 14 12:20:45 cls sshd[49657]: pam_unix(sshd:auth): authentication failure; logname= uid=0 euid=0 tty=ssh ruser= rhost=103.117.57.134  user=root
Dec 14 12:20:46 cls sshd[49655]: Received disconnect from 103.59.94.62 port 39708:11: Bye Bye [preauth]
Dec 14 12:20:46 cls sshd[49655]: Disconnected from authenticating user ubuntu 103.59.94.62 port 39708 [preauth]
Dec 14 12:20:47 cls sshd[49659]: Invalid user download from 87.121.84.65 port 54192
Dec 14 12:20:47 cls sshd[49659]: pam_unix(sshd:auth): check pass; user unknown
Dec 14 12:20:47 cls sshd[49659]: pam_unix(sshd:auth): authentication failure; logname= uid=0 euid=0 tty=ssh ruser= rhost=87.121.84.65 
Dec 14 12:20:47 cls sshd[49657]: Failed password for root from 103.117.57.134 port 44946 ssh2
Dec 14 12:20:48 cls sshd[49657]: Received disconnect from 103.117.57.134 port 44946:11: Bye Bye [preauth]
Dec 14 12:20:48 cls sshd[49657]: Disconnected from authenticating user root 103.117.57.134 port 44946 [preauth]
Dec 14 12:20:49 cls sshd[49659]: Failed password for invalid user download from 87.121.84.65 port 54192 ssh2
Dec 14 12:20:49 cls sshd[49664]: pam_unix(sshd:auth): authentication failure; logname= uid=0 euid=0 tty=ssh ruser= rhost=162.214.92.14  user=root
Dec 14 12:20:50 cls sshd[49659]: Received disconnect from 87.121.84.65 port 54192:11: Bye Bye [preauth]
Dec 14 12:20:50 cls sshd[49659]: Disconnected from invalid user download 87.121.84.65 port 54192 [preauth]
Dec 14 12:20:52 cls sshd[49664]: Failed password for root from 162.214.92.14 port 57162 ssh2
Dec 14 12:20:52 cls sshd[49664]: Received disconnect from 162.214.92.14 port 57162:11: Bye Bye [preauth]
Dec 14 12:20:52 cls sshd[49664]: Disconnected from authenticating user root 162.214.92.14 port 57162 [preauth]
Dec 14 12:20:56 cls sshd[49666]: pam_unix(sshd:auth): authentication failure; logname= uid=0 euid=0 tty=ssh ruser= rhost=102.88.137.213  user=root
Dec 14 12:20:58 cls sshd[49666]: Failed password for root from 102.88.137.213 port 1413 ssh2
Dec 14 12:20:59 cls sshd[49666]: Received disconnect from 102.88.137.213 port 1413:11: Bye Bye [preauth]
Dec 14 12:20:59 cls sshd[49666]: Disconnected from authenticating user root 102.88.137.213 port 1413 [preauth]
Dec 14 12:21:02 cls sshd[49668]: pam_unix(sshd:auth): authentication failure; logname= uid=0 euid=0 tty=ssh ruser= rhost=103.243.26.230  user=root
Dec 14 12:21:04 cls sshd[49668]: Failed password for root from 103.243.26.230 port 40188 ssh2
Dec 14 12:21:05 cls sshd[49668]: Received disconnect from 103.243.26.230 port 40188:11: Bye Bye [preauth]
Dec 14 12:21:05 cls sshd[49668]: Disconnected from authenticating user root 103.243.26.230 port 40188 [preauth]
Dec 14 12:21:07 cls sshd[49673]: Invalid user usuario from 158.69.204.92 port 60408
Dec 14 12:21:07 cls sshd[49673]: pam_unix(sshd:auth): check pass; user unknown
Dec 14 12:21:07 cls sshd[49673]: pam_unix(sshd:auth): authentication failure; logname= uid=0 euid=0 tty=ssh ruser= rhost=158.69.204.92 
Dec 14 12:21:09 cls sshd[49673]: Failed password for invalid user usuario from 158.69.204.92 port 60408 ssh2
Dec 14 12:21:11 cls sshd[49673]: Received disconnect from 158.69.204.92 port 60408:11: Bye Bye [preauth]
Dec 14 12:21:11 cls sshd[49673]: Disconnected from invalid user usuario 158.69.204.92 port 60408 [preauth]
Dec 14 12:21:15 cls sshd[49675]: Invalid user user from 101.47.140.123 port 46974
Dec 14 12:21:15 cls sshd[49675]: pam_unix(sshd:auth): check pass; user unknown
Dec 14 12:21:15 cls sshd[49675]: pam_unix(sshd:auth): authentication failure; logname= uid=0 euid=0 tty=ssh ruser= rhost=101.47.140.123 
Dec 14 12:21:16 cls sshd[49680]: pam_unix(sshd:auth): authentication failure; logname= uid=0 euid=0 tty=ssh ruser= rhost=87.106.36.193  user=root
Dec 14 12:21:17 cls sshd[49675]: Failed password for invalid user user from 101.47.140.123 port 46974 ssh2
Dec 14 12:21:18 cls sshd[49675]: Received disconnect from 101.47.140.123 port 46974:11: Bye Bye [preauth]
Dec 14 12:21:18 cls sshd[49675]: Disconnected from invalid user user 101.47.140.123 port 46974 [preauth]
Dec 14 12:21:18 cls sshd[49680]: Failed password for root from 87.106.36.193 port 58752 ssh2
Dec 14 12:21:19 cls sshd[49680]: Received disconnect from 87.106.36.193 port 58752:11: Bye Bye [preauth]
Dec 14 12:21:19 cls sshd[49680]: Disconnected from authenticating user root 87.106.36.193 port 58752 [preauth]
Dec 14 12:21:21 cls sshd[49682]: Invalid user deploy from 162.214.92.14 port 42638
Dec 14 12:21:21 cls sshd[49682]: pam_unix(sshd:auth): check pass; user unknown
Dec 14 12:21:21 cls sshd[49682]: pam_unix(sshd:auth): authentication failure; logname= uid=0 euid=0 tty=ssh ruser= rhost=162.214.92.14 
Dec 14 12:21:23 cls sshd[49682]: Failed password for invalid user deploy from 162.214.92.14 port 42638 ssh2
Dec 14 12:21:24 cls sshd[49684]: Invalid user steam from 103.117.57.134 port 56504
Dec 14 12:21:24 cls sshd[49684]: pam_unix(sshd:auth): check pass; user unknown
Dec 14 12:21:24 cls sshd[49684]: pam_unix(sshd:auth): authentication failure; logname= uid=0 euid=0 tty=ssh ruser= rhost=103.117.57.134 
Dec 14 12:21:25 cls sshd[49682]: Received disconnect from 162.214.92.14 port 42638:11: Bye Bye [preauth]
Dec 14 12:21:25 cls sshd[49682]: Disconnected from invalid user deploy 162.214.92.14 port 42638 [preauth]
Dec 14 12:21:26 cls sshd[49686]: pam_unix(sshd:auth): authentication failure; logname= uid=0 euid=0 tty=ssh ruser= rhost=103.59.94.62  user=mysql
Dec 14 12:21:26 cls sshd[49684]: Failed password for invalid user steam from 103.117.57.134 port 56504 ssh2
Dec 14 12:21:27 cls sshd[49684]: Received disconnect from 103.117.57.134 port 56504:11: Bye Bye [preauth]
Dec 14 12:21:27 cls sshd[49684]: Disconnected from invalid user steam 103.117.57.134 port 56504 [preauth]
Dec 14 12:21:27 cls sshd[49686]: Failed password for mysql from 103.59.94.62 port 35192 ssh2
Dec 14 12:21:28 cls sshd[49686]: Received disconnect from 103.59.94.62 port 35192:11: Bye Bye [preauth]
Dec 14 12:21:28 cls sshd[49686]: Disconnected from authenticating user mysql 103.59.94.62 port 35192 [preauth]
Dec 14 12:21:40 cls sshd[49693]: pam_unix(sshd:auth): authentication failure; logname= uid=0 euid=0 tty=ssh ruser= rhost=158.69.204.92  user=root
Dec 14 12:21:40 cls sshd[49697]: pam_unix(sshd:auth): authentication failure; logname= uid=0 euid=0 tty=ssh ruser= rhost=103.243.26.230  user=root
Dec 14 12:21:40 cls sshd[49695]: Invalid user root1 from 102.88.137.213 port 49772
Dec 14 12:21:40 cls sshd[49695]: pam_unix(sshd:auth): check pass; user unknown
Dec 14 12:21:40 cls sshd[49695]: pam_unix(sshd:auth): authentication failure; logname= uid=0 euid=0 tty=ssh ruser= rhost=102.88.137.213 
Dec 14 12:21:42 cls sshd[49693]: Failed password for root from 158.69.204.92 port 37222 ssh2
Dec 14 12:21:42 cls sshd[49697]: Failed password for root from 103.243.26.230 port 55506 ssh2
Dec 14 12:21:42 cls sshd[49695]: Failed password for invalid user root1 from 102.88.137.213 port 49772 ssh2
Dec 14 12:21:43 cls sshd[49697]: Received disconnect from 103.243.26.230 port 55506:11: Bye Bye [preauth]
Dec 14 12:21:43 cls sshd[49697]: Disconnected from authenticating user root 103.243.26.230 port 55506 [preauth]
Dec 14 12:21:43 cls sshd[49693]: Received disconnect from 158.69.204.92 port 37222:11: Bye Bye [preauth]
Dec 14 12:21:43 cls sshd[49693]: Disconnected from authenticating user root 158.69.204.92 port 37222 [preauth]
Dec 14 12:21:43 cls sshd[49695]: Received disconnect from 102.88.137.213 port 49772:11: Bye Bye [preauth]
Dec 14 12:21:43 cls sshd[49695]: Disconnected from invalid user root1 102.88.137.213 port 49772 [preauth]
Dec 14 12:21:53 cls sshd[49704]: pam_unix(sshd:auth): authentication failure; logname= uid=0 euid=0 tty=ssh ruser= rhost=45.78.217.235  user=root
Dec 14 12:21:53 cls sshd[49702]: pam_unix(sshd:auth): authentication failure; logname= uid=0 euid=0 tty=ssh ruser= rhost=162.214.92.14  user=ubuntu
Dec 14 12:21:55 cls sshd[49704]: Failed password for root from 45.78.217.235 port 38976 ssh2
Dec 14 12:21:56 cls sshd[49704]: Received disconnect from 45.78.217.235 port 38976:11: Bye Bye [preauth]
Dec 14 12:21:56 cls sshd[49704]: Disconnected from authenticating user root 45.78.217.235 port 38976 [preauth]
Dec 14 12:21:56 cls sshd[49702]: Failed password for ubuntu from 162.214.92.14 port 56354 ssh2
Dec 14 12:21:57 cls sshd[49702]: Received disconnect from 162.214.92.14 port 56354:11: Bye Bye [preauth]
Dec 14 12:21:57 cls sshd[49702]: Disconnected from authenticating user ubuntu 162.214.92.14 port 56354 [preauth]
Dec 14 12:22:02 cls sshd[49708]: pam_unix(sshd:auth): authentication failure; logname= uid=0 euid=0 tty=ssh ruser= rhost=103.117.57.134  user=root
Dec 14 12:22:04 cls sshd[49708]: Failed password for root from 103.117.57.134 port 59884 ssh2
Dec 14 12:22:05 cls sshd[49708]: Received disconnect from 103.117.57.134 port 59884:11: Bye Bye [preauth]
Dec 14 12:22:05 cls sshd[49708]: Disconnected from authenticating user root 103.117.57.134 port 59884 [preauth]
Dec 14 12:22:11 cls sshd[49713]: pam_unix(sshd:auth): authentication failure; logname= uid=0 euid=0 tty=ssh ruser= rhost=103.59.94.62  user=root
Dec 14 12:22:13 cls sshd[49713]: Failed password for root from 103.59.94.62 port 39918 ssh2
Dec 14 12:22:13 cls sshd[49716]: pam_unix(sshd:auth): authentication failure; logname= uid=0 euid=0 tty=ssh ruser= rhost=158.69.204.92  user=ubuntu
Dec 14 12:22:13 cls sshd[49718]: pam_unix(sshd:auth): authentication failure; logname= uid=0 euid=0 tty=ssh ruser= rhost=103.243.26.230  user=root
Dec 14 12:22:13 cls sshd[49713]: Received disconnect from 103.59.94.62 port 39918:11: Bye Bye [preauth]
Dec 14 12:22:13 cls sshd[49713]: Disconnected from authenticating user root 103.59.94.62 port 39918 [preauth]
Dec 14 12:22:16 cls sshd[49716]: Failed password for ubuntu from 158.69.204.92 port 37778 ssh2
Dec 14 12:22:16 cls sshd[49718]: Failed password for root from 103.243.26.230 port 42256 ssh2
Dec 14 12:22:16 cls sshd[49718]: Received disconnect from 103.243.26.230 port 42256:11: Bye Bye [preauth]
Dec 14 12:22:16 cls sshd[49718]: Disconnected from authenticating user root 103.243.26.230 port 42256 [preauth]
Dec 14 12:22:17 cls sshd[49716]: Received disconnect from 158.69.204.92 port 37778:11: Bye Bye [preauth]
Dec 14 12:22:17 cls sshd[49716]: Disconnected from authenticating user ubuntu 158.69.204.92 port 37778 [preauth]
Dec 14 12:22:24 cls sshd[49753]: pam_unix(sshd:auth): authentication failure; logname= uid=0 euid=0 tty=ssh ruser= rhost=102.88.137.213  user=root
Dec 14 12:22:26 cls sshd[49755]: Invalid user wangcx from 162.214.92.14 port 41826
Dec 14 12:22:26 cls sshd[49755]: pam_unix(sshd:auth): check pass; user unknown
Dec 14 12:22:26 cls sshd[49755]: pam_unix(sshd:auth): authentication failure; logname= uid=0 euid=0 tty=ssh ruser= rhost=162.214.92.14 
Dec 14 12:22:26 cls sshd[49753]: Failed password for root from 102.88.137.213 port 49866 ssh2
Dec 14 12:22:27 cls sshd[49753]: Received disconnect from 102.88.137.213 port 49866:11: Bye Bye [preauth]
Dec 14 12:22:27 cls sshd[49753]: Disconnected from authenticating user root 102.88.137.213 port 49866 [preauth]
Dec 14 12:22:28 cls sshd[49755]: Failed password for invalid user wangcx from 162.214.92.14 port 41826 ssh2
Dec 14 12:22:30 cls sshd[49755]: Received disconnect from 162.214.92.14 port 41826:11: Bye Bye [preauth]
Dec 14 12:22:30 cls sshd[49755]: Disconnected from invalid user wangcx 162.214.92.14 port 41826 [preauth]
Dec 14 12:22:41 cls sshd[49764]: pam_unix(sshd:auth): authentication failure; logname= uid=0 euid=0 tty=ssh ruser= rhost=103.117.57.134  user=root
Dec 14 12:22:43 cls sshd[49764]: Failed password for root from 103.117.57.134 port 42364 ssh2
Dec 14 12:22:43 cls sshd[49764]: Received disconnect from 103.117.57.134 port 42364:11: Bye Bye [preauth]
Dec 14 12:22:43 cls sshd[49764]: Disconnected from authenticating user root 103.117.57.134 port 42364 [preauth]
Dec 14 12:22:46 cls sshd[49766]: pam_unix(sshd:auth): authentication failure; logname= uid=0 euid=0 tty=ssh ruser= rhost=101.47.140.123  user=root
Dec 14 12:22:47 cls sshd[49768]: pam_unix(sshd:auth): authentication failure; logname= uid=0 euid=0 tty=ssh ruser= rhost=158.69.204.92  user=ubuntu
Dec 14 12:22:48 cls sshd[49766]: Failed password for root from 101.47.140.123 port 48526 ssh2
Dec 14 12:22:48 cls sshd[49770]: pam_unix(sshd:auth): authentication failure; logname= uid=0 euid=0 tty=ssh ruser= rhost=103.243.26.230  user=root
Dec 14 12:22:49 cls sshd[49766]: Received disconnect from 101.47.140.123 port 48526:11: Bye Bye [preauth]
Dec 14 12:22:49 cls sshd[49766]: Disconnected from authenticating user root 101.47.140.123 port 48526 [preauth]
Dec 14 12:22:49 cls sshd[49768]: Failed password for ubuntu from 158.69.204.92 port 60496 ssh2
Dec 14 12:22:51 cls sshd[49770]: Failed password for root from 103.243.26.230 port 59870 ssh2
Dec 14 12:22:51 cls sshd[49768]: Received disconnect from 158.69.204.92 port 60496:11: Bye Bye [preauth]
Dec 14 12:22:51 cls sshd[49768]: Disconnected from authenticating user ubuntu 158.69.204.92 port 60496 [preauth]
Dec 14 12:22:53 cls sshd[49772]: pam_unix(sshd:auth): authentication failure; logname= uid=0 euid=0 tty=ssh ruser= rhost=103.59.94.62  user=root
Dec 14 12:22:53 cls sshd[49770]: Received disconnect from 103.243.26.230 port 59870:11: Bye Bye [preauth]
Dec 14 12:22:53 cls sshd[49770]: Disconnected from authenticating user root 103.243.26.230 port 59870 [preauth]
Dec 14 12:22:55 cls sshd[49772]: Failed password for root from 103.59.94.62 port 56368 ssh2
Dec 14 12:22:55 cls sshd[49772]: Received disconnect from 103.59.94.62 port 56368:11: Bye Bye [preauth]
Dec 14 12:22:55 cls sshd[49772]: Disconnected from authenticating user root 103.59.94.62 port 56368 [preauth]
Dec 14 12:22:59 cls sshd[49775]: pam_unix(sshd:auth): authentication failure; logname= uid=0 euid=0 tty=ssh ruser= rhost=162.214.92.14  user=root
Dec 14 12:23:01 cls sshd[49775]: Failed password for root from 162.214.92.14 port 55534 ssh2
Dec 14 12:23:02 cls sshd[49775]: Received disconnect from 162.214.92.14 port 55534:11: Bye Bye [preauth]
Dec 14 12:23:02 cls sshd[49775]: Disconnected from authenticating user root 162.214.92.14 port 55534 [preauth]
Dec 14 12:23:02 cls sshd[49778]: Invalid user nmrsu from 45.78.217.235 port 57894
Dec 14 12:23:02 cls sshd[49778]: pam_unix(sshd:auth): check pass; user unknown
Dec 14 12:23:02 cls sshd[49778]: pam_unix(sshd:auth): authentication failure; logname= uid=0 euid=0 tty=ssh ruser= rhost=45.78.217.235 
Dec 14 12:23:04 cls sshd[49778]: Failed password for invalid user nmrsu from 45.78.217.235 port 57894 ssh2
Dec 14 12:23:07 cls sshd[49778]: Received disconnect from 45.78.217.235 port 57894:11: Bye Bye [preauth]
Dec 14 12:23:07 cls sshd[49778]: Disconnected from invalid user nmrsu 45.78.217.235 port 57894 [preauth]
Dec 14 12:23:10 cls sshd[49792]: pam_unix(sshd:auth): authentication failure; logname= uid=0 euid=0 tty=ssh ruser= rhost=87.106.36.193  user=root
Dec 14 12:23:11 cls sshd[49792]: Failed password for root from 87.106.36.193 port 51672 ssh2
Dec 14 12:23:12 cls sshd[49794]: Invalid user mike from 102.88.137.213 port 1297
Dec 14 12:23:12 cls sshd[49794]: pam_unix(sshd:auth): check pass; user unknown
Dec 14 12:23:12 cls sshd[49794]: pam_unix(sshd:auth): authentication failure; logname= uid=0 euid=0 tty=ssh ruser= rhost=102.88.137.213 
Dec 14 12:23:13 cls sshd[49792]: Received disconnect from 87.106.36.193 port 51672:11: Bye Bye [preauth]
Dec 14 12:23:13 cls sshd[49792]: Disconnected from authenticating user root 87.106.36.193 port 51672 [preauth]
Dec 14 12:23:14 cls sshd[49794]: Failed password for invalid user mike from 102.88.137.213 port 1297 ssh2
Dec 14 12:23:17 cls sshd[49794]: Received disconnect from 102.88.137.213 port 1297:11: Bye Bye [preauth]
Dec 14 12:23:17 cls sshd[49794]: Disconnected from invalid user mike 102.88.137.213 port 1297 [preauth]
Dec 14 12:23:20 cls sshd[49799]: Invalid user john from 103.117.57.134 port 55064
Dec 14 12:23:20 cls sshd[49799]: pam_unix(sshd:auth): check pass; user unknown
Dec 14 12:23:20 cls sshd[49799]: pam_unix(sshd:auth): authentication failure; logname= uid=0 euid=0 tty=ssh ruser= rhost=103.117.57.134 
Dec 14 12:23:21 cls sshd[49801]: pam_unix(sshd:auth): authentication failure; logname= uid=0 euid=0 tty=ssh ruser= rhost=158.69.204.92  user=root
Dec 14 12:23:22 cls sshd[49799]: Failed password for invalid user john from 103.117.57.134 port 55064 ssh2
Dec 14 12:23:22 cls sshd[49799]: Received disconnect from 103.117.57.134 port 55064:11: Bye Bye [preauth]
Dec 14 12:23:22 cls sshd[49799]: Disconnected from invalid user john 103.117.57.134 port 55064 [preauth]
Dec 14 12:23:22 cls sshd[49807]: Invalid user player from 103.243.26.230 port 52674
Dec 14 12:23:22 cls sshd[49807]: pam_unix(sshd:auth): check pass; user unknown
Dec 14 12:23:22 cls sshd[49807]: pam_unix(sshd:auth): authentication failure; logname= uid=0 euid=0 tty=ssh ruser= rhost=103.243.26.230 
Dec 14 12:23:22 cls sshd[49801]: Failed password for root from 158.69.204.92 port 39724 ssh2
Dec 14 12:23:23 cls sshd[49801]: Received disconnect from 158.69.204.92 port 39724:11: Bye Bye [preauth]
Dec 14 12:23:23 cls sshd[49801]: Disconnected from authenticating user root 158.69.204.92 port 39724 [preauth]
Dec 14 12:23:24 cls sshd[49807]: Failed password for invalid user player from 103.243.26.230 port 52674 ssh2
Dec 14 12:23:26 cls sshd[49807]: Received disconnect from 103.243.26.230 port 52674:11: Bye Bye [preauth]
Dec 14 12:23:26 cls sshd[49807]: Disconnected from invalid user player 103.243.26.230 port 52674 [preauth]
Dec 14 12:23:35 cls sshd[49812]: Invalid user sammy from 162.214.92.14 port 41008
Dec 14 12:23:35 cls sshd[49812]: pam_unix(sshd:auth): check pass; user unknown
Dec 14 12:23:35 cls sshd[49812]: pam_unix(sshd:auth): authentication failure; logname= uid=0 euid=0 tty=ssh ruser= rhost=162.214.92.14 
Dec 14 12:23:36 cls sshd[49814]: pam_unix(sshd:auth): authentication failure; logname= uid=0 euid=0 tty=ssh ruser= rhost=103.59.94.62  user=root
Dec 14 12:23:37 cls sshd[49812]: Failed password for invalid user sammy from 162.214.92.14 port 41008 ssh2
Dec 14 12:23:38 cls sshd[49814]: Failed password for root from 103.59.94.62 port 46254 ssh2
Dec 14 12:23:39 cls sshd[49812]: Received disconnect from 162.214.92.14 port 41008:11: Bye Bye [preauth]
Dec 14 12:23:39 cls sshd[49812]: Disconnected from invalid user sammy 162.214.92.14 port 41008 [preauth]
Dec 14 12:23:39 cls sshd[49814]: Received disconnect from 103.59.94.62 port 46254:11: Bye Bye [preauth]
Dec 14 12:23:39 cls sshd[49814]: Disconnected from authenticating user root 103.59.94.62 port 46254 [preauth]
Dec 14 12:23:55 cls sshd[49818]: Invalid user developer from 158.69.204.92 port 35984
Dec 14 12:23:55 cls sshd[49818]: pam_unix(sshd:auth): check pass; user unknown
