Dec 14 16:54:41 cls sshd[55913]: pam_unix(sshd:auth): check pass; user unknown
Dec 14 16:54:41 cls sshd[55913]: pam_unix(sshd:auth): authentication failure; logname= uid=0 euid=0 tty=ssh ruser= rhost=165.154.197.167 
Dec 14 16:54:43 cls sshd[55913]: Failed password for invalid user amir from 165.154.197.167 port 44020 ssh2
Dec 14 16:54:44 cls sshd[55913]: Received disconnect from 165.154.197.167 port 44020:11: Bye Bye [preauth]
Dec 14 16:54:44 cls sshd[55913]: Disconnected from invalid user amir 165.154.197.167 port 44020 [preauth]
Dec 14 16:54:53 cls sshd[55918]: pam_unix(sshd:auth): authentication failure; logname= uid=0 euid=0 tty=ssh ruser= rhost=161.18.228.75  user=ubuntu
Dec 14 16:54:55 cls sshd[55918]: Failed password for ubuntu from 161.18.228.75 port 59654 ssh2
Dec 14 16:54:57 cls sshd[55920]: Invalid user sysop from 172.211.56.214 port 39142
Dec 14 16:54:57 cls sshd[55920]: pam_unix(sshd:auth): check pass; user unknown
Dec 14 16:54:57 cls sshd[55920]: pam_unix(sshd:auth): authentication failure; logname= uid=0 euid=0 tty=ssh ruser= rhost=172.211.56.214 
Dec 14 16:54:57 cls sshd[55918]: Received disconnect from 161.18.228.75 port 59654:11: Bye Bye [preauth]
Dec 14 16:54:57 cls sshd[55918]: Disconnected from authenticating user ubuntu 161.18.228.75 port 59654 [preauth]
Dec 14 16:54:59 cls sshd[55920]: Failed password for invalid user sysop from 172.211.56.214 port 39142 ssh2
Dec 14 16:55:00 cls sshd[55920]: Received disconnect from 172.211.56.214 port 39142:11: Bye Bye [preauth]
Dec 14 16:55:00 cls sshd[55920]: Disconnected from invalid user sysop 172.211.56.214 port 39142 [preauth]
Dec 14 16:55:19 cls sshd[55922]: pam_unix(sshd:auth): authentication failure; logname= uid=0 euid=0 tty=ssh ruser= rhost=45.78.194.32  user=root
Dec 14 16:55:22 cls sshd[55922]: Failed password for root from 45.78.194.32 port 34224 ssh2
Dec 14 16:55:23 cls sshd[55924]: Invalid user ftpuser from 42.200.78.78 port 37218
Dec 14 16:55:23 cls sshd[55924]: pam_unix(sshd:auth): check pass; user unknown
Dec 14 16:55:23 cls sshd[55924]: pam_unix(sshd:auth): authentication failure; logname= uid=0 euid=0 tty=ssh ruser= rhost=42.200.78.78 
Dec 14 16:55:24 cls sshd[55922]: Received disconnect from 45.78.194.32 port 34224:11: Bye Bye [preauth]
Dec 14 16:55:24 cls sshd[55922]: Disconnected from authenticating user root 45.78.194.32 port 34224 [preauth]
Dec 14 16:55:25 cls sshd[55924]: Failed password for invalid user ftpuser from 42.200.78.78 port 37218 ssh2
Dec 14 16:55:27 cls sshd[55924]: Received disconnect from 42.200.78.78 port 37218:11: Bye Bye [preauth]
Dec 14 16:55:27 cls sshd[55924]: Disconnected from invalid user ftpuser 42.200.78.78 port 37218 [preauth]
Dec 14 16:55:28 cls sshd[55926]: pam_unix(sshd:auth): authentication failure; logname= uid=0 euid=0 tty=ssh ruser= rhost=58.98.199.45  user=root
Dec 14 16:55:31 cls sshd[55926]: Failed password for root from 58.98.199.45 port 60669 ssh2
Dec 14 16:55:31 cls sshd[55928]: pam_unix(sshd:auth): authentication failure; logname= uid=0 euid=0 tty=ssh ruser= rhost=165.154.197.167  user=root
Dec 14 16:55:31 cls sshd[55926]: Received disconnect from 58.98.199.45 port 60669:11: Bye Bye [preauth]
Dec 14 16:55:31 cls sshd[55926]: Disconnected from authenticating user root 58.98.199.45 port 60669 [preauth]
Dec 14 16:55:34 cls sshd[55928]: Failed password for root from 165.154.197.167 port 57274 ssh2
Dec 14 16:55:36 cls sshd[55928]: Received disconnect from 165.154.197.167 port 57274:11: Bye Bye [preauth]
Dec 14 16:55:36 cls sshd[55928]: Disconnected from authenticating user root 165.154.197.167 port 57274 [preauth]
Dec 14 16:55:52 cls sshd[55930]: pam_unix(sshd:auth): authentication failure; logname= uid=0 euid=0 tty=ssh ruser= rhost=172.211.56.214  user=root
Dec 14 16:55:53 cls sshd[55932]: Invalid user tech from 161.18.228.75 port 47602
Dec 14 16:55:53 cls sshd[55932]: pam_unix(sshd:auth): check pass; user unknown
Dec 14 16:55:53 cls sshd[55932]: pam_unix(sshd:auth): authentication failure; logname= uid=0 euid=0 tty=ssh ruser= rhost=161.18.228.75 
Dec 14 16:55:54 cls sshd[55930]: Failed password for root from 172.211.56.214 port 55864 ssh2
Dec 14 16:55:55 cls sshd[55932]: Failed password for invalid user tech from 161.18.228.75 port 47602 ssh2
Dec 14 16:55:56 cls sshd[55930]: Received disconnect from 172.211.56.214 port 55864:11: Bye Bye [preauth]
Dec 14 16:55:56 cls sshd[55930]: Disconnected from authenticating user root 172.211.56.214 port 55864 [preauth]
Dec 14 16:55:56 cls sshd[55939]: pam_unix(sshd:auth): authentication failure; logname= uid=0 euid=0 tty=ssh ruser= rhost=194.107.115.11  user=root
Dec 14 16:55:57 cls sshd[55932]: Received disconnect from 161.18.228.75 port 47602:11: Bye Bye [preauth]
Dec 14 16:55:57 cls sshd[55932]: Disconnected from invalid user tech 161.18.228.75 port 47602 [preauth]
Dec 14 16:55:58 cls sshd[55939]: Failed password for root from 194.107.115.11 port 22776 ssh2
Dec 14 16:55:59 cls sshd[55939]: Received disconnect from 194.107.115.11 port 22776:11: Bye Bye [preauth]
Dec 14 16:55:59 cls sshd[55939]: Disconnected from authenticating user root 194.107.115.11 port 22776 [preauth]
Dec 14 16:56:02 cls sshd[55941]: pam_unix(sshd:auth): authentication failure; logname= uid=0 euid=0 tty=ssh ruser= rhost=42.200.78.78  user=root
Dec 14 16:56:05 cls sshd[55941]: Failed password for root from 42.200.78.78 port 49598 ssh2
Dec 14 16:56:05 cls sshd[55941]: Received disconnect from 42.200.78.78 port 49598:11: Bye Bye [preauth]
Dec 14 16:56:05 cls sshd[55941]: Disconnected from authenticating user root 42.200.78.78 port 49598 [preauth]
Dec 14 16:56:22 cls sshd[55945]: Invalid user dev from 165.154.197.167 port 37408
Dec 14 16:56:22 cls sshd[55945]: pam_unix(sshd:auth): check pass; user unknown
Dec 14 16:56:22 cls sshd[55945]: pam_unix(sshd:auth): authentication failure; logname= uid=0 euid=0 tty=ssh ruser= rhost=165.154.197.167 
Dec 14 16:56:24 cls sshd[55945]: Failed password for invalid user dev from 165.154.197.167 port 37408 ssh2
Dec 14 16:56:26 cls sshd[55945]: Received disconnect from 165.154.197.167 port 37408:11: Bye Bye [preauth]
Dec 14 16:56:26 cls sshd[55945]: Disconnected from invalid user dev 165.154.197.167 port 37408 [preauth]
Dec 14 16:56:37 cls sshd[55947]: pam_unix(sshd:auth): authentication failure; logname= uid=0 euid=0 tty=ssh ruser= rhost=45.78.194.32  user=root
Dec 14 16:56:37 cls sshd[55949]: pam_unix(sshd:auth): authentication failure; logname= uid=0 euid=0 tty=ssh ruser= rhost=161.18.228.75  user=root
Dec 14 16:56:38 cls sshd[55951]: Invalid user administrador from 194.107.115.11 port 34866
Dec 14 16:56:38 cls sshd[55951]: pam_unix(sshd:auth): check pass; user unknown
Dec 14 16:56:38 cls sshd[55951]: pam_unix(sshd:auth): authentication failure; logname= uid=0 euid=0 tty=ssh ruser= rhost=194.107.115.11 
Dec 14 16:56:39 cls sshd[55947]: Failed password for root from 45.78.194.32 port 42588 ssh2
Dec 14 16:56:40 cls sshd[55951]: Failed password for invalid user administrador from 194.107.115.11 port 34866 ssh2
Dec 14 16:56:40 cls sshd[55949]: Failed password for root from 161.18.228.75 port 32812 ssh2
Dec 14 16:56:41 cls sshd[55951]: Received disconnect from 194.107.115.11 port 34866:11: Bye Bye [preauth]
Dec 14 16:56:41 cls sshd[55951]: Disconnected from invalid user administrador 194.107.115.11 port 34866 [preauth]
Dec 14 16:56:42 cls sshd[55947]: Received disconnect from 45.78.194.32 port 42588:11: Bye Bye [preauth]
Dec 14 16:56:42 cls sshd[55947]: Disconnected from authenticating user root 45.78.194.32 port 42588 [preauth]
Dec 14 16:56:43 cls sshd[55949]: Received disconnect from 161.18.228.75 port 32812:11: Bye Bye [preauth]
Dec 14 16:56:43 cls sshd[55949]: Disconnected from authenticating user root 161.18.228.75 port 32812 [preauth]
Dec 14 16:56:43 cls sshd[55956]: pam_unix(sshd:auth): authentication failure; logname= uid=0 euid=0 tty=ssh ruser= rhost=172.211.56.214  user=root
Dec 14 16:56:44 cls sshd[55958]: pam_unix(sshd:auth): authentication failure; logname= uid=0 euid=0 tty=ssh ruser= rhost=42.200.78.78  user=root
Dec 14 16:56:46 cls sshd[55956]: Failed password for root from 172.211.56.214 port 54694 ssh2
Dec 14 16:56:46 cls sshd[55958]: Failed password for root from 42.200.78.78 port 33744 ssh2
Dec 14 16:56:46 cls sshd[55956]: Received disconnect from 172.211.56.214 port 54694:11: Bye Bye [preauth]
Dec 14 16:56:46 cls sshd[55956]: Disconnected from authenticating user root 172.211.56.214 port 54694 [preauth]
Dec 14 16:56:46 cls sshd[55958]: Received disconnect from 42.200.78.78 port 33744:11: Bye Bye [preauth]
Dec 14 16:56:46 cls sshd[55958]: Disconnected from authenticating user root 42.200.78.78 port 33744 [preauth]
Dec 14 16:56:49 cls sshd[55965]: Invalid user njzf from 58.98.199.45 port 50418
Dec 14 16:56:49 cls sshd[55965]: pam_unix(sshd:auth): check pass; user unknown
Dec 14 16:56:49 cls sshd[55965]: pam_unix(sshd:auth): authentication failure; logname= uid=0 euid=0 tty=ssh ruser= rhost=58.98.199.45 
Dec 14 16:56:52 cls sshd[55965]: Failed password for invalid user njzf from 58.98.199.45 port 50418 ssh2
Dec 14 16:56:53 cls sshd[55965]: Received disconnect from 58.98.199.45 port 50418:11: Bye Bye [preauth]
Dec 14 16:56:53 cls sshd[55965]: Disconnected from invalid user njzf 58.98.199.45 port 50418 [preauth]
Dec 14 16:57:13 cls sshd[55981]: pam_unix(sshd:auth): authentication failure; logname= uid=0 euid=0 tty=ssh ruser= rhost=165.154.197.167  user=root
Dec 14 16:57:15 cls sshd[55981]: Failed password for root from 165.154.197.167 port 57684 ssh2
Dec 14 16:57:15 cls sshd[55981]: Received disconnect from 165.154.197.167 port 57684:11: Bye Bye [preauth]
Dec 14 16:57:15 cls sshd[55981]: Disconnected from authenticating user root 165.154.197.167 port 57684 [preauth]
Dec 14 16:57:18 cls sshd[55986]: Invalid user git from 194.107.115.11 port 46950
Dec 14 16:57:18 cls sshd[55986]: pam_unix(sshd:auth): check pass; user unknown
Dec 14 16:57:18 cls sshd[55986]: pam_unix(sshd:auth): authentication failure; logname= uid=0 euid=0 tty=ssh ruser= rhost=194.107.115.11 
Dec 14 16:57:18 cls sshd[55988]: pam_unix(sshd:auth): authentication failure; logname= uid=0 euid=0 tty=ssh ruser= rhost=161.18.228.75  user=root
Dec 14 16:57:19 cls sshd[55986]: Failed password for invalid user git from 194.107.115.11 port 46950 ssh2
Dec 14 16:57:20 cls sshd[55988]: Failed password for root from 161.18.228.75 port 46262 ssh2
Dec 14 16:57:21 cls sshd[55986]: Received disconnect from 194.107.115.11 port 46950:11: Bye Bye [preauth]
Dec 14 16:57:21 cls sshd[55986]: Disconnected from invalid user git 194.107.115.11 port 46950 [preauth]
Dec 14 16:57:21 cls sshd[55988]: Received disconnect from 161.18.228.75 port 46262:11: Bye Bye [preauth]
Dec 14 16:57:21 cls sshd[55988]: Disconnected from authenticating user root 161.18.228.75 port 46262 [preauth]
Dec 14 16:57:22 cls sshd[56000]: pam_unix(sshd:auth): authentication failure; logname= uid=0 euid=0 tty=ssh ruser= rhost=42.200.78.78  user=root
Dec 14 16:57:24 cls sshd[56000]: Failed password for root from 42.200.78.78 port 46120 ssh2
Dec 14 16:57:25 cls sshd[56000]: Received disconnect from 42.200.78.78 port 46120:11: Bye Bye [preauth]
Dec 14 16:57:25 cls sshd[56000]: Disconnected from authenticating user root 42.200.78.78 port 46120 [preauth]
Dec 14 16:57:34 cls sshd[56002]: Invalid user developer from 172.211.56.214 port 53920
Dec 14 16:57:34 cls sshd[56002]: pam_unix(sshd:auth): check pass; user unknown
Dec 14 16:57:34 cls sshd[56002]: pam_unix(sshd:auth): authentication failure; logname= uid=0 euid=0 tty=ssh ruser= rhost=172.211.56.214 
Dec 14 16:57:37 cls sshd[56002]: Failed password for invalid user developer from 172.211.56.214 port 53920 ssh2
Dec 14 16:57:37 cls sshd[56002]: Received disconnect from 172.211.56.214 port 53920:11: Bye Bye [preauth]
Dec 14 16:57:37 cls sshd[56002]: Disconnected from invalid user developer 172.211.56.214 port 53920 [preauth]
Dec 14 16:57:54 cls sshd[56010]: Connection closed by 45.78.194.32 port 58462 [preauth]
Dec 14 16:57:56 cls sshd[56014]: Invalid user server from 194.107.115.11 port 59026
Dec 14 16:57:56 cls sshd[56014]: pam_unix(sshd:auth): check pass; user unknown
Dec 14 16:57:56 cls sshd[56014]: pam_unix(sshd:auth): authentication failure; logname= uid=0 euid=0 tty=ssh ruser= rhost=194.107.115.11 
Dec 14 16:57:58 cls sshd[56014]: Failed password for invalid user server from 194.107.115.11 port 59026 ssh2
Dec 14 16:57:58 cls sshd[56014]: Received disconnect from 194.107.115.11 port 59026:11: Bye Bye [preauth]
Dec 14 16:57:58 cls sshd[56014]: Disconnected from invalid user server 194.107.115.11 port 59026 [preauth]
Dec 14 16:57:58 cls sshd[56016]: pam_unix(sshd:auth): authentication failure; logname= uid=0 euid=0 tty=ssh ruser= rhost=42.200.78.78  user=root
Dec 14 16:57:59 cls sshd[56017]: Invalid user yzh from 161.18.228.75 port 59710
Dec 14 16:57:59 cls sshd[56017]: pam_unix(sshd:auth): check pass; user unknown
Dec 14 16:57:59 cls sshd[56017]: pam_unix(sshd:auth): authentication failure; logname= uid=0 euid=0 tty=ssh ruser= rhost=161.18.228.75 
Dec 14 16:58:00 cls sshd[56016]: Failed password for root from 42.200.78.78 port 58494 ssh2
Dec 14 16:58:01 cls sshd[56016]: Received disconnect from 42.200.78.78 port 58494:11: Bye Bye [preauth]
Dec 14 16:58:01 cls sshd[56016]: Disconnected from authenticating user root 42.200.78.78 port 58494 [preauth]
Dec 14 16:58:02 cls sshd[56017]: Failed password for invalid user yzh from 161.18.228.75 port 59710 ssh2
Dec 14 16:58:02 cls sshd[56020]: pam_unix(sshd:auth): authentication failure; logname= uid=0 euid=0 tty=ssh ruser= rhost=165.154.197.167  user=root
Dec 14 16:58:03 cls sshd[56017]: Received disconnect from 161.18.228.75 port 59710:11: Bye Bye [preauth]
Dec 14 16:58:03 cls sshd[56017]: Disconnected from invalid user yzh 161.18.228.75 port 59710 [preauth]
Dec 14 16:58:03 cls sshd[56020]: Failed password for root from 165.154.197.167 port 39596 ssh2
Dec 14 16:58:05 cls sshd[56020]: Received disconnect from 165.154.197.167 port 39596:11: Bye Bye [preauth]
Dec 14 16:58:05 cls sshd[56020]: Disconnected from authenticating user root 165.154.197.167 port 39596 [preauth]
Dec 14 16:58:15 cls sshd[56024]: pam_unix(sshd:auth): authentication failure; logname= uid=0 euid=0 tty=ssh ruser= rhost=58.98.199.45  user=root
Dec 14 16:58:16 cls sshd[56024]: Failed password for root from 58.98.199.45 port 40369 ssh2
Dec 14 16:58:18 cls sshd[56024]: Received disconnect from 58.98.199.45 port 40369:11: Bye Bye [preauth]
Dec 14 16:58:18 cls sshd[56024]: Disconnected from authenticating user root 58.98.199.45 port 40369 [preauth]
Dec 14 16:58:33 cls sshd[56032]: Invalid user test from 194.107.115.11 port 14602
Dec 14 16:58:33 cls sshd[56032]: pam_unix(sshd:auth): check pass; user unknown
Dec 14 16:58:33 cls sshd[56032]: pam_unix(sshd:auth): authentication failure; logname= uid=0 euid=0 tty=ssh ruser= rhost=194.107.115.11 
Dec 14 16:58:33 cls sshd[56034]: Invalid user user from 172.211.56.214 port 42802
Dec 14 16:58:33 cls sshd[56034]: pam_unix(sshd:auth): check pass; user unknown
Dec 14 16:58:33 cls sshd[56034]: pam_unix(sshd:auth): authentication failure; logname= uid=0 euid=0 tty=ssh ruser= rhost=172.211.56.214 
Dec 14 16:58:33 cls sshd[56039]: pam_unix(sshd:auth): authentication failure; logname= uid=0 euid=0 tty=ssh ruser= rhost=42.200.78.78  user=root
Dec 14 16:58:35 cls sshd[56032]: Failed password for invalid user test from 194.107.115.11 port 14602 ssh2
Dec 14 16:58:35 cls sshd[56034]: Failed password for invalid user user from 172.211.56.214 port 42802 ssh2
Dec 14 16:58:35 cls sshd[56039]: Failed password for root from 42.200.78.78 port 42634 ssh2
Dec 14 16:58:36 cls sshd[56039]: Received disconnect from 42.200.78.78 port 42634:11: Bye Bye [preauth]
Dec 14 16:58:36 cls sshd[56039]: Disconnected from authenticating user root 42.200.78.78 port 42634 [preauth]
Dec 14 16:58:36 cls sshd[56032]: Received disconnect from 194.107.115.11 port 14602:11: Bye Bye [preauth]
Dec 14 16:58:36 cls sshd[56032]: Disconnected from invalid user test 194.107.115.11 port 14602 [preauth]
Dec 14 16:58:37 cls sshd[56034]: Received disconnect from 172.211.56.214 port 42802:11: Bye Bye [preauth]
Dec 14 16:58:37 cls sshd[56034]: Disconnected from invalid user user 172.211.56.214 port 42802 [preauth]
Dec 14 16:58:38 cls sshd[56057]: Invalid user opc from 161.18.228.75 port 44932
Dec 14 16:58:38 cls sshd[56057]: pam_unix(sshd:auth): check pass; user unknown
Dec 14 16:58:38 cls sshd[56057]: pam_unix(sshd:auth): authentication failure; logname= uid=0 euid=0 tty=ssh ruser= rhost=161.18.228.75 
Dec 14 16:58:39 cls sshd[56057]: Failed password for invalid user opc from 161.18.228.75 port 44932 ssh2
Dec 14 16:58:40 cls sshd[56057]: Received disconnect from 161.18.228.75 port 44932:11: Bye Bye [preauth]
Dec 14 16:58:40 cls sshd[56057]: Disconnected from invalid user opc 161.18.228.75 port 44932 [preauth]
Dec 14 16:58:52 cls sshd[56060]: pam_unix(sshd:auth): authentication failure; logname= uid=0 euid=0 tty=ssh ruser= rhost=165.154.197.167  user=root
Dec 14 16:58:53 cls sshd[56060]: Failed password for root from 165.154.197.167 port 50088 ssh2
Dec 14 16:58:54 cls sshd[56060]: Received disconnect from 165.154.197.167 port 50088:11: Bye Bye [preauth]
Dec 14 16:58:54 cls sshd[56060]: Disconnected from authenticating user root 165.154.197.167 port 50088 [preauth]
Dec 14 16:59:06 cls sshd[56062]: Invalid user d from 45.78.194.32 port 48224
Dec 14 16:59:06 cls sshd[56062]: pam_unix(sshd:auth): check pass; user unknown
Dec 14 16:59:06 cls sshd[56062]: pam_unix(sshd:auth): authentication failure; logname= uid=0 euid=0 tty=ssh ruser= rhost=45.78.194.32 
Dec 14 16:59:07 cls sshd[56062]: Failed password for invalid user d from 45.78.194.32 port 48224 ssh2
Dec 14 16:59:09 cls sshd[56062]: Received disconnect from 45.78.194.32 port 48224:11: Bye Bye [preauth]
Dec 14 16:59:09 cls sshd[56062]: Disconnected from invalid user d 45.78.194.32 port 48224 [preauth]
Dec 14 16:59:09 cls sshd[56066]: Invalid user monitor from 42.200.78.78 port 55008
Dec 14 16:59:09 cls sshd[56066]: pam_unix(sshd:auth): check pass; user unknown
Dec 14 16:59:09 cls sshd[56066]: pam_unix(sshd:auth): authentication failure; logname= uid=0 euid=0 tty=ssh ruser= rhost=42.200.78.78 
Dec 14 16:59:10 cls sshd[56064]: pam_unix(sshd:auth): authentication failure; logname= uid=0 euid=0 tty=ssh ruser= rhost=194.107.115.11  user=root
Dec 14 16:59:11 cls sshd[56066]: Failed password for invalid user monitor from 42.200.78.78 port 55008 ssh2
Dec 14 16:59:12 cls sshd[56064]: Failed password for root from 194.107.115.11 port 26682 ssh2
Dec 14 16:59:12 cls sshd[56064]: Received disconnect from 194.107.115.11 port 26682:11: Bye Bye [preauth]
Dec 14 16:59:12 cls sshd[56064]: Disconnected from authenticating user root 194.107.115.11 port 26682 [preauth]
Dec 14 16:59:12 cls sshd[56066]: Received disconnect from 42.200.78.78 port 55008:11: Bye Bye [preauth]
Dec 14 16:59:12 cls sshd[56066]: Disconnected from invalid user monitor 42.200.78.78 port 55008 [preauth]
Dec 14 16:59:18 cls sshd[56071]: Invalid user dj from 161.18.228.75 port 58410
Dec 14 16:59:18 cls sshd[56071]: pam_unix(sshd:auth): check pass; user unknown
Dec 14 16:59:18 cls sshd[56071]: pam_unix(sshd:auth): authentication failure; logname= uid=0 euid=0 tty=ssh ruser= rhost=161.18.228.75 
Dec 14 16:59:20 cls sshd[56071]: Failed password for invalid user dj from 161.18.228.75 port 58410 ssh2
Dec 14 16:59:21 cls sshd[56071]: Received disconnect from 161.18.228.75 port 58410:11: Bye Bye [preauth]
Dec 14 16:59:21 cls sshd[56071]: Disconnected from invalid user dj 161.18.228.75 port 58410 [preauth]
Dec 14 16:59:26 cls sshd[56076]: Invalid user yunpeng from 172.211.56.214 port 57558
Dec 14 16:59:26 cls sshd[56076]: pam_unix(sshd:auth): check pass; user unknown
Dec 14 16:59:26 cls sshd[56076]: pam_unix(sshd:auth): authentication failure; logname= uid=0 euid=0 tty=ssh ruser= rhost=172.211.56.214 
Dec 14 16:59:28 cls sshd[56076]: Failed password for invalid user yunpeng from 172.211.56.214 port 57558 ssh2
Dec 14 16:59:29 cls sshd[56076]: Received disconnect from 172.211.56.214 port 57558:11: Bye Bye [preauth]
Dec 14 16:59:29 cls sshd[56076]: Disconnected from invalid user yunpeng 172.211.56.214 port 57558 [preauth]
Dec 14 16:59:39 cls sshd[56083]: Invalid user admin1 from 58.98.199.45 port 59407
Dec 14 16:59:39 cls sshd[56083]: pam_unix(sshd:auth): check pass; user unknown
Dec 14 16:59:39 cls sshd[56083]: pam_unix(sshd:auth): authentication failure; logname= uid=0 euid=0 tty=ssh ruser= rhost=58.98.199.45 
Dec 14 16:59:41 cls sshd[56083]: Failed password for invalid user admin1 from 58.98.199.45 port 59407 ssh2
Dec 14 16:59:41 cls sshd[56088]: pam_unix(sshd:auth): authentication failure; logname= uid=0 euid=0 tty=ssh ruser= rhost=165.154.197.167  user=root
Dec 14 16:59:42 cls sshd[56083]: Received disconnect from 58.98.199.45 port 59407:11: Bye Bye [preauth]
Dec 14 16:59:42 cls sshd[56083]: Disconnected from invalid user admin1 58.98.199.45 port 59407 [preauth]
Dec 14 16:59:43 cls sshd[56090]: pam_unix(sshd:auth): authentication failure; logname= uid=0 euid=0 tty=ssh ruser= rhost=42.200.78.78  user=root
Dec 14 16:59:43 cls sshd[56088]: Failed password for root from 165.154.197.167 port 58974 ssh2
Dec 14 16:59:44 cls sshd[56088]: Received disconnect from 165.154.197.167 port 58974:11: Bye Bye [preauth]
Dec 14 16:59:44 cls sshd[56088]: Disconnected from authenticating user root 165.154.197.167 port 58974 [preauth]
Dec 14 16:59:45 cls sshd[56090]: Failed password for root from 42.200.78.78 port 39148 ssh2
Dec 14 16:59:45 cls sshd[56090]: Received disconnect from 42.200.78.78 port 39148:11: Bye Bye [preauth]
Dec 14 16:59:45 cls sshd[56090]: Disconnected from authenticating user root 42.200.78.78 port 39148 [preauth]
Dec 14 16:59:50 cls sshd[56092]: pam_unix(sshd:auth): authentication failure; logname= uid=0 euid=0 tty=ssh ruser= rhost=194.107.115.11  user=root
Dec 14 16:59:51 cls sshd[56092]: Failed password for root from 194.107.115.11 port 38760 ssh2
Dec 14 16:59:52 cls sshd[56092]: Received disconnect from 194.107.115.11 port 38760:11: Bye Bye [preauth]
Dec 14 16:59:52 cls sshd[56092]: Disconnected from authenticating user root 194.107.115.11 port 38760 [preauth]
Dec 14 16:59:57 cls sshd[56094]: Invalid user admin from 161.18.228.75 port 43610
Dec 14 16:59:57 cls sshd[56094]: pam_unix(sshd:auth): check pass; user unknown
Dec 14 16:59:57 cls sshd[56094]: pam_unix(sshd:auth): authentication failure; logname= uid=0 euid=0 tty=ssh ruser= rhost=161.18.228.75 
Dec 14 16:59:59 cls sshd[56094]: Failed password for invalid user admin from 161.18.228.75 port 43610 ssh2
Dec 14 17:00:01 cls sshd[56094]: Received disconnect from 161.18.228.75 port 43610:11: Bye Bye [preauth]
Dec 14 17:00:01 cls sshd[56094]: Disconnected from invalid user admin 161.18.228.75 port 43610 [preauth]
Dec 14 17:00:01 cls CRON[56096]: pam_unix(cron:session): session opened for user akriveia by (uid=0)
Dec 14 17:00:01 cls CRON[56096]: pam_unix(cron:session): session closed for user akriveia
Dec 14 17:00:18 cls sshd[56104]: pam_unix(sshd:auth): authentication failure; logname= uid=0 euid=0 tty=ssh ruser= rhost=42.200.78.78  user=root
Dec 14 17:00:20 cls sshd[56107]: Invalid user vpn from 172.211.56.214 port 48074
Dec 14 17:00:20 cls sshd[56107]: pam_unix(sshd:auth): check pass; user unknown
Dec 14 17:00:20 cls sshd[56107]: pam_unix(sshd:auth): authentication failure; logname= uid=0 euid=0 tty=ssh ruser= rhost=172.211.56.214 
Dec 14 17:00:20 cls sshd[56104]: Failed password for root from 42.200.78.78 port 51522 ssh2
Dec 14 17:00:21 cls sshd[56104]: Received disconnect from 42.200.78.78 port 51522:11: Bye Bye [preauth]
Dec 14 17:00:21 cls sshd[56104]: Disconnected from authenticating user root 42.200.78.78 port 51522 [preauth]
Dec 14 17:00:21 cls sshd[56109]: pam_unix(sshd:auth): authentication failure; logname= uid=0 euid=0 tty=ssh ruser= rhost=45.78.194.32  user=root
Dec 14 17:00:22 cls sshd[56107]: Failed password for invalid user vpn from 172.211.56.214 port 48074 ssh2
Dec 14 17:00:22 cls sshd[56107]: Received disconnect from 172.211.56.214 port 48074:11: Bye Bye [preauth]
Dec 14 17:00:22 cls sshd[56107]: Disconnected from invalid user vpn 172.211.56.214 port 48074 [preauth]
Dec 14 17:00:23 cls sshd[56109]: Failed password for root from 45.78.194.32 port 52306 ssh2
Dec 14 17:00:24 cls sshd[56109]: Received disconnect from 45.78.194.32 port 52306:11: Bye Bye [preauth]
Dec 14 17:00:24 cls sshd[56109]: Disconnected from authenticating user root 45.78.194.32 port 52306 [preauth]
Dec 14 17:00:27 cls sshd[56112]: Invalid user temp from 194.107.115.11 port 50842
Dec 14 17:00:27 cls sshd[56112]: pam_unix(sshd:auth): check pass; user unknown
Dec 14 17:00:27 cls sshd[56112]: pam_unix(sshd:auth): authentication failure; logname= uid=0 euid=0 tty=ssh ruser= rhost=194.107.115.11 
Dec 14 17:00:29 cls sshd[56112]: Failed password for invalid user temp from 194.107.115.11 port 50842 ssh2
Dec 14 17:00:30 cls sshd[56112]: Received disconnect from 194.107.115.11 port 50842:11: Bye Bye [preauth]
Dec 14 17:00:30 cls sshd[56112]: Disconnected from invalid user temp 194.107.115.11 port 50842 [preauth]
Dec 14 17:00:30 cls sshd[56114]: Invalid user brenda from 165.154.197.167 port 52326
Dec 14 17:00:30 cls sshd[56114]: pam_unix(sshd:auth): check pass; user unknown
Dec 14 17:00:30 cls sshd[56114]: pam_unix(sshd:auth): authentication failure; logname= uid=0 euid=0 tty=ssh ruser= rhost=165.154.197.167 
Dec 14 17:00:32 cls sshd[56114]: Failed password for invalid user brenda from 165.154.197.167 port 52326 ssh2
Dec 14 17:00:33 cls sshd[56114]: Received disconnect from 165.154.197.167 port 52326:11: Bye Bye [preauth]
Dec 14 17:00:33 cls sshd[56114]: Disconnected from invalid user brenda 165.154.197.167 port 52326 [preauth]
Dec 14 17:00:36 cls sshd[56119]: pam_unix(sshd:auth): authentication failure; logname= uid=0 euid=0 tty=ssh ruser= rhost=161.18.228.75  user=root
Dec 14 17:00:38 cls sshd[56119]: Failed password for root from 161.18.228.75 port 57056 ssh2
Dec 14 17:00:39 cls sshd[56119]: Received disconnect from 161.18.228.75 port 57056:11: Bye Bye [preauth]
Dec 14 17:00:39 cls sshd[56119]: Disconnected from authenticating user root 161.18.228.75 port 57056 [preauth]
Dec 14 17:00:41 cls sshd[56121]: Invalid user tiptop from 181.212.81.228 port 43660
Dec 14 17:00:41 cls sshd[56121]: pam_unix(sshd:auth): check pass; user unknown
Dec 14 17:00:41 cls sshd[56121]: pam_unix(sshd:auth): authentication failure; logname= uid=0 euid=0 tty=ssh ruser= rhost=181.212.81.228 
Dec 14 17:00:43 cls sshd[56121]: Failed password for invalid user tiptop from 181.212.81.228 port 43660 ssh2
Dec 14 17:00:44 cls sshd[56121]: Received disconnect from 181.212.81.228 port 43660:11: Bye Bye [preauth]
Dec 14 17:00:44 cls sshd[56121]: Disconnected from invalid user tiptop 181.212.81.228 port 43660 [preauth]
Dec 14 17:00:53 cls sshd[56128]: pam_unix(sshd:auth): authentication failure; logname= uid=0 euid=0 tty=ssh ruser= rhost=42.200.78.78  user=root
Dec 14 17:00:55 cls sshd[56128]: Failed password for root from 42.200.78.78 port 35662 ssh2
Dec 14 17:00:56 cls sshd[56128]: Received disconnect from 42.200.78.78 port 35662:11: Bye Bye [preauth]
Dec 14 17:00:56 cls sshd[56128]: Disconnected from authenticating user root 42.200.78.78 port 35662 [preauth]
Dec 14 17:00:59 cls sshd[56130]: Invalid user malik from 58.98.199.45 port 49765
Dec 14 17:00:59 cls sshd[56130]: pam_unix(sshd:auth): check pass; user unknown
Dec 14 17:00:59 cls sshd[56130]: pam_unix(sshd:auth): authentication failure; logname= uid=0 euid=0 tty=ssh ruser= rhost=58.98.199.45 
Dec 14 17:01:01 cls sshd[56130]: Failed password for invalid user malik from 58.98.199.45 port 49765 ssh2
Dec 14 17:01:02 cls sshd[56130]: Received disconnect from 58.98.199.45 port 49765:11: Bye Bye [preauth]
Dec 14 17:01:02 cls sshd[56130]: Disconnected from invalid user malik 58.98.199.45 port 49765 [preauth]
Dec 14 17:01:10 cls sshd[56136]: Invalid user db2fenc1 from 172.211.56.214 port 56266
Dec 14 17:01:10 cls sshd[56136]: pam_unix(sshd:auth): check pass; user unknown
Dec 14 17:01:10 cls sshd[56136]: pam_unix(sshd:auth): authentication failure; logname= uid=0 euid=0 tty=ssh ruser= rhost=172.211.56.214 
Dec 14 17:01:10 cls sshd[56134]: pam_unix(sshd:auth): authentication failure; logname= uid=0 euid=0 tty=ssh ruser= rhost=194.107.115.11  user=root
Dec 14 17:01:12 cls sshd[56136]: Failed password for invalid user db2fenc1 from 172.211.56.214 port 56266 ssh2
Dec 14 17:01:13 cls sshd[56134]: Failed password for root from 194.107.115.11 port 62922 ssh2
Dec 14 17:01:13 cls sshd[56134]: Received disconnect from 194.107.115.11 port 62922:11: Bye Bye [preauth]
Dec 14 17:01:13 cls sshd[56134]: Disconnected from authenticating user root 194.107.115.11 port 62922 [preauth]
Dec 14 17:01:14 cls sshd[56136]: Received disconnect from 172.211.56.214 port 56266:11: Bye Bye [preauth]
Dec 14 17:01:14 cls sshd[56136]: Disconnected from invalid user db2fenc1 172.211.56.214 port 56266 [preauth]
Dec 14 17:01:14 cls sshd[56138]: pam_unix(sshd:auth): authentication failure; logname= uid=0 euid=0 tty=ssh ruser= rhost=161.18.228.75  user=root
Dec 14 17:01:16 cls sshd[56138]: Failed password for root from 161.18.228.75 port 42268 ssh2
Dec 14 17:01:17 cls sshd[56138]: Received disconnect from 161.18.228.75 port 42268:11: Bye Bye [preauth]
Dec 14 17:01:17 cls sshd[56138]: Disconnected from authenticating user root 161.18.228.75 port 42268 [preauth]
Dec 14 17:01:21 cls sshd[56147]: Invalid user admin from 165.154.197.167 port 46322
Dec 14 17:01:21 cls sshd[56147]: pam_unix(sshd:auth): check pass; user unknown
Dec 14 17:01:21 cls sshd[56147]: pam_unix(sshd:auth): authentication failure; logname= uid=0 euid=0 tty=ssh ruser= rhost=165.154.197.167 
Dec 14 17:01:23 cls sshd[56147]: Failed password for invalid user admin from 165.154.197.167 port 46322 ssh2
Dec 14 17:01:24 cls sshd[56147]: Received disconnect from 165.154.197.167 port 46322:11: Bye Bye [preauth]
Dec 14 17:01:24 cls sshd[56147]: Disconnected from invalid user admin 165.154.197.167 port 46322 [preauth]
Dec 14 17:01:29 cls sshd[56150]: Invalid user dj from 42.200.78.78 port 48036
Dec 14 17:01:29 cls sshd[56150]: pam_unix(sshd:auth): check pass; user unknown
Dec 14 17:01:29 cls sshd[56150]: pam_unix(sshd:auth): authentication failure; logname= uid=0 euid=0 tty=ssh ruser= rhost=42.200.78.78 
Dec 14 17:01:31 cls sshd[56150]: Failed password for invalid user dj from 42.200.78.78 port 48036 ssh2
Dec 14 17:01:32 cls sshd[56150]: Received disconnect from 42.200.78.78 port 48036:11: Bye Bye [preauth]
Dec 14 17:01:32 cls sshd[56150]: Disconnected from invalid user dj 42.200.78.78 port 48036 [preauth]
Dec 14 17:01:39 cls sshd[56155]: Invalid user smart from 45.78.194.32 port 34014
Dec 14 17:01:39 cls sshd[56155]: pam_unix(sshd:auth): check pass; user unknown
Dec 14 17:01:39 cls sshd[56155]: pam_unix(sshd:auth): authentication failure; logname= uid=0 euid=0 tty=ssh ruser= rhost=45.78.194.32 
Dec 14 17:01:40 cls sshd[56155]: Failed password for invalid user smart from 45.78.194.32 port 34014 ssh2
Dec 14 17:01:42 cls sshd[56155]: Received disconnect from 45.78.194.32 port 34014:11: Bye Bye [preauth]
Dec 14 17:01:42 cls sshd[56155]: Disconnected from invalid user smart 45.78.194.32 port 34014 [preauth]
Dec 14 17:01:45 cls sshd[56160]: pam_unix(sshd:auth): authentication failure; logname= uid=0 euid=0 tty=ssh ruser= rhost=194.107.115.11  user=root
Dec 14 17:01:47 cls sshd[56160]: Failed password for root from 194.107.115.11 port 18496 ssh2
Dec 14 17:01:48 cls sshd[56160]: Received disconnect from 194.107.115.11 port 18496:11: Bye Bye [preauth]
Dec 14 17:01:48 cls sshd[56160]: Disconnected from authenticating user root 194.107.115.11 port 18496 [preauth]
Dec 14 17:01:54 cls sshd[56167]: pam_unix(sshd:auth): authentication failure; logname= uid=0 euid=0 tty=ssh ruser= rhost=161.18.228.75  user=root
Dec 14 17:01:56 cls sshd[56167]: Failed password for root from 161.18.228.75 port 55714 ssh2
Dec 14 17:01:57 cls sshd[56167]: Received disconnect from 161.18.228.75 port 55714:11: Bye Bye [preauth]
Dec 14 17:01:57 cls sshd[56167]: Disconnected from authenticating user root 161.18.228.75 port 55714 [preauth]
Dec 14 17:02:05 cls sshd[56171]: Invalid user arthur from 42.200.78.78 port 60410
Dec 14 17:02:05 cls sshd[56171]: pam_unix(sshd:auth): check pass; user unknown
Dec 14 17:02:05 cls sshd[56171]: pam_unix(sshd:auth): authentication failure; logname= uid=0 euid=0 tty=ssh ruser= rhost=42.200.78.78 
Dec 14 17:02:05 cls sshd[56169]: Invalid user administrator from 172.211.56.214 port 46758
Dec 14 17:02:05 cls sshd[56169]: pam_unix(sshd:auth): check pass; user unknown
Dec 14 17:02:05 cls sshd[56169]: pam_unix(sshd:auth): authentication failure; logname= uid=0 euid=0 tty=ssh ruser= rhost=172.211.56.214 
Dec 14 17:02:07 cls sshd[56171]: Failed password for invalid user arthur from 42.200.78.78 port 60410 ssh2
Dec 14 17:02:07 cls sshd[56169]: Failed password for invalid user administrator from 172.211.56.214 port 46758 ssh2
Dec 14 17:02:08 cls sshd[56169]: Received disconnect from 172.211.56.214 port 46758:11: Bye Bye [preauth]
Dec 14 17:02:08 cls sshd[56169]: Disconnected from invalid user administrator 172.211.56.214 port 46758 [preauth]
Dec 14 17:02:08 cls sshd[56171]: Received disconnect from 42.200.78.78 port 60410:11: Bye Bye [preauth]
Dec 14 17:02:08 cls sshd[56171]: Disconnected from invalid user arthur 42.200.78.78 port 60410 [preauth]
Dec 14 17:02:12 cls sshd[56176]: Invalid user gitlab-runner from 165.154.197.167 port 41978
Dec 14 17:02:12 cls sshd[56176]: pam_unix(sshd:auth): check pass; user unknown
Dec 14 17:02:12 cls sshd[56176]: pam_unix(sshd:auth): authentication failure; logname= uid=0 euid=0 tty=ssh ruser= rhost=165.154.197.167 
Dec 14 17:02:14 cls sshd[56176]: Failed password for invalid user gitlab-runner from 165.154.197.167 port 41978 ssh2
Dec 14 17:02:14 cls sshd[56176]: Received disconnect from 165.154.197.167 port 41978:11: Bye Bye [preauth]
Dec 14 17:02:14 cls sshd[56176]: Disconnected from invalid user gitlab-runner 165.154.197.167 port 41978 [preauth]
Dec 14 17:02:17 cls sshd[56178]: pam_unix(sshd:auth): authentication failure; logname= uid=0 euid=0 tty=ssh ruser= rhost=58.98.199.45  user=root
Dec 14 17:02:19 cls sshd[56178]: Failed password for root from 58.98.199.45 port 39651 ssh2
Dec 14 17:02:19 cls sshd[56178]: Received disconnect from 58.98.199.45 port 39651:11: Bye Bye [preauth]
Dec 14 17:02:19 cls sshd[56178]: Disconnected from authenticating user root 58.98.199.45 port 39651 [preauth]
Dec 14 17:02:22 cls sshd[56181]: pam_unix(sshd:auth): authentication failure; logname= uid=0 euid=0 tty=ssh ruser= rhost=181.212.81.228  user=root
Dec 14 17:02:22 cls sshd[56184]: Invalid user safeuser from 194.107.115.11 port 30576
Dec 14 17:02:23 cls sshd[56184]: pam_unix(sshd:auth): check pass; user unknown
Dec 14 17:02:23 cls sshd[56184]: pam_unix(sshd:auth): authentication failure; logname= uid=0 euid=0 tty=ssh ruser= rhost=194.107.115.11 
Dec 14 17:02:24 cls sshd[56181]: Failed password for root from 181.212.81.228 port 38280 ssh2
Dec 14 17:02:25 cls sshd[56184]: Failed password for invalid user safeuser from 194.107.115.11 port 30576 ssh2
Dec 14 17:02:25 cls sshd[56181]: Received disconnect from 181.212.81.228 port 38280:11: Bye Bye [preauth]
Dec 14 17:02:25 cls sshd[56181]: Disconnected from authenticating user root 181.212.81.228 port 38280 [preauth]
Dec 14 17:02:26 cls sshd[56184]: Received disconnect from 194.107.115.11 port 30576:11: Bye Bye [preauth]
Dec 14 17:02:26 cls sshd[56184]: Disconnected from invalid user safeuser 194.107.115.11 port 30576 [preauth]
Dec 14 17:02:32 cls sshd[56190]: Invalid user UBUNTU from 45.78.218.138 port 48834
Dec 14 17:02:32 cls sshd[56190]: pam_unix(sshd:auth): check pass; user unknown
Dec 14 17:02:32 cls sshd[56190]: pam_unix(sshd:auth): authentication failure; logname= uid=0 euid=0 tty=ssh ruser= rhost=45.78.218.138 
Dec 14 17:02:33 cls sshd[56188]: Invalid user useradmin from 161.18.228.75 port 40928
Dec 14 17:02:33 cls sshd[56188]: pam_unix(sshd:auth): check pass; user unknown
Dec 14 17:02:33 cls sshd[56188]: pam_unix(sshd:auth): authentication failure; logname= uid=0 euid=0 tty=ssh ruser= rhost=161.18.228.75 
Dec 14 17:02:34 cls sshd[56190]: Failed password for invalid user UBUNTU from 45.78.218.138 port 48834 ssh2
Dec 14 17:02:34 cls sshd[56190]: Received disconnect from 45.78.218.138 port 48834:11: Bye Bye [preauth]
Dec 14 17:02:34 cls sshd[56190]: Disconnected from invalid user UBUNTU 45.78.218.138 port 48834 [preauth]
Dec 14 17:02:34 cls sshd[56188]: Failed password for invalid user useradmin from 161.18.228.75 port 40928 ssh2
Dec 14 17:02:36 cls sshd[56188]: Received disconnect from 161.18.228.75 port 40928:11: Bye Bye [preauth]
Dec 14 17:02:36 cls sshd[56188]: Disconnected from invalid user useradmin 161.18.228.75 port 40928 [preauth]
Dec 14 17:02:41 cls sshd[56196]: pam_unix(sshd:auth): authentication failure; logname= uid=0 euid=0 tty=ssh ruser= rhost=42.200.78.78  user=root
Dec 14 17:02:44 cls sshd[56196]: Failed password for root from 42.200.78.78 port 44552 ssh2
Dec 14 17:02:44 cls sshd[56196]: Received disconnect from 42.200.78.78 port 44552:11: Bye Bye [preauth]
Dec 14 17:02:44 cls sshd[56196]: Disconnected from authenticating user root 42.200.78.78 port 44552 [preauth]
Dec 14 17:02:57 cls sshd[56198]: pam_unix(sshd:auth): authentication failure; logname= uid=0 euid=0 tty=ssh ruser= rhost=45.78.194.32  user=root
Dec 14 17:02:58 cls sshd[56200]: Invalid user matt from 172.211.56.214 port 52386
Dec 14 17:02:58 cls sshd[56200]: pam_unix(sshd:auth): check pass; user unknown
Dec 14 17:02:58 cls sshd[56200]: pam_unix(sshd:auth): authentication failure; logname= uid=0 euid=0 tty=ssh ruser= rhost=172.211.56.214 
Dec 14 17:02:59 cls sshd[56198]: Failed password for root from 45.78.194.32 port 58752 ssh2
Dec 14 17:03:00 cls sshd[56198]: Received disconnect from 45.78.194.32 port 58752:11: Bye Bye [preauth]
Dec 14 17:03:00 cls sshd[56198]: Disconnected from authenticating user root 45.78.194.32 port 58752 [preauth]
Dec 14 17:03:00 cls sshd[56200]: Failed password for invalid user matt from 172.211.56.214 port 52386 ssh2
Dec 14 17:03:00 cls sshd[56204]: Invalid user jeff from 194.107.115.11 port 42652
Dec 14 17:03:00 cls sshd[56204]: pam_unix(sshd:auth): check pass; user unknown
Dec 14 17:03:00 cls sshd[56204]: pam_unix(sshd:auth): authentication failure; logname= uid=0 euid=0 tty=ssh ruser= rhost=194.107.115.11 
Dec 14 17:03:02 cls sshd[56204]: Failed password for invalid user jeff from 194.107.115.11 port 42652 ssh2
Dec 14 17:03:02 cls sshd[56200]: Received disconnect from 172.211.56.214 port 52386:11: Bye Bye [preauth]
Dec 14 17:03:02 cls sshd[56200]: Disconnected from invalid user matt 172.211.56.214 port 52386 [preauth]
Dec 14 17:03:03 cls sshd[56204]: Received disconnect from 194.107.115.11 port 42652:11: Bye Bye [preauth]
Dec 14 17:03:03 cls sshd[56204]: Disconnected from invalid user jeff 194.107.115.11 port 42652 [preauth]
Dec 14 17:03:10 cls sshd[56221]: Invalid user user from 181.212.81.228 port 50488
Dec 14 17:03:10 cls sshd[56221]: pam_unix(sshd:auth): check pass; user unknown
Dec 14 17:03:10 cls sshd[56221]: pam_unix(sshd:auth): authentication failure; logname= uid=0 euid=0 tty=ssh ruser= rhost=181.212.81.228 
Dec 14 17:03:12 cls sshd[56224]: Invalid user myuser from 161.18.228.75 port 54368
Dec 14 17:03:12 cls sshd[56224]: pam_unix(sshd:auth): check pass; user unknown
Dec 14 17:03:12 cls sshd[56224]: pam_unix(sshd:auth): authentication failure; logname= uid=0 euid=0 tty=ssh ruser= rhost=161.18.228.75 
Dec 14 17:03:12 cls sshd[56221]: Failed password for invalid user user from 181.212.81.228 port 50488 ssh2
Dec 14 17:03:14 cls sshd[56221]: Received disconnect from 181.212.81.228 port 50488:11: Bye Bye [preauth]
Dec 14 17:03:14 cls sshd[56221]: Disconnected from invalid user user 181.212.81.228 port 50488 [preauth]
Dec 14 17:03:14 cls sshd[56224]: Failed password for invalid user myuser from 161.18.228.75 port 54368 ssh2
Dec 14 17:03:14 cls sshd[56224]: Received disconnect from 161.18.228.75 port 54368:11: Bye Bye [preauth]
Dec 14 17:03:14 cls sshd[56224]: Disconnected from invalid user myuser 161.18.228.75 port 54368 [preauth]
Dec 14 17:03:19 cls sshd[56236]: Invalid user myuser from 42.200.78.78 port 56932
Dec 14 17:03:19 cls sshd[56236]: pam_unix(sshd:auth): check pass; user unknown
Dec 14 17:03:19 cls sshd[56236]: pam_unix(sshd:auth): authentication failure; logname= uid=0 euid=0 tty=ssh ruser= rhost=42.200.78.78 
Dec 14 17:03:22 cls sshd[56236]: Failed password for invalid user myuser from 42.200.78.78 port 56932 ssh2
Dec 14 17:03:24 cls sshd[56236]: Received disconnect from 42.200.78.78 port 56932:11: Bye Bye [preauth]
Dec 14 17:03:24 cls sshd[56236]: Disconnected from invalid user myuser 42.200.78.78 port 56932 [preauth]
Dec 14 17:03:35 cls sshd[56241]: Invalid user danial from 58.98.199.45 port 57596
Dec 14 17:03:35 cls sshd[56241]: pam_unix(sshd:auth): check pass; user unknown
Dec 14 17:03:35 cls sshd[56241]: pam_unix(sshd:auth): authentication failure; logname= uid=0 euid=0 tty=ssh ruser= rhost=58.98.199.45 
Dec 14 17:03:36 cls sshd[56243]: Invalid user vpn from 194.107.115.11 port 54734
Dec 14 17:03:36 cls sshd[56243]: pam_unix(sshd:auth): check pass; user unknown
Dec 14 17:03:36 cls sshd[56243]: pam_unix(sshd:auth): authentication failure; logname= uid=0 euid=0 tty=ssh ruser= rhost=194.107.115.11 
Dec 14 17:03:37 cls sshd[56241]: Failed password for invalid user danial from 58.98.199.45 port 57596 ssh2
Dec 14 17:03:38 cls sshd[56243]: Failed password for invalid user vpn from 194.107.115.11 port 54734 ssh2
Dec 14 17:03:38 cls sshd[56241]: Received disconnect from 58.98.199.45 port 57596:11: Bye Bye [preauth]
Dec 14 17:03:38 cls sshd[56241]: Disconnected from invalid user danial 58.98.199.45 port 57596 [preauth]
Dec 14 17:03:40 cls sshd[56243]: Received disconnect from 194.107.115.11 port 54734:11: Bye Bye [preauth]
Dec 14 17:03:40 cls sshd[56243]: Disconnected from invalid user vpn 194.107.115.11 port 54734 [preauth]
Dec 14 17:03:50 cls sshd[56249]: pam_unix(sshd:auth): authentication failure; logname= uid=0 euid=0 tty=ssh ruser= rhost=161.18.228.75  user=root
Dec 14 17:03:50 cls sshd[56251]: pam_unix(sshd:auth): authentication failure; logname= uid=0 euid=0 tty=ssh ruser= rhost=172.211.56.214  user=root
Dec 14 17:03:51 cls sshd[56253]: pam_unix(sshd:auth): authentication failure; logname= uid=0 euid=0 tty=ssh ruser= rhost=181.212.81.228  user=root
Dec 14 17:03:52 cls sshd[56249]: Failed password for root from 161.18.228.75 port 39586 ssh2
Dec 14 17:03:52 cls sshd[56251]: Failed password for root from 172.211.56.214 port 47896 ssh2
Dec 14 17:03:53 cls sshd[56251]: Received disconnect from 172.211.56.214 port 47896:11: Bye Bye [preauth]
Dec 14 17:03:53 cls sshd[56251]: Disconnected from authenticating user root 172.211.56.214 port 47896 [preauth]
Dec 14 17:03:53 cls sshd[56249]: Received disconnect from 161.18.228.75 port 39586:11: Bye Bye [preauth]
Dec 14 17:03:53 cls sshd[56249]: Disconnected from authenticating user root 161.18.228.75 port 39586 [preauth]
Dec 14 17:03:53 cls sshd[56253]: Failed password for root from 181.212.81.228 port 34448 ssh2
Dec 14 17:03:54 cls sshd[56253]: Received disconnect from 181.212.81.228 port 34448:11: Bye Bye [preauth]
Dec 14 17:03:54 cls sshd[56253]: Disconnected from authenticating user root 181.212.81.228 port 34448 [preauth]
Dec 14 17:03:56 cls sshd[56257]: pam_unix(sshd:auth): authentication failure; logname= uid=0 euid=0 tty=ssh ruser= rhost=42.200.78.78  user=root
Dec 14 17:03:58 cls sshd[56257]: Failed password for root from 42.200.78.78 port 41074 ssh2
Dec 14 17:03:59 cls sshd[56257]: Received disconnect from 42.200.78.78 port 41074:11: Bye Bye [preauth]
Dec 14 17:03:59 cls sshd[56257]: Disconnected from authenticating user root 42.200.78.78 port 41074 [preauth]
Dec 14 17:04:14 cls sshd[56259]: pam_unix(sshd:auth): authentication failure; logname= uid=0 euid=0 tty=ssh ruser= rhost=194.107.115.11  user=root
Dec 14 17:04:16 cls sshd[56261]: Connection closed by 45.78.194.32 port 58382 [preauth]
Dec 14 17:04:17 cls sshd[56259]: Failed password for root from 194.107.115.11 port 10314 ssh2
Dec 14 17:04:17 cls sshd[56259]: Received disconnect from 194.107.115.11 port 10314:11: Bye Bye [preauth]
Dec 14 17:04:17 cls sshd[56259]: Disconnected from authenticating user root 194.107.115.11 port 10314 [preauth]
Dec 14 17:04:27 cls sshd[56263]: Invalid user vivek from 161.18.228.75 port 53024
Dec 14 17:04:27 cls sshd[56263]: pam_unix(sshd:auth): check pass; user unknown
Dec 14 17:04:27 cls sshd[56263]: pam_unix(sshd:auth): authentication failure; logname= uid=0 euid=0 tty=ssh ruser= rhost=161.18.228.75 
Dec 14 17:04:29 cls sshd[56263]: Failed password for invalid user vivek from 161.18.228.75 port 53024 ssh2
Dec 14 17:04:30 cls sshd[56263]: Received disconnect from 161.18.228.75 port 53024:11: Bye Bye [preauth]
Dec 14 17:04:30 cls sshd[56263]: Disconnected from invalid user vivek 161.18.228.75 port 53024 [preauth]
Dec 14 17:04:31 cls sshd[56265]: Invalid user deposito from 181.212.81.228 port 46640
Dec 14 17:04:31 cls sshd[56265]: pam_unix(sshd:auth): check pass; user unknown
Dec 14 17:04:31 cls sshd[56265]: pam_unix(sshd:auth): authentication failure; logname= uid=0 euid=0 tty=ssh ruser= rhost=181.212.81.228 
Dec 14 17:04:32 cls sshd[56267]: pam_unix(sshd:auth): authentication failure; logname= uid=0 euid=0 tty=ssh ruser= rhost=42.200.78.78  user=root
Dec 14 17:04:33 cls sshd[56265]: Failed password for invalid user deposito from 181.212.81.228 port 46640 ssh2
Dec 14 17:04:33 cls sshd[56265]: Received disconnect from 181.212.81.228 port 46640:11: Bye Bye [preauth]
Dec 14 17:04:33 cls sshd[56265]: Disconnected from invalid user deposito 181.212.81.228 port 46640 [preauth]
Dec 14 17:04:33 cls sshd[56267]: Failed password for root from 42.200.78.78 port 53444 ssh2
Dec 14 17:04:34 cls sshd[56267]: Received disconnect from 42.200.78.78 port 53444:11: Bye Bye [preauth]
Dec 14 17:04:34 cls sshd[56267]: Disconnected from authenticating user root 42.200.78.78 port 53444 [preauth]
Dec 14 17:04:42 cls sshd[56269]: pam_unix(sshd:auth): authentication failure; logname= uid=0 euid=0 tty=ssh ruser= rhost=172.211.56.214  user=root
Dec 14 17:04:44 cls sshd[56269]: Failed password for root from 172.211.56.214 port 35852 ssh2
Dec 14 17:04:45 cls sshd[56269]: Received disconnect from 172.211.56.214 port 35852:11: Bye Bye [preauth]
Dec 14 17:04:45 cls sshd[56269]: Disconnected from authenticating user root 172.211.56.214 port 35852 [preauth]
Dec 14 17:04:51 cls sshd[56274]: Invalid user web-user from 194.107.115.11 port 22380
Dec 14 17:04:51 cls sshd[56274]: pam_unix(sshd:auth): check pass; user unknown
Dec 14 17:04:51 cls sshd[56274]: pam_unix(sshd:auth): authentication failure; logname= uid=0 euid=0 tty=ssh ruser= rhost=194.107.115.11 
Dec 14 17:04:53 cls sshd[56276]: Invalid user oper from 58.98.199.45 port 47627
Dec 14 17:04:53 cls sshd[56276]: pam_unix(sshd:auth): check pass; user unknown
Dec 14 17:04:53 cls sshd[56276]: pam_unix(sshd:auth): authentication failure; logname= uid=0 euid=0 tty=ssh ruser= rhost=58.98.199.45 
Dec 14 17:04:53 cls sshd[56274]: Failed password for invalid user web-user from 194.107.115.11 port 22380 ssh2
Dec 14 17:04:54 cls sshd[56274]: Received disconnect from 194.107.115.11 port 22380:11: Bye Bye [preauth]
Dec 14 17:04:54 cls sshd[56274]: Disconnected from invalid user web-user 194.107.115.11 port 22380 [preauth]
Dec 14 17:04:54 cls sshd[56276]: Failed password for invalid user oper from 58.98.199.45 port 47627 ssh2
Dec 14 17:04:56 cls sshd[56276]: Received disconnect from 58.98.199.45 port 47627:11: Bye Bye [preauth]
Dec 14 17:04:56 cls sshd[56276]: Disconnected from invalid user oper 58.98.199.45 port 47627 [preauth]
Dec 14 17:05:05 cls sshd[56281]: Invalid user administrator from 161.18.228.75 port 38244
Dec 14 17:05:05 cls sshd[56281]: pam_unix(sshd:auth): check pass; user unknown
Dec 14 17:05:05 cls sshd[56281]: pam_unix(sshd:auth): authentication failure; logname= uid=0 euid=0 tty=ssh ruser= rhost=161.18.228.75 
Dec 14 17:05:07 cls sshd[56283]: Invalid user kibana from 42.200.78.78 port 37586
Dec 14 17:05:07 cls sshd[56283]: pam_unix(sshd:auth): check pass; user unknown
Dec 14 17:05:07 cls sshd[56283]: pam_unix(sshd:auth): authentication failure; logname= uid=0 euid=0 tty=ssh ruser= rhost=42.200.78.78 
Dec 14 17:05:07 cls sshd[56281]: Failed password for invalid user administrator from 161.18.228.75 port 38244 ssh2
Dec 14 17:05:08 cls sshd[56281]: Received disconnect from 161.18.228.75 port 38244:11: Bye Bye [preauth]
Dec 14 17:05:08 cls sshd[56281]: Disconnected from invalid user administrator 161.18.228.75 port 38244 [preauth]
Dec 14 17:05:09 cls sshd[56283]: Failed password for invalid user kibana from 42.200.78.78 port 37586 ssh2
Dec 14 17:05:10 cls sshd[56288]: Invalid user postgres from 181.212.81.228 port 58834
Dec 14 17:05:10 cls sshd[56288]: pam_unix(sshd:auth): check pass; user unknown
Dec 14 17:05:10 cls sshd[56288]: pam_unix(sshd:auth): authentication failure; logname= uid=0 euid=0 tty=ssh ruser= rhost=181.212.81.228 
Dec 14 17:05:10 cls sshd[56283]: Received disconnect from 42.200.78.78 port 37586:11: Bye Bye [preauth]
Dec 14 17:05:10 cls sshd[56283]: Disconnected from invalid user kibana 42.200.78.78 port 37586 [preauth]
Dec 14 17:05:12 cls sshd[56288]: Failed password for invalid user postgres from 181.212.81.228 port 58834 ssh2
Dec 14 17:05:15 cls sshd[56288]: Received disconnect from 181.212.81.228 port 58834:11: Bye Bye [preauth]
Dec 14 17:05:15 cls sshd[56288]: Disconnected from invalid user postgres 181.212.81.228 port 58834 [preauth]
Dec 14 17:05:26 cls sshd[56293]: pam_unix(sshd:auth): authentication failure; logname= uid=0 euid=0 tty=ssh ruser= rhost=194.107.115.11  user=root
