Dec 14 16:42:15 cls sshd[55563]: Failed password for root from 165.154.197.167 port 38876 ssh2
Dec 14 16:42:16 cls sshd[55567]: Invalid user ftpuser from 162.240.212.247 port 60452
Dec 14 16:42:16 cls sshd[55567]: pam_unix(sshd:auth): check pass; user unknown
Dec 14 16:42:16 cls sshd[55567]: pam_unix(sshd:auth): authentication failure; logname= uid=0 euid=0 tty=ssh ruser= rhost=162.240.212.247 
Dec 14 16:42:16 cls sshd[55563]: Received disconnect from 165.154.197.167 port 38876:11: Bye Bye [preauth]
Dec 14 16:42:16 cls sshd[55563]: Disconnected from authenticating user root 165.154.197.167 port 38876 [preauth]
Dec 14 16:42:16 cls sshd[55565]: Failed password for invalid user zhou from 58.98.199.45 port 50628 ssh2
Dec 14 16:42:17 cls sshd[55569]: pam_unix(sshd:auth): authentication failure; logname= uid=0 euid=0 tty=ssh ruser= rhost=149.104.111.235  user=root
Dec 14 16:42:17 cls sshd[55565]: Received disconnect from 58.98.199.45 port 50628:11: Bye Bye [preauth]
Dec 14 16:42:17 cls sshd[55565]: Disconnected from invalid user zhou 58.98.199.45 port 50628 [preauth]
Dec 14 16:42:18 cls sshd[55567]: Failed password for invalid user ftpuser from 162.240.212.247 port 60452 ssh2
Dec 14 16:42:18 cls sshd[55567]: Received disconnect from 162.240.212.247 port 60452:11: Bye Bye [preauth]
Dec 14 16:42:18 cls sshd[55567]: Disconnected from invalid user ftpuser 162.240.212.247 port 60452 [preauth]
Dec 14 16:42:18 cls sshd[55569]: Failed password for root from 149.104.111.235 port 45814 ssh2
Dec 14 16:42:19 cls sshd[55569]: Received disconnect from 149.104.111.235 port 45814:11: Bye Bye [preauth]
Dec 14 16:42:19 cls sshd[55569]: Disconnected from authenticating user root 149.104.111.235 port 45814 [preauth]
Dec 14 16:42:24 cls sshd[55571]: Invalid user client from 188.36.103.212 port 52002
Dec 14 16:42:24 cls sshd[55571]: pam_unix(sshd:auth): check pass; user unknown
Dec 14 16:42:24 cls sshd[55571]: pam_unix(sshd:auth): authentication failure; logname= uid=0 euid=0 tty=ssh ruser= rhost=188.36.103.212 
Dec 14 16:42:26 cls sshd[55571]: Failed password for invalid user client from 188.36.103.212 port 52002 ssh2
Dec 14 16:42:26 cls sshd[55571]: Received disconnect from 188.36.103.212 port 52002:11: Bye Bye [preauth]
Dec 14 16:42:26 cls sshd[55571]: Disconnected from invalid user client 188.36.103.212 port 52002 [preauth]
Dec 14 16:42:30 cls sshd[55573]: pam_unix(sshd:auth): authentication failure; logname= uid=0 euid=0 tty=ssh ruser= rhost=172.211.56.214  user=root
Dec 14 16:42:32 cls sshd[55573]: Failed password for root from 172.211.56.214 port 47440 ssh2
Dec 14 16:42:32 cls sshd[55573]: Received disconnect from 172.211.56.214 port 47440:11: Bye Bye [preauth]
Dec 14 16:42:32 cls sshd[55573]: Disconnected from authenticating user root 172.211.56.214 port 47440 [preauth]
Dec 14 16:42:46 cls sshd[55583]: pam_unix(sshd:auth): authentication failure; logname= uid=0 euid=0 tty=ssh ruser= rhost=45.78.194.32  user=root
Dec 14 16:42:48 cls sshd[55583]: Failed password for root from 45.78.194.32 port 37550 ssh2
Dec 14 16:42:49 cls sshd[55583]: Received disconnect from 45.78.194.32 port 37550:11: Bye Bye [preauth]
Dec 14 16:42:49 cls sshd[55583]: Disconnected from authenticating user root 45.78.194.32 port 37550 [preauth]
Dec 14 16:42:49 cls sshd[55585]: Invalid user mary from 162.240.212.247 port 44404
Dec 14 16:42:49 cls sshd[55585]: pam_unix(sshd:auth): check pass; user unknown
Dec 14 16:42:49 cls sshd[55585]: pam_unix(sshd:auth): authentication failure; logname= uid=0 euid=0 tty=ssh ruser= rhost=162.240.212.247 
Dec 14 16:42:51 cls sshd[55585]: Failed password for invalid user mary from 162.240.212.247 port 44404 ssh2
Dec 14 16:42:53 cls sshd[55585]: Received disconnect from 162.240.212.247 port 44404:11: Bye Bye [preauth]
Dec 14 16:42:53 cls sshd[55585]: Disconnected from invalid user mary 162.240.212.247 port 44404 [preauth]
Dec 14 16:42:56 cls sshd[55590]: pam_unix(sshd:auth): authentication failure; logname= uid=0 euid=0 tty=ssh ruser= rhost=188.36.103.212  user=root
Dec 14 16:42:58 cls sshd[55590]: Failed password for root from 188.36.103.212 port 41608 ssh2
Dec 14 16:42:59 cls sshd[55592]: pam_unix(sshd:auth): authentication failure; logname= uid=0 euid=0 tty=ssh ruser= rhost=165.154.197.167  user=root
Dec 14 16:42:59 cls sshd[55590]: Received disconnect from 188.36.103.212 port 41608:11: Bye Bye [preauth]
Dec 14 16:42:59 cls sshd[55590]: Disconnected from authenticating user root 188.36.103.212 port 41608 [preauth]
Dec 14 16:43:01 cls sshd[55592]: Failed password for root from 165.154.197.167 port 57472 ssh2
Dec 14 16:43:02 cls sshd[55592]: Received disconnect from 165.154.197.167 port 57472:11: Bye Bye [preauth]
Dec 14 16:43:02 cls sshd[55592]: Disconnected from authenticating user root 165.154.197.167 port 57472 [preauth]
Dec 14 16:43:07 cls sshd[55594]: pam_unix(sshd:auth): authentication failure; logname= uid=0 euid=0 tty=ssh ruser= rhost=149.104.111.235  user=ubuntu
Dec 14 16:43:09 cls sshd[55594]: Failed password for ubuntu from 149.104.111.235 port 45502 ssh2
Dec 14 16:43:11 cls sshd[55594]: Received disconnect from 149.104.111.235 port 45502:11: Bye Bye [preauth]
Dec 14 16:43:11 cls sshd[55594]: Disconnected from authenticating user ubuntu 149.104.111.235 port 45502 [preauth]
Dec 14 16:43:22 cls sshd[55603]: Invalid user gitlab-runner from 162.240.212.247 port 56596
Dec 14 16:43:22 cls sshd[55603]: pam_unix(sshd:auth): check pass; user unknown
Dec 14 16:43:22 cls sshd[55603]: pam_unix(sshd:auth): authentication failure; logname= uid=0 euid=0 tty=ssh ruser= rhost=162.240.212.247 
Dec 14 16:43:24 cls sshd[55606]: pam_unix(sshd:auth): authentication failure; logname= uid=0 euid=0 tty=ssh ruser= rhost=172.211.56.214  user=root
Dec 14 16:43:24 cls sshd[55603]: Failed password for invalid user gitlab-runner from 162.240.212.247 port 56596 ssh2
Dec 14 16:43:25 cls sshd[55603]: Received disconnect from 162.240.212.247 port 56596:11: Bye Bye [preauth]
Dec 14 16:43:25 cls sshd[55603]: Disconnected from invalid user gitlab-runner 162.240.212.247 port 56596 [preauth]
Dec 14 16:43:26 cls sshd[55606]: Failed password for root from 172.211.56.214 port 55552 ssh2
Dec 14 16:43:27 cls sshd[55606]: Received disconnect from 172.211.56.214 port 55552:11: Bye Bye [preauth]
Dec 14 16:43:27 cls sshd[55606]: Disconnected from authenticating user root 172.211.56.214 port 55552 [preauth]
Dec 14 16:43:31 cls sshd[55609]: pam_unix(sshd:auth): authentication failure; logname= uid=0 euid=0 tty=ssh ruser= rhost=188.36.103.212  user=root
Dec 14 16:43:32 cls sshd[55609]: Failed password for root from 188.36.103.212 port 56068 ssh2
Dec 14 16:43:34 cls sshd[55612]: pam_unix(sshd:auth): authentication failure; logname= uid=0 euid=0 tty=ssh ruser= rhost=58.98.199.45  user=root
Dec 14 16:43:34 cls sshd[55609]: Received disconnect from 188.36.103.212 port 56068:11: Bye Bye [preauth]
Dec 14 16:43:34 cls sshd[55609]: Disconnected from authenticating user root 188.36.103.212 port 56068 [preauth]
Dec 14 16:43:36 cls sshd[55612]: Failed password for root from 58.98.199.45 port 38282 ssh2
Dec 14 16:43:36 cls sshd[55612]: Received disconnect from 58.98.199.45 port 38282:11: Bye Bye [preauth]
Dec 14 16:43:36 cls sshd[55612]: Disconnected from authenticating user root 58.98.199.45 port 38282 [preauth]
Dec 14 16:43:44 cls sshd[55614]: Invalid user ftpuser from 165.154.197.167 port 41124
Dec 14 16:43:44 cls sshd[55614]: pam_unix(sshd:auth): check pass; user unknown
Dec 14 16:43:44 cls sshd[55614]: pam_unix(sshd:auth): authentication failure; logname= uid=0 euid=0 tty=ssh ruser= rhost=165.154.197.167 
Dec 14 16:43:46 cls sshd[55614]: Failed password for invalid user ftpuser from 165.154.197.167 port 41124 ssh2
Dec 14 16:43:48 cls sshd[55614]: Received disconnect from 165.154.197.167 port 41124:11: Bye Bye [preauth]
Dec 14 16:43:48 cls sshd[55614]: Disconnected from invalid user ftpuser 165.154.197.167 port 41124 [preauth]
Dec 14 16:43:56 cls sshd[55617]: Invalid user manoj from 162.240.212.247 port 40554
Dec 14 16:43:56 cls sshd[55617]: pam_unix(sshd:auth): check pass; user unknown
Dec 14 16:43:56 cls sshd[55617]: pam_unix(sshd:auth): authentication failure; logname= uid=0 euid=0 tty=ssh ruser= rhost=162.240.212.247 
Dec 14 16:43:58 cls sshd[55617]: Failed password for invalid user manoj from 162.240.212.247 port 40554 ssh2
Dec 14 16:44:00 cls sshd[55620]: pam_unix(sshd:auth): authentication failure; logname= uid=0 euid=0 tty=ssh ruser= rhost=149.104.111.235  user=root
Dec 14 16:44:00 cls sshd[55617]: Received disconnect from 162.240.212.247 port 40554:11: Bye Bye [preauth]
Dec 14 16:44:00 cls sshd[55617]: Disconnected from invalid user manoj 162.240.212.247 port 40554 [preauth]
Dec 14 16:44:02 cls sshd[55620]: Failed password for root from 149.104.111.235 port 47528 ssh2
Dec 14 16:44:02 cls sshd[55620]: Received disconnect from 149.104.111.235 port 47528:11: Bye Bye [preauth]
Dec 14 16:44:02 cls sshd[55620]: Disconnected from authenticating user root 149.104.111.235 port 47528 [preauth]
Dec 14 16:44:06 cls sshd[55625]: Invalid user gandalf from 188.36.103.212 port 53320
Dec 14 16:44:06 cls sshd[55625]: pam_unix(sshd:auth): check pass; user unknown
Dec 14 16:44:06 cls sshd[55625]: pam_unix(sshd:auth): authentication failure; logname= uid=0 euid=0 tty=ssh ruser= rhost=188.36.103.212 
Dec 14 16:44:08 cls sshd[55625]: Failed password for invalid user gandalf from 188.36.103.212 port 53320 ssh2
Dec 14 16:44:09 cls sshd[55625]: Received disconnect from 188.36.103.212 port 53320:11: Bye Bye [preauth]
Dec 14 16:44:09 cls sshd[55625]: Disconnected from invalid user gandalf 188.36.103.212 port 53320 [preauth]
Dec 14 16:44:20 cls sshd[55630]: pam_unix(sshd:auth): authentication failure; logname= uid=0 euid=0 tty=ssh ruser= rhost=172.211.56.214  user=root
Dec 14 16:44:23 cls sshd[55630]: Failed password for root from 172.211.56.214 port 47202 ssh2
Dec 14 16:44:23 cls sshd[55630]: Received disconnect from 172.211.56.214 port 47202:11: Bye Bye [preauth]
Dec 14 16:44:23 cls sshd[55630]: Disconnected from authenticating user root 172.211.56.214 port 47202 [preauth]
Dec 14 16:44:29 cls sshd[55639]: pam_unix(sshd:auth): authentication failure; logname= uid=0 euid=0 tty=ssh ruser= rhost=162.240.212.247  user=root
Dec 14 16:44:30 cls sshd[55641]: pam_unix(sshd:auth): authentication failure; logname= uid=0 euid=0 tty=ssh ruser= rhost=165.154.197.167  user=root
Dec 14 16:44:30 cls sshd[55639]: Failed password for root from 162.240.212.247 port 52748 ssh2
Dec 14 16:44:31 cls sshd[55639]: Received disconnect from 162.240.212.247 port 52748:11: Bye Bye [preauth]
Dec 14 16:44:31 cls sshd[55639]: Disconnected from authenticating user root 162.240.212.247 port 52748 [preauth]
Dec 14 16:44:32 cls sshd[55641]: Failed password for root from 165.154.197.167 port 39840 ssh2
Dec 14 16:44:32 cls sshd[55641]: Received disconnect from 165.154.197.167 port 39840:11: Bye Bye [preauth]
Dec 14 16:44:32 cls sshd[55641]: Disconnected from authenticating user root 165.154.197.167 port 39840 [preauth]
Dec 14 16:44:40 cls sshd[55646]: Invalid user debian from 188.36.103.212 port 52620
Dec 14 16:44:40 cls sshd[55646]: pam_unix(sshd:auth): check pass; user unknown
Dec 14 16:44:40 cls sshd[55646]: pam_unix(sshd:auth): authentication failure; logname= uid=0 euid=0 tty=ssh ruser= rhost=188.36.103.212 
Dec 14 16:44:42 cls sshd[55646]: Failed password for invalid user debian from 188.36.103.212 port 52620 ssh2
Dec 14 16:44:43 cls sshd[55646]: Received disconnect from 188.36.103.212 port 52620:11: Bye Bye [preauth]
Dec 14 16:44:43 cls sshd[55646]: Disconnected from invalid user debian 188.36.103.212 port 52620 [preauth]
Dec 14 16:44:49 cls sshd[55648]: pam_unix(sshd:auth): authentication failure; logname= uid=0 euid=0 tty=ssh ruser= rhost=149.104.111.235  user=root
Dec 14 16:44:51 cls sshd[55648]: Failed password for root from 149.104.111.235 port 41624 ssh2
Dec 14 16:44:52 cls sshd[55648]: Received disconnect from 149.104.111.235 port 41624:11: Bye Bye [preauth]
Dec 14 16:44:52 cls sshd[55648]: Disconnected from authenticating user root 149.104.111.235 port 41624 [preauth]
Dec 14 16:44:55 cls sshd[55650]: Invalid user wanghao from 58.98.199.45 port 54958
Dec 14 16:44:55 cls sshd[55650]: pam_unix(sshd:auth): check pass; user unknown
Dec 14 16:44:55 cls sshd[55650]: pam_unix(sshd:auth): authentication failure; logname= uid=0 euid=0 tty=ssh ruser= rhost=58.98.199.45 
Dec 14 16:44:57 cls sshd[55650]: Failed password for invalid user wanghao from 58.98.199.45 port 54958 ssh2
Dec 14 16:44:59 cls sshd[55650]: Received disconnect from 58.98.199.45 port 54958:11: Bye Bye [preauth]
Dec 14 16:44:59 cls sshd[55650]: Disconnected from invalid user wanghao 58.98.199.45 port 54958 [preauth]
Dec 14 16:45:01 cls sshd[55655]: Invalid user admin from 162.240.212.247 port 36680
Dec 14 16:45:01 cls sshd[55655]: pam_unix(sshd:auth): check pass; user unknown
Dec 14 16:45:01 cls sshd[55655]: pam_unix(sshd:auth): authentication failure; logname= uid=0 euid=0 tty=ssh ruser= rhost=162.240.212.247 
Dec 14 16:45:03 cls sshd[55655]: Failed password for invalid user admin from 162.240.212.247 port 36680 ssh2
Dec 14 16:45:05 cls sshd[55655]: Received disconnect from 162.240.212.247 port 36680:11: Bye Bye [preauth]
Dec 14 16:45:05 cls sshd[55655]: Disconnected from invalid user admin 162.240.212.247 port 36680 [preauth]
Dec 14 16:45:14 cls sshd[55661]: Invalid user wpp from 172.211.56.214 port 40744
Dec 14 16:45:14 cls sshd[55661]: pam_unix(sshd:auth): check pass; user unknown
Dec 14 16:45:14 cls sshd[55661]: pam_unix(sshd:auth): authentication failure; logname= uid=0 euid=0 tty=ssh ruser= rhost=172.211.56.214 
Dec 14 16:45:15 cls sshd[55663]: Invalid user alfa from 165.154.197.167 port 57900
Dec 14 16:45:15 cls sshd[55663]: pam_unix(sshd:auth): check pass; user unknown
Dec 14 16:45:15 cls sshd[55663]: pam_unix(sshd:auth): authentication failure; logname= uid=0 euid=0 tty=ssh ruser= rhost=165.154.197.167 
Dec 14 16:45:16 cls sshd[55661]: Failed password for invalid user wpp from 172.211.56.214 port 40744 ssh2
Dec 14 16:45:17 cls sshd[55665]: pam_unix(sshd:auth): authentication failure; logname= uid=0 euid=0 tty=ssh ruser= rhost=188.36.103.212  user=root
Dec 14 16:45:17 cls sshd[55663]: Failed password for invalid user alfa from 165.154.197.167 port 57900 ssh2
Dec 14 16:45:17 cls sshd[55661]: Received disconnect from 172.211.56.214 port 40744:11: Bye Bye [preauth]
Dec 14 16:45:17 cls sshd[55661]: Disconnected from invalid user wpp 172.211.56.214 port 40744 [preauth]
Dec 14 16:45:17 cls sshd[55663]: Received disconnect from 165.154.197.167 port 57900:11: Bye Bye [preauth]
Dec 14 16:45:17 cls sshd[55663]: Disconnected from invalid user alfa 165.154.197.167 port 57900 [preauth]
Dec 14 16:45:18 cls sshd[55667]: Invalid user otsmanager from 45.78.194.32 port 41282
Dec 14 16:45:18 cls sshd[55667]: pam_unix(sshd:auth): check pass; user unknown
Dec 14 16:45:18 cls sshd[55667]: pam_unix(sshd:auth): authentication failure; logname= uid=0 euid=0 tty=ssh ruser= rhost=45.78.194.32 
Dec 14 16:45:19 cls sshd[55665]: Failed password for root from 188.36.103.212 port 40898 ssh2
Dec 14 16:45:20 cls sshd[55665]: Received disconnect from 188.36.103.212 port 40898:11: Bye Bye [preauth]
Dec 14 16:45:20 cls sshd[55665]: Disconnected from authenticating user root 188.36.103.212 port 40898 [preauth]
Dec 14 16:45:21 cls sshd[55667]: Failed password for invalid user otsmanager from 45.78.194.32 port 41282 ssh2
Dec 14 16:45:23 cls sshd[55667]: Received disconnect from 45.78.194.32 port 41282:11: Bye Bye [preauth]
Dec 14 16:45:23 cls sshd[55667]: Disconnected from invalid user otsmanager 45.78.194.32 port 41282 [preauth]
Dec 14 16:45:35 cls sshd[55669]: pam_unix(sshd:auth): authentication failure; logname= uid=0 euid=0 tty=ssh ruser= rhost=162.240.212.247  user=root
Dec 14 16:45:37 cls sshd[55671]: pam_unix(sshd:auth): authentication failure; logname= uid=0 euid=0 tty=ssh ruser= rhost=149.104.111.235  user=root
Dec 14 16:45:37 cls sshd[55669]: Failed password for root from 162.240.212.247 port 48866 ssh2
Dec 14 16:45:38 cls sshd[55669]: Received disconnect from 162.240.212.247 port 48866:11: Bye Bye [preauth]
Dec 14 16:45:38 cls sshd[55669]: Disconnected from authenticating user root 162.240.212.247 port 48866 [preauth]
Dec 14 16:45:38 cls sshd[55671]: Failed password for root from 149.104.111.235 port 56560 ssh2
Dec 14 16:45:39 cls sshd[55671]: Received disconnect from 149.104.111.235 port 56560:11: Bye Bye [preauth]
Dec 14 16:45:39 cls sshd[55671]: Disconnected from authenticating user root 149.104.111.235 port 56560 [preauth]
Dec 14 16:45:52 cls sshd[55675]: Invalid user sa from 188.36.103.212 port 56744
Dec 14 16:45:52 cls sshd[55675]: pam_unix(sshd:auth): check pass; user unknown
Dec 14 16:45:52 cls sshd[55675]: pam_unix(sshd:auth): authentication failure; logname= uid=0 euid=0 tty=ssh ruser= rhost=188.36.103.212 
Dec 14 16:45:54 cls sshd[55675]: Failed password for invalid user sa from 188.36.103.212 port 56744 ssh2
Dec 14 16:45:55 cls sshd[55675]: Received disconnect from 188.36.103.212 port 56744:11: Bye Bye [preauth]
Dec 14 16:45:55 cls sshd[55675]: Disconnected from invalid user sa 188.36.103.212 port 56744 [preauth]
Dec 14 16:46:01 cls sshd[55680]: Invalid user eadmin from 165.154.197.167 port 60550
Dec 14 16:46:01 cls sshd[55680]: pam_unix(sshd:auth): check pass; user unknown
Dec 14 16:46:01 cls sshd[55680]: pam_unix(sshd:auth): authentication failure; logname= uid=0 euid=0 tty=ssh ruser= rhost=165.154.197.167 
Dec 14 16:46:02 cls sshd[55680]: Failed password for invalid user eadmin from 165.154.197.167 port 60550 ssh2
Dec 14 16:46:03 cls sshd[55680]: Received disconnect from 165.154.197.167 port 60550:11: Bye Bye [preauth]
Dec 14 16:46:03 cls sshd[55680]: Disconnected from invalid user eadmin 165.154.197.167 port 60550 [preauth]
Dec 14 16:46:06 cls sshd[55682]: pam_unix(sshd:auth): authentication failure; logname= uid=0 euid=0 tty=ssh ruser= rhost=162.240.212.247  user=root
Dec 14 16:46:08 cls sshd[55684]: pam_unix(sshd:auth): authentication failure; logname= uid=0 euid=0 tty=ssh ruser= rhost=172.211.56.214  user=root
Dec 14 16:46:08 cls sshd[55682]: Failed password for root from 162.240.212.247 port 32808 ssh2
Dec 14 16:46:09 cls sshd[55682]: Received disconnect from 162.240.212.247 port 32808:11: Bye Bye [preauth]
Dec 14 16:46:09 cls sshd[55682]: Disconnected from authenticating user root 162.240.212.247 port 32808 [preauth]
Dec 14 16:46:10 cls sshd[55684]: Failed password for root from 172.211.56.214 port 59798 ssh2
Dec 14 16:46:11 cls sshd[55684]: Received disconnect from 172.211.56.214 port 59798:11: Bye Bye [preauth]
Dec 14 16:46:11 cls sshd[55684]: Disconnected from authenticating user root 172.211.56.214 port 59798 [preauth]
Dec 14 16:46:15 cls sshd[55694]: pam_unix(sshd:auth): authentication failure; logname= uid=0 euid=0 tty=ssh ruser= rhost=58.98.199.45  user=root
Dec 14 16:46:18 cls sshd[55694]: Failed password for root from 58.98.199.45 port 45147 ssh2
Dec 14 16:46:21 cls sshd[55694]: Received disconnect from 58.98.199.45 port 45147:11: Bye Bye [preauth]
Dec 14 16:46:21 cls sshd[55694]: Disconnected from authenticating user root 58.98.199.45 port 45147 [preauth]
Dec 14 16:46:22 cls sshd[55720]: Invalid user git from 149.104.111.235 port 37228
Dec 14 16:46:22 cls sshd[55720]: pam_unix(sshd:auth): check pass; user unknown
Dec 14 16:46:22 cls sshd[55720]: pam_unix(sshd:auth): authentication failure; logname= uid=0 euid=0 tty=ssh ruser= rhost=149.104.111.235 
Dec 14 16:46:23 cls sshd[55720]: Failed password for invalid user git from 149.104.111.235 port 37228 ssh2
Dec 14 16:46:24 cls sshd[55722]: Invalid user test1 from 188.36.103.212 port 55566
Dec 14 16:46:24 cls sshd[55722]: pam_unix(sshd:auth): check pass; user unknown
Dec 14 16:46:24 cls sshd[55722]: pam_unix(sshd:auth): authentication failure; logname= uid=0 euid=0 tty=ssh ruser= rhost=188.36.103.212 
Dec 14 16:46:25 cls sshd[55720]: Received disconnect from 149.104.111.235 port 37228:11: Bye Bye [preauth]
Dec 14 16:46:25 cls sshd[55720]: Disconnected from invalid user git 149.104.111.235 port 37228 [preauth]
Dec 14 16:46:26 cls sshd[55722]: Failed password for invalid user test1 from 188.36.103.212 port 55566 ssh2
Dec 14 16:46:28 cls sshd[55722]: Received disconnect from 188.36.103.212 port 55566:11: Bye Bye [preauth]
Dec 14 16:46:28 cls sshd[55722]: Disconnected from invalid user test1 188.36.103.212 port 55566 [preauth]
Dec 14 16:46:37 cls sshd[55726]: Invalid user brenda from 162.240.212.247 port 44982
Dec 14 16:46:37 cls sshd[55726]: pam_unix(sshd:auth): check pass; user unknown
Dec 14 16:46:37 cls sshd[55726]: pam_unix(sshd:auth): authentication failure; logname= uid=0 euid=0 tty=ssh ruser= rhost=162.240.212.247 
Dec 14 16:46:38 cls sshd[55728]: Invalid user deploy from 45.78.194.32 port 43868
Dec 14 16:46:38 cls sshd[55728]: pam_unix(sshd:auth): check pass; user unknown
Dec 14 16:46:38 cls sshd[55728]: pam_unix(sshd:auth): authentication failure; logname= uid=0 euid=0 tty=ssh ruser= rhost=45.78.194.32 
Dec 14 16:46:39 cls sshd[55726]: Failed password for invalid user brenda from 162.240.212.247 port 44982 ssh2
Dec 14 16:46:40 cls sshd[55728]: Failed password for invalid user deploy from 45.78.194.32 port 43868 ssh2
Dec 14 16:46:40 cls sshd[55726]: Received disconnect from 162.240.212.247 port 44982:11: Bye Bye [preauth]
Dec 14 16:46:40 cls sshd[55726]: Disconnected from invalid user brenda 162.240.212.247 port 44982 [preauth]
Dec 14 16:46:41 cls sshd[55728]: Received disconnect from 45.78.194.32 port 43868:11: Bye Bye [preauth]
Dec 14 16:46:41 cls sshd[55728]: Disconnected from invalid user deploy 45.78.194.32 port 43868 [preauth]
Dec 14 16:46:43 cls sshd[55733]: Invalid user simon from 165.154.197.167 port 36400
Dec 14 16:46:43 cls sshd[55733]: pam_unix(sshd:auth): check pass; user unknown
Dec 14 16:46:43 cls sshd[55733]: pam_unix(sshd:auth): authentication failure; logname= uid=0 euid=0 tty=ssh ruser= rhost=165.154.197.167 
Dec 14 16:46:46 cls sshd[55733]: Failed password for invalid user simon from 165.154.197.167 port 36400 ssh2
Dec 14 16:46:46 cls sshd[55733]: Received disconnect from 165.154.197.167 port 36400:11: Bye Bye [preauth]
Dec 14 16:46:46 cls sshd[55733]: Disconnected from invalid user simon 165.154.197.167 port 36400 [preauth]
Dec 14 16:46:56 cls sshd[55740]: pam_unix(sshd:auth): authentication failure; logname= uid=0 euid=0 tty=ssh ruser= rhost=188.36.103.212  user=root
Dec 14 16:46:58 cls sshd[55740]: Failed password for root from 188.36.103.212 port 33312 ssh2
Dec 14 16:46:58 cls sshd[55740]: Received disconnect from 188.36.103.212 port 33312:11: Bye Bye [preauth]
Dec 14 16:46:58 cls sshd[55740]: Disconnected from authenticating user root 188.36.103.212 port 33312 [preauth]
Dec 14 16:47:04 cls sshd[55744]: Invalid user sysadmin from 172.211.56.214 port 35838
Dec 14 16:47:04 cls sshd[55744]: pam_unix(sshd:auth): check pass; user unknown
Dec 14 16:47:04 cls sshd[55744]: pam_unix(sshd:auth): authentication failure; logname= uid=0 euid=0 tty=ssh ruser= rhost=172.211.56.214 
Dec 14 16:47:06 cls sshd[55744]: Failed password for invalid user sysadmin from 172.211.56.214 port 35838 ssh2
Dec 14 16:47:07 cls sshd[55751]: Invalid user csgoserver from 149.104.111.235 port 36264
Dec 14 16:47:07 cls sshd[55751]: pam_unix(sshd:auth): check pass; user unknown
Dec 14 16:47:07 cls sshd[55751]: pam_unix(sshd:auth): authentication failure; logname= uid=0 euid=0 tty=ssh ruser= rhost=149.104.111.235 
Dec 14 16:47:08 cls sshd[55746]: Invalid user simon from 162.240.212.247 port 57154
Dec 14 16:47:08 cls sshd[55746]: pam_unix(sshd:auth): check pass; user unknown
Dec 14 16:47:08 cls sshd[55746]: pam_unix(sshd:auth): authentication failure; logname= uid=0 euid=0 tty=ssh ruser= rhost=162.240.212.247 
Dec 14 16:47:08 cls sshd[55744]: Received disconnect from 172.211.56.214 port 35838:11: Bye Bye [preauth]
Dec 14 16:47:08 cls sshd[55744]: Disconnected from invalid user sysadmin 172.211.56.214 port 35838 [preauth]
Dec 14 16:47:10 cls sshd[55751]: Failed password for invalid user csgoserver from 149.104.111.235 port 36264 ssh2
Dec 14 16:47:10 cls sshd[55746]: Failed password for invalid user simon from 162.240.212.247 port 57154 ssh2
Dec 14 16:47:10 cls sshd[55751]: Received disconnect from 149.104.111.235 port 36264:11: Bye Bye [preauth]
Dec 14 16:47:10 cls sshd[55751]: Disconnected from invalid user csgoserver 149.104.111.235 port 36264 [preauth]
Dec 14 16:47:10 cls sshd[55746]: Received disconnect from 162.240.212.247 port 57154:11: Bye Bye [preauth]
Dec 14 16:47:10 cls sshd[55746]: Disconnected from invalid user simon 162.240.212.247 port 57154 [preauth]
Dec 14 16:47:28 cls sshd[55765]: pam_unix(sshd:auth): authentication failure; logname= uid=0 euid=0 tty=ssh ruser= rhost=165.154.197.167  user=root
Dec 14 16:47:29 cls sshd[55765]: Failed password for root from 165.154.197.167 port 36674 ssh2
Dec 14 16:47:30 cls sshd[55765]: Received disconnect from 165.154.197.167 port 36674:11: Bye Bye [preauth]
Dec 14 16:47:30 cls sshd[55765]: Disconnected from authenticating user root 165.154.197.167 port 36674 [preauth]
Dec 14 16:47:34 cls sshd[55773]: pam_unix(sshd:auth): authentication failure; logname= uid=0 euid=0 tty=ssh ruser= rhost=58.98.199.45  user=root
Dec 14 16:47:36 cls sshd[55773]: Failed password for root from 58.98.199.45 port 35630 ssh2
Dec 14 16:47:37 cls sshd[55773]: Received disconnect from 58.98.199.45 port 35630:11: Bye Bye [preauth]
Dec 14 16:47:37 cls sshd[55773]: Disconnected from authenticating user root 58.98.199.45 port 35630 [preauth]
Dec 14 16:47:39 cls sshd[55775]: pam_unix(sshd:auth): authentication failure; logname= uid=0 euid=0 tty=ssh ruser= rhost=162.240.212.247  user=root
Dec 14 16:47:42 cls sshd[55775]: Failed password for root from 162.240.212.247 port 41112 ssh2
Dec 14 16:47:42 cls sshd[55775]: Received disconnect from 162.240.212.247 port 41112:11: Bye Bye [preauth]
Dec 14 16:47:42 cls sshd[55775]: Disconnected from authenticating user root 162.240.212.247 port 41112 [preauth]
Dec 14 16:47:51 cls sshd[55777]: Invalid user postgres from 45.78.194.32 port 54736
Dec 14 16:47:51 cls sshd[55777]: pam_unix(sshd:auth): check pass; user unknown
Dec 14 16:47:51 cls sshd[55777]: pam_unix(sshd:auth): authentication failure; logname= uid=0 euid=0 tty=ssh ruser= rhost=45.78.194.32 
Dec 14 16:47:53 cls sshd[55779]: Invalid user user1 from 149.104.111.235 port 45080
Dec 14 16:47:53 cls sshd[55779]: pam_unix(sshd:auth): check pass; user unknown
Dec 14 16:47:53 cls sshd[55779]: pam_unix(sshd:auth): authentication failure; logname= uid=0 euid=0 tty=ssh ruser= rhost=149.104.111.235 
Dec 14 16:47:53 cls sshd[55777]: Failed password for invalid user postgres from 45.78.194.32 port 54736 ssh2
Dec 14 16:47:55 cls sshd[55779]: Failed password for invalid user user1 from 149.104.111.235 port 45080 ssh2
Dec 14 16:47:56 cls sshd[55777]: Received disconnect from 45.78.194.32 port 54736:11: Bye Bye [preauth]
Dec 14 16:47:56 cls sshd[55777]: Disconnected from invalid user postgres 45.78.194.32 port 54736 [preauth]
Dec 14 16:47:56 cls sshd[55779]: Received disconnect from 149.104.111.235 port 45080:11: Bye Bye [preauth]
Dec 14 16:47:56 cls sshd[55779]: Disconnected from invalid user user1 149.104.111.235 port 45080 [preauth]
Dec 14 16:47:59 cls sshd[55781]: pam_unix(sshd:auth): authentication failure; logname= uid=0 euid=0 tty=ssh ruser= rhost=172.211.56.214  user=root
Dec 14 16:48:01 cls sshd[55781]: Failed password for root from 172.211.56.214 port 60976 ssh2
Dec 14 16:48:02 cls sshd[55781]: Received disconnect from 172.211.56.214 port 60976:11: Bye Bye [preauth]
Dec 14 16:48:02 cls sshd[55781]: Disconnected from authenticating user root 172.211.56.214 port 60976 [preauth]
Dec 14 16:48:11 cls sshd[55785]: pam_unix(sshd:auth): authentication failure; logname= uid=0 euid=0 tty=ssh ruser= rhost=165.154.197.167  user=root
Dec 14 16:48:12 cls sshd[55783]: Invalid user aman from 162.240.212.247 port 53286
Dec 14 16:48:12 cls sshd[55783]: pam_unix(sshd:auth): check pass; user unknown
Dec 14 16:48:12 cls sshd[55783]: pam_unix(sshd:auth): authentication failure; logname= uid=0 euid=0 tty=ssh ruser= rhost=162.240.212.247 
Dec 14 16:48:13 cls sshd[55785]: Failed password for root from 165.154.197.167 port 44120 ssh2
Dec 14 16:48:14 cls sshd[55783]: Failed password for invalid user aman from 162.240.212.247 port 53286 ssh2
Dec 14 16:48:14 cls sshd[55785]: Received disconnect from 165.154.197.167 port 44120:11: Bye Bye [preauth]
Dec 14 16:48:14 cls sshd[55785]: Disconnected from authenticating user root 165.154.197.167 port 44120 [preauth]
Dec 14 16:48:16 cls sshd[55783]: Received disconnect from 162.240.212.247 port 53286:11: Bye Bye [preauth]
Dec 14 16:48:16 cls sshd[55783]: Disconnected from invalid user aman 162.240.212.247 port 53286 [preauth]
Dec 14 16:48:39 cls sshd[55791]: pam_unix(sshd:auth): authentication failure; logname= uid=0 euid=0 tty=ssh ruser= rhost=149.104.111.235  user=root
Dec 14 16:48:40 cls sshd[55791]: Failed password for root from 149.104.111.235 port 44976 ssh2
Dec 14 16:48:41 cls sshd[55791]: Received disconnect from 149.104.111.235 port 44976:11: Bye Bye [preauth]
Dec 14 16:48:41 cls sshd[55791]: Disconnected from authenticating user root 149.104.111.235 port 44976 [preauth]
Dec 14 16:48:49 cls sshd[55793]: pam_unix(sshd:auth): authentication failure; logname= uid=0 euid=0 tty=ssh ruser= rhost=172.211.56.214  user=root
Dec 14 16:48:49 cls sshd[55794]: pam_unix(sshd:auth): authentication failure; logname= uid=0 euid=0 tty=ssh ruser= rhost=162.240.212.247  user=root
Dec 14 16:48:51 cls sshd[55793]: Failed password for root from 172.211.56.214 port 36232 ssh2
Dec 14 16:48:51 cls sshd[55794]: Failed password for root from 162.240.212.247 port 37232 ssh2
Dec 14 16:48:51 cls sshd[55797]: Invalid user opc from 58.98.199.45 port 53881
Dec 14 16:48:51 cls sshd[55797]: pam_unix(sshd:auth): check pass; user unknown
Dec 14 16:48:51 cls sshd[55797]: pam_unix(sshd:auth): authentication failure; logname= uid=0 euid=0 tty=ssh ruser= rhost=58.98.199.45 
Dec 14 16:48:52 cls sshd[55794]: Received disconnect from 162.240.212.247 port 37232:11: Bye Bye [preauth]
Dec 14 16:48:52 cls sshd[55794]: Disconnected from authenticating user root 162.240.212.247 port 37232 [preauth]
Dec 14 16:48:52 cls sshd[55793]: Received disconnect from 172.211.56.214 port 36232:11: Bye Bye [preauth]
Dec 14 16:48:52 cls sshd[55793]: Disconnected from authenticating user root 172.211.56.214 port 36232 [preauth]
Dec 14 16:48:54 cls sshd[55797]: Failed password for invalid user opc from 58.98.199.45 port 53881 ssh2
Dec 14 16:48:55 cls sshd[55797]: Received disconnect from 58.98.199.45 port 53881:11: Bye Bye [preauth]
Dec 14 16:48:55 cls sshd[55797]: Disconnected from invalid user opc 58.98.199.45 port 53881 [preauth]
Dec 14 16:48:56 cls sshd[55799]: pam_unix(sshd:auth): authentication failure; logname= uid=0 euid=0 tty=ssh ruser= rhost=165.154.197.167  user=root
Dec 14 16:48:58 cls sshd[55799]: Failed password for root from 165.154.197.167 port 53706 ssh2
Dec 14 16:48:59 cls sshd[55799]: Received disconnect from 165.154.197.167 port 53706:11: Bye Bye [preauth]
Dec 14 16:48:59 cls sshd[55799]: Disconnected from authenticating user root 165.154.197.167 port 53706 [preauth]
Dec 14 16:49:05 cls sshd[55801]: pam_unix(sshd:auth): authentication failure; logname= uid=0 euid=0 tty=ssh ruser= rhost=45.78.194.32  user=root
Dec 14 16:49:07 cls sshd[55801]: Failed password for root from 45.78.194.32 port 39338 ssh2
Dec 14 16:49:08 cls sshd[55801]: Received disconnect from 45.78.194.32 port 39338:11: Bye Bye [preauth]
Dec 14 16:49:08 cls sshd[55801]: Disconnected from authenticating user root 45.78.194.32 port 39338 [preauth]
Dec 14 16:49:25 cls sshd[55803]: pam_unix(sshd:auth): authentication failure; logname= uid=0 euid=0 tty=ssh ruser= rhost=149.104.111.235  user=root
Dec 14 16:49:26 cls sshd[55805]: pam_unix(sshd:auth): authentication failure; logname= uid=0 euid=0 tty=ssh ruser= rhost=162.240.212.247  user=root
Dec 14 16:49:27 cls sshd[55803]: Failed password for root from 149.104.111.235 port 50806 ssh2
Dec 14 16:49:27 cls sshd[55803]: Received disconnect from 149.104.111.235 port 50806:11: Bye Bye [preauth]
Dec 14 16:49:27 cls sshd[55803]: Disconnected from authenticating user root 149.104.111.235 port 50806 [preauth]
Dec 14 16:49:28 cls sshd[55805]: Failed password for root from 162.240.212.247 port 49422 ssh2
Dec 14 16:49:32 cls sshd[55805]: Received disconnect from 162.240.212.247 port 49422:11: Bye Bye [preauth]
Dec 14 16:49:32 cls sshd[55805]: Disconnected from authenticating user root 162.240.212.247 port 49422 [preauth]
Dec 14 16:49:42 cls sshd[55814]: pam_unix(sshd:auth): authentication failure; logname= uid=0 euid=0 tty=ssh ruser= rhost=165.154.197.167  user=root
Dec 14 16:49:44 cls sshd[55814]: Failed password for root from 165.154.197.167 port 38214 ssh2
Dec 14 16:49:45 cls sshd[55814]: Received disconnect from 165.154.197.167 port 38214:11: Bye Bye [preauth]
Dec 14 16:49:45 cls sshd[55814]: Disconnected from authenticating user root 165.154.197.167 port 38214 [preauth]
Dec 14 16:49:46 cls sshd[55816]: pam_unix(sshd:auth): authentication failure; logname= uid=0 euid=0 tty=ssh ruser= rhost=172.211.56.214  user=ubuntu
Dec 14 16:49:48 cls sshd[55816]: Failed password for ubuntu from 172.211.56.214 port 55080 ssh2
Dec 14 16:49:50 cls sshd[55816]: Received disconnect from 172.211.56.214 port 55080:11: Bye Bye [preauth]
Dec 14 16:49:50 cls sshd[55816]: Disconnected from authenticating user ubuntu 172.211.56.214 port 55080 [preauth]
Dec 14 16:50:00 cls sshd[55821]: pam_unix(sshd:auth): authentication failure; logname= uid=0 euid=0 tty=ssh ruser= rhost=162.240.212.247  user=root
Dec 14 16:50:02 cls sshd[55821]: Failed password for root from 162.240.212.247 port 33366 ssh2
Dec 14 16:50:03 cls sshd[55821]: Received disconnect from 162.240.212.247 port 33366:11: Bye Bye [preauth]
Dec 14 16:50:03 cls sshd[55821]: Disconnected from authenticating user root 162.240.212.247 port 33366 [preauth]
Dec 14 16:50:10 cls sshd[55823]: pam_unix(sshd:auth): authentication failure; logname= uid=0 euid=0 tty=ssh ruser= rhost=58.98.199.45  user=ubuntu
Dec 14 16:50:12 cls sshd[55823]: Failed password for ubuntu from 58.98.199.45 port 43575 ssh2
Dec 14 16:50:12 cls sshd[55828]: Invalid user deep from 149.104.111.235 port 40842
Dec 14 16:50:12 cls sshd[55828]: pam_unix(sshd:auth): check pass; user unknown
Dec 14 16:50:12 cls sshd[55828]: pam_unix(sshd:auth): authentication failure; logname= uid=0 euid=0 tty=ssh ruser= rhost=149.104.111.235 
Dec 14 16:50:14 cls sshd[55823]: Received disconnect from 58.98.199.45 port 43575:11: Bye Bye [preauth]
Dec 14 16:50:14 cls sshd[55823]: Disconnected from authenticating user ubuntu 58.98.199.45 port 43575 [preauth]
Dec 14 16:50:15 cls sshd[55828]: Failed password for invalid user deep from 149.104.111.235 port 40842 ssh2
Dec 14 16:50:16 cls sshd[55828]: Received disconnect from 149.104.111.235 port 40842:11: Bye Bye [preauth]
Dec 14 16:50:16 cls sshd[55828]: Disconnected from invalid user deep 149.104.111.235 port 40842 [preauth]
Dec 14 16:50:24 cls sshd[55830]: pam_unix(sshd:auth): authentication failure; logname= uid=0 euid=0 tty=ssh ruser= rhost=45.78.194.32  user=root
Dec 14 16:50:27 cls sshd[55830]: Failed password for root from 45.78.194.32 port 51250 ssh2
Dec 14 16:50:27 cls sshd[55830]: Received disconnect from 45.78.194.32 port 51250:11: Bye Bye [preauth]
Dec 14 16:50:27 cls sshd[55830]: Disconnected from authenticating user root 45.78.194.32 port 51250 [preauth]
Dec 14 16:50:30 cls sshd[55832]: Invalid user mary from 165.154.197.167 port 58060
Dec 14 16:50:30 cls sshd[55832]: pam_unix(sshd:auth): check pass; user unknown
Dec 14 16:50:30 cls sshd[55832]: pam_unix(sshd:auth): authentication failure; logname= uid=0 euid=0 tty=ssh ruser= rhost=165.154.197.167 
Dec 14 16:50:31 cls sshd[55832]: Failed password for invalid user mary from 165.154.197.167 port 58060 ssh2
Dec 14 16:50:32 cls sshd[55832]: Received disconnect from 165.154.197.167 port 58060:11: Bye Bye [preauth]
Dec 14 16:50:32 cls sshd[55832]: Disconnected from invalid user mary 165.154.197.167 port 58060 [preauth]
Dec 14 16:50:41 cls sshd[55838]: Invalid user wcs from 172.211.56.214 port 43954
Dec 14 16:50:41 cls sshd[55838]: pam_unix(sshd:auth): check pass; user unknown
Dec 14 16:50:41 cls sshd[55838]: pam_unix(sshd:auth): authentication failure; logname= uid=0 euid=0 tty=ssh ruser= rhost=172.211.56.214 
Dec 14 16:50:41 cls sshd[55836]: Invalid user eadmin from 162.240.212.247 port 45556
Dec 14 16:50:41 cls sshd[55836]: pam_unix(sshd:auth): check pass; user unknown
Dec 14 16:50:41 cls sshd[55836]: pam_unix(sshd:auth): authentication failure; logname= uid=0 euid=0 tty=ssh ruser= rhost=162.240.212.247 
Dec 14 16:50:41 cls sshd[55840]: Invalid user user from 87.121.84.65 port 22596
Dec 14 16:50:41 cls sshd[55840]: pam_unix(sshd:auth): check pass; user unknown
Dec 14 16:50:41 cls sshd[55840]: pam_unix(sshd:auth): authentication failure; logname= uid=0 euid=0 tty=ssh ruser= rhost=87.121.84.65 
Dec 14 16:50:42 cls sshd[55838]: Failed password for invalid user wcs from 172.211.56.214 port 43954 ssh2
Dec 14 16:50:42 cls sshd[55836]: Failed password for invalid user eadmin from 162.240.212.247 port 45556 ssh2
Dec 14 16:50:43 cls sshd[55840]: Failed password for invalid user user from 87.121.84.65 port 22596 ssh2
Dec 14 16:50:43 cls sshd[55840]: Received disconnect from 87.121.84.65 port 22596:11: Bye Bye [preauth]
Dec 14 16:50:43 cls sshd[55840]: Disconnected from invalid user user 87.121.84.65 port 22596 [preauth]
Dec 14 16:50:43 cls sshd[55838]: Received disconnect from 172.211.56.214 port 43954:11: Bye Bye [preauth]
Dec 14 16:50:43 cls sshd[55838]: Disconnected from invalid user wcs 172.211.56.214 port 43954 [preauth]
Dec 14 16:50:43 cls sshd[55836]: Received disconnect from 162.240.212.247 port 45556:11: Bye Bye [preauth]
Dec 14 16:50:43 cls sshd[55836]: Disconnected from invalid user eadmin 162.240.212.247 port 45556 [preauth]
Dec 14 16:51:00 cls sshd[55845]: Invalid user vncuser from 149.104.111.235 port 46422
Dec 14 16:51:00 cls sshd[55845]: pam_unix(sshd:auth): check pass; user unknown
Dec 14 16:51:00 cls sshd[55845]: pam_unix(sshd:auth): authentication failure; logname= uid=0 euid=0 tty=ssh ruser= rhost=149.104.111.235 
Dec 14 16:51:02 cls sshd[55845]: Failed password for invalid user vncuser from 149.104.111.235 port 46422 ssh2
Dec 14 16:51:02 cls sshd[55845]: Received disconnect from 149.104.111.235 port 46422:11: Bye Bye [preauth]
Dec 14 16:51:02 cls sshd[55845]: Disconnected from invalid user vncuser 149.104.111.235 port 46422 [preauth]
Dec 14 16:51:15 cls sshd[55848]: Invalid user admin from 165.154.197.167 port 35234
Dec 14 16:51:15 cls sshd[55848]: pam_unix(sshd:auth): check pass; user unknown
Dec 14 16:51:15 cls sshd[55848]: pam_unix(sshd:auth): authentication failure; logname= uid=0 euid=0 tty=ssh ruser= rhost=165.154.197.167 
Dec 14 16:51:17 cls sshd[55848]: Failed password for invalid user admin from 165.154.197.167 port 35234 ssh2
Dec 14 16:51:18 cls sshd[55851]: pam_unix(sshd:auth): authentication failure; logname= uid=0 euid=0 tty=ssh ruser= rhost=162.240.212.247  user=root
Dec 14 16:51:18 cls sshd[55848]: Received disconnect from 165.154.197.167 port 35234:11: Bye Bye [preauth]
Dec 14 16:51:18 cls sshd[55848]: Disconnected from invalid user admin 165.154.197.167 port 35234 [preauth]
Dec 14 16:51:19 cls sshd[55851]: Failed password for root from 162.240.212.247 port 57732 ssh2
Dec 14 16:51:20 cls sshd[55851]: Received disconnect from 162.240.212.247 port 57732:11: Bye Bye [preauth]
Dec 14 16:51:20 cls sshd[55851]: Disconnected from authenticating user root 162.240.212.247 port 57732 [preauth]
Dec 14 16:51:27 cls sshd[55853]: pam_unix(sshd:auth): authentication failure; logname= uid=0 euid=0 tty=ssh ruser= rhost=172.211.56.214  user=root
Dec 14 16:51:28 cls sshd[55855]: pam_unix(sshd:auth): authentication failure; logname= uid=0 euid=0 tty=ssh ruser= rhost=58.98.199.45  user=root
Dec 14 16:51:29 cls sshd[55853]: Failed password for root from 172.211.56.214 port 34702 ssh2
Dec 14 16:51:30 cls sshd[55855]: Failed password for root from 58.98.199.45 port 33277 ssh2
Dec 14 16:51:30 cls sshd[55853]: Received disconnect from 172.211.56.214 port 34702:11: Bye Bye [preauth]
Dec 14 16:51:30 cls sshd[55853]: Disconnected from authenticating user root 172.211.56.214 port 34702 [preauth]
Dec 14 16:51:31 cls sshd[55855]: Received disconnect from 58.98.199.45 port 33277:11: Bye Bye [preauth]
Dec 14 16:51:31 cls sshd[55855]: Disconnected from authenticating user root 58.98.199.45 port 33277 [preauth]
Dec 14 16:51:34 cls sshd[55857]: Invalid user hieu from 45.78.194.32 port 41412
Dec 14 16:51:34 cls sshd[55857]: pam_unix(sshd:auth): check pass; user unknown
Dec 14 16:51:34 cls sshd[55857]: pam_unix(sshd:auth): authentication failure; logname= uid=0 euid=0 tty=ssh ruser= rhost=45.78.194.32 
Dec 14 16:51:36 cls sshd[55857]: Failed password for invalid user hieu from 45.78.194.32 port 41412 ssh2
Dec 14 16:51:37 cls sshd[55857]: Received disconnect from 45.78.194.32 port 41412:11: Bye Bye [preauth]
Dec 14 16:51:37 cls sshd[55857]: Disconnected from invalid user hieu 45.78.194.32 port 41412 [preauth]
Dec 14 16:51:47 cls sshd[55862]: pam_unix(sshd:auth): authentication failure; logname= uid=0 euid=0 tty=ssh ruser= rhost=149.104.111.235  user=root
Dec 14 16:51:49 cls sshd[55862]: Failed password for root from 149.104.111.235 port 58486 ssh2
Dec 14 16:51:49 cls sshd[55862]: Received disconnect from 149.104.111.235 port 58486:11: Bye Bye [preauth]
Dec 14 16:51:49 cls sshd[55862]: Disconnected from authenticating user root 149.104.111.235 port 58486 [preauth]
Dec 14 16:51:51 cls sshd[55867]: pam_unix(sshd:auth): authentication failure; logname= uid=0 euid=0 tty=ssh ruser= rhost=162.240.212.247  user=root
Dec 14 16:51:53 cls sshd[55867]: Failed password for root from 162.240.212.247 port 41674 ssh2
Dec 14 16:51:54 cls sshd[55867]: Received disconnect from 162.240.212.247 port 41674:11: Bye Bye [preauth]
Dec 14 16:51:54 cls sshd[55867]: Disconnected from authenticating user root 162.240.212.247 port 41674 [preauth]
Dec 14 16:52:03 cls sshd[55871]: pam_unix(sshd:auth): authentication failure; logname= uid=0 euid=0 tty=ssh ruser= rhost=165.154.197.167  user=root
Dec 14 16:52:05 cls sshd[55871]: Failed password for root from 165.154.197.167 port 46536 ssh2
Dec 14 16:52:05 cls sshd[55871]: Received disconnect from 165.154.197.167 port 46536:11: Bye Bye [preauth]
Dec 14 16:52:05 cls sshd[55871]: Disconnected from authenticating user root 165.154.197.167 port 46536 [preauth]
Dec 14 16:52:18 cls sshd[55878]: Invalid user user1 from 172.211.56.214 port 55440
Dec 14 16:52:18 cls sshd[55878]: pam_unix(sshd:auth): check pass; user unknown
Dec 14 16:52:18 cls sshd[55878]: pam_unix(sshd:auth): authentication failure; logname= uid=0 euid=0 tty=ssh ruser= rhost=172.211.56.214 
Dec 14 16:52:20 cls sshd[55878]: Failed password for invalid user user1 from 172.211.56.214 port 55440 ssh2
Dec 14 16:52:21 cls sshd[55878]: Received disconnect from 172.211.56.214 port 55440:11: Bye Bye [preauth]
Dec 14 16:52:21 cls sshd[55878]: Disconnected from invalid user user1 172.211.56.214 port 55440 [preauth]
Dec 14 16:52:26 cls sshd[55880]: pam_unix(sshd:auth): authentication failure; logname= uid=0 euid=0 tty=ssh ruser= rhost=162.240.212.247  user=root
Dec 14 16:52:27 cls sshd[55880]: Failed password for root from 162.240.212.247 port 53806 ssh2
Dec 14 16:52:28 cls sshd[55880]: Received disconnect from 162.240.212.247 port 53806:11: Bye Bye [preauth]
Dec 14 16:52:28 cls sshd[55880]: Disconnected from authenticating user root 162.240.212.247 port 53806 [preauth]
Dec 14 16:52:33 cls sshd[55883]: pam_unix(sshd:auth): authentication failure; logname= uid=0 euid=0 tty=ssh ruser= rhost=149.104.111.235  user=root
Dec 14 16:52:35 cls sshd[55883]: Failed password for root from 149.104.111.235 port 51592 ssh2
Dec 14 16:52:36 cls sshd[55883]: Received disconnect from 149.104.111.235 port 51592:11: Bye Bye [preauth]
Dec 14 16:52:36 cls sshd[55883]: Disconnected from authenticating user root 149.104.111.235 port 51592 [preauth]
Dec 14 16:52:44 cls sshd[55885]: Invalid user ftpuser from 58.98.199.45 port 51743
Dec 14 16:52:44 cls sshd[55885]: pam_unix(sshd:auth): check pass; user unknown
Dec 14 16:52:44 cls sshd[55885]: pam_unix(sshd:auth): authentication failure; logname= uid=0 euid=0 tty=ssh ruser= rhost=58.98.199.45 
Dec 14 16:52:46 cls sshd[55885]: Failed password for invalid user ftpuser from 58.98.199.45 port 51743 ssh2
Dec 14 16:52:46 cls sshd[55885]: Received disconnect from 58.98.199.45 port 51743:11: Bye Bye [preauth]
Dec 14 16:52:46 cls sshd[55885]: Disconnected from invalid user ftpuser 58.98.199.45 port 51743 [preauth]
Dec 14 16:52:49 cls sshd[55887]: pam_unix(sshd:auth): authentication failure; logname= uid=0 euid=0 tty=ssh ruser= rhost=45.78.194.32  user=root
Dec 14 16:52:50 cls sshd[55887]: Failed password for root from 45.78.194.32 port 49414 ssh2
Dec 14 16:52:52 cls sshd[55887]: Received disconnect from 45.78.194.32 port 49414:11: Bye Bye [preauth]
Dec 14 16:52:52 cls sshd[55887]: Disconnected from authenticating user root 45.78.194.32 port 49414 [preauth]
Dec 14 16:52:58 cls sshd[55889]: Invalid user online from 165.154.197.167 port 48180
Dec 14 16:52:58 cls sshd[55889]: pam_unix(sshd:auth): check pass; user unknown
Dec 14 16:52:58 cls sshd[55889]: pam_unix(sshd:auth): authentication failure; logname= uid=0 euid=0 tty=ssh ruser= rhost=165.154.197.167 
Dec 14 16:53:00 cls sshd[55889]: Failed password for invalid user online from 165.154.197.167 port 48180 ssh2
Dec 14 16:53:01 cls sshd[55889]: Received disconnect from 165.154.197.167 port 48180:11: Bye Bye [preauth]
Dec 14 16:53:01 cls sshd[55889]: Disconnected from invalid user online 165.154.197.167 port 48180 [preauth]
Dec 14 16:53:10 cls sshd[55891]: pam_unix(sshd:auth): authentication failure; logname= uid=0 euid=0 tty=ssh ruser= rhost=172.211.56.214  user=ubuntu
Dec 14 16:53:12 cls sshd[55891]: Failed password for ubuntu from 172.211.56.214 port 37508 ssh2
Dec 14 16:53:14 cls sshd[55891]: Received disconnect from 172.211.56.214 port 37508:11: Bye Bye [preauth]
Dec 14 16:53:14 cls sshd[55891]: Disconnected from authenticating user ubuntu 172.211.56.214 port 37508 [preauth]
Dec 14 16:53:20 cls sshd[55893]: pam_unix(sshd:auth): authentication failure; logname= uid=0 euid=0 tty=ssh ruser= rhost=149.104.111.235  user=root
Dec 14 16:53:22 cls sshd[55893]: Failed password for root from 149.104.111.235 port 46798 ssh2
Dec 14 16:53:22 cls sshd[55895]: pam_unix(sshd:auth): authentication failure; logname= uid=0 euid=0 tty=ssh ruser= rhost=42.200.78.78  user=root
Dec 14 16:53:23 cls sshd[55893]: Received disconnect from 149.104.111.235 port 46798:11: Bye Bye [preauth]
Dec 14 16:53:23 cls sshd[55893]: Disconnected from authenticating user root 149.104.111.235 port 46798 [preauth]
Dec 14 16:53:24 cls sshd[55895]: Failed password for root from 42.200.78.78 port 38288 ssh2
Dec 14 16:53:25 cls sshd[55895]: Received disconnect from 42.200.78.78 port 38288:11: Bye Bye [preauth]
Dec 14 16:53:25 cls sshd[55895]: Disconnected from authenticating user root 42.200.78.78 port 38288 [preauth]
Dec 14 16:53:51 cls sshd[55900]: Invalid user aman from 165.154.197.167 port 47498
Dec 14 16:53:51 cls sshd[55900]: pam_unix(sshd:auth): check pass; user unknown
Dec 14 16:53:51 cls sshd[55900]: pam_unix(sshd:auth): authentication failure; logname= uid=0 euid=0 tty=ssh ruser= rhost=165.154.197.167 
Dec 14 16:53:53 cls sshd[55900]: Failed password for invalid user aman from 165.154.197.167 port 47498 ssh2
Dec 14 16:53:55 cls sshd[55900]: Received disconnect from 165.154.197.167 port 47498:11: Bye Bye [preauth]
Dec 14 16:53:55 cls sshd[55900]: Disconnected from invalid user aman 165.154.197.167 port 47498 [preauth]
Dec 14 16:54:05 cls sshd[55902]: pam_unix(sshd:auth): authentication failure; logname= uid=0 euid=0 tty=ssh ruser= rhost=172.211.56.214  user=root
Dec 14 16:54:06 cls sshd[55904]: Invalid user super from 58.98.199.45 port 42575
Dec 14 16:54:06 cls sshd[55904]: pam_unix(sshd:auth): check pass; user unknown
Dec 14 16:54:06 cls sshd[55904]: pam_unix(sshd:auth): authentication failure; logname= uid=0 euid=0 tty=ssh ruser= rhost=58.98.199.45 
Dec 14 16:54:07 cls sshd[55906]: pam_unix(sshd:auth): authentication failure; logname= uid=0 euid=0 tty=ssh ruser= rhost=45.78.194.32  user=root
Dec 14 16:54:07 cls sshd[55902]: Failed password for root from 172.211.56.214 port 36800 ssh2
Dec 14 16:54:08 cls sshd[55902]: Received disconnect from 172.211.56.214 port 36800:11: Bye Bye [preauth]
Dec 14 16:54:08 cls sshd[55902]: Disconnected from authenticating user root 172.211.56.214 port 36800 [preauth]
Dec 14 16:54:08 cls sshd[55904]: Failed password for invalid user super from 58.98.199.45 port 42575 ssh2
Dec 14 16:54:09 cls sshd[55906]: Failed password for root from 45.78.194.32 port 36566 ssh2
Dec 14 16:54:09 cls sshd[55906]: Received disconnect from 45.78.194.32 port 36566:11: Bye Bye [preauth]
Dec 14 16:54:09 cls sshd[55906]: Disconnected from authenticating user root 45.78.194.32 port 36566 [preauth]
Dec 14 16:54:10 cls sshd[55904]: Received disconnect from 58.98.199.45 port 42575:11: Bye Bye [preauth]
Dec 14 16:54:10 cls sshd[55904]: Disconnected from invalid user super 58.98.199.45 port 42575 [preauth]
Dec 14 16:54:29 cls sshd[55911]: pam_unix(sshd:auth): authentication failure; logname= uid=0 euid=0 tty=ssh ruser= rhost=194.107.115.11  user=root
Dec 14 16:54:31 cls sshd[55911]: Failed password for root from 194.107.115.11 port 58852 ssh2
Dec 14 16:54:32 cls sshd[55911]: Received disconnect from 194.107.115.11 port 58852:11: Bye Bye [preauth]
Dec 14 16:54:32 cls sshd[55911]: Disconnected from authenticating user root 194.107.115.11 port 58852 [preauth]
Dec 14 16:54:41 cls sshd[55913]: Invalid user amir from 165.154.197.167 port 44020
