Dec 15 03:15:20 cls sshd[70018]: Failed password for invalid user testuser from 154.83.15.200 port 60570 ssh2
Dec 15 03:15:20 cls sshd[70016]: Failed password for root from 200.73.135.75 port 58284 ssh2
Dec 15 03:15:20 cls sshd[70020]: Invalid user saad from 118.107.45.31 port 58434
Dec 15 03:15:20 cls sshd[70020]: pam_unix(sshd:auth): check pass; user unknown
Dec 15 03:15:20 cls sshd[70020]: pam_unix(sshd:auth): authentication failure; logname= uid=0 euid=0 tty=ssh ruser= rhost=118.107.45.31 
Dec 15 03:15:21 cls sshd[70018]: Received disconnect from 154.83.15.200 port 60570:11: Bye Bye [preauth]
Dec 15 03:15:21 cls sshd[70018]: Disconnected from invalid user testuser 154.83.15.200 port 60570 [preauth]
Dec 15 03:15:21 cls sshd[70014]: Received disconnect from 200.196.50.91 port 52610:11: Bye Bye [preauth]
Dec 15 03:15:21 cls sshd[70014]: Disconnected from invalid user vas 200.196.50.91 port 52610 [preauth]
Dec 15 03:15:22 cls sshd[70016]: Received disconnect from 200.73.135.75 port 58284:11: Bye Bye [preauth]
Dec 15 03:15:22 cls sshd[70016]: Disconnected from authenticating user root 200.73.135.75 port 58284 [preauth]
Dec 15 03:15:22 cls sshd[70020]: Failed password for invalid user saad from 118.107.45.31 port 58434 ssh2
Dec 15 03:15:23 cls sshd[70020]: Received disconnect from 118.107.45.31 port 58434:11: Bye Bye [preauth]
Dec 15 03:15:23 cls sshd[70020]: Disconnected from invalid user saad 118.107.45.31 port 58434 [preauth]
Dec 15 03:15:25 cls sshd[70027]: pam_unix(sshd:auth): authentication failure; logname= uid=0 euid=0 tty=ssh ruser= rhost=49.206.243.162  user=ubuntu
Dec 15 03:15:27 cls sshd[70027]: Failed password for ubuntu from 49.206.243.162 port 9570 ssh2
Dec 15 03:15:29 cls sshd[70027]: Received disconnect from 49.206.243.162 port 9570:11: Bye Bye [preauth]
Dec 15 03:15:29 cls sshd[70027]: Disconnected from authenticating user ubuntu 49.206.243.162 port 9570 [preauth]
Dec 15 03:15:36 cls sshd[70029]: pam_unix(sshd:auth): authentication failure; logname= uid=0 euid=0 tty=ssh ruser= rhost=221.156.126.1  user=root
Dec 15 03:15:39 cls sshd[70029]: Failed password for root from 221.156.126.1 port 51126 ssh2
Dec 15 03:15:41 cls sshd[70029]: Received disconnect from 221.156.126.1 port 51126:11: Bye Bye [preauth]
Dec 15 03:15:41 cls sshd[70029]: Disconnected from authenticating user root 221.156.126.1 port 51126 [preauth]
Dec 15 03:15:51 cls sshd[70061]: Invalid user mhd from 151.43.109.174 port 17807
Dec 15 03:15:51 cls sshd[70061]: pam_unix(sshd:auth): check pass; user unknown
Dec 15 03:15:51 cls sshd[70061]: pam_unix(sshd:auth): authentication failure; logname= uid=0 euid=0 tty=ssh ruser= rhost=151.43.109.174 
Dec 15 03:15:53 cls sshd[70061]: Failed password for invalid user mhd from 151.43.109.174 port 17807 ssh2
Dec 15 03:15:54 cls sshd[70063]: pam_unix(sshd:auth): authentication failure; logname= uid=0 euid=0 tty=ssh ruser= rhost=200.196.50.91  user=root
Dec 15 03:15:54 cls sshd[70061]: Received disconnect from 151.43.109.174 port 17807:11: Bye Bye [preauth]
Dec 15 03:15:54 cls sshd[70061]: Disconnected from invalid user mhd 151.43.109.174 port 17807 [preauth]
Dec 15 03:15:55 cls sshd[70063]: Failed password for root from 200.196.50.91 port 58801 ssh2
Dec 15 03:15:57 cls sshd[70063]: Received disconnect from 200.196.50.91 port 58801:11: Bye Bye [preauth]
Dec 15 03:15:57 cls sshd[70063]: Disconnected from authenticating user root 200.196.50.91 port 58801 [preauth]
Dec 15 03:15:57 cls sshd[70073]: pam_unix(sshd:auth): authentication failure; logname= uid=0 euid=0 tty=ssh ruser= rhost=118.107.45.31  user=root
Dec 15 03:15:59 cls sshd[70075]: Invalid user git from 154.83.15.200 port 46536
Dec 15 03:15:59 cls sshd[70075]: pam_unix(sshd:auth): check pass; user unknown
Dec 15 03:15:59 cls sshd[70075]: pam_unix(sshd:auth): authentication failure; logname= uid=0 euid=0 tty=ssh ruser= rhost=154.83.15.200 
Dec 15 03:16:00 cls sshd[70073]: Failed password for root from 118.107.45.31 port 46774 ssh2
Dec 15 03:16:00 cls sshd[70073]: Received disconnect from 118.107.45.31 port 46774:11: Bye Bye [preauth]
Dec 15 03:16:00 cls sshd[70073]: Disconnected from authenticating user root 118.107.45.31 port 46774 [preauth]
Dec 15 03:16:01 cls sshd[70075]: Failed password for invalid user git from 154.83.15.200 port 46536 ssh2
Dec 15 03:16:02 cls sshd[70075]: Received disconnect from 154.83.15.200 port 46536:11: Bye Bye [preauth]
Dec 15 03:16:02 cls sshd[70075]: Disconnected from invalid user git 154.83.15.200 port 46536 [preauth]
Dec 15 03:16:03 cls sshd[70077]: Invalid user admin from 200.73.135.75 port 44040
Dec 15 03:16:03 cls sshd[70077]: pam_unix(sshd:auth): check pass; user unknown
Dec 15 03:16:03 cls sshd[70077]: pam_unix(sshd:auth): authentication failure; logname= uid=0 euid=0 tty=ssh ruser= rhost=200.73.135.75 
Dec 15 03:16:05 cls sshd[70077]: Failed password for invalid user admin from 200.73.135.75 port 44040 ssh2
Dec 15 03:16:07 cls sshd[70077]: Received disconnect from 200.73.135.75 port 44040:11: Bye Bye [preauth]
Dec 15 03:16:07 cls sshd[70077]: Disconnected from invalid user admin 200.73.135.75 port 44040 [preauth]
Dec 15 03:16:09 cls sshd[70083]: pam_unix(sshd:auth): authentication failure; logname= uid=0 euid=0 tty=ssh ruser= rhost=185.216.116.13  user=root
Dec 15 03:16:10 cls sshd[70086]: pam_unix(sshd:auth): authentication failure; logname= uid=0 euid=0 tty=ssh ruser= rhost=221.156.126.1  user=root
Dec 15 03:16:11 cls sshd[70083]: Failed password for root from 185.216.116.13 port 42248 ssh2
Dec 15 03:16:12 cls sshd[70086]: Failed password for root from 221.156.126.1 port 35320 ssh2
Dec 15 03:16:12 cls sshd[70083]: Received disconnect from 185.216.116.13 port 42248:11: Bye Bye [preauth]
Dec 15 03:16:12 cls sshd[70083]: Disconnected from authenticating user root 185.216.116.13 port 42248 [preauth]
Dec 15 03:16:13 cls sshd[70086]: Received disconnect from 221.156.126.1 port 35320:11: Bye Bye [preauth]
Dec 15 03:16:13 cls sshd[70086]: Disconnected from authenticating user root 221.156.126.1 port 35320 [preauth]
Dec 15 03:16:29 cls sshd[70090]: pam_unix(sshd:auth): authentication failure; logname= uid=0 euid=0 tty=ssh ruser= rhost=200.196.50.91  user=ubuntu
Dec 15 03:16:31 cls sshd[70090]: Failed password for ubuntu from 200.196.50.91 port 36755 ssh2
Dec 15 03:16:31 cls sshd[70090]: Received disconnect from 200.196.50.91 port 36755:11: Bye Bye [preauth]
Dec 15 03:16:31 cls sshd[70090]: Disconnected from authenticating user ubuntu 200.196.50.91 port 36755 [preauth]
Dec 15 03:16:33 cls sshd[70092]: Invalid user teste from 118.107.45.31 port 51936
Dec 15 03:16:33 cls sshd[70092]: pam_unix(sshd:auth): check pass; user unknown
Dec 15 03:16:33 cls sshd[70092]: pam_unix(sshd:auth): authentication failure; logname= uid=0 euid=0 tty=ssh ruser= rhost=118.107.45.31 
Dec 15 03:16:36 cls sshd[70092]: Failed password for invalid user teste from 118.107.45.31 port 51936 ssh2
Dec 15 03:16:36 cls sshd[70092]: Received disconnect from 118.107.45.31 port 51936:11: Bye Bye [preauth]
Dec 15 03:16:36 cls sshd[70092]: Disconnected from invalid user teste 118.107.45.31 port 51936 [preauth]
Dec 15 03:16:38 cls sshd[70094]: pam_unix(sshd:auth): authentication failure; logname= uid=0 euid=0 tty=ssh ruser= rhost=154.83.15.200  user=root
Dec 15 03:16:40 cls sshd[70094]: Failed password for root from 154.83.15.200 port 60738 ssh2
Dec 15 03:16:41 cls sshd[70094]: Received disconnect from 154.83.15.200 port 60738:11: Bye Bye [preauth]
Dec 15 03:16:41 cls sshd[70094]: Disconnected from authenticating user root 154.83.15.200 port 60738 [preauth]
Dec 15 03:16:43 cls sshd[70099]: Invalid user testuser from 221.156.126.1 port 47744
Dec 15 03:16:43 cls sshd[70099]: pam_unix(sshd:auth): check pass; user unknown
Dec 15 03:16:43 cls sshd[70099]: pam_unix(sshd:auth): authentication failure; logname= uid=0 euid=0 tty=ssh ruser= rhost=221.156.126.1 
Dec 15 03:16:45 cls sshd[70099]: Failed password for invalid user testuser from 221.156.126.1 port 47744 ssh2
Dec 15 03:16:45 cls sshd[70099]: Received disconnect from 221.156.126.1 port 47744:11: Bye Bye [preauth]
Dec 15 03:16:45 cls sshd[70099]: Disconnected from invalid user testuser 221.156.126.1 port 47744 [preauth]
Dec 15 03:16:46 cls sshd[70101]: Invalid user zhenshan from 200.73.135.75 port 58032
Dec 15 03:16:46 cls sshd[70101]: pam_unix(sshd:auth): check pass; user unknown
Dec 15 03:16:46 cls sshd[70101]: pam_unix(sshd:auth): authentication failure; logname= uid=0 euid=0 tty=ssh ruser= rhost=200.73.135.75 
Dec 15 03:16:48 cls sshd[70101]: Failed password for invalid user zhenshan from 200.73.135.75 port 58032 ssh2
Dec 15 03:16:50 cls sshd[70101]: Received disconnect from 200.73.135.75 port 58032:11: Bye Bye [preauth]
Dec 15 03:16:50 cls sshd[70101]: Disconnected from invalid user zhenshan 200.73.135.75 port 58032 [preauth]
Dec 15 03:16:58 cls sshd[70119]: pam_unix(sshd:auth): authentication failure; logname= uid=0 euid=0 tty=ssh ruser= rhost=185.216.116.13  user=ubuntu
Dec 15 03:17:00 cls sshd[70119]: Failed password for ubuntu from 185.216.116.13 port 54682 ssh2
Dec 15 03:17:01 cls CRON[70122]: pam_unix(cron:session): session opened for user root by (uid=0)
Dec 15 03:17:01 cls CRON[70122]: pam_unix(cron:session): session closed for user root
Dec 15 03:17:02 cls sshd[70119]: Received disconnect from 185.216.116.13 port 54682:11: Bye Bye [preauth]
Dec 15 03:17:02 cls sshd[70119]: Disconnected from authenticating user ubuntu 185.216.116.13 port 54682 [preauth]
Dec 15 03:17:05 cls sshd[70126]: pam_unix(sshd:auth): authentication failure; logname= uid=0 euid=0 tty=ssh ruser= rhost=200.196.50.91  user=root
Dec 15 03:17:07 cls sshd[70126]: Failed password for root from 200.196.50.91 port 42951 ssh2
Dec 15 03:17:08 cls sshd[70126]: Received disconnect from 200.196.50.91 port 42951:11: Bye Bye [preauth]
Dec 15 03:17:08 cls sshd[70126]: Disconnected from authenticating user root 200.196.50.91 port 42951 [preauth]
Dec 15 03:17:09 cls sshd[70129]: pam_unix(sshd:auth): authentication failure; logname= uid=0 euid=0 tty=ssh ruser= rhost=118.107.45.31  user=root
Dec 15 03:17:12 cls sshd[70129]: Failed password for root from 118.107.45.31 port 34132 ssh2
Dec 15 03:17:12 cls sshd[70129]: Received disconnect from 118.107.45.31 port 34132:11: Bye Bye [preauth]
Dec 15 03:17:12 cls sshd[70129]: Disconnected from authenticating user root 118.107.45.31 port 34132 [preauth]
Dec 15 03:17:17 cls sshd[70131]: pam_unix(sshd:auth): authentication failure; logname= uid=0 euid=0 tty=ssh ruser= rhost=221.156.126.1  user=root
Dec 15 03:17:18 cls sshd[70133]: pam_unix(sshd:auth): authentication failure; logname= uid=0 euid=0 tty=ssh ruser= rhost=154.83.15.200  user=root
Dec 15 03:17:19 cls sshd[70131]: Failed password for root from 221.156.126.1 port 60170 ssh2
Dec 15 03:17:19 cls sshd[70131]: Received disconnect from 221.156.126.1 port 60170:11: Bye Bye [preauth]
Dec 15 03:17:19 cls sshd[70131]: Disconnected from authenticating user root 221.156.126.1 port 60170 [preauth]
Dec 15 03:17:20 cls sshd[70133]: Failed password for root from 154.83.15.200 port 46720 ssh2
Dec 15 03:17:21 cls sshd[70133]: Received disconnect from 154.83.15.200 port 46720:11: Bye Bye [preauth]
Dec 15 03:17:21 cls sshd[70133]: Disconnected from authenticating user root 154.83.15.200 port 46720 [preauth]
Dec 15 03:17:31 cls sshd[70138]: pam_unix(sshd:auth): authentication failure; logname= uid=0 euid=0 tty=ssh ruser= rhost=200.73.135.75  user=root
Dec 15 03:17:32 cls sshd[70138]: Failed password for root from 200.73.135.75 port 43790 ssh2
Dec 15 03:17:36 cls sshd[70138]: Received disconnect from 200.73.135.75 port 43790:11: Bye Bye [preauth]
Dec 15 03:17:36 cls sshd[70138]: Disconnected from authenticating user root 200.73.135.75 port 43790 [preauth]
Dec 15 03:17:41 cls sshd[70140]: Invalid user omar from 151.43.109.174 port 17300
Dec 15 03:17:41 cls sshd[70140]: pam_unix(sshd:auth): check pass; user unknown
Dec 15 03:17:41 cls sshd[70140]: pam_unix(sshd:auth): authentication failure; logname= uid=0 euid=0 tty=ssh ruser= rhost=151.43.109.174 
Dec 15 03:17:42 cls sshd[70142]: Invalid user omar from 185.216.116.13 port 38896
Dec 15 03:17:42 cls sshd[70142]: pam_unix(sshd:auth): check pass; user unknown
Dec 15 03:17:42 cls sshd[70142]: pam_unix(sshd:auth): authentication failure; logname= uid=0 euid=0 tty=ssh ruser= rhost=185.216.116.13 
Dec 15 03:17:43 cls sshd[70140]: Failed password for invalid user omar from 151.43.109.174 port 17300 ssh2
Dec 15 03:17:43 cls sshd[70142]: Failed password for invalid user omar from 185.216.116.13 port 38896 ssh2
Dec 15 03:17:45 cls sshd[70140]: Received disconnect from 151.43.109.174 port 17300:11: Bye Bye [preauth]
Dec 15 03:17:45 cls sshd[70140]: Disconnected from invalid user omar 151.43.109.174 port 17300 [preauth]
Dec 15 03:17:45 cls sshd[70142]: Received disconnect from 185.216.116.13 port 38896:11: Bye Bye [preauth]
Dec 15 03:17:45 cls sshd[70142]: Disconnected from invalid user omar 185.216.116.13 port 38896 [preauth]
Dec 15 03:17:46 cls sshd[70149]: pam_unix(sshd:auth): authentication failure; logname= uid=0 euid=0 tty=ssh ruser= rhost=118.107.45.31  user=root
Dec 15 03:17:46 cls sshd[70147]: Invalid user mhd from 200.196.50.91 port 49152
Dec 15 03:17:46 cls sshd[70147]: pam_unix(sshd:auth): check pass; user unknown
Dec 15 03:17:46 cls sshd[70147]: pam_unix(sshd:auth): authentication failure; logname= uid=0 euid=0 tty=ssh ruser= rhost=200.196.50.91 
Dec 15 03:17:48 cls sshd[70149]: Failed password for root from 118.107.45.31 port 35834 ssh2
Dec 15 03:17:48 cls sshd[70147]: Failed password for invalid user mhd from 200.196.50.91 port 49152 ssh2
Dec 15 03:17:48 cls sshd[70149]: Received disconnect from 118.107.45.31 port 35834:11: Bye Bye [preauth]
Dec 15 03:17:48 cls sshd[70149]: Disconnected from authenticating user root 118.107.45.31 port 35834 [preauth]
Dec 15 03:17:49 cls sshd[70147]: Received disconnect from 200.196.50.91 port 49152:11: Bye Bye [preauth]
Dec 15 03:17:49 cls sshd[70147]: Disconnected from invalid user mhd 200.196.50.91 port 49152 [preauth]
Dec 15 03:17:51 cls sshd[70154]: pam_unix(sshd:auth): authentication failure; logname= uid=0 euid=0 tty=ssh ruser= rhost=221.156.126.1  user=ubuntu
Dec 15 03:17:53 cls sshd[70154]: Failed password for ubuntu from 221.156.126.1 port 44360 ssh2
Dec 15 03:17:55 cls sshd[70154]: Received disconnect from 221.156.126.1 port 44360:11: Bye Bye [preauth]
Dec 15 03:17:55 cls sshd[70154]: Disconnected from authenticating user ubuntu 221.156.126.1 port 44360 [preauth]
Dec 15 03:18:01 cls sshd[70156]: Invalid user sandy from 154.83.15.200 port 60830
Dec 15 03:18:01 cls sshd[70156]: pam_unix(sshd:auth): check pass; user unknown
Dec 15 03:18:01 cls sshd[70156]: pam_unix(sshd:auth): authentication failure; logname= uid=0 euid=0 tty=ssh ruser= rhost=154.83.15.200 
Dec 15 03:18:02 cls sshd[70156]: Failed password for invalid user sandy from 154.83.15.200 port 60830 ssh2
Dec 15 03:18:03 cls sshd[70156]: Received disconnect from 154.83.15.200 port 60830:11: Bye Bye [preauth]
Dec 15 03:18:03 cls sshd[70156]: Disconnected from invalid user sandy 154.83.15.200 port 60830 [preauth]
Dec 15 03:18:15 cls sshd[70158]: pam_unix(sshd:auth): authentication failure; logname= uid=0 euid=0 tty=ssh ruser= rhost=200.73.135.75  user=root
Dec 15 03:18:17 cls sshd[70158]: Failed password for root from 200.73.135.75 port 57780 ssh2
Dec 15 03:18:18 cls sshd[70158]: Received disconnect from 200.73.135.75 port 57780:11: Bye Bye [preauth]
Dec 15 03:18:18 cls sshd[70158]: Disconnected from authenticating user root 200.73.135.75 port 57780 [preauth]
Dec 15 03:18:20 cls sshd[70163]: pam_unix(sshd:auth): authentication failure; logname= uid=0 euid=0 tty=ssh ruser= rhost=185.216.116.13  user=root
Dec 15 03:18:22 cls sshd[70163]: Failed password for root from 185.216.116.13 port 51336 ssh2
Dec 15 03:18:23 cls sshd[70165]: pam_unix(sshd:auth): authentication failure; logname= uid=0 euid=0 tty=ssh ruser= rhost=200.196.50.91  user=root
Dec 15 03:18:23 cls sshd[70167]: pam_unix(sshd:auth): authentication failure; logname= uid=0 euid=0 tty=ssh ruser= rhost=118.107.45.31  user=root
Dec 15 03:18:23 cls sshd[70163]: Received disconnect from 185.216.116.13 port 51336:11: Bye Bye [preauth]
Dec 15 03:18:23 cls sshd[70163]: Disconnected from authenticating user root 185.216.116.13 port 51336 [preauth]
Dec 15 03:18:25 cls sshd[70169]: Invalid user mata from 221.156.126.1 port 56794
Dec 15 03:18:25 cls sshd[70169]: pam_unix(sshd:auth): check pass; user unknown
Dec 15 03:18:25 cls sshd[70169]: pam_unix(sshd:auth): authentication failure; logname= uid=0 euid=0 tty=ssh ruser= rhost=221.156.126.1 
Dec 15 03:18:25 cls sshd[70165]: Failed password for root from 200.196.50.91 port 55361 ssh2
Dec 15 03:18:25 cls sshd[70167]: Failed password for root from 118.107.45.31 port 43858 ssh2
Dec 15 03:18:26 cls sshd[70165]: Received disconnect from 200.196.50.91 port 55361:11: Bye Bye [preauth]
Dec 15 03:18:26 cls sshd[70165]: Disconnected from authenticating user root 200.196.50.91 port 55361 [preauth]
Dec 15 03:18:26 cls sshd[70167]: Received disconnect from 118.107.45.31 port 43858:11: Bye Bye [preauth]
Dec 15 03:18:26 cls sshd[70167]: Disconnected from authenticating user root 118.107.45.31 port 43858 [preauth]
Dec 15 03:18:26 cls sshd[70169]: Failed password for invalid user mata from 221.156.126.1 port 56794 ssh2
Dec 15 03:18:27 cls sshd[70169]: Received disconnect from 221.156.126.1 port 56794:11: Bye Bye [preauth]
Dec 15 03:18:27 cls sshd[70169]: Disconnected from invalid user mata 221.156.126.1 port 56794 [preauth]
Dec 15 03:18:38 cls sshd[70174]: Invalid user marketing from 151.43.109.174 port 17448
Dec 15 03:18:38 cls sshd[70174]: pam_unix(sshd:auth): check pass; user unknown
Dec 15 03:18:38 cls sshd[70174]: pam_unix(sshd:auth): authentication failure; logname= uid=0 euid=0 tty=ssh ruser= rhost=151.43.109.174 
Dec 15 03:18:40 cls sshd[70174]: Failed password for invalid user marketing from 151.43.109.174 port 17448 ssh2
Dec 15 03:18:42 cls sshd[70174]: Received disconnect from 151.43.109.174 port 17448:11: Bye Bye [preauth]
Dec 15 03:18:42 cls sshd[70174]: Disconnected from invalid user marketing 151.43.109.174 port 17448 [preauth]
Dec 15 03:18:43 cls sshd[70176]: Invalid user temp from 154.83.15.200 port 46462
Dec 15 03:18:43 cls sshd[70176]: pam_unix(sshd:auth): check pass; user unknown
Dec 15 03:18:43 cls sshd[70176]: pam_unix(sshd:auth): authentication failure; logname= uid=0 euid=0 tty=ssh ruser= rhost=154.83.15.200 
Dec 15 03:18:45 cls sshd[70176]: Failed password for invalid user temp from 154.83.15.200 port 46462 ssh2
Dec 15 03:18:46 cls sshd[70176]: Received disconnect from 154.83.15.200 port 46462:11: Bye Bye [preauth]
Dec 15 03:18:46 cls sshd[70176]: Disconnected from invalid user temp 154.83.15.200 port 46462 [preauth]
Dec 15 03:18:55 cls sshd[70181]: Invalid user saad from 49.206.243.162 port 57818
Dec 15 03:18:55 cls sshd[70181]: pam_unix(sshd:auth): check pass; user unknown
Dec 15 03:18:55 cls sshd[70181]: pam_unix(sshd:auth): authentication failure; logname= uid=0 euid=0 tty=ssh ruser= rhost=49.206.243.162 
Dec 15 03:18:58 cls sshd[70181]: Failed password for invalid user saad from 49.206.243.162 port 57818 ssh2
Dec 15 03:18:58 cls sshd[70185]: Invalid user mhd from 185.216.116.13 port 35544
Dec 15 03:18:58 cls sshd[70185]: pam_unix(sshd:auth): check pass; user unknown
Dec 15 03:18:58 cls sshd[70185]: pam_unix(sshd:auth): authentication failure; logname= uid=0 euid=0 tty=ssh ruser= rhost=185.216.116.13 
Dec 15 03:18:59 cls sshd[70183]: pam_unix(sshd:auth): authentication failure; logname= uid=0 euid=0 tty=ssh ruser= rhost=200.196.50.91  user=ubuntu
Dec 15 03:18:59 cls sshd[70181]: Received disconnect from 49.206.243.162 port 57818:11: Bye Bye [preauth]
Dec 15 03:18:59 cls sshd[70181]: Disconnected from invalid user saad 49.206.243.162 port 57818 [preauth]
Dec 15 03:19:00 cls sshd[70185]: Failed password for invalid user mhd from 185.216.116.13 port 35544 ssh2
Dec 15 03:19:01 cls sshd[70187]: Invalid user admin from 221.156.126.1 port 40992
Dec 15 03:19:01 cls sshd[70187]: pam_unix(sshd:auth): check pass; user unknown
Dec 15 03:19:01 cls sshd[70187]: pam_unix(sshd:auth): authentication failure; logname= uid=0 euid=0 tty=ssh ruser= rhost=221.156.126.1 
Dec 15 03:19:01 cls sshd[70185]: Received disconnect from 185.216.116.13 port 35544:11: Bye Bye [preauth]
Dec 15 03:19:01 cls sshd[70185]: Disconnected from invalid user mhd 185.216.116.13 port 35544 [preauth]
Dec 15 03:19:02 cls sshd[70183]: Failed password for ubuntu from 200.196.50.91 port 33313 ssh2
Dec 15 03:19:02 cls sshd[70189]: Invalid user sftpuser from 118.107.45.31 port 55862
Dec 15 03:19:02 cls sshd[70189]: pam_unix(sshd:auth): check pass; user unknown
Dec 15 03:19:02 cls sshd[70189]: pam_unix(sshd:auth): authentication failure; logname= uid=0 euid=0 tty=ssh ruser= rhost=118.107.45.31 
Dec 15 03:19:03 cls sshd[70187]: Failed password for invalid user admin from 221.156.126.1 port 40992 ssh2
Dec 15 03:19:03 cls sshd[70183]: Received disconnect from 200.196.50.91 port 33313:11: Bye Bye [preauth]
Dec 15 03:19:03 cls sshd[70183]: Disconnected from authenticating user ubuntu 200.196.50.91 port 33313 [preauth]
Dec 15 03:19:04 cls sshd[70189]: Failed password for invalid user sftpuser from 118.107.45.31 port 55862 ssh2
Dec 15 03:19:04 cls sshd[70187]: Received disconnect from 221.156.126.1 port 40992:11: Bye Bye [preauth]
Dec 15 03:19:04 cls sshd[70187]: Disconnected from invalid user admin 221.156.126.1 port 40992 [preauth]
Dec 15 03:19:04 cls sshd[70189]: Received disconnect from 118.107.45.31 port 55862:11: Bye Bye [preauth]
Dec 15 03:19:04 cls sshd[70189]: Disconnected from invalid user sftpuser 118.107.45.31 port 55862 [preauth]
Dec 15 03:19:05 cls sshd[70191]: pam_unix(sshd:auth): authentication failure; logname= uid=0 euid=0 tty=ssh ruser= rhost=200.73.135.75  user=root
Dec 15 03:19:07 cls sshd[70191]: Failed password for root from 200.73.135.75 port 43538 ssh2
Dec 15 03:19:08 cls sshd[70191]: Received disconnect from 200.73.135.75 port 43538:11: Bye Bye [preauth]
Dec 15 03:19:08 cls sshd[70191]: Disconnected from authenticating user root 200.73.135.75 port 43538 [preauth]
Dec 15 03:19:28 cls sshd[70196]: pam_unix(sshd:auth): authentication failure; logname= uid=0 euid=0 tty=ssh ruser= rhost=154.83.15.200  user=root
Dec 15 03:19:30 cls sshd[70196]: Failed password for root from 154.83.15.200 port 60502 ssh2
Dec 15 03:19:30 cls sshd[70196]: Received disconnect from 154.83.15.200 port 60502:11: Bye Bye [preauth]
Dec 15 03:19:30 cls sshd[70196]: Disconnected from authenticating user root 154.83.15.200 port 60502 [preauth]
Dec 15 03:19:37 cls sshd[70198]: Invalid user sandy from 221.156.126.1 port 53418
Dec 15 03:19:37 cls sshd[70198]: pam_unix(sshd:auth): check pass; user unknown
Dec 15 03:19:37 cls sshd[70198]: pam_unix(sshd:auth): authentication failure; logname= uid=0 euid=0 tty=ssh ruser= rhost=221.156.126.1 
Dec 15 03:19:38 cls sshd[70200]: Invalid user marketing from 185.216.116.13 port 47980
Dec 15 03:19:38 cls sshd[70200]: pam_unix(sshd:auth): check pass; user unknown
Dec 15 03:19:38 cls sshd[70200]: pam_unix(sshd:auth): authentication failure; logname= uid=0 euid=0 tty=ssh ruser= rhost=185.216.116.13 
Dec 15 03:19:39 cls sshd[70198]: Failed password for invalid user sandy from 221.156.126.1 port 53418 ssh2
Dec 15 03:19:40 cls sshd[70200]: Failed password for invalid user marketing from 185.216.116.13 port 47980 ssh2
Dec 15 03:19:40 cls sshd[70200]: Received disconnect from 185.216.116.13 port 47980:11: Bye Bye [preauth]
Dec 15 03:19:40 cls sshd[70200]: Disconnected from invalid user marketing 185.216.116.13 port 47980 [preauth]
Dec 15 03:19:41 cls sshd[70198]: Received disconnect from 221.156.126.1 port 53418:11: Bye Bye [preauth]
Dec 15 03:19:41 cls sshd[70198]: Disconnected from invalid user sandy 221.156.126.1 port 53418 [preauth]
Dec 15 03:19:41 cls sshd[70207]: pam_unix(sshd:auth): authentication failure; logname= uid=0 euid=0 tty=ssh ruser= rhost=118.107.45.31  user=root
Dec 15 03:19:42 cls sshd[70205]: pam_unix(sshd:auth): authentication failure; logname= uid=0 euid=0 tty=ssh ruser= rhost=200.196.50.91  user=root
Dec 15 03:19:44 cls sshd[70207]: Failed password for root from 118.107.45.31 port 41408 ssh2
Dec 15 03:19:44 cls sshd[70207]: Received disconnect from 118.107.45.31 port 41408:11: Bye Bye [preauth]
Dec 15 03:19:44 cls sshd[70207]: Disconnected from authenticating user root 118.107.45.31 port 41408 [preauth]
Dec 15 03:19:45 cls sshd[70205]: Failed password for root from 200.196.50.91 port 39512 ssh2
Dec 15 03:19:47 cls sshd[70205]: Received disconnect from 200.196.50.91 port 39512:11: Bye Bye [preauth]
Dec 15 03:19:47 cls sshd[70205]: Disconnected from authenticating user root 200.196.50.91 port 39512 [preauth]
Dec 15 03:19:50 cls sshd[70209]: pam_unix(sshd:auth): authentication failure; logname= uid=0 euid=0 tty=ssh ruser= rhost=200.73.135.75  user=root
Dec 15 03:19:52 cls sshd[70209]: Failed password for root from 200.73.135.75 port 57532 ssh2
Dec 15 03:19:53 cls sshd[70209]: Received disconnect from 200.73.135.75 port 57532:11: Bye Bye [preauth]
Dec 15 03:19:53 cls sshd[70209]: Disconnected from authenticating user root 200.73.135.75 port 57532 [preauth]
Dec 15 03:20:13 cls sshd[70211]: pam_unix(sshd:auth): authentication failure; logname= uid=0 euid=0 tty=ssh ruser= rhost=154.83.15.200  user=ubuntu
Dec 15 03:20:13 cls sshd[70213]: pam_unix(sshd:auth): authentication failure; logname= uid=0 euid=0 tty=ssh ruser= rhost=221.156.126.1  user=root
Dec 15 03:20:15 cls sshd[70211]: Failed password for ubuntu from 154.83.15.200 port 46218 ssh2
Dec 15 03:20:15 cls sshd[70213]: Failed password for root from 221.156.126.1 port 37616 ssh2
Dec 15 03:20:15 cls sshd[70211]: Received disconnect from 154.83.15.200 port 46218:11: Bye Bye [preauth]
Dec 15 03:20:15 cls sshd[70211]: Disconnected from authenticating user ubuntu 154.83.15.200 port 46218 [preauth]
Dec 15 03:20:16 cls sshd[70213]: Received disconnect from 221.156.126.1 port 37616:11: Bye Bye [preauth]
Dec 15 03:20:16 cls sshd[70213]: Disconnected from authenticating user root 221.156.126.1 port 37616 [preauth]
Dec 15 03:20:17 cls sshd[70215]: pam_unix(sshd:auth): authentication failure; logname= uid=0 euid=0 tty=ssh ruser= rhost=185.216.116.13  user=root
Dec 15 03:20:19 cls sshd[70217]: pam_unix(sshd:auth): authentication failure; logname= uid=0 euid=0 tty=ssh ruser= rhost=200.196.50.91  user=root
Dec 15 03:20:19 cls sshd[70215]: Failed password for root from 185.216.116.13 port 60424 ssh2
Dec 15 03:20:19 cls sshd[70215]: Received disconnect from 185.216.116.13 port 60424:11: Bye Bye [preauth]
Dec 15 03:20:19 cls sshd[70215]: Disconnected from authenticating user root 185.216.116.13 port 60424 [preauth]
Dec 15 03:20:21 cls sshd[70217]: Failed password for root from 200.196.50.91 port 45714 ssh2
Dec 15 03:20:21 cls sshd[70219]: Invalid user vas from 118.107.45.31 port 49808
Dec 15 03:20:21 cls sshd[70219]: pam_unix(sshd:auth): check pass; user unknown
Dec 15 03:20:21 cls sshd[70219]: pam_unix(sshd:auth): authentication failure; logname= uid=0 euid=0 tty=ssh ruser= rhost=118.107.45.31 
Dec 15 03:20:22 cls sshd[70217]: Received disconnect from 200.196.50.91 port 45714:11: Bye Bye [preauth]
Dec 15 03:20:22 cls sshd[70217]: Disconnected from authenticating user root 200.196.50.91 port 45714 [preauth]
Dec 15 03:20:24 cls sshd[70219]: Failed password for invalid user vas from 118.107.45.31 port 49808 ssh2
Dec 15 03:20:25 cls sshd[70219]: Received disconnect from 118.107.45.31 port 49808:11: Bye Bye [preauth]
Dec 15 03:20:25 cls sshd[70219]: Disconnected from invalid user vas 118.107.45.31 port 49808 [preauth]
Dec 15 03:20:33 cls sshd[70224]: pam_unix(sshd:auth): authentication failure; logname= uid=0 euid=0 tty=ssh ruser= rhost=151.43.109.174  user=ubuntu
Dec 15 03:20:35 cls sshd[70224]: Failed password for ubuntu from 151.43.109.174 port 17946 ssh2
Dec 15 03:20:37 cls sshd[70224]: Received disconnect from 151.43.109.174 port 17946:11: Bye Bye [preauth]
Dec 15 03:20:37 cls sshd[70224]: Disconnected from authenticating user ubuntu 151.43.109.174 port 17946 [preauth]
Dec 15 03:20:39 cls sshd[70229]: pam_unix(sshd:auth): authentication failure; logname= uid=0 euid=0 tty=ssh ruser= rhost=200.73.135.75  user=root
Dec 15 03:20:41 cls sshd[70229]: Failed password for root from 200.73.135.75 port 43292 ssh2
Dec 15 03:20:43 cls sshd[70229]: Received disconnect from 200.73.135.75 port 43292:11: Bye Bye [preauth]
Dec 15 03:20:43 cls sshd[70229]: Disconnected from authenticating user root 200.73.135.75 port 43292 [preauth]
Dec 15 03:20:50 cls sshd[70231]: Invalid user builder from 221.156.126.1 port 50046
Dec 15 03:20:50 cls sshd[70231]: pam_unix(sshd:auth): check pass; user unknown
Dec 15 03:20:50 cls sshd[70231]: pam_unix(sshd:auth): authentication failure; logname= uid=0 euid=0 tty=ssh ruser= rhost=221.156.126.1 
Dec 15 03:20:52 cls sshd[70231]: Failed password for invalid user builder from 221.156.126.1 port 50046 ssh2
Dec 15 03:20:52 cls sshd[70231]: Received disconnect from 221.156.126.1 port 50046:11: Bye Bye [preauth]
Dec 15 03:20:52 cls sshd[70231]: Disconnected from invalid user builder 221.156.126.1 port 50046 [preauth]
Dec 15 03:20:56 cls sshd[70236]: Invalid user gpadmin from 200.196.50.91 port 51896
Dec 15 03:20:56 cls sshd[70236]: pam_unix(sshd:auth): check pass; user unknown
Dec 15 03:20:56 cls sshd[70236]: pam_unix(sshd:auth): authentication failure; logname= uid=0 euid=0 tty=ssh ruser= rhost=200.196.50.91 
Dec 15 03:20:57 cls sshd[70238]: Invalid user saad from 185.216.116.13 port 44636
Dec 15 03:20:57 cls sshd[70238]: pam_unix(sshd:auth): check pass; user unknown
Dec 15 03:20:57 cls sshd[70238]: pam_unix(sshd:auth): authentication failure; logname= uid=0 euid=0 tty=ssh ruser= rhost=185.216.116.13 
Dec 15 03:20:58 cls sshd[70236]: Failed password for invalid user gpadmin from 200.196.50.91 port 51896 ssh2
Dec 15 03:20:58 cls sshd[70236]: Received disconnect from 200.196.50.91 port 51896:11: Bye Bye [preauth]
Dec 15 03:20:58 cls sshd[70236]: Disconnected from invalid user gpadmin 200.196.50.91 port 51896 [preauth]
Dec 15 03:20:58 cls sshd[70238]: Failed password for invalid user saad from 185.216.116.13 port 44636 ssh2
Dec 15 03:20:59 cls sshd[70243]: pam_unix(sshd:auth): authentication failure; logname= uid=0 euid=0 tty=ssh ruser= rhost=154.83.15.200  user=root
Dec 15 03:20:59 cls sshd[70238]: Received disconnect from 185.216.116.13 port 44636:11: Bye Bye [preauth]
Dec 15 03:20:59 cls sshd[70238]: Disconnected from invalid user saad 185.216.116.13 port 44636 [preauth]
Dec 15 03:21:01 cls sshd[70243]: Failed password for root from 154.83.15.200 port 60408 ssh2
Dec 15 03:21:01 cls sshd[70243]: Received disconnect from 154.83.15.200 port 60408:11: Bye Bye [preauth]
Dec 15 03:21:01 cls sshd[70243]: Disconnected from authenticating user root 154.83.15.200 port 60408 [preauth]
Dec 15 03:21:02 cls sshd[70245]: pam_unix(sshd:auth): authentication failure; logname= uid=0 euid=0 tty=ssh ruser= rhost=118.107.45.31  user=root
Dec 15 03:21:04 cls sshd[70245]: Failed password for root from 118.107.45.31 port 52868 ssh2
Dec 15 03:21:05 cls sshd[70245]: Received disconnect from 118.107.45.31 port 52868:11: Bye Bye [preauth]
Dec 15 03:21:05 cls sshd[70245]: Disconnected from authenticating user root 118.107.45.31 port 52868 [preauth]
Dec 15 03:21:25 cls sshd[70247]: Invalid user git from 200.73.135.75 port 57284
Dec 15 03:21:25 cls sshd[70247]: pam_unix(sshd:auth): check pass; user unknown
Dec 15 03:21:25 cls sshd[70247]: pam_unix(sshd:auth): authentication failure; logname= uid=0 euid=0 tty=ssh ruser= rhost=200.73.135.75 
Dec 15 03:21:28 cls sshd[70249]: pam_unix(sshd:auth): authentication failure; logname= uid=0 euid=0 tty=ssh ruser= rhost=221.156.126.1  user=root
Dec 15 03:21:28 cls sshd[70247]: Failed password for invalid user git from 200.73.135.75 port 57284 ssh2
Dec 15 03:21:30 cls sshd[70249]: Failed password for root from 221.156.126.1 port 34238 ssh2
Dec 15 03:21:31 cls sshd[70249]: Received disconnect from 221.156.126.1 port 34238:11: Bye Bye [preauth]
Dec 15 03:21:31 cls sshd[70249]: Disconnected from authenticating user root 221.156.126.1 port 34238 [preauth]
Dec 15 03:21:31 cls sshd[70247]: Received disconnect from 200.73.135.75 port 57284:11: Bye Bye [preauth]
Dec 15 03:21:31 cls sshd[70247]: Disconnected from invalid user git 200.73.135.75 port 57284 [preauth]
Dec 15 03:21:35 cls sshd[70256]: pam_unix(sshd:auth): authentication failure; logname= uid=0 euid=0 tty=ssh ruser= rhost=185.216.116.13  user=root
Dec 15 03:21:35 cls sshd[70254]: pam_unix(sshd:auth): authentication failure; logname= uid=0 euid=0 tty=ssh ruser= rhost=200.196.50.91  user=root
Dec 15 03:21:36 cls sshd[70256]: Failed password for root from 185.216.116.13 port 57076 ssh2
Dec 15 03:21:37 cls sshd[70254]: Failed password for root from 200.196.50.91 port 58082 ssh2
Dec 15 03:21:37 cls sshd[70256]: Received disconnect from 185.216.116.13 port 57076:11: Bye Bye [preauth]
Dec 15 03:21:37 cls sshd[70256]: Disconnected from authenticating user root 185.216.116.13 port 57076 [preauth]
Dec 15 03:21:38 cls sshd[70254]: Received disconnect from 200.196.50.91 port 58082:11: Bye Bye [preauth]
Dec 15 03:21:38 cls sshd[70254]: Disconnected from authenticating user root 200.196.50.91 port 58082 [preauth]
Dec 15 03:21:41 cls sshd[70261]: Invalid user gpadmin from 118.107.45.31 port 44954
Dec 15 03:21:41 cls sshd[70261]: pam_unix(sshd:auth): check pass; user unknown
Dec 15 03:21:41 cls sshd[70261]: pam_unix(sshd:auth): authentication failure; logname= uid=0 euid=0 tty=ssh ruser= rhost=118.107.45.31 
Dec 15 03:21:43 cls sshd[70261]: Failed password for invalid user gpadmin from 118.107.45.31 port 44954 ssh2
Dec 15 03:21:45 cls sshd[70261]: Received disconnect from 118.107.45.31 port 44954:11: Bye Bye [preauth]
Dec 15 03:21:45 cls sshd[70261]: Disconnected from invalid user gpadmin 118.107.45.31 port 44954 [preauth]
Dec 15 03:21:45 cls sshd[70263]: Invalid user mata from 154.83.15.200 port 46378
Dec 15 03:21:45 cls sshd[70263]: pam_unix(sshd:auth): check pass; user unknown
Dec 15 03:21:45 cls sshd[70263]: pam_unix(sshd:auth): authentication failure; logname= uid=0 euid=0 tty=ssh ruser= rhost=154.83.15.200 
Dec 15 03:21:47 cls sshd[70263]: Failed password for invalid user mata from 154.83.15.200 port 46378 ssh2
Dec 15 03:21:47 cls sshd[70263]: Received disconnect from 154.83.15.200 port 46378:11: Bye Bye [preauth]
Dec 15 03:21:47 cls sshd[70263]: Disconnected from invalid user mata 154.83.15.200 port 46378 [preauth]
Dec 15 03:22:06 cls sshd[70335]: pam_unix(sshd:auth): authentication failure; logname= uid=0 euid=0 tty=ssh ruser= rhost=221.156.126.1  user=root
Dec 15 03:22:08 cls sshd[70335]: Failed password for root from 221.156.126.1 port 46670 ssh2
Dec 15 03:22:09 cls sshd[70335]: Received disconnect from 221.156.126.1 port 46670:11: Bye Bye [preauth]
Dec 15 03:22:09 cls sshd[70335]: Disconnected from authenticating user root 221.156.126.1 port 46670 [preauth]
Dec 15 03:22:12 cls sshd[70341]: pam_unix(sshd:auth): authentication failure; logname= uid=0 euid=0 tty=ssh ruser= rhost=185.216.116.13  user=ubuntu
Dec 15 03:22:13 cls sshd[70339]: Invalid user builder from 200.73.135.75 port 43044
Dec 15 03:22:13 cls sshd[70339]: pam_unix(sshd:auth): check pass; user unknown
Dec 15 03:22:13 cls sshd[70339]: pam_unix(sshd:auth): authentication failure; logname= uid=0 euid=0 tty=ssh ruser= rhost=200.73.135.75 
Dec 15 03:22:14 cls sshd[70343]: Invalid user user2 from 200.196.50.91 port 36040
Dec 15 03:22:14 cls sshd[70343]: pam_unix(sshd:auth): check pass; user unknown
Dec 15 03:22:14 cls sshd[70343]: pam_unix(sshd:auth): authentication failure; logname= uid=0 euid=0 tty=ssh ruser= rhost=200.196.50.91 
Dec 15 03:22:15 cls sshd[70341]: Failed password for ubuntu from 185.216.116.13 port 41282 ssh2
Dec 15 03:22:15 cls sshd[70339]: Failed password for invalid user builder from 200.73.135.75 port 43044 ssh2
Dec 15 03:22:16 cls sshd[70343]: Failed password for invalid user user2 from 200.196.50.91 port 36040 ssh2
Dec 15 03:22:16 cls sshd[70341]: Received disconnect from 185.216.116.13 port 41282:11: Bye Bye [preauth]
Dec 15 03:22:16 cls sshd[70341]: Disconnected from authenticating user ubuntu 185.216.116.13 port 41282 [preauth]
Dec 15 03:22:16 cls sshd[70343]: Received disconnect from 200.196.50.91 port 36040:11: Bye Bye [preauth]
Dec 15 03:22:16 cls sshd[70343]: Disconnected from invalid user user2 200.196.50.91 port 36040 [preauth]
Dec 15 03:22:17 cls sshd[70339]: Received disconnect from 200.73.135.75 port 43044:11: Bye Bye [preauth]
Dec 15 03:22:17 cls sshd[70339]: Disconnected from invalid user builder 200.73.135.75 port 43044 [preauth]
Dec 15 03:22:18 cls sshd[70345]: Invalid user evil from 118.107.45.31 port 60562
Dec 15 03:22:18 cls sshd[70345]: pam_unix(sshd:auth): check pass; user unknown
Dec 15 03:22:18 cls sshd[70345]: pam_unix(sshd:auth): authentication failure; logname= uid=0 euid=0 tty=ssh ruser= rhost=118.107.45.31 
Dec 15 03:22:20 cls sshd[70345]: Failed password for invalid user evil from 118.107.45.31 port 60562 ssh2
Dec 15 03:22:21 cls sshd[70345]: Received disconnect from 118.107.45.31 port 60562:11: Bye Bye [preauth]
Dec 15 03:22:21 cls sshd[70345]: Disconnected from invalid user evil 118.107.45.31 port 60562 [preauth]
Dec 15 03:22:27 cls sshd[70354]: Invalid user user2 from 151.43.109.174 port 17775
Dec 15 03:22:27 cls sshd[70354]: pam_unix(sshd:auth): check pass; user unknown
Dec 15 03:22:27 cls sshd[70354]: pam_unix(sshd:auth): authentication failure; logname= uid=0 euid=0 tty=ssh ruser= rhost=151.43.109.174 
Dec 15 03:22:27 cls sshd[70356]: pam_unix(sshd:auth): authentication failure; logname= uid=0 euid=0 tty=ssh ruser= rhost=49.206.243.162  user=root
Dec 15 03:22:28 cls sshd[70354]: Failed password for invalid user user2 from 151.43.109.174 port 17775 ssh2
Dec 15 03:22:28 cls sshd[70356]: Failed password for root from 49.206.243.162 port 44126 ssh2
Dec 15 03:22:29 cls sshd[70354]: Received disconnect from 151.43.109.174 port 17775:11: Bye Bye [preauth]
Dec 15 03:22:29 cls sshd[70354]: Disconnected from invalid user user2 151.43.109.174 port 17775 [preauth]
Dec 15 03:22:30 cls sshd[70356]: Received disconnect from 49.206.243.162 port 44126:11: Bye Bye [preauth]
Dec 15 03:22:30 cls sshd[70356]: Disconnected from authenticating user root 49.206.243.162 port 44126 [preauth]
Dec 15 03:22:32 cls sshd[70363]: pam_unix(sshd:auth): authentication failure; logname= uid=0 euid=0 tty=ssh ruser= rhost=154.83.15.200  user=root
Dec 15 03:22:34 cls sshd[70363]: Failed password for root from 154.83.15.200 port 60586 ssh2
Dec 15 03:22:35 cls sshd[70363]: Received disconnect from 154.83.15.200 port 60586:11: Bye Bye [preauth]
Dec 15 03:22:35 cls sshd[70363]: Disconnected from authenticating user root 154.83.15.200 port 60586 [preauth]
Dec 15 03:22:43 cls sshd[70365]: Invalid user temp from 221.156.126.1 port 59106
Dec 15 03:22:43 cls sshd[70365]: pam_unix(sshd:auth): check pass; user unknown
Dec 15 03:22:43 cls sshd[70365]: pam_unix(sshd:auth): authentication failure; logname= uid=0 euid=0 tty=ssh ruser= rhost=221.156.126.1 
Dec 15 03:22:46 cls sshd[70365]: Failed password for invalid user temp from 221.156.126.1 port 59106 ssh2
Dec 15 03:22:46 cls sshd[70365]: Received disconnect from 221.156.126.1 port 59106:11: Bye Bye [preauth]
Dec 15 03:22:46 cls sshd[70365]: Disconnected from invalid user temp 221.156.126.1 port 59106 [preauth]
Dec 15 03:22:52 cls sshd[70369]: Invalid user user2 from 185.216.116.13 port 53726
Dec 15 03:22:52 cls sshd[70369]: pam_unix(sshd:auth): check pass; user unknown
Dec 15 03:22:52 cls sshd[70369]: pam_unix(sshd:auth): authentication failure; logname= uid=0 euid=0 tty=ssh ruser= rhost=185.216.116.13 
Dec 15 03:22:54 cls sshd[70367]: pam_unix(sshd:auth): authentication failure; logname= uid=0 euid=0 tty=ssh ruser= rhost=200.196.50.91  user=root
Dec 15 03:22:54 cls sshd[70369]: Failed password for invalid user user2 from 185.216.116.13 port 53726 ssh2
Dec 15 03:22:54 cls sshd[70371]: pam_unix(sshd:auth): authentication failure; logname= uid=0 euid=0 tty=ssh ruser= rhost=118.107.45.31  user=ubuntu
Dec 15 03:22:56 cls sshd[70367]: Failed password for root from 200.196.50.91 port 42241 ssh2
Dec 15 03:22:56 cls sshd[70369]: Received disconnect from 185.216.116.13 port 53726:11: Bye Bye [preauth]
Dec 15 03:22:56 cls sshd[70369]: Disconnected from invalid user user2 185.216.116.13 port 53726 [preauth]
Dec 15 03:22:56 cls sshd[70371]: Failed password for ubuntu from 118.107.45.31 port 45206 ssh2
Dec 15 03:22:57 cls sshd[70367]: Received disconnect from 200.196.50.91 port 42241:11: Bye Bye [preauth]
Dec 15 03:22:57 cls sshd[70367]: Disconnected from authenticating user root 200.196.50.91 port 42241 [preauth]
Dec 15 03:22:58 cls sshd[70371]: Received disconnect from 118.107.45.31 port 45206:11: Bye Bye [preauth]
Dec 15 03:22:58 cls sshd[70371]: Disconnected from authenticating user ubuntu 118.107.45.31 port 45206 [preauth]
Dec 15 03:23:00 cls sshd[70373]: pam_unix(sshd:auth): authentication failure; logname= uid=0 euid=0 tty=ssh ruser= rhost=200.73.135.75  user=root
Dec 15 03:23:02 cls sshd[70373]: Failed password for root from 200.73.135.75 port 57036 ssh2
Dec 15 03:23:03 cls sshd[70373]: Received disconnect from 200.73.135.75 port 57036:11: Bye Bye [preauth]
Dec 15 03:23:03 cls sshd[70373]: Disconnected from authenticating user root 200.73.135.75 port 57036 [preauth]
Dec 15 03:23:18 cls sshd[70375]: pam_unix(sshd:auth): authentication failure; logname= uid=0 euid=0 tty=ssh ruser= rhost=154.83.15.200  user=root
Dec 15 03:23:19 cls sshd[70377]: Invalid user teamspeak3 from 221.156.126.1 port 43294
Dec 15 03:23:19 cls sshd[70377]: pam_unix(sshd:auth): check pass; user unknown
Dec 15 03:23:19 cls sshd[70377]: pam_unix(sshd:auth): authentication failure; logname= uid=0 euid=0 tty=ssh ruser= rhost=221.156.126.1 
Dec 15 03:23:20 cls sshd[70375]: Failed password for root from 154.83.15.200 port 46562 ssh2
Dec 15 03:23:21 cls sshd[70377]: Failed password for invalid user teamspeak3 from 221.156.126.1 port 43294 ssh2
Dec 15 03:23:21 cls sshd[70377]: Received disconnect from 221.156.126.1 port 43294:11: Bye Bye [preauth]
Dec 15 03:23:21 cls sshd[70377]: Disconnected from invalid user teamspeak3 221.156.126.1 port 43294 [preauth]
Dec 15 03:23:21 cls sshd[70375]: Received disconnect from 154.83.15.200 port 46562:11: Bye Bye [preauth]
Dec 15 03:23:21 cls sshd[70375]: Disconnected from authenticating user root 154.83.15.200 port 46562 [preauth]
Dec 15 03:23:31 cls sshd[70382]: pam_unix(sshd:auth): authentication failure; logname= uid=0 euid=0 tty=ssh ruser= rhost=185.216.116.13  user=root
Dec 15 03:23:32 cls sshd[70384]: pam_unix(sshd:auth): authentication failure; logname= uid=0 euid=0 tty=ssh ruser= rhost=200.196.50.91  user=root
Dec 15 03:23:33 cls sshd[70386]: Invalid user user2 from 118.107.45.31 port 46226
Dec 15 03:23:33 cls sshd[70386]: pam_unix(sshd:auth): check pass; user unknown
Dec 15 03:23:33 cls sshd[70386]: pam_unix(sshd:auth): authentication failure; logname= uid=0 euid=0 tty=ssh ruser= rhost=118.107.45.31 
Dec 15 03:23:33 cls sshd[70382]: Failed password for root from 185.216.116.13 port 37934 ssh2
Dec 15 03:23:33 cls sshd[70382]: Received disconnect from 185.216.116.13 port 37934:11: Bye Bye [preauth]
Dec 15 03:23:33 cls sshd[70382]: Disconnected from authenticating user root 185.216.116.13 port 37934 [preauth]
Dec 15 03:23:34 cls sshd[70384]: Failed password for root from 200.196.50.91 port 48440 ssh2
Dec 15 03:23:35 cls sshd[70386]: Failed password for invalid user user2 from 118.107.45.31 port 46226 ssh2
Dec 15 03:23:35 cls sshd[70384]: Received disconnect from 200.196.50.91 port 48440:11: Bye Bye [preauth]
Dec 15 03:23:35 cls sshd[70384]: Disconnected from authenticating user root 200.196.50.91 port 48440 [preauth]
Dec 15 03:23:36 cls sshd[70386]: Received disconnect from 118.107.45.31 port 46226:11: Bye Bye [preauth]
Dec 15 03:23:36 cls sshd[70386]: Disconnected from invalid user user2 118.107.45.31 port 46226 [preauth]
Dec 15 03:23:48 cls sshd[70391]: Invalid user evan from 200.73.135.75 port 42796
Dec 15 03:23:48 cls sshd[70391]: pam_unix(sshd:auth): check pass; user unknown
Dec 15 03:23:48 cls sshd[70391]: pam_unix(sshd:auth): authentication failure; logname= uid=0 euid=0 tty=ssh ruser= rhost=200.73.135.75 
Dec 15 03:23:51 cls sshd[70391]: Failed password for invalid user evan from 200.73.135.75 port 42796 ssh2
Dec 15 03:23:53 cls sshd[70391]: Received disconnect from 200.73.135.75 port 42796:11: Bye Bye [preauth]
Dec 15 03:23:53 cls sshd[70391]: Disconnected from invalid user evan 200.73.135.75 port 42796 [preauth]
Dec 15 03:23:55 cls sshd[70396]: pam_unix(sshd:auth): authentication failure; logname= uid=0 euid=0 tty=ssh ruser= rhost=221.156.126.1  user=root
Dec 15 03:23:57 cls sshd[70396]: Failed password for root from 221.156.126.1 port 55718 ssh2
Dec 15 03:23:58 cls sshd[70398]: pam_unix(sshd:auth): authentication failure; logname= uid=0 euid=0 tty=ssh ruser= rhost=49.206.243.162  user=root
Dec 15 03:23:58 cls sshd[70396]: Received disconnect from 221.156.126.1 port 55718:11: Bye Bye [preauth]
Dec 15 03:23:58 cls sshd[70396]: Disconnected from authenticating user root 221.156.126.1 port 55718 [preauth]
Dec 15 03:23:59 cls sshd[70398]: Failed password for root from 49.206.243.162 port 56642 ssh2
Dec 15 03:24:00 cls sshd[70398]: Received disconnect from 49.206.243.162 port 56642:11: Bye Bye [preauth]
Dec 15 03:24:00 cls sshd[70398]: Disconnected from authenticating user root 49.206.243.162 port 56642 [preauth]
Dec 15 03:24:05 cls sshd[70400]: pam_unix(sshd:auth): authentication failure; logname= uid=0 euid=0 tty=ssh ruser= rhost=154.83.15.200  user=root
Dec 15 03:24:07 cls sshd[70400]: Failed password for root from 154.83.15.200 port 60770 ssh2
Dec 15 03:24:07 cls sshd[70400]: Received disconnect from 154.83.15.200 port 60770:11: Bye Bye [preauth]
Dec 15 03:24:07 cls sshd[70400]: Disconnected from authenticating user root 154.83.15.200 port 60770 [preauth]
Dec 15 03:24:10 cls sshd[70402]: pam_unix(sshd:auth): authentication failure; logname= uid=0 euid=0 tty=ssh ruser= rhost=200.196.50.91  user=root
Dec 15 03:24:11 cls sshd[70404]: pam_unix(sshd:auth): authentication failure; logname= uid=0 euid=0 tty=ssh ruser= rhost=118.107.45.31  user=root
Dec 15 03:24:12 cls sshd[70406]: pam_unix(sshd:auth): authentication failure; logname= uid=0 euid=0 tty=ssh ruser= rhost=185.216.116.13  user=root
Dec 15 03:24:12 cls sshd[70402]: Failed password for root from 200.196.50.91 port 54629 ssh2
Dec 15 03:24:13 cls sshd[70402]: Received disconnect from 200.196.50.91 port 54629:11: Bye Bye [preauth]
Dec 15 03:24:13 cls sshd[70402]: Disconnected from authenticating user root 200.196.50.91 port 54629 [preauth]
Dec 15 03:24:13 cls sshd[70404]: Failed password for root from 118.107.45.31 port 34346 ssh2
Dec 15 03:24:14 cls sshd[70406]: Failed password for root from 185.216.116.13 port 50382 ssh2
Dec 15 03:24:14 cls sshd[70404]: Received disconnect from 118.107.45.31 port 34346:11: Bye Bye [preauth]
Dec 15 03:24:14 cls sshd[70404]: Disconnected from authenticating user root 118.107.45.31 port 34346 [preauth]
Dec 15 03:24:15 cls sshd[70406]: Received disconnect from 185.216.116.13 port 50382:11: Bye Bye [preauth]
Dec 15 03:24:15 cls sshd[70406]: Disconnected from authenticating user root 185.216.116.13 port 50382 [preauth]
Dec 15 03:24:24 cls sshd[70411]: pam_unix(sshd:auth): authentication failure; logname= uid=0 euid=0 tty=ssh ruser= rhost=151.43.109.174  user=ubuntu
Dec 15 03:24:26 cls sshd[70411]: Failed password for ubuntu from 151.43.109.174 port 17064 ssh2
Dec 15 03:24:28 cls sshd[70411]: Received disconnect from 151.43.109.174 port 17064:11: Bye Bye [preauth]
Dec 15 03:24:28 cls sshd[70411]: Disconnected from authenticating user ubuntu 151.43.109.174 port 17064 [preauth]
Dec 15 03:24:31 cls sshd[70413]: Invalid user git from 221.156.126.1 port 39916
Dec 15 03:24:31 cls sshd[70413]: pam_unix(sshd:auth): check pass; user unknown
Dec 15 03:24:31 cls sshd[70413]: pam_unix(sshd:auth): authentication failure; logname= uid=0 euid=0 tty=ssh ruser= rhost=221.156.126.1 
Dec 15 03:24:33 cls sshd[70413]: Failed password for invalid user git from 221.156.126.1 port 39916 ssh2
Dec 15 03:24:34 cls sshd[70413]: Received disconnect from 221.156.126.1 port 39916:11: Bye Bye [preauth]
Dec 15 03:24:34 cls sshd[70413]: Disconnected from invalid user git 221.156.126.1 port 39916 [preauth]
Dec 15 03:24:38 cls sshd[70415]: pam_unix(sshd:auth): authentication failure; logname= uid=0 euid=0 tty=ssh ruser= rhost=200.73.135.75  user=root
Dec 15 03:24:40 cls sshd[70415]: Failed password for root from 200.73.135.75 port 56790 ssh2
Dec 15 03:24:41 cls sshd[70415]: Received disconnect from 200.73.135.75 port 56790:11: Bye Bye [preauth]
Dec 15 03:24:41 cls sshd[70415]: Disconnected from authenticating user root 200.73.135.75 port 56790 [preauth]
Dec 15 03:24:49 cls sshd[70417]: Invalid user omar from 200.196.50.91 port 60832
Dec 15 03:24:49 cls sshd[70417]: pam_unix(sshd:auth): check pass; user unknown
Dec 15 03:24:49 cls sshd[70417]: pam_unix(sshd:auth): authentication failure; logname= uid=0 euid=0 tty=ssh ruser= rhost=200.196.50.91 
Dec 15 03:24:51 cls sshd[70417]: Failed password for invalid user omar from 200.196.50.91 port 60832 ssh2
Dec 15 03:24:52 cls sshd[70419]: pam_unix(sshd:auth): authentication failure; logname= uid=0 euid=0 tty=ssh ruser= rhost=154.83.15.200  user=root
Dec 15 03:24:52 cls sshd[70421]: pam_unix(sshd:auth): authentication failure; logname= uid=0 euid=0 tty=ssh ruser= rhost=185.216.116.13  user=root
Dec 15 03:24:53 cls sshd[70417]: Received disconnect from 200.196.50.91 port 60832:11: Bye Bye [preauth]
Dec 15 03:24:53 cls sshd[70417]: Disconnected from invalid user omar 200.196.50.91 port 60832 [preauth]
Dec 15 03:24:54 cls sshd[70419]: Failed password for root from 154.83.15.200 port 46746 ssh2
