Dec 14 10:35:06 cls sshd[46250]: pam_unix(sshd:auth): check pass; user unknown
Dec 14 10:35:06 cls sshd[46250]: pam_unix(sshd:auth): authentication failure; logname= uid=0 euid=0 tty=ssh ruser= rhost=64.227.139.157 
Dec 14 10:35:07 cls sshd[46248]: Failed password for root from 101.47.160.231 port 33942 ssh2
Dec 14 10:35:07 cls sshd[46250]: Failed password for invalid user newroot from 64.227.139.157 port 36954 ssh2
Dec 14 10:35:08 cls sshd[46250]: Received disconnect from 64.227.139.157 port 36954:11: Bye Bye [preauth]
Dec 14 10:35:08 cls sshd[46250]: Disconnected from invalid user newroot 64.227.139.157 port 36954 [preauth]
Dec 14 10:35:10 cls sshd[46248]: Received disconnect from 101.47.160.231 port 33942:11: Bye Bye [preauth]
Dec 14 10:35:10 cls sshd[46248]: Disconnected from authenticating user root 101.47.160.231 port 33942 [preauth]
Dec 14 10:35:10 cls sshd[46260]: pam_unix(sshd:auth): authentication failure; logname= uid=0 euid=0 tty=ssh ruser= rhost=5.252.53.62  user=root
Dec 14 10:35:10 cls sshd[46255]: pam_unix(sshd:auth): authentication failure; logname= uid=0 euid=0 tty=ssh ruser= rhost=182.180.57.212  user=root
Dec 14 10:35:13 cls sshd[46260]: Failed password for root from 5.252.53.62 port 53074 ssh2
Dec 14 10:35:13 cls sshd[46255]: Failed password for root from 182.180.57.212 port 48052 ssh2
Dec 14 10:35:15 cls sshd[46260]: Received disconnect from 5.252.53.62 port 53074:11: Bye Bye [preauth]
Dec 14 10:35:15 cls sshd[46260]: Disconnected from authenticating user root 5.252.53.62 port 53074 [preauth]
Dec 14 10:35:16 cls sshd[46255]: Received disconnect from 182.180.57.212 port 48052:11: Bye Bye [preauth]
Dec 14 10:35:16 cls sshd[46255]: Disconnected from authenticating user root 182.180.57.212 port 48052 [preauth]
Dec 14 10:35:19 cls sshd[46279]: Invalid user data from 162.19.224.161 port 40130
Dec 14 10:35:19 cls sshd[46279]: pam_unix(sshd:auth): check pass; user unknown
Dec 14 10:35:19 cls sshd[46279]: pam_unix(sshd:auth): authentication failure; logname= uid=0 euid=0 tty=ssh ruser= rhost=162.19.224.161 
Dec 14 10:35:20 cls sshd[46279]: Failed password for invalid user data from 162.19.224.161 port 40130 ssh2
Dec 14 10:35:21 cls sshd[46279]: Received disconnect from 162.19.224.161 port 40130:11: Bye Bye [preauth]
Dec 14 10:35:21 cls sshd[46279]: Disconnected from invalid user data 162.19.224.161 port 40130 [preauth]
Dec 14 10:35:24 cls sshd[46283]: pam_unix(sshd:auth): authentication failure; logname= uid=0 euid=0 tty=ssh ruser= rhost=167.86.127.135  user=mysql
Dec 14 10:35:26 cls sshd[46285]: Invalid user ftpuser from 186.87.166.141 port 59430
Dec 14 10:35:26 cls sshd[46285]: pam_unix(sshd:auth): check pass; user unknown
Dec 14 10:35:26 cls sshd[46285]: pam_unix(sshd:auth): authentication failure; logname= uid=0 euid=0 tty=ssh ruser= rhost=186.87.166.141 
Dec 14 10:35:26 cls sshd[46283]: Failed password for mysql from 167.86.127.135 port 45806 ssh2
Dec 14 10:35:26 cls sshd[46287]: Invalid user admin from 45.78.206.234 port 35208
Dec 14 10:35:26 cls sshd[46287]: pam_unix(sshd:auth): check pass; user unknown
Dec 14 10:35:26 cls sshd[46287]: pam_unix(sshd:auth): authentication failure; logname= uid=0 euid=0 tty=ssh ruser= rhost=45.78.206.234 
Dec 14 10:35:26 cls sshd[46283]: Received disconnect from 167.86.127.135 port 45806:11: Bye Bye [preauth]
Dec 14 10:35:26 cls sshd[46283]: Disconnected from authenticating user mysql 167.86.127.135 port 45806 [preauth]
Dec 14 10:35:28 cls sshd[46292]: pam_unix(sshd:auth): authentication failure; logname= uid=0 euid=0 tty=ssh ruser= rhost=187.110.238.50  user=root
Dec 14 10:35:28 cls sshd[46285]: Failed password for invalid user ftpuser from 186.87.166.141 port 59430 ssh2
Dec 14 10:35:28 cls sshd[46287]: Failed password for invalid user admin from 45.78.206.234 port 35208 ssh2
Dec 14 10:35:29 cls sshd[46287]: Received disconnect from 45.78.206.234 port 35208:11: Bye Bye [preauth]
Dec 14 10:35:29 cls sshd[46287]: Disconnected from invalid user admin 45.78.206.234 port 35208 [preauth]
Dec 14 10:35:30 cls sshd[46292]: Failed password for root from 187.110.238.50 port 60728 ssh2
Dec 14 10:35:30 cls sshd[46285]: Received disconnect from 186.87.166.141 port 59430:11: Bye Bye [preauth]
Dec 14 10:35:30 cls sshd[46285]: Disconnected from invalid user ftpuser 186.87.166.141 port 59430 [preauth]
Dec 14 10:35:30 cls sshd[46292]: Received disconnect from 187.110.238.50 port 60728:11: Bye Bye [preauth]
Dec 14 10:35:30 cls sshd[46292]: Disconnected from authenticating user root 187.110.238.50 port 60728 [preauth]
Dec 14 10:35:35 cls sshd[46298]: Invalid user michael from 115.113.96.56 port 37900
Dec 14 10:35:35 cls sshd[46298]: pam_unix(sshd:auth): check pass; user unknown
Dec 14 10:35:35 cls sshd[46298]: pam_unix(sshd:auth): authentication failure; logname= uid=0 euid=0 tty=ssh ruser= rhost=115.113.96.56 
Dec 14 10:35:38 cls sshd[46298]: Failed password for invalid user michael from 115.113.96.56 port 37900 ssh2
Dec 14 10:35:40 cls sshd[46298]: Received disconnect from 115.113.96.56 port 37900:11: Bye Bye [preauth]
Dec 14 10:35:40 cls sshd[46298]: Disconnected from invalid user michael 115.113.96.56 port 37900 [preauth]
Dec 14 10:35:43 cls sshd[46300]: Invalid user es from 64.227.139.157 port 58434
Dec 14 10:35:43 cls sshd[46300]: pam_unix(sshd:auth): check pass; user unknown
Dec 14 10:35:43 cls sshd[46300]: pam_unix(sshd:auth): authentication failure; logname= uid=0 euid=0 tty=ssh ruser= rhost=64.227.139.157 
Dec 14 10:35:44 cls sshd[46300]: Failed password for invalid user es from 64.227.139.157 port 58434 ssh2
Dec 14 10:35:45 cls sshd[46300]: Received disconnect from 64.227.139.157 port 58434:11: Bye Bye [preauth]
Dec 14 10:35:45 cls sshd[46300]: Disconnected from invalid user es 64.227.139.157 port 58434 [preauth]
Dec 14 10:35:50 cls sshd[46302]: Invalid user roots from 5.252.53.62 port 57352
Dec 14 10:35:50 cls sshd[46302]: pam_unix(sshd:auth): check pass; user unknown
Dec 14 10:35:50 cls sshd[46302]: pam_unix(sshd:auth): authentication failure; logname= uid=0 euid=0 tty=ssh ruser= rhost=5.252.53.62 
Dec 14 10:35:51 cls sshd[46304]: Invalid user jack from 162.19.224.161 port 47744
Dec 14 10:35:51 cls sshd[46304]: pam_unix(sshd:auth): check pass; user unknown
Dec 14 10:35:51 cls sshd[46304]: pam_unix(sshd:auth): authentication failure; logname= uid=0 euid=0 tty=ssh ruser= rhost=162.19.224.161 
Dec 14 10:35:51 cls sshd[46302]: Failed password for invalid user roots from 5.252.53.62 port 57352 ssh2
Dec 14 10:35:52 cls sshd[46302]: Received disconnect from 5.252.53.62 port 57352:11: Bye Bye [preauth]
Dec 14 10:35:52 cls sshd[46302]: Disconnected from invalid user roots 5.252.53.62 port 57352 [preauth]
Dec 14 10:35:53 cls sshd[46304]: Failed password for invalid user jack from 162.19.224.161 port 47744 ssh2
Dec 14 10:35:54 cls sshd[46304]: Received disconnect from 162.19.224.161 port 47744:11: Bye Bye [preauth]
Dec 14 10:35:54 cls sshd[46304]: Disconnected from invalid user jack 162.19.224.161 port 47744 [preauth]
Dec 14 10:36:03 cls sshd[46308]: pam_unix(sshd:auth): authentication failure; logname= uid=0 euid=0 tty=ssh ruser= rhost=167.86.127.135  user=root
Dec 14 10:36:04 cls sshd[46306]: pam_unix(sshd:auth): authentication failure; logname= uid=0 euid=0 tty=ssh ruser= rhost=182.180.57.212  user=root
Dec 14 10:36:05 cls sshd[46310]: pam_unix(sshd:auth): authentication failure; logname= uid=0 euid=0 tty=ssh ruser= rhost=187.110.238.50  user=root
Dec 14 10:36:06 cls sshd[46308]: Failed password for root from 167.86.127.135 port 34960 ssh2
Dec 14 10:36:06 cls sshd[46308]: Received disconnect from 167.86.127.135 port 34960:11: Bye Bye [preauth]
Dec 14 10:36:06 cls sshd[46308]: Disconnected from authenticating user root 167.86.127.135 port 34960 [preauth]
Dec 14 10:36:06 cls sshd[46306]: Failed password for root from 182.180.57.212 port 60322 ssh2
Dec 14 10:36:07 cls sshd[46306]: Received disconnect from 182.180.57.212 port 60322:11: Bye Bye [preauth]
Dec 14 10:36:07 cls sshd[46306]: Disconnected from authenticating user root 182.180.57.212 port 60322 [preauth]
Dec 14 10:36:07 cls sshd[46310]: Failed password for root from 187.110.238.50 port 44724 ssh2
Dec 14 10:36:08 cls sshd[46310]: Received disconnect from 187.110.238.50 port 44724:11: Bye Bye [preauth]
Dec 14 10:36:08 cls sshd[46310]: Disconnected from authenticating user root 187.110.238.50 port 44724 [preauth]
Dec 14 10:36:14 cls sshd[46317]: pam_unix(sshd:auth): authentication failure; logname= uid=0 euid=0 tty=ssh ruser= rhost=186.87.166.141  user=root
Dec 14 10:36:15 cls sshd[46317]: Failed password for root from 186.87.166.141 port 44554 ssh2
Dec 14 10:36:17 cls sshd[46317]: Received disconnect from 186.87.166.141 port 44554:11: Bye Bye [preauth]
Dec 14 10:36:17 cls sshd[46317]: Disconnected from authenticating user root 186.87.166.141 port 44554 [preauth]
Dec 14 10:36:19 cls sshd[46320]: pam_unix(sshd:auth): authentication failure; logname= uid=0 euid=0 tty=ssh ruser= rhost=115.113.96.56  user=root
Dec 14 10:36:20 cls sshd[46322]: pam_unix(sshd:auth): authentication failure; logname= uid=0 euid=0 tty=ssh ruser= rhost=64.227.139.157  user=root
Dec 14 10:36:21 cls sshd[46320]: Failed password for root from 115.113.96.56 port 50470 ssh2
Dec 14 10:36:21 cls sshd[46320]: Received disconnect from 115.113.96.56 port 50470:11: Bye Bye [preauth]
Dec 14 10:36:21 cls sshd[46320]: Disconnected from authenticating user root 115.113.96.56 port 50470 [preauth]
Dec 14 10:36:22 cls sshd[46322]: Failed password for root from 64.227.139.157 port 35944 ssh2
Dec 14 10:36:22 cls sshd[46322]: Received disconnect from 64.227.139.157 port 35944:11: Bye Bye [preauth]
Dec 14 10:36:22 cls sshd[46322]: Disconnected from authenticating user root 64.227.139.157 port 35944 [preauth]
Dec 14 10:36:24 cls sshd[46324]: Invalid user azureuser from 162.19.224.161 port 40812
Dec 14 10:36:24 cls sshd[46324]: pam_unix(sshd:auth): check pass; user unknown
Dec 14 10:36:24 cls sshd[46324]: pam_unix(sshd:auth): authentication failure; logname= uid=0 euid=0 tty=ssh ruser= rhost=162.19.224.161 
Dec 14 10:36:24 cls sshd[46326]: pam_unix(sshd:auth): authentication failure; logname= uid=0 euid=0 tty=ssh ruser= rhost=101.47.160.231  user=root
Dec 14 10:36:25 cls sshd[46324]: Failed password for invalid user azureuser from 162.19.224.161 port 40812 ssh2
Dec 14 10:36:26 cls sshd[46324]: Received disconnect from 162.19.224.161 port 40812:11: Bye Bye [preauth]
Dec 14 10:36:26 cls sshd[46324]: Disconnected from invalid user azureuser 162.19.224.161 port 40812 [preauth]
Dec 14 10:36:26 cls sshd[46326]: Failed password for root from 101.47.160.231 port 59992 ssh2
Dec 14 10:36:28 cls sshd[46326]: Received disconnect from 101.47.160.231 port 59992:11: Bye Bye [preauth]
Dec 14 10:36:28 cls sshd[46326]: Disconnected from authenticating user root 101.47.160.231 port 59992 [preauth]
Dec 14 10:36:31 cls sshd[46331]: pam_unix(sshd:auth): authentication failure; logname= uid=0 euid=0 tty=ssh ruser= rhost=5.252.53.62  user=root
Dec 14 10:36:34 cls sshd[46331]: Failed password for root from 5.252.53.62 port 57466 ssh2
Dec 14 10:36:34 cls sshd[46333]: Connection closed by 45.78.206.234 port 60754 [preauth]
Dec 14 10:36:34 cls sshd[46331]: Received disconnect from 5.252.53.62 port 57466:11: Bye Bye [preauth]
Dec 14 10:36:34 cls sshd[46331]: Disconnected from authenticating user root 5.252.53.62 port 57466 [preauth]
Dec 14 10:36:41 cls sshd[46335]: Invalid user demo from 187.110.238.50 port 56950
Dec 14 10:36:41 cls sshd[46335]: pam_unix(sshd:auth): check pass; user unknown
Dec 14 10:36:41 cls sshd[46335]: pam_unix(sshd:auth): authentication failure; logname= uid=0 euid=0 tty=ssh ruser= rhost=187.110.238.50 
Dec 14 10:36:41 cls sshd[46337]: pam_unix(sshd:auth): authentication failure; logname= uid=0 euid=0 tty=ssh ruser= rhost=167.86.127.135  user=root
Dec 14 10:36:44 cls sshd[46335]: Failed password for invalid user demo from 187.110.238.50 port 56950 ssh2
Dec 14 10:36:44 cls sshd[46337]: Failed password for root from 167.86.127.135 port 54624 ssh2
Dec 14 10:36:44 cls sshd[46337]: Received disconnect from 167.86.127.135 port 54624:11: Bye Bye [preauth]
Dec 14 10:36:44 cls sshd[46337]: Disconnected from authenticating user root 167.86.127.135 port 54624 [preauth]
Dec 14 10:36:45 cls sshd[46335]: Received disconnect from 187.110.238.50 port 56950:11: Bye Bye [preauth]
Dec 14 10:36:45 cls sshd[46335]: Disconnected from invalid user demo 187.110.238.50 port 56950 [preauth]
Dec 14 10:36:53 cls sshd[46339]: Invalid user intel from 162.19.224.161 port 42060
Dec 14 10:36:53 cls sshd[46339]: pam_unix(sshd:auth): check pass; user unknown
Dec 14 10:36:53 cls sshd[46339]: pam_unix(sshd:auth): authentication failure; logname= uid=0 euid=0 tty=ssh ruser= rhost=162.19.224.161 
Dec 14 10:36:56 cls sshd[46339]: Failed password for invalid user intel from 162.19.224.161 port 42060 ssh2
Dec 14 10:36:56 cls sshd[46339]: Received disconnect from 162.19.224.161 port 42060:11: Bye Bye [preauth]
Dec 14 10:36:56 cls sshd[46339]: Disconnected from invalid user intel 162.19.224.161 port 42060 [preauth]
Dec 14 10:37:00 cls sshd[46341]: Invalid user tidb from 115.113.96.56 port 34808
Dec 14 10:37:00 cls sshd[46341]: pam_unix(sshd:auth): check pass; user unknown
Dec 14 10:37:00 cls sshd[46341]: pam_unix(sshd:auth): authentication failure; logname= uid=0 euid=0 tty=ssh ruser= rhost=115.113.96.56 
Dec 14 10:37:02 cls sshd[46346]: pam_unix(sshd:auth): authentication failure; logname= uid=0 euid=0 tty=ssh ruser= rhost=64.227.139.157  user=root
Dec 14 10:37:02 cls sshd[46341]: Failed password for invalid user tidb from 115.113.96.56 port 34808 ssh2
Dec 14 10:37:03 cls sshd[46341]: Received disconnect from 115.113.96.56 port 34808:11: Bye Bye [preauth]
Dec 14 10:37:03 cls sshd[46341]: Disconnected from invalid user tidb 115.113.96.56 port 34808 [preauth]
Dec 14 10:37:04 cls sshd[46346]: Failed password for root from 64.227.139.157 port 35886 ssh2
Dec 14 10:37:04 cls sshd[46346]: Received disconnect from 64.227.139.157 port 35886:11: Bye Bye [preauth]
Dec 14 10:37:04 cls sshd[46346]: Disconnected from authenticating user root 64.227.139.157 port 35886 [preauth]
Dec 14 10:37:05 cls sshd[46352]: Invalid user work from 186.87.166.141 port 57914
Dec 14 10:37:05 cls sshd[46352]: pam_unix(sshd:auth): check pass; user unknown
Dec 14 10:37:05 cls sshd[46352]: pam_unix(sshd:auth): authentication failure; logname= uid=0 euid=0 tty=ssh ruser= rhost=186.87.166.141 
Dec 14 10:37:06 cls sshd[46344]: pam_unix(sshd:auth): authentication failure; logname= uid=0 euid=0 tty=ssh ruser= rhost=182.180.57.212  user=root
Dec 14 10:37:07 cls sshd[46352]: Failed password for invalid user work from 186.87.166.141 port 57914 ssh2
Dec 14 10:37:08 cls sshd[46344]: Failed password for root from 182.180.57.212 port 44344 ssh2
Dec 14 10:37:08 cls sshd[46344]: Received disconnect from 182.180.57.212 port 44344:11: Bye Bye [preauth]
Dec 14 10:37:08 cls sshd[46344]: Disconnected from authenticating user root 182.180.57.212 port 44344 [preauth]
Dec 14 10:37:08 cls sshd[46352]: Received disconnect from 186.87.166.141 port 57914:11: Bye Bye [preauth]
Dec 14 10:37:08 cls sshd[46352]: Disconnected from invalid user work 186.87.166.141 port 57914 [preauth]
Dec 14 10:37:11 cls sshd[46356]: pam_unix(sshd:auth): authentication failure; logname= uid=0 euid=0 tty=ssh ruser= rhost=5.252.53.62  user=root
Dec 14 10:37:14 cls sshd[46356]: Failed password for root from 5.252.53.62 port 52404 ssh2
Dec 14 10:37:14 cls sshd[46356]: Received disconnect from 5.252.53.62 port 52404:11: Bye Bye [preauth]
Dec 14 10:37:14 cls sshd[46356]: Disconnected from authenticating user root 5.252.53.62 port 52404 [preauth]
Dec 14 10:37:18 cls sshd[46370]: pam_unix(sshd:auth): authentication failure; logname= uid=0 euid=0 tty=ssh ruser= rhost=187.110.238.50  user=root
Dec 14 10:37:20 cls sshd[46370]: Failed password for root from 187.110.238.50 port 40934 ssh2
Dec 14 10:37:20 cls sshd[46372]: pam_unix(sshd:auth): authentication failure; logname= uid=0 euid=0 tty=ssh ruser= rhost=167.86.127.135  user=root
Dec 14 10:37:21 cls sshd[46370]: Received disconnect from 187.110.238.50 port 40934:11: Bye Bye [preauth]
Dec 14 10:37:21 cls sshd[46370]: Disconnected from authenticating user root 187.110.238.50 port 40934 [preauth]
Dec 14 10:37:21 cls sshd[46372]: Failed password for root from 167.86.127.135 port 55024 ssh2
Dec 14 10:37:23 cls sshd[46372]: Received disconnect from 167.86.127.135 port 55024:11: Bye Bye [preauth]
Dec 14 10:37:23 cls sshd[46372]: Disconnected from authenticating user root 167.86.127.135 port 55024 [preauth]
Dec 14 10:37:25 cls sshd[46374]: pam_unix(sshd:auth): authentication failure; logname= uid=0 euid=0 tty=ssh ruser= rhost=162.19.224.161  user=mysql
Dec 14 10:37:27 cls sshd[46374]: Failed password for mysql from 162.19.224.161 port 50338 ssh2
Dec 14 10:37:27 cls sshd[46374]: Received disconnect from 162.19.224.161 port 50338:11: Bye Bye [preauth]
Dec 14 10:37:27 cls sshd[46374]: Disconnected from authenticating user mysql 162.19.224.161 port 50338 [preauth]
Dec 14 10:37:37 cls sshd[46377]: Invalid user user from 64.227.139.157 port 42300
Dec 14 10:37:37 cls sshd[46377]: pam_unix(sshd:auth): check pass; user unknown
Dec 14 10:37:37 cls sshd[46377]: pam_unix(sshd:auth): authentication failure; logname= uid=0 euid=0 tty=ssh ruser= rhost=64.227.139.157 
Dec 14 10:37:38 cls sshd[46377]: Failed password for invalid user user from 64.227.139.157 port 42300 ssh2
Dec 14 10:37:40 cls sshd[46377]: Received disconnect from 64.227.139.157 port 42300:11: Bye Bye [preauth]
Dec 14 10:37:40 cls sshd[46377]: Disconnected from invalid user user 64.227.139.157 port 42300 [preauth]
Dec 14 10:37:45 cls sshd[46380]: pam_unix(sshd:auth): authentication failure; logname= uid=0 euid=0 tty=ssh ruser= rhost=115.113.96.56  user=root
Dec 14 10:37:47 cls sshd[46380]: Failed password for root from 115.113.96.56 port 47380 ssh2
Dec 14 10:37:48 cls sshd[46380]: Received disconnect from 115.113.96.56 port 47380:11: Bye Bye [preauth]
Dec 14 10:37:48 cls sshd[46380]: Disconnected from authenticating user root 115.113.96.56 port 47380 [preauth]
Dec 14 10:37:48 cls sshd[46382]: pam_unix(sshd:auth): authentication failure; logname= uid=0 euid=0 tty=ssh ruser= rhost=101.47.160.231  user=root
Dec 14 10:37:50 cls sshd[46382]: Failed password for root from 101.47.160.231 port 39708 ssh2
Dec 14 10:37:51 cls sshd[46384]: pam_unix(sshd:auth): authentication failure; logname= uid=0 euid=0 tty=ssh ruser= rhost=186.87.166.141  user=root
Dec 14 10:37:51 cls sshd[46382]: Received disconnect from 101.47.160.231 port 39708:11: Bye Bye [preauth]
Dec 14 10:37:51 cls sshd[46382]: Disconnected from authenticating user root 101.47.160.231 port 39708 [preauth]
Dec 14 10:37:52 cls sshd[46387]: pam_unix(sshd:auth): authentication failure; logname= uid=0 euid=0 tty=ssh ruser= rhost=5.252.53.62  user=root
Dec 14 10:37:52 cls sshd[46384]: Failed password for root from 186.87.166.141 port 43040 ssh2
Dec 14 10:37:53 cls sshd[46390]: pam_unix(sshd:auth): authentication failure; logname= uid=0 euid=0 tty=ssh ruser= rhost=187.110.238.50  user=root
Dec 14 10:37:53 cls sshd[46384]: Received disconnect from 186.87.166.141 port 43040:11: Bye Bye [preauth]
Dec 14 10:37:53 cls sshd[46384]: Disconnected from authenticating user root 186.87.166.141 port 43040 [preauth]
Dec 14 10:37:54 cls sshd[46387]: Failed password for root from 5.252.53.62 port 48850 ssh2
Dec 14 10:37:54 cls sshd[46387]: Received disconnect from 5.252.53.62 port 48850:11: Bye Bye [preauth]
Dec 14 10:37:54 cls sshd[46387]: Disconnected from authenticating user root 5.252.53.62 port 48850 [preauth]
Dec 14 10:37:56 cls sshd[46390]: Failed password for root from 187.110.238.50 port 53158 ssh2
Dec 14 10:37:56 cls sshd[46390]: Received disconnect from 187.110.238.50 port 53158:11: Bye Bye [preauth]
Dec 14 10:37:56 cls sshd[46390]: Disconnected from authenticating user root 187.110.238.50 port 53158 [preauth]
Dec 14 10:37:56 cls sshd[46395]: pam_unix(sshd:auth): authentication failure; logname= uid=0 euid=0 tty=ssh ruser= rhost=162.19.224.161  user=root
Dec 14 10:37:58 cls sshd[46395]: Failed password for root from 162.19.224.161 port 35390 ssh2
Dec 14 10:37:59 cls sshd[46397]: pam_unix(sshd:auth): authentication failure; logname= uid=0 euid=0 tty=ssh ruser= rhost=167.86.127.135  user=root
Dec 14 10:37:59 cls sshd[46395]: Received disconnect from 162.19.224.161 port 35390:11: Bye Bye [preauth]
Dec 14 10:37:59 cls sshd[46395]: Disconnected from authenticating user root 162.19.224.161 port 35390 [preauth]
Dec 14 10:38:01 cls sshd[46397]: Failed password for root from 167.86.127.135 port 45854 ssh2
Dec 14 10:38:02 cls sshd[46397]: Received disconnect from 167.86.127.135 port 45854:11: Bye Bye [preauth]
Dec 14 10:38:02 cls sshd[46397]: Disconnected from authenticating user root 167.86.127.135 port 45854 [preauth]
Dec 14 10:38:05 cls sshd[46402]: pam_unix(sshd:auth): authentication failure; logname= uid=0 euid=0 tty=ssh ruser= rhost=182.180.57.212  user=root
Dec 14 10:38:08 cls sshd[46402]: Failed password for root from 182.180.57.212 port 56618 ssh2
Dec 14 10:38:08 cls sshd[46402]: Received disconnect from 182.180.57.212 port 56618:11: Bye Bye [preauth]
Dec 14 10:38:08 cls sshd[46402]: Disconnected from authenticating user root 182.180.57.212 port 56618 [preauth]
Dec 14 10:38:15 cls sshd[46407]: Invalid user roots from 64.227.139.157 port 36780
Dec 14 10:38:15 cls sshd[46407]: pam_unix(sshd:auth): check pass; user unknown
Dec 14 10:38:15 cls sshd[46407]: pam_unix(sshd:auth): authentication failure; logname= uid=0 euid=0 tty=ssh ruser= rhost=64.227.139.157 
Dec 14 10:38:18 cls sshd[46407]: Failed password for invalid user roots from 64.227.139.157 port 36780 ssh2
Dec 14 10:38:20 cls sshd[46407]: Received disconnect from 64.227.139.157 port 36780:11: Bye Bye [preauth]
Dec 14 10:38:20 cls sshd[46407]: Disconnected from invalid user roots 64.227.139.157 port 36780 [preauth]
Dec 14 10:38:25 cls sshd[46409]: pam_unix(sshd:auth): authentication failure; logname= uid=0 euid=0 tty=ssh ruser= rhost=115.113.96.56  user=root
Dec 14 10:38:27 cls sshd[46409]: Failed password for root from 115.113.96.56 port 59952 ssh2
Dec 14 10:38:27 cls sshd[46413]: Invalid user game from 162.19.224.161 port 59226
Dec 14 10:38:27 cls sshd[46413]: pam_unix(sshd:auth): check pass; user unknown
Dec 14 10:38:27 cls sshd[46413]: pam_unix(sshd:auth): authentication failure; logname= uid=0 euid=0 tty=ssh ruser= rhost=162.19.224.161 
Dec 14 10:38:27 cls sshd[46409]: Received disconnect from 115.113.96.56 port 59952:11: Bye Bye [preauth]
Dec 14 10:38:27 cls sshd[46409]: Disconnected from authenticating user root 115.113.96.56 port 59952 [preauth]
Dec 14 10:38:28 cls sshd[46411]: Invalid user michael from 187.110.238.50 port 37146
Dec 14 10:38:28 cls sshd[46411]: pam_unix(sshd:auth): check pass; user unknown
Dec 14 10:38:28 cls sshd[46411]: pam_unix(sshd:auth): authentication failure; logname= uid=0 euid=0 tty=ssh ruser= rhost=187.110.238.50 
Dec 14 10:38:29 cls sshd[46413]: Failed password for invalid user game from 162.19.224.161 port 59226 ssh2
Dec 14 10:38:30 cls sshd[46411]: Failed password for invalid user michael from 187.110.238.50 port 37146 ssh2
Dec 14 10:38:30 cls sshd[46411]: Received disconnect from 187.110.238.50 port 37146:11: Bye Bye [preauth]
Dec 14 10:38:30 cls sshd[46411]: Disconnected from invalid user michael 187.110.238.50 port 37146 [preauth]
Dec 14 10:38:31 cls sshd[46413]: Received disconnect from 162.19.224.161 port 59226:11: Bye Bye [preauth]
Dec 14 10:38:31 cls sshd[46413]: Disconnected from invalid user game 162.19.224.161 port 59226 [preauth]
Dec 14 10:38:34 cls sshd[46418]: Invalid user michael from 5.252.53.62 port 48534
Dec 14 10:38:34 cls sshd[46418]: pam_unix(sshd:auth): check pass; user unknown
Dec 14 10:38:34 cls sshd[46418]: pam_unix(sshd:auth): authentication failure; logname= uid=0 euid=0 tty=ssh ruser= rhost=5.252.53.62 
Dec 14 10:38:36 cls sshd[46418]: Failed password for invalid user michael from 5.252.53.62 port 48534 ssh2
Dec 14 10:38:38 cls sshd[46420]: Invalid user game from 167.86.127.135 port 37912
Dec 14 10:38:38 cls sshd[46420]: pam_unix(sshd:auth): check pass; user unknown
Dec 14 10:38:38 cls sshd[46420]: pam_unix(sshd:auth): authentication failure; logname= uid=0 euid=0 tty=ssh ruser= rhost=167.86.127.135 
Dec 14 10:38:38 cls sshd[46418]: Received disconnect from 5.252.53.62 port 48534:11: Bye Bye [preauth]
Dec 14 10:38:38 cls sshd[46418]: Disconnected from invalid user michael 5.252.53.62 port 48534 [preauth]
Dec 14 10:38:39 cls sshd[46422]: pam_unix(sshd:auth): authentication failure; logname= uid=0 euid=0 tty=ssh ruser= rhost=186.87.166.141  user=root
Dec 14 10:38:40 cls sshd[46420]: Failed password for invalid user game from 167.86.127.135 port 37912 ssh2
Dec 14 10:38:41 cls sshd[46422]: Failed password for root from 186.87.166.141 port 56398 ssh2
Dec 14 10:38:42 cls sshd[46420]: Received disconnect from 167.86.127.135 port 37912:11: Bye Bye [preauth]
Dec 14 10:38:42 cls sshd[46420]: Disconnected from invalid user game 167.86.127.135 port 37912 [preauth]
Dec 14 10:38:42 cls sshd[46422]: Received disconnect from 186.87.166.141 port 56398:11: Bye Bye [preauth]
Dec 14 10:38:42 cls sshd[46422]: Disconnected from authenticating user root 186.87.166.141 port 56398 [preauth]
Dec 14 10:38:43 cls sshd[46429]: pam_unix(sshd:auth): authentication failure; logname= uid=0 euid=0 tty=ssh ruser= rhost=45.78.206.234  user=root
Dec 14 10:38:44 cls sshd[46429]: Failed password for root from 45.78.206.234 port 55614 ssh2
Dec 14 10:38:45 cls sshd[46429]: Received disconnect from 45.78.206.234 port 55614:11: Bye Bye [preauth]
Dec 14 10:38:45 cls sshd[46429]: Disconnected from authenticating user root 45.78.206.234 port 55614 [preauth]
Dec 14 10:38:49 cls sshd[46434]: error: kex_exchange_identification: Connection closed by remote host
Dec 14 10:38:55 cls sshd[46435]: pam_unix(sshd:auth): authentication failure; logname= uid=0 euid=0 tty=ssh ruser= rhost=64.227.139.157  user=root
Dec 14 10:38:57 cls sshd[46435]: Failed password for root from 64.227.139.157 port 46650 ssh2
Dec 14 10:38:58 cls sshd[46435]: Received disconnect from 64.227.139.157 port 46650:11: Bye Bye [preauth]
Dec 14 10:38:58 cls sshd[46435]: Disconnected from authenticating user root 64.227.139.157 port 46650 [preauth]
Dec 14 10:38:59 cls sshd[46442]: pam_unix(sshd:auth): authentication failure; logname= uid=0 euid=0 tty=ssh ruser= rhost=162.19.224.161  user=root
Dec 14 10:39:01 cls CRON[46446]: pam_unix(cron:session): session opened for user root by (uid=0)
Dec 14 10:39:01 cls CRON[46446]: pam_unix(cron:session): session closed for user root
Dec 14 10:39:02 cls sshd[46442]: Failed password for root from 162.19.224.161 port 47934 ssh2
Dec 14 10:39:02 cls sshd[46442]: Received disconnect from 162.19.224.161 port 47934:11: Bye Bye [preauth]
Dec 14 10:39:02 cls sshd[46442]: Disconnected from authenticating user root 162.19.224.161 port 47934 [preauth]
Dec 14 10:39:03 cls sshd[46444]: Invalid user hadoop from 187.110.238.50 port 49372
Dec 14 10:39:03 cls sshd[46444]: pam_unix(sshd:auth): check pass; user unknown
Dec 14 10:39:03 cls sshd[46444]: pam_unix(sshd:auth): authentication failure; logname= uid=0 euid=0 tty=ssh ruser= rhost=187.110.238.50 
Dec 14 10:39:04 cls sshd[46444]: Failed password for invalid user hadoop from 187.110.238.50 port 49372 ssh2
Dec 14 10:39:05 cls sshd[46562]: pam_unix(sshd:auth): authentication failure; logname= uid=0 euid=0 tty=ssh ruser= rhost=115.113.96.56  user=root
Dec 14 10:39:06 cls sshd[46444]: Received disconnect from 187.110.238.50 port 49372:11: Bye Bye [preauth]
Dec 14 10:39:06 cls sshd[46444]: Disconnected from invalid user hadoop 187.110.238.50 port 49372 [preauth]
Dec 14 10:39:07 cls sshd[46560]: Invalid user gits from 182.180.57.212 port 40644
Dec 14 10:39:07 cls sshd[46560]: pam_unix(sshd:auth): check pass; user unknown
Dec 14 10:39:07 cls sshd[46560]: pam_unix(sshd:auth): authentication failure; logname= uid=0 euid=0 tty=ssh ruser= rhost=182.180.57.212 
Dec 14 10:39:07 cls sshd[46562]: Failed password for root from 115.113.96.56 port 44290 ssh2
Dec 14 10:39:08 cls sshd[46562]: Received disconnect from 115.113.96.56 port 44290:11: Bye Bye [preauth]
Dec 14 10:39:08 cls sshd[46562]: Disconnected from authenticating user root 115.113.96.56 port 44290 [preauth]
Dec 14 10:39:09 cls sshd[46560]: Failed password for invalid user gits from 182.180.57.212 port 40644 ssh2
Dec 14 10:39:09 cls sshd[46560]: Received disconnect from 182.180.57.212 port 40644:11: Bye Bye [preauth]
Dec 14 10:39:09 cls sshd[46560]: Disconnected from invalid user gits 182.180.57.212 port 40644 [preauth]
Dec 14 10:39:13 cls sshd[46564]: Invalid user roots from 101.47.160.231 port 42616
Dec 14 10:39:13 cls sshd[46564]: pam_unix(sshd:auth): check pass; user unknown
Dec 14 10:39:13 cls sshd[46564]: pam_unix(sshd:auth): authentication failure; logname= uid=0 euid=0 tty=ssh ruser= rhost=101.47.160.231 
Dec 14 10:39:15 cls sshd[46564]: Failed password for invalid user roots from 101.47.160.231 port 42616 ssh2
Dec 14 10:39:15 cls sshd[46564]: Received disconnect from 101.47.160.231 port 42616:11: Bye Bye [preauth]
Dec 14 10:39:15 cls sshd[46564]: Disconnected from invalid user roots 101.47.160.231 port 42616 [preauth]
Dec 14 10:39:15 cls sshd[46569]: Invalid user user from 5.252.53.62 port 58418
Dec 14 10:39:15 cls sshd[46569]: pam_unix(sshd:auth): check pass; user unknown
Dec 14 10:39:15 cls sshd[46569]: pam_unix(sshd:auth): authentication failure; logname= uid=0 euid=0 tty=ssh ruser= rhost=5.252.53.62 
Dec 14 10:39:16 cls sshd[46571]: Invalid user zhangsan from 167.86.127.135 port 52808
Dec 14 10:39:16 cls sshd[46571]: pam_unix(sshd:auth): check pass; user unknown
Dec 14 10:39:16 cls sshd[46571]: pam_unix(sshd:auth): authentication failure; logname= uid=0 euid=0 tty=ssh ruser= rhost=167.86.127.135 
Dec 14 10:39:17 cls sshd[46569]: Failed password for invalid user user from 5.252.53.62 port 58418 ssh2
Dec 14 10:39:18 cls sshd[46571]: Failed password for invalid user zhangsan from 167.86.127.135 port 52808 ssh2
Dec 14 10:39:19 cls sshd[46569]: Received disconnect from 5.252.53.62 port 58418:11: Bye Bye [preauth]
Dec 14 10:39:19 cls sshd[46569]: Disconnected from invalid user user 5.252.53.62 port 58418 [preauth]
Dec 14 10:39:20 cls sshd[46571]: Received disconnect from 167.86.127.135 port 52808:11: Bye Bye [preauth]
Dec 14 10:39:20 cls sshd[46571]: Disconnected from invalid user zhangsan 167.86.127.135 port 52808 [preauth]
Dec 14 10:39:28 cls sshd[46575]: pam_unix(sshd:auth): authentication failure; logname= uid=0 euid=0 tty=ssh ruser= rhost=186.87.166.141  user=root
Dec 14 10:39:30 cls sshd[46575]: Failed password for root from 186.87.166.141 port 41522 ssh2
Dec 14 10:39:31 cls sshd[46575]: Received disconnect from 186.87.166.141 port 41522:11: Bye Bye [preauth]
Dec 14 10:39:31 cls sshd[46575]: Disconnected from authenticating user root 186.87.166.141 port 41522 [preauth]
Dec 14 10:39:33 cls sshd[46577]: pam_unix(sshd:auth): authentication failure; logname= uid=0 euid=0 tty=ssh ruser= rhost=162.19.224.161  user=root
Dec 14 10:39:35 cls sshd[46579]: pam_unix(sshd:auth): authentication failure; logname= uid=0 euid=0 tty=ssh ruser= rhost=64.227.139.157  user=root
Dec 14 10:39:35 cls sshd[46577]: Failed password for root from 162.19.224.161 port 40692 ssh2
Dec 14 10:39:36 cls sshd[46577]: Received disconnect from 162.19.224.161 port 40692:11: Bye Bye [preauth]
Dec 14 10:39:36 cls sshd[46577]: Disconnected from authenticating user root 162.19.224.161 port 40692 [preauth]
Dec 14 10:39:37 cls sshd[46579]: Failed password for root from 64.227.139.157 port 48304 ssh2
Dec 14 10:39:37 cls sshd[46579]: Received disconnect from 64.227.139.157 port 48304:11: Bye Bye [preauth]
Dec 14 10:39:37 cls sshd[46579]: Disconnected from authenticating user root 64.227.139.157 port 48304 [preauth]
Dec 14 10:39:39 cls sshd[46581]: pam_unix(sshd:auth): authentication failure; logname= uid=0 euid=0 tty=ssh ruser= rhost=187.110.238.50  user=root
Dec 14 10:39:41 cls sshd[46581]: Failed password for root from 187.110.238.50 port 33364 ssh2
Dec 14 10:39:42 cls sshd[46581]: Received disconnect from 187.110.238.50 port 33364:11: Bye Bye [preauth]
Dec 14 10:39:42 cls sshd[46581]: Disconnected from authenticating user root 187.110.238.50 port 33364 [preauth]
Dec 14 10:39:50 cls sshd[46583]: pam_unix(sshd:auth): authentication failure; logname= uid=0 euid=0 tty=ssh ruser= rhost=115.113.96.56  user=root
Dec 14 10:39:50 cls sshd[46585]: pam_unix(sshd:auth): authentication failure; logname= uid=0 euid=0 tty=ssh ruser= rhost=45.78.206.234  user=root
Dec 14 10:39:52 cls sshd[46583]: Failed password for root from 115.113.96.56 port 56864 ssh2
Dec 14 10:39:52 cls sshd[46585]: Failed password for root from 45.78.206.234 port 50000 ssh2
Dec 14 10:39:52 cls sshd[46583]: Received disconnect from 115.113.96.56 port 56864:11: Bye Bye [preauth]
Dec 14 10:39:52 cls sshd[46583]: Disconnected from authenticating user root 115.113.96.56 port 56864 [preauth]
Dec 14 10:39:53 cls sshd[46585]: Received disconnect from 45.78.206.234 port 50000:11: Bye Bye [preauth]
Dec 14 10:39:53 cls sshd[46585]: Disconnected from authenticating user root 45.78.206.234 port 50000 [preauth]
Dec 14 10:39:55 cls sshd[46587]: pam_unix(sshd:auth): authentication failure; logname= uid=0 euid=0 tty=ssh ruser= rhost=167.86.127.135  user=root
Dec 14 10:39:57 cls sshd[46589]: pam_unix(sshd:auth): authentication failure; logname= uid=0 euid=0 tty=ssh ruser= rhost=5.252.53.62  user=root
Dec 14 10:39:57 cls sshd[46587]: Failed password for root from 167.86.127.135 port 33146 ssh2
Dec 14 10:39:58 cls sshd[46587]: Received disconnect from 167.86.127.135 port 33146:11: Bye Bye [preauth]
Dec 14 10:39:58 cls sshd[46587]: Disconnected from authenticating user root 167.86.127.135 port 33146 [preauth]
Dec 14 10:39:58 cls sshd[46589]: Failed password for root from 5.252.53.62 port 40748 ssh2
Dec 14 10:39:59 cls sshd[46589]: Received disconnect from 5.252.53.62 port 40748:11: Bye Bye [preauth]
Dec 14 10:39:59 cls sshd[46589]: Disconnected from authenticating user root 5.252.53.62 port 40748 [preauth]
Dec 14 10:40:12 cls sshd[46596]: Invalid user jenkins from 162.19.224.161 port 55506
Dec 14 10:40:12 cls sshd[46596]: pam_unix(sshd:auth): check pass; user unknown
Dec 14 10:40:12 cls sshd[46596]: pam_unix(sshd:auth): authentication failure; logname= uid=0 euid=0 tty=ssh ruser= rhost=162.19.224.161 
Dec 14 10:40:13 cls sshd[46594]: pam_unix(sshd:auth): authentication failure; logname= uid=0 euid=0 tty=ssh ruser= rhost=182.180.57.212  user=root
Dec 14 10:40:13 cls sshd[46596]: Failed password for invalid user jenkins from 162.19.224.161 port 55506 ssh2
Dec 14 10:40:14 cls sshd[46596]: Received disconnect from 162.19.224.161 port 55506:11: Bye Bye [preauth]
Dec 14 10:40:14 cls sshd[46596]: Disconnected from invalid user jenkins 162.19.224.161 port 55506 [preauth]
Dec 14 10:40:14 cls sshd[46601]: Invalid user user from 187.110.238.50 port 45590
Dec 14 10:40:14 cls sshd[46601]: pam_unix(sshd:auth): check pass; user unknown
Dec 14 10:40:14 cls sshd[46601]: pam_unix(sshd:auth): authentication failure; logname= uid=0 euid=0 tty=ssh ruser= rhost=187.110.238.50 
Dec 14 10:40:15 cls sshd[46594]: Failed password for root from 182.180.57.212 port 52896 ssh2
Dec 14 10:40:16 cls sshd[46594]: Received disconnect from 182.180.57.212 port 52896:11: Bye Bye [preauth]
Dec 14 10:40:16 cls sshd[46594]: Disconnected from authenticating user root 182.180.57.212 port 52896 [preauth]
Dec 14 10:40:16 cls sshd[46603]: Invalid user dockeruser from 186.87.166.141 port 54874
Dec 14 10:40:16 cls sshd[46603]: pam_unix(sshd:auth): check pass; user unknown
Dec 14 10:40:16 cls sshd[46603]: pam_unix(sshd:auth): authentication failure; logname= uid=0 euid=0 tty=ssh ruser= rhost=186.87.166.141 
Dec 14 10:40:16 cls sshd[46605]: pam_unix(sshd:auth): authentication failure; logname= uid=0 euid=0 tty=ssh ruser= rhost=64.227.139.157  user=root
Dec 14 10:40:16 cls sshd[46601]: Failed password for invalid user user from 187.110.238.50 port 45590 ssh2
Dec 14 10:40:18 cls sshd[46603]: Failed password for invalid user dockeruser from 186.87.166.141 port 54874 ssh2
Dec 14 10:40:18 cls sshd[46605]: Failed password for root from 64.227.139.157 port 44128 ssh2
Dec 14 10:40:18 cls sshd[46601]: Received disconnect from 187.110.238.50 port 45590:11: Bye Bye [preauth]
Dec 14 10:40:18 cls sshd[46601]: Disconnected from invalid user user 187.110.238.50 port 45590 [preauth]
Dec 14 10:40:18 cls sshd[46605]: Received disconnect from 64.227.139.157 port 44128:11: Bye Bye [preauth]
Dec 14 10:40:18 cls sshd[46605]: Disconnected from authenticating user root 64.227.139.157 port 44128 [preauth]
Dec 14 10:40:20 cls sshd[46603]: Received disconnect from 186.87.166.141 port 54874:11: Bye Bye [preauth]
Dec 14 10:40:20 cls sshd[46603]: Disconnected from invalid user dockeruser 186.87.166.141 port 54874 [preauth]
Dec 14 10:40:30 cls sshd[46607]: Invalid user forward from 115.113.96.56 port 41204
Dec 14 10:40:30 cls sshd[46607]: pam_unix(sshd:auth): check pass; user unknown
Dec 14 10:40:30 cls sshd[46607]: pam_unix(sshd:auth): authentication failure; logname= uid=0 euid=0 tty=ssh ruser= rhost=115.113.96.56 
Dec 14 10:40:32 cls sshd[46607]: Failed password for invalid user forward from 115.113.96.56 port 41204 ssh2
Dec 14 10:40:32 cls sshd[46607]: Received disconnect from 115.113.96.56 port 41204:11: Bye Bye [preauth]
Dec 14 10:40:32 cls sshd[46607]: Disconnected from invalid user forward 115.113.96.56 port 41204 [preauth]
Dec 14 10:40:34 cls sshd[46612]: Invalid user intel from 167.86.127.135 port 38548
Dec 14 10:40:34 cls sshd[46612]: pam_unix(sshd:auth): check pass; user unknown
Dec 14 10:40:34 cls sshd[46612]: pam_unix(sshd:auth): authentication failure; logname= uid=0 euid=0 tty=ssh ruser= rhost=167.86.127.135 
Dec 14 10:40:36 cls sshd[46614]: Invalid user user from 101.47.160.231 port 55410
Dec 14 10:40:36 cls sshd[46614]: pam_unix(sshd:auth): check pass; user unknown
Dec 14 10:40:36 cls sshd[46614]: pam_unix(sshd:auth): authentication failure; logname= uid=0 euid=0 tty=ssh ruser= rhost=101.47.160.231 
Dec 14 10:40:36 cls sshd[46612]: Failed password for invalid user intel from 167.86.127.135 port 38548 ssh2
Dec 14 10:40:36 cls sshd[46616]: Invalid user es from 5.252.53.62 port 34614
Dec 14 10:40:36 cls sshd[46616]: pam_unix(sshd:auth): check pass; user unknown
Dec 14 10:40:36 cls sshd[46616]: pam_unix(sshd:auth): authentication failure; logname= uid=0 euid=0 tty=ssh ruser= rhost=5.252.53.62 
Dec 14 10:40:37 cls sshd[46612]: Received disconnect from 167.86.127.135 port 38548:11: Bye Bye [preauth]
Dec 14 10:40:37 cls sshd[46612]: Disconnected from invalid user intel 167.86.127.135 port 38548 [preauth]
Dec 14 10:40:38 cls sshd[46614]: Failed password for invalid user user from 101.47.160.231 port 55410 ssh2
Dec 14 10:40:38 cls sshd[46616]: Failed password for invalid user es from 5.252.53.62 port 34614 ssh2
Dec 14 10:40:39 cls sshd[46616]: Received disconnect from 5.252.53.62 port 34614:11: Bye Bye [preauth]
Dec 14 10:40:39 cls sshd[46616]: Disconnected from invalid user es 5.252.53.62 port 34614 [preauth]
Dec 14 10:40:39 cls sshd[46614]: Received disconnect from 101.47.160.231 port 55410:11: Bye Bye [preauth]
Dec 14 10:40:39 cls sshd[46614]: Disconnected from invalid user user 101.47.160.231 port 55410 [preauth]
Dec 14 10:40:49 cls sshd[46623]: pam_unix(sshd:auth): authentication failure; logname= uid=0 euid=0 tty=ssh ruser= rhost=162.19.224.161  user=root
Dec 14 10:40:50 cls sshd[46625]: Invalid user jarservice from 187.110.238.50 port 57814
Dec 14 10:40:50 cls sshd[46625]: pam_unix(sshd:auth): check pass; user unknown
Dec 14 10:40:50 cls sshd[46625]: pam_unix(sshd:auth): authentication failure; logname= uid=0 euid=0 tty=ssh ruser= rhost=187.110.238.50 
Dec 14 10:40:51 cls sshd[46623]: Failed password for root from 162.19.224.161 port 52432 ssh2
Dec 14 10:40:51 cls sshd[46623]: Received disconnect from 162.19.224.161 port 52432:11: Bye Bye [preauth]
Dec 14 10:40:51 cls sshd[46623]: Disconnected from authenticating user root 162.19.224.161 port 52432 [preauth]
Dec 14 10:40:53 cls sshd[46625]: Failed password for invalid user jarservice from 187.110.238.50 port 57814 ssh2
Dec 14 10:40:54 cls sshd[46625]: Received disconnect from 187.110.238.50 port 57814:11: Bye Bye [preauth]
Dec 14 10:40:54 cls sshd[46625]: Disconnected from invalid user jarservice 187.110.238.50 port 57814 [preauth]
Dec 14 10:40:55 cls sshd[46627]: Invalid user michael from 64.227.139.157 port 46266
Dec 14 10:40:55 cls sshd[46627]: pam_unix(sshd:auth): check pass; user unknown
Dec 14 10:40:55 cls sshd[46627]: pam_unix(sshd:auth): authentication failure; logname= uid=0 euid=0 tty=ssh ruser= rhost=64.227.139.157 
Dec 14 10:40:57 cls sshd[46627]: Failed password for invalid user michael from 64.227.139.157 port 46266 ssh2
Dec 14 10:40:59 cls sshd[46627]: Received disconnect from 64.227.139.157 port 46266:11: Bye Bye [preauth]
Dec 14 10:40:59 cls sshd[46627]: Disconnected from invalid user michael 64.227.139.157 port 46266 [preauth]
Dec 14 10:41:04 cls sshd[46629]: pam_unix(sshd:auth): authentication failure; logname= uid=0 euid=0 tty=ssh ruser= rhost=186.87.166.141  user=root
Dec 14 10:41:06 cls sshd[46631]: Invalid user forward from 182.180.57.212 port 36932
Dec 14 10:41:06 cls sshd[46631]: pam_unix(sshd:auth): check pass; user unknown
Dec 14 10:41:06 cls sshd[46631]: pam_unix(sshd:auth): authentication failure; logname= uid=0 euid=0 tty=ssh ruser= rhost=182.180.57.212 
Dec 14 10:41:06 cls sshd[46629]: Failed password for root from 186.87.166.141 port 40000 ssh2
Dec 14 10:41:07 cls sshd[46629]: Received disconnect from 186.87.166.141 port 40000:11: Bye Bye [preauth]
Dec 14 10:41:07 cls sshd[46629]: Disconnected from authenticating user root 186.87.166.141 port 40000 [preauth]
Dec 14 10:41:08 cls sshd[46631]: Failed password for invalid user forward from 182.180.57.212 port 36932 ssh2
Dec 14 10:41:08 cls sshd[46631]: Received disconnect from 182.180.57.212 port 36932:11: Bye Bye [preauth]
Dec 14 10:41:08 cls sshd[46631]: Disconnected from invalid user forward 182.180.57.212 port 36932 [preauth]
Dec 14 10:41:11 cls sshd[46637]: Invalid user gits from 115.113.96.56 port 53776
Dec 14 10:41:11 cls sshd[46637]: pam_unix(sshd:auth): check pass; user unknown
Dec 14 10:41:11 cls sshd[46637]: pam_unix(sshd:auth): authentication failure; logname= uid=0 euid=0 tty=ssh ruser= rhost=115.113.96.56 
Dec 14 10:41:13 cls sshd[46637]: Failed password for invalid user gits from 115.113.96.56 port 53776 ssh2
Dec 14 10:41:13 cls sshd[46637]: Received disconnect from 115.113.96.56 port 53776:11: Bye Bye [preauth]
Dec 14 10:41:13 cls sshd[46637]: Disconnected from invalid user gits 115.113.96.56 port 53776 [preauth]
Dec 14 10:41:13 cls sshd[46639]: Invalid user azureuser from 167.86.127.135 port 39292
Dec 14 10:41:13 cls sshd[46639]: pam_unix(sshd:auth): check pass; user unknown
Dec 14 10:41:13 cls sshd[46639]: pam_unix(sshd:auth): authentication failure; logname= uid=0 euid=0 tty=ssh ruser= rhost=167.86.127.135 
Dec 14 10:41:15 cls sshd[46639]: Failed password for invalid user azureuser from 167.86.127.135 port 39292 ssh2
Dec 14 10:41:17 cls sshd[46641]: pam_unix(sshd:auth): authentication failure; logname= uid=0 euid=0 tty=ssh ruser= rhost=5.252.53.62  user=root
Dec 14 10:41:17 cls sshd[46639]: Received disconnect from 167.86.127.135 port 39292:11: Bye Bye [preauth]
Dec 14 10:41:17 cls sshd[46639]: Disconnected from invalid user azureuser 167.86.127.135 port 39292 [preauth]
Dec 14 10:41:19 cls sshd[46641]: Failed password for root from 5.252.53.62 port 60502 ssh2
Dec 14 10:41:20 cls sshd[46641]: Received disconnect from 5.252.53.62 port 60502:11: Bye Bye [preauth]
Dec 14 10:41:20 cls sshd[46641]: Disconnected from authenticating user root 5.252.53.62 port 60502 [preauth]
Dec 14 10:41:25 cls sshd[46643]: pam_unix(sshd:auth): authentication failure; logname= uid=0 euid=0 tty=ssh ruser= rhost=162.19.224.161  user=root
Dec 14 10:41:26 cls sshd[46645]: pam_unix(sshd:auth): authentication failure; logname= uid=0 euid=0 tty=ssh ruser= rhost=187.110.238.50  user=root
Dec 14 10:41:27 cls sshd[46643]: Failed password for root from 162.19.224.161 port 55314 ssh2
Dec 14 10:41:27 cls sshd[46643]: Received disconnect from 162.19.224.161 port 55314:11: Bye Bye [preauth]
Dec 14 10:41:27 cls sshd[46643]: Disconnected from authenticating user root 162.19.224.161 port 55314 [preauth]
Dec 14 10:41:28 cls sshd[46645]: Failed password for root from 187.110.238.50 port 41804 ssh2
Dec 14 10:41:28 cls sshd[46645]: Received disconnect from 187.110.238.50 port 41804:11: Bye Bye [preauth]
Dec 14 10:41:28 cls sshd[46645]: Disconnected from authenticating user root 187.110.238.50 port 41804 [preauth]
Dec 14 10:41:32 cls sshd[46649]: pam_unix(sshd:auth): authentication failure; logname= uid=0 euid=0 tty=ssh ruser= rhost=64.227.139.157  user=root
Dec 14 10:41:33 cls sshd[46649]: Failed password for root from 64.227.139.157 port 47994 ssh2
Dec 14 10:41:34 cls sshd[46649]: Received disconnect from 64.227.139.157 port 47994:11: Bye Bye [preauth]
Dec 14 10:41:34 cls sshd[46649]: Disconnected from authenticating user root 64.227.139.157 port 47994 [preauth]
Dec 14 10:41:36 cls sshd[46654]: pam_unix(sshd:auth): authentication failure; logname= uid=0 euid=0 tty=ssh ruser= rhost=180.110.72.89  user=ubuntu
Dec 14 10:41:38 cls sshd[46654]: Failed password for ubuntu from 180.110.72.89 port 58490 ssh2
Dec 14 10:41:39 cls sshd[46654]: Received disconnect from 180.110.72.89 port 58490:11: Bye Bye [preauth]
Dec 14 10:41:39 cls sshd[46654]: Disconnected from authenticating user ubuntu 180.110.72.89 port 58490 [preauth]
Dec 14 10:41:49 cls sshd[46657]: Invalid user wy from 186.87.166.141 port 53360
Dec 14 10:41:49 cls sshd[46657]: pam_unix(sshd:auth): check pass; user unknown
Dec 14 10:41:49 cls sshd[46657]: pam_unix(sshd:auth): authentication failure; logname= uid=0 euid=0 tty=ssh ruser= rhost=186.87.166.141 
Dec 14 10:41:50 cls sshd[46660]: Invalid user roots from 115.113.96.56 port 38112
Dec 14 10:41:50 cls sshd[46660]: pam_unix(sshd:auth): check pass; user unknown
Dec 14 10:41:50 cls sshd[46660]: pam_unix(sshd:auth): authentication failure; logname= uid=0 euid=0 tty=ssh ruser= rhost=115.113.96.56 
Dec 14 10:41:51 cls sshd[46657]: Failed password for invalid user wy from 186.87.166.141 port 53360 ssh2
Dec 14 10:41:51 cls sshd[46662]: pam_unix(sshd:auth): authentication failure; logname= uid=0 euid=0 tty=ssh ruser= rhost=167.86.127.135  user=root
Dec 14 10:41:52 cls sshd[46657]: Received disconnect from 186.87.166.141 port 53360:11: Bye Bye [preauth]
Dec 14 10:41:52 cls sshd[46657]: Disconnected from invalid user wy 186.87.166.141 port 53360 [preauth]
Dec 14 10:41:52 cls sshd[46660]: Failed password for invalid user roots from 115.113.96.56 port 38112 ssh2
Dec 14 10:41:54 cls sshd[46662]: Failed password for root from 167.86.127.135 port 41854 ssh2
Dec 14 10:41:54 cls sshd[46662]: Received disconnect from 167.86.127.135 port 41854:11: Bye Bye [preauth]
Dec 14 10:41:54 cls sshd[46662]: Disconnected from authenticating user root 167.86.127.135 port 41854 [preauth]
Dec 14 10:41:54 cls sshd[46660]: Received disconnect from 115.113.96.56 port 38112:11: Bye Bye [preauth]
Dec 14 10:41:54 cls sshd[46660]: Disconnected from invalid user roots 115.113.96.56 port 38112 [preauth]
Dec 14 10:41:58 cls sshd[46667]: Invalid user gits from 5.252.53.62 port 45658
Dec 14 10:41:58 cls sshd[46667]: pam_unix(sshd:auth): check pass; user unknown
Dec 14 10:41:58 cls sshd[46667]: pam_unix(sshd:auth): authentication failure; logname= uid=0 euid=0 tty=ssh ruser= rhost=5.252.53.62 
Dec 14 10:41:58 cls sshd[46669]: pam_unix(sshd:auth): authentication failure; logname= uid=0 euid=0 tty=ssh ruser= rhost=162.19.224.161  user=root
Dec 14 10:41:59 cls sshd[46667]: Failed password for invalid user gits from 5.252.53.62 port 45658 ssh2
Dec 14 10:42:00 cls sshd[46669]: Failed password for root from 162.19.224.161 port 59060 ssh2
Dec 14 10:42:00 cls sshd[46667]: Received disconnect from 5.252.53.62 port 45658:11: Bye Bye [preauth]
Dec 14 10:42:00 cls sshd[46667]: Disconnected from invalid user gits 5.252.53.62 port 45658 [preauth]
Dec 14 10:42:00 cls sshd[46669]: Received disconnect from 162.19.224.161 port 59060:11: Bye Bye [preauth]
Dec 14 10:42:00 cls sshd[46669]: Disconnected from authenticating user root 162.19.224.161 port 59060 [preauth]
Dec 14 10:42:02 cls sshd[46674]: Invalid user hadoop from 182.180.57.212 port 49188
Dec 14 10:42:02 cls sshd[46674]: pam_unix(sshd:auth): check pass; user unknown
Dec 14 10:42:02 cls sshd[46674]: pam_unix(sshd:auth): authentication failure; logname= uid=0 euid=0 tty=ssh ruser= rhost=182.180.57.212 
Dec 14 10:42:04 cls sshd[46674]: Failed password for invalid user hadoop from 182.180.57.212 port 49188 ssh2
Dec 14 10:42:05 cls sshd[46674]: Received disconnect from 182.180.57.212 port 49188:11: Bye Bye [preauth]
Dec 14 10:42:05 cls sshd[46674]: Disconnected from invalid user hadoop 182.180.57.212 port 49188 [preauth]
Dec 14 10:42:07 cls sshd[46676]: pam_unix(sshd:auth): authentication failure; logname= uid=0 euid=0 tty=ssh ruser= rhost=45.78.206.234  user=root
Dec 14 10:42:09 cls sshd[46676]: Failed password for root from 45.78.206.234 port 39620 ssh2
Dec 14 10:42:09 cls sshd[46678]: pam_unix(sshd:auth): authentication failure; logname= uid=0 euid=0 tty=ssh ruser= rhost=64.227.139.157  user=root
Dec 14 10:42:10 cls sshd[46676]: Received disconnect from 45.78.206.234 port 39620:11: Bye Bye [preauth]
Dec 14 10:42:10 cls sshd[46676]: Disconnected from authenticating user root 45.78.206.234 port 39620 [preauth]
Dec 14 10:42:11 cls sshd[46678]: Failed password for root from 64.227.139.157 port 46610 ssh2
Dec 14 10:42:12 cls sshd[46678]: Received disconnect from 64.227.139.157 port 46610:11: Bye Bye [preauth]
Dec 14 10:42:12 cls sshd[46678]: Disconnected from authenticating user root 64.227.139.157 port 46610 [preauth]
