Apr  5 10:12:32 cls sshd[1409907]: Invalid user lirunze from 206.123.145.54 port 35800
Apr  5 10:12:36 cls sshd[1409907]: pam_unix(sshd:auth): check pass; user unknown
Apr  5 10:12:36 cls sshd[1409907]: pam_unix(sshd:auth): authentication failure; logname= uid=0 euid=0 tty=ssh ruser= rhost=206.123.145.54 
Apr  5 10:12:39 cls sshd[1409907]: Failed password for invalid user lirunze from 206.123.145.54 port 35800 ssh2
Apr  5 10:12:43 cls sshd[1409907]: Connection closed by invalid user lirunze 206.123.145.54 port 35800 [preauth]
Apr  5 10:13:14 cls sshd[1409939]: Invalid user lishan from 206.123.145.73 port 16052
Apr  5 10:13:16 cls sshd[1409939]: pam_unix(sshd:auth): check pass; user unknown
Apr  5 10:13:16 cls sshd[1409939]: pam_unix(sshd:auth): authentication failure; logname= uid=0 euid=0 tty=ssh ruser= rhost=206.123.145.73 
Apr  5 10:13:18 cls sshd[1409939]: Failed password for invalid user lishan from 206.123.145.73 port 16052 ssh2
Apr  5 10:13:21 cls sshd[1409939]: Connection closed by invalid user lishan 206.123.145.73 port 16052 [preauth]
Apr  5 10:13:32 cls sshd[1409941]: Invalid user xujw from 206.123.145.76 port 54898
Apr  5 10:13:34 cls sshd[1409941]: pam_unix(sshd:auth): check pass; user unknown
Apr  5 10:13:34 cls sshd[1409941]: pam_unix(sshd:auth): authentication failure; logname= uid=0 euid=0 tty=ssh ruser= rhost=206.123.145.76 
Apr  5 10:13:36 cls sshd[1409941]: Failed password for invalid user xujw from 206.123.145.76 port 54898 ssh2
Apr  5 10:13:38 cls sshd[1409941]: Connection closed by invalid user xujw 206.123.145.76 port 54898 [preauth]
Apr  5 10:13:40 cls sshd[1409943]: Invalid user xgy from 130.12.181.103 port 41074
Apr  5 10:13:41 cls sshd[1409945]: Invalid user chenjq from 206.123.145.51 port 28100
Apr  5 10:13:42 cls sshd[1409945]: pam_unix(sshd:auth): check pass; user unknown
Apr  5 10:13:42 cls sshd[1409945]: pam_unix(sshd:auth): authentication failure; logname= uid=0 euid=0 tty=ssh ruser= rhost=206.123.145.51 
Apr  5 10:13:42 cls sshd[1409943]: pam_unix(sshd:auth): check pass; user unknown
Apr  5 10:13:42 cls sshd[1409943]: pam_unix(sshd:auth): authentication failure; logname= uid=0 euid=0 tty=ssh ruser= rhost=130.12.181.103 
Apr  5 10:13:43 cls sshd[1409946]: Invalid user upy from 206.123.145.79 port 3994
Apr  5 10:13:44 cls sshd[1409945]: Failed password for invalid user chenjq from 206.123.145.51 port 28100 ssh2
Apr  5 10:13:44 cls sshd[1409943]: Failed password for invalid user xgy from 130.12.181.103 port 41074 ssh2
Apr  5 10:13:45 cls sshd[1409946]: pam_unix(sshd:auth): check pass; user unknown
Apr  5 10:13:45 cls sshd[1409946]: pam_unix(sshd:auth): authentication failure; logname= uid=0 euid=0 tty=ssh ruser= rhost=206.123.145.79 
Apr  5 10:13:47 cls sshd[1409943]: Connection closed by invalid user xgy 130.12.181.103 port 41074 [preauth]
Apr  5 10:13:47 cls sshd[1409946]: Failed password for invalid user upy from 206.123.145.79 port 3994 ssh2
Apr  5 10:13:48 cls sshd[1409945]: Connection closed by invalid user chenjq 206.123.145.51 port 28100 [preauth]
Apr  5 10:13:51 cls sshd[1409946]: Connection closed by invalid user upy 206.123.145.79 port 3994 [preauth]
Apr  5 10:13:55 cls sshd[1409963]: Invalid user apollo-23 from 206.123.145.56 port 46934
Apr  5 10:13:58 cls sshd[1409963]: pam_unix(sshd:auth): check pass; user unknown
Apr  5 10:13:58 cls sshd[1409963]: pam_unix(sshd:auth): authentication failure; logname= uid=0 euid=0 tty=ssh ruser= rhost=206.123.145.56 
Apr  5 10:13:59 cls sshd[1409963]: Failed password for invalid user apollo-23 from 206.123.145.56 port 46934 ssh2
Apr  5 10:14:02 cls sshd[1409963]: Connection closed by invalid user apollo-23 206.123.145.56 port 46934 [preauth]
Apr  5 10:14:22 cls sshd[1409985]: Invalid user mandy from 130.12.181.108 port 26628
Apr  5 10:14:24 cls sshd[1409985]: pam_unix(sshd:auth): check pass; user unknown
Apr  5 10:14:24 cls sshd[1409985]: pam_unix(sshd:auth): authentication failure; logname= uid=0 euid=0 tty=ssh ruser= rhost=130.12.181.108 
Apr  5 10:14:26 cls sshd[1409985]: Failed password for invalid user mandy from 130.12.181.108 port 26628 ssh2
Apr  5 10:14:29 cls sshd[1409985]: Connection closed by invalid user mandy 130.12.181.108 port 26628 [preauth]
Apr  5 10:14:32 cls sshd[1409987]: pam_unix(sshd:auth): authentication failure; logname= uid=0 euid=0 tty=ssh ruser= rhost=206.123.145.70  user=root
Apr  5 10:14:34 cls sshd[1409987]: Failed password for root from 206.123.145.70 port 43718 ssh2
Apr  5 10:14:36 cls sshd[1409987]: Connection closed by authenticating user root 206.123.145.70 port 43718 [preauth]
Apr  5 10:14:51 cls sshd[1409989]: pam_unix(sshd:auth): authentication failure; logname= uid=0 euid=0 tty=ssh ruser= rhost=206.123.145.69  user=root
Apr  5 10:14:54 cls sshd[1409989]: Failed password for root from 206.123.145.69 port 7024 ssh2
Apr  5 10:14:55 cls sshd[1409989]: Connection closed by authenticating user root 206.123.145.69 port 7024 [preauth]
Apr  5 10:14:56 cls sshd[1409993]: Invalid user a123 from 206.123.145.75 port 63650
Apr  5 10:14:58 cls sshd[1409993]: pam_unix(sshd:auth): check pass; user unknown
Apr  5 10:14:58 cls sshd[1409993]: pam_unix(sshd:auth): authentication failure; logname= uid=0 euid=0 tty=ssh ruser= rhost=206.123.145.75 
Apr  5 10:15:00 cls sshd[1409993]: Failed password for invalid user a123 from 206.123.145.75 port 63650 ssh2
Apr  5 10:15:02 cls sshd[1409993]: Connection closed by invalid user a123 206.123.145.75 port 63650 [preauth]
Apr  5 10:15:06 cls sshd[1410019]: Invalid user zhangshuai from 130.12.181.97 port 9794
Apr  5 10:15:09 cls sshd[1410019]: pam_unix(sshd:auth): check pass; user unknown
Apr  5 10:15:09 cls sshd[1410019]: pam_unix(sshd:auth): authentication failure; logname= uid=0 euid=0 tty=ssh ruser= rhost=130.12.181.97 
Apr  5 10:15:11 cls sshd[1410019]: Failed password for invalid user zhangshuai from 130.12.181.97 port 9794 ssh2
Apr  5 10:15:13 cls sshd[1410019]: Connection closed by invalid user zhangshuai 130.12.181.97 port 9794 [preauth]
Apr  5 10:15:20 cls sshd[1410021]: pam_unix(sshd:auth): authentication failure; logname= uid=0 euid=0 tty=ssh ruser= rhost=206.123.145.55  user=root
Apr  5 10:15:21 cls sshd[1410021]: Failed password for root from 206.123.145.55 port 61810 ssh2
Apr  5 10:15:24 cls sshd[1410021]: Connection closed by authenticating user root 206.123.145.55 port 61810 [preauth]
Apr  5 10:15:56 cls sshd[1410025]: Invalid user sxv from 130.12.181.98 port 24564
Apr  5 10:15:59 cls sshd[1410025]: pam_unix(sshd:auth): check pass; user unknown
Apr  5 10:15:59 cls sshd[1410025]: pam_unix(sshd:auth): authentication failure; logname= uid=0 euid=0 tty=ssh ruser= rhost=130.12.181.98 
Apr  5 10:16:00 cls sshd[1410025]: Failed password for invalid user sxv from 130.12.181.98 port 24564 ssh2
Apr  5 10:16:02 cls sshd[1410035]: Invalid user yunqi from 130.12.181.99 port 5254
Apr  5 10:16:03 cls sshd[1410025]: Connection closed by invalid user sxv 130.12.181.98 port 24564 [preauth]
Apr  5 10:16:05 cls sshd[1410035]: pam_unix(sshd:auth): check pass; user unknown
Apr  5 10:16:05 cls sshd[1410035]: pam_unix(sshd:auth): authentication failure; logname= uid=0 euid=0 tty=ssh ruser= rhost=130.12.181.99 
Apr  5 10:16:06 cls sshd[1410035]: Failed password for invalid user yunqi from 130.12.181.99 port 5254 ssh2
Apr  5 10:16:09 cls sshd[1410035]: Connection closed by invalid user yunqi 130.12.181.99 port 5254 [preauth]
Apr  5 10:16:14 cls sshd[1410055]: Invalid user renhs from 130.12.181.102 port 7566
Apr  5 10:16:17 cls sshd[1410055]: pam_unix(sshd:auth): check pass; user unknown
Apr  5 10:16:17 cls sshd[1410055]: pam_unix(sshd:auth): authentication failure; logname= uid=0 euid=0 tty=ssh ruser= rhost=130.12.181.102 
Apr  5 10:16:18 cls sshd[1410055]: Failed password for invalid user renhs from 130.12.181.102 port 7566 ssh2
Apr  5 10:16:21 cls sshd[1410055]: Connection closed by invalid user renhs 130.12.181.102 port 7566 [preauth]
Apr  5 10:16:24 cls sshd[1410058]: Invalid user amax1 from 206.123.145.72 port 20714
Apr  5 10:16:25 cls sshd[1410057]: Invalid user yilingLiu from 206.123.145.77 port 49654
Apr  5 10:16:26 cls sshd[1410057]: pam_unix(sshd:auth): check pass; user unknown
Apr  5 10:16:26 cls sshd[1410057]: pam_unix(sshd:auth): authentication failure; logname= uid=0 euid=0 tty=ssh ruser= rhost=206.123.145.77 
Apr  5 10:16:27 cls sshd[1410058]: pam_unix(sshd:auth): check pass; user unknown
Apr  5 10:16:27 cls sshd[1410058]: pam_unix(sshd:auth): authentication failure; logname= uid=0 euid=0 tty=ssh ruser= rhost=206.123.145.72 
Apr  5 10:16:28 cls sshd[1410057]: Failed password for invalid user yilingLiu from 206.123.145.77 port 49654 ssh2
Apr  5 10:16:30 cls sshd[1410058]: Failed password for invalid user amax1 from 206.123.145.72 port 20714 ssh2
Apr  5 10:16:30 cls sshd[1410057]: Connection closed by invalid user yilingLiu 206.123.145.77 port 49654 [preauth]
Apr  5 10:16:32 cls sshd[1410058]: Connection closed by invalid user amax1 206.123.145.72 port 20714 [preauth]
Apr  5 10:17:01 cls CRON[1410091]: pam_unix(cron:session): session opened for user root by (uid=0)
Apr  5 10:17:01 cls CRON[1410091]: pam_unix(cron:session): session closed for user root
Apr  5 10:17:32 cls sshd[1410094]: Invalid user alisufi from 206.123.145.50 port 17492
Apr  5 10:17:34 cls sshd[1410094]: pam_unix(sshd:auth): check pass; user unknown
Apr  5 10:17:34 cls sshd[1410094]: pam_unix(sshd:auth): authentication failure; logname= uid=0 euid=0 tty=ssh ruser= rhost=206.123.145.50 
Apr  5 10:17:37 cls sshd[1410094]: Failed password for invalid user alisufi from 206.123.145.50 port 17492 ssh2
Apr  5 10:17:42 cls sshd[1410094]: Connection closed by invalid user alisufi 206.123.145.50 port 17492 [preauth]
Apr  5 10:17:52 cls sshd[1410096]: Invalid user juan from 206.123.145.49 port 31614
Apr  5 10:17:54 cls sshd[1410096]: pam_unix(sshd:auth): check pass; user unknown
Apr  5 10:17:54 cls sshd[1410096]: pam_unix(sshd:auth): authentication failure; logname= uid=0 euid=0 tty=ssh ruser= rhost=206.123.145.49 
Apr  5 10:17:56 cls sshd[1410096]: Failed password for invalid user juan from 206.123.145.49 port 31614 ssh2
Apr  5 10:18:00 cls sshd[1410100]: Invalid user su3 from 206.123.145.48 port 6124
Apr  5 10:18:00 cls sshd[1410096]: Connection closed by invalid user juan 206.123.145.49 port 31614 [preauth]
Apr  5 10:18:01 cls sshd[1410100]: pam_unix(sshd:auth): check pass; user unknown
Apr  5 10:18:01 cls sshd[1410100]: pam_unix(sshd:auth): authentication failure; logname= uid=0 euid=0 tty=ssh ruser= rhost=206.123.145.48 
Apr  5 10:18:03 cls sshd[1410100]: Failed password for invalid user su3 from 206.123.145.48 port 6124 ssh2
Apr  5 10:18:06 cls sshd[1410100]: Connection closed by invalid user su3 206.123.145.48 port 6124 [preauth]
Apr  5 10:18:11 cls sshd[1410132]: Invalid user yangludong from 206.123.145.46 port 39078
Apr  5 10:18:14 cls sshd[1410132]: pam_unix(sshd:auth): check pass; user unknown
Apr  5 10:18:14 cls sshd[1410132]: pam_unix(sshd:auth): authentication failure; logname= uid=0 euid=0 tty=ssh ruser= rhost=206.123.145.46 
Apr  5 10:18:17 cls sshd[1410132]: Failed password for invalid user yangludong from 206.123.145.46 port 39078 ssh2
Apr  5 10:18:20 cls sshd[1410138]: Invalid user canna from 130.12.181.104 port 35306
Apr  5 10:18:20 cls sshd[1410132]: Connection closed by invalid user yangludong 206.123.145.46 port 39078 [preauth]
Apr  5 10:18:22 cls sshd[1410138]: pam_unix(sshd:auth): check pass; user unknown
Apr  5 10:18:22 cls sshd[1410138]: pam_unix(sshd:auth): authentication failure; logname= uid=0 euid=0 tty=ssh ruser= rhost=130.12.181.104 
Apr  5 10:18:24 cls sshd[1410138]: Failed password for invalid user canna from 130.12.181.104 port 35306 ssh2
Apr  5 10:18:27 cls sshd[1410138]: Connection closed by invalid user canna 130.12.181.104 port 35306 [preauth]
Apr  5 10:18:28 cls sshd[1410140]: pam_unix(sshd:auth): authentication failure; logname= uid=0 euid=0 tty=ssh ruser= rhost=206.123.145.20  user=root
Apr  5 10:18:31 cls sshd[1410140]: Failed password for root from 206.123.145.20 port 20266 ssh2
Apr  5 10:18:35 cls sshd[1410140]: Connection closed by authenticating user root 206.123.145.20 port 20266 [preauth]
Apr  5 10:18:38 cls sshd[1410142]: Invalid user glp from 130.12.181.101 port 54262
Apr  5 10:18:41 cls sshd[1410142]: pam_unix(sshd:auth): check pass; user unknown
Apr  5 10:18:41 cls sshd[1410142]: pam_unix(sshd:auth): authentication failure; logname= uid=0 euid=0 tty=ssh ruser= rhost=130.12.181.101 
Apr  5 10:18:42 cls sshd[1410142]: Failed password for invalid user glp from 130.12.181.101 port 54262 ssh2
Apr  5 10:18:44 cls sshd[1410142]: Connection closed by invalid user glp 130.12.181.101 port 54262 [preauth]
Apr  5 10:18:47 cls sshd[1410144]: Invalid user zzz from 130.12.181.106 port 37364
Apr  5 10:18:49 cls sshd[1410144]: pam_unix(sshd:auth): check pass; user unknown
Apr  5 10:18:49 cls sshd[1410144]: pam_unix(sshd:auth): authentication failure; logname= uid=0 euid=0 tty=ssh ruser= rhost=130.12.181.106 
Apr  5 10:18:51 cls sshd[1410144]: Failed password for invalid user zzz from 130.12.181.106 port 37364 ssh2
Apr  5 10:18:54 cls sshd[1410144]: Connection closed by invalid user zzz 130.12.181.106 port 37364 [preauth]
Apr  5 10:19:14 cls sshd[1410180]: Invalid user fwupd-refresh from 206.123.145.53 port 2668
Apr  5 10:19:17 cls sshd[1410180]: pam_unix(sshd:auth): check pass; user unknown
Apr  5 10:19:17 cls sshd[1410180]: pam_unix(sshd:auth): authentication failure; logname= uid=0 euid=0 tty=ssh ruser= rhost=206.123.145.53 
Apr  5 10:19:19 cls sshd[1410180]: Failed password for invalid user fwupd-refresh from 206.123.145.53 port 2668 ssh2
Apr  5 10:19:22 cls sshd[1410180]: Connection closed by invalid user fwupd-refresh 206.123.145.53 port 2668 [preauth]
Apr  5 10:19:27 cls sshd[1410186]: pam_unix(sshd:auth): authentication failure; logname= uid=0 euid=0 tty=ssh ruser= rhost=130.12.181.109  user=root
Apr  5 10:19:29 cls sshd[1410186]: Failed password for root from 130.12.181.109 port 4552 ssh2
Apr  5 10:19:32 cls sshd[1410186]: Connection closed by authenticating user root 130.12.181.109 port 4552 [preauth]
Apr  5 10:19:39 cls sshd[1410188]: pam_unix(sshd:auth): authentication failure; logname= uid=0 euid=0 tty=ssh ruser= rhost=206.123.145.52  user=root
Apr  5 10:19:41 cls sshd[1410188]: Failed password for root from 206.123.145.52 port 22976 ssh2
Apr  5 10:19:44 cls sshd[1410188]: Connection closed by authenticating user root 206.123.145.52 port 22976 [preauth]
Apr  5 10:19:50 cls sshd[1410190]: pam_unix(sshd:auth): authentication failure; logname= uid=0 euid=0 tty=ssh ruser= rhost=130.12.181.105  user=root
Apr  5 10:19:51 cls sshd[1410190]: Failed password for root from 130.12.181.105 port 64542 ssh2
Apr  5 10:19:54 cls sshd[1410190]: Connection closed by authenticating user root 130.12.181.105 port 64542 [preauth]
Apr  5 10:20:35 cls sshd[1410232]: Invalid user geoeast from 206.123.145.74 port 55706
Apr  5 10:20:37 cls sshd[1410232]: pam_unix(sshd:auth): check pass; user unknown
Apr  5 10:20:37 cls sshd[1410232]: pam_unix(sshd:auth): authentication failure; logname= uid=0 euid=0 tty=ssh ruser= rhost=206.123.145.74 
Apr  5 10:20:39 cls sshd[1410232]: Failed password for invalid user geoeast from 206.123.145.74 port 55706 ssh2
Apr  5 10:20:43 cls sshd[1410234]: Invalid user yinxf from 130.12.181.100 port 48250
Apr  5 10:20:44 cls sshd[1410232]: Connection closed by invalid user geoeast 206.123.145.74 port 55706 [preauth]
Apr  5 10:20:46 cls sshd[1410234]: pam_unix(sshd:auth): check pass; user unknown
Apr  5 10:20:46 cls sshd[1410234]: pam_unix(sshd:auth): authentication failure; logname= uid=0 euid=0 tty=ssh ruser= rhost=130.12.181.100 
Apr  5 10:20:49 cls sshd[1410234]: Failed password for invalid user yinxf from 130.12.181.100 port 48250 ssh2
Apr  5 10:20:51 cls sshd[1410234]: Connection closed by invalid user yinxf 130.12.181.100 port 48250 [preauth]
Apr  5 10:21:16 cls sshd[1410265]: Invalid user rxa from 206.123.145.71 port 14452
Apr  5 10:21:18 cls sshd[1410265]: pam_unix(sshd:auth): check pass; user unknown
Apr  5 10:21:18 cls sshd[1410265]: pam_unix(sshd:auth): authentication failure; logname= uid=0 euid=0 tty=ssh ruser= rhost=206.123.145.71 
Apr  5 10:21:20 cls sshd[1410265]: Failed password for invalid user rxa from 206.123.145.71 port 14452 ssh2
Apr  5 10:21:20 cls sshd[1410269]: Invalid user xxq from 130.12.181.107 port 24428
Apr  5 10:21:22 cls sshd[1410265]: Connection closed by invalid user rxa 206.123.145.71 port 14452 [preauth]
Apr  5 10:21:23 cls sshd[1410269]: pam_unix(sshd:auth): check pass; user unknown
Apr  5 10:21:23 cls sshd[1410269]: pam_unix(sshd:auth): authentication failure; logname= uid=0 euid=0 tty=ssh ruser= rhost=130.12.181.107 
Apr  5 10:21:25 cls sshd[1410269]: Failed password for invalid user xxq from 130.12.181.107 port 24428 ssh2
Apr  5 10:21:27 cls sshd[1410271]: Invalid user huxianhui from 206.123.145.57 port 32550
Apr  5 10:21:28 cls sshd[1410269]: Connection closed by invalid user xxq 130.12.181.107 port 24428 [preauth]
Apr  5 10:21:30 cls sshd[1410271]: pam_unix(sshd:auth): check pass; user unknown
Apr  5 10:21:30 cls sshd[1410271]: pam_unix(sshd:auth): authentication failure; logname= uid=0 euid=0 tty=ssh ruser= rhost=206.123.145.57 
Apr  5 10:21:31 cls sshd[1410271]: Failed password for invalid user huxianhui from 206.123.145.57 port 32550 ssh2
Apr  5 10:21:33 cls sshd[1410271]: Connection closed by invalid user huxianhui 206.123.145.57 port 32550 [preauth]
Apr  5 10:21:38 cls sshd[1410279]: Invalid user 1dd from 206.123.145.54 port 28106
Apr  5 10:21:40 cls sshd[1410279]: pam_unix(sshd:auth): check pass; user unknown
Apr  5 10:21:40 cls sshd[1410279]: pam_unix(sshd:auth): authentication failure; logname= uid=0 euid=0 tty=ssh ruser= rhost=206.123.145.54 
Apr  5 10:21:42 cls sshd[1410280]: Invalid user chenzhi from 206.123.145.78 port 28972
Apr  5 10:21:43 cls sshd[1410279]: Failed password for invalid user 1dd from 206.123.145.54 port 28106 ssh2
Apr  5 10:21:44 cls sshd[1410280]: pam_unix(sshd:auth): check pass; user unknown
Apr  5 10:21:44 cls sshd[1410280]: pam_unix(sshd:auth): authentication failure; logname= uid=0 euid=0 tty=ssh ruser= rhost=206.123.145.78 
Apr  5 10:21:46 cls sshd[1410280]: Failed password for invalid user chenzhi from 206.123.145.78 port 28972 ssh2
Apr  5 10:21:46 cls sshd[1410279]: Connection closed by invalid user 1dd 206.123.145.54 port 28106 [preauth]
Apr  5 10:21:50 cls sshd[1410280]: Connection closed by invalid user chenzhi 206.123.145.78 port 28972 [preauth]
Apr  5 10:22:41 cls sshd[1410308]: Invalid user bdadmin from 206.123.145.73 port 63058
Apr  5 10:22:43 cls sshd[1410309]: Invalid user webmaster from 130.12.181.103 port 55826
Apr  5 10:22:44 cls sshd[1410308]: pam_unix(sshd:auth): check pass; user unknown
Apr  5 10:22:44 cls sshd[1410308]: pam_unix(sshd:auth): authentication failure; logname= uid=0 euid=0 tty=ssh ruser= rhost=206.123.145.73 
Apr  5 10:22:45 cls sshd[1410309]: pam_unix(sshd:auth): check pass; user unknown
Apr  5 10:22:45 cls sshd[1410309]: pam_unix(sshd:auth): authentication failure; logname= uid=0 euid=0 tty=ssh ruser= rhost=130.12.181.103 
Apr  5 10:22:45 cls sshd[1410312]: Invalid user luzhenzhen from 206.123.145.76 port 3152
Apr  5 10:22:46 cls sshd[1410308]: Failed password for invalid user bdadmin from 206.123.145.73 port 63058 ssh2
Apr  5 10:22:47 cls sshd[1410309]: Failed password for invalid user webmaster from 130.12.181.103 port 55826 ssh2
Apr  5 10:22:49 cls sshd[1410312]: pam_unix(sshd:auth): check pass; user unknown
Apr  5 10:22:49 cls sshd[1410312]: pam_unix(sshd:auth): authentication failure; logname= uid=0 euid=0 tty=ssh ruser= rhost=206.123.145.76 
Apr  5 10:22:51 cls sshd[1410309]: Connection closed by invalid user webmaster 130.12.181.103 port 55826 [preauth]
Apr  5 10:22:51 cls sshd[1410312]: Failed password for invalid user luzhenzhen from 206.123.145.76 port 3152 ssh2
Apr  5 10:22:52 cls sshd[1410312]: Connection closed by invalid user luzhenzhen 206.123.145.76 port 3152 [preauth]
Apr  5 10:22:52 cls sshd[1410308]: Connection closed by invalid user bdadmin 206.123.145.73 port 63058 [preauth]
Apr  5 10:22:54 cls sshd[1410315]: Invalid user uot from 130.12.181.98 port 44086
Apr  5 10:22:55 cls sshd[1410315]: pam_unix(sshd:auth): check pass; user unknown
Apr  5 10:22:55 cls sshd[1410315]: pam_unix(sshd:auth): authentication failure; logname= uid=0 euid=0 tty=ssh ruser= rhost=130.12.181.98 
Apr  5 10:22:55 cls sshd[1410314]: Invalid user cjx from 206.123.145.51 port 42824
Apr  5 10:22:57 cls sshd[1410315]: Failed password for invalid user uot from 130.12.181.98 port 44086 ssh2
Apr  5 10:22:57 cls sshd[1410314]: pam_unix(sshd:auth): check pass; user unknown
Apr  5 10:22:57 cls sshd[1410314]: pam_unix(sshd:auth): authentication failure; logname= uid=0 euid=0 tty=ssh ruser= rhost=206.123.145.51 
Apr  5 10:23:00 cls sshd[1410314]: Failed password for invalid user cjx from 206.123.145.51 port 42824 ssh2
Apr  5 10:23:00 cls sshd[1410315]: Connection closed by invalid user uot 130.12.181.98 port 44086 [preauth]
Apr  5 10:23:04 cls sshd[1410314]: Connection closed by invalid user cjx 206.123.145.51 port 42824 [preauth]
Apr  5 10:23:18 cls sshd[1410351]: Invalid user kevin from 206.123.145.56 port 21552
Apr  5 10:23:19 cls sshd[1410351]: pam_unix(sshd:auth): check pass; user unknown
Apr  5 10:23:19 cls sshd[1410351]: pam_unix(sshd:auth): authentication failure; logname= uid=0 euid=0 tty=ssh ruser= rhost=206.123.145.56 
Apr  5 10:23:22 cls sshd[1410351]: Failed password for invalid user kevin from 206.123.145.56 port 21552 ssh2
Apr  5 10:23:26 cls sshd[1410351]: Connection closed by invalid user kevin 206.123.145.56 port 21552 [preauth]
Apr  5 10:23:29 cls sshd[1410361]: Invalid user admin from 206.123.145.79 port 5052
Apr  5 10:23:31 cls sshd[1410361]: pam_unix(sshd:auth): check pass; user unknown
Apr  5 10:23:31 cls sshd[1410361]: pam_unix(sshd:auth): authentication failure; logname= uid=0 euid=0 tty=ssh ruser= rhost=206.123.145.79 
Apr  5 10:23:32 cls sshd[1410363]: Invalid user zjh from 130.12.181.108 port 49532
Apr  5 10:23:33 cls sshd[1410361]: Failed password for invalid user admin from 206.123.145.79 port 5052 ssh2
Apr  5 10:23:34 cls sshd[1410363]: pam_unix(sshd:auth): check pass; user unknown
Apr  5 10:23:34 cls sshd[1410363]: pam_unix(sshd:auth): authentication failure; logname= uid=0 euid=0 tty=ssh ruser= rhost=130.12.181.108 
Apr  5 10:23:37 cls sshd[1410361]: Connection closed by invalid user admin 206.123.145.79 port 5052 [preauth]
Apr  5 10:23:37 cls sshd[1410363]: Failed password for invalid user zjh from 130.12.181.108 port 49532 ssh2
Apr  5 10:23:40 cls sshd[1410363]: Connection closed by invalid user zjh 130.12.181.108 port 49532 [preauth]
Apr  5 10:24:07 cls sshd[1410395]: Invalid user wenzh from 206.123.145.70 port 27852
Apr  5 10:24:08 cls sshd[1410395]: pam_unix(sshd:auth): check pass; user unknown
Apr  5 10:24:08 cls sshd[1410395]: pam_unix(sshd:auth): authentication failure; logname= uid=0 euid=0 tty=ssh ruser= rhost=206.123.145.70 
Apr  5 10:24:10 cls sshd[1410395]: Failed password for invalid user wenzh from 206.123.145.70 port 27852 ssh2
Apr  5 10:24:13 cls sshd[1410395]: Connection closed by invalid user wenzh 206.123.145.70 port 27852 [preauth]
Apr  5 10:24:16 cls sshd[1410399]: Invalid user wentao from 130.12.181.97 port 21330
Apr  5 10:24:18 cls sshd[1410399]: pam_unix(sshd:auth): check pass; user unknown
Apr  5 10:24:18 cls sshd[1410399]: pam_unix(sshd:auth): authentication failure; logname= uid=0 euid=0 tty=ssh ruser= rhost=130.12.181.97 
Apr  5 10:24:20 cls sshd[1410399]: Failed password for invalid user wentao from 130.12.181.97 port 21330 ssh2
Apr  5 10:24:25 cls sshd[1410399]: Connection closed by invalid user wentao 130.12.181.97 port 21330 [preauth]
Apr  5 10:24:26 cls sshd[1410403]: Invalid user kam from 206.123.145.69 port 21352
Apr  5 10:24:27 cls sshd[1410403]: pam_unix(sshd:auth): check pass; user unknown
Apr  5 10:24:27 cls sshd[1410403]: pam_unix(sshd:auth): authentication failure; logname= uid=0 euid=0 tty=ssh ruser= rhost=206.123.145.69 
Apr  5 10:24:29 cls sshd[1410403]: Failed password for invalid user kam from 206.123.145.69 port 21352 ssh2
Apr  5 10:24:30 cls sshd[1410405]: pam_unix(sshd:auth): authentication failure; logname= uid=0 euid=0 tty=ssh ruser= rhost=206.123.145.75  user=root
Apr  5 10:24:31 cls sshd[1410406]: Invalid user xhe from 206.123.145.55 port 49574
Apr  5 10:24:32 cls sshd[1410406]: pam_unix(sshd:auth): check pass; user unknown
Apr  5 10:24:32 cls sshd[1410406]: pam_unix(sshd:auth): authentication failure; logname= uid=0 euid=0 tty=ssh ruser= rhost=206.123.145.55 
Apr  5 10:24:32 cls sshd[1410405]: Failed password for root from 206.123.145.75 port 38908 ssh2
Apr  5 10:24:32 cls sshd[1410403]: Connection closed by invalid user kam 206.123.145.69 port 21352 [preauth]
Apr  5 10:24:34 cls sshd[1410406]: Failed password for invalid user xhe from 206.123.145.55 port 49574 ssh2
Apr  5 10:24:34 cls sshd[1410405]: Connection closed by authenticating user root 206.123.145.75 port 38908 [preauth]
Apr  5 10:24:38 cls sshd[1410406]: Connection closed by invalid user xhe 206.123.145.55 port 49574 [preauth]
Apr  5 10:25:06 cls sshd[1410413]: Invalid user zhhw from 130.12.181.99 port 10252
Apr  5 10:25:08 cls sshd[1410413]: pam_unix(sshd:auth): check pass; user unknown
Apr  5 10:25:08 cls sshd[1410413]: pam_unix(sshd:auth): authentication failure; logname= uid=0 euid=0 tty=ssh ruser= rhost=130.12.181.99 
Apr  5 10:25:10 cls sshd[1410413]: Failed password for invalid user zhhw from 130.12.181.99 port 10252 ssh2
Apr  5 10:25:14 cls sshd[1410413]: Connection closed by invalid user zhhw 130.12.181.99 port 10252 [preauth]
Apr  5 10:25:25 cls sshd[1410449]: Invalid user mirek from 130.12.181.102 port 44962
Apr  5 10:25:27 cls sshd[1410449]: pam_unix(sshd:auth): check pass; user unknown
Apr  5 10:25:27 cls sshd[1410449]: pam_unix(sshd:auth): authentication failure; logname= uid=0 euid=0 tty=ssh ruser= rhost=130.12.181.102 
Apr  5 10:25:29 cls sshd[1410450]: Invalid user damien from 206.123.145.77 port 48776
Apr  5 10:25:30 cls sshd[1410449]: Failed password for invalid user mirek from 130.12.181.102 port 44962 ssh2
Apr  5 10:25:31 cls sshd[1410450]: pam_unix(sshd:auth): check pass; user unknown
Apr  5 10:25:31 cls sshd[1410450]: pam_unix(sshd:auth): authentication failure; logname= uid=0 euid=0 tty=ssh ruser= rhost=206.123.145.77 
Apr  5 10:25:33 cls sshd[1410450]: Failed password for invalid user damien from 206.123.145.77 port 48776 ssh2
Apr  5 10:25:33 cls sshd[1410449]: Connection closed by invalid user mirek 130.12.181.102 port 44962 [preauth]
Apr  5 10:25:36 cls sshd[1410450]: Connection closed by invalid user damien 206.123.145.77 port 48776 [preauth]
Apr  5 10:26:11 cls sshd[1410481]: Invalid user bigplorer from 206.123.145.72 port 27802
Apr  5 10:26:12 cls sshd[1410481]: pam_unix(sshd:auth): check pass; user unknown
Apr  5 10:26:12 cls sshd[1410481]: pam_unix(sshd:auth): authentication failure; logname= uid=0 euid=0 tty=ssh ruser= rhost=206.123.145.72 
Apr  5 10:26:14 cls sshd[1410481]: Failed password for invalid user bigplorer from 206.123.145.72 port 27802 ssh2
Apr  5 10:26:18 cls sshd[1410481]: Connection closed by invalid user bigplorer 206.123.145.72 port 27802 [preauth]
Apr  5 10:26:47 cls sshd[1410493]: Invalid user ccl from 206.123.145.50 port 52360
Apr  5 10:26:48 cls sshd[1410494]: Invalid user wangjinyu from 206.123.145.49 port 58796
Apr  5 10:26:50 cls sshd[1410493]: pam_unix(sshd:auth): check pass; user unknown
Apr  5 10:26:50 cls sshd[1410493]: pam_unix(sshd:auth): authentication failure; logname= uid=0 euid=0 tty=ssh ruser= rhost=206.123.145.50 
Apr  5 10:26:51 cls sshd[1410494]: pam_unix(sshd:auth): check pass; user unknown
Apr  5 10:26:51 cls sshd[1410494]: pam_unix(sshd:auth): authentication failure; logname= uid=0 euid=0 tty=ssh ruser= rhost=206.123.145.49 
Apr  5 10:26:52 cls sshd[1410493]: Failed password for invalid user ccl from 206.123.145.50 port 52360 ssh2
Apr  5 10:26:53 cls sshd[1410494]: Failed password for invalid user wangjinyu from 206.123.145.49 port 58796 ssh2
Apr  5 10:26:55 cls sshd[1410493]: Connection closed by invalid user ccl 206.123.145.50 port 52360 [preauth]
Apr  5 10:26:58 cls sshd[1410494]: Connection closed by invalid user wangjinyu 206.123.145.49 port 58796 [preauth]
Apr  5 10:27:11 cls sshd[1410498]: Invalid user pengbo from 206.123.145.48 port 31452
Apr  5 10:27:13 cls sshd[1410498]: pam_unix(sshd:auth): check pass; user unknown
Apr  5 10:27:13 cls sshd[1410498]: pam_unix(sshd:auth): authentication failure; logname= uid=0 euid=0 tty=ssh ruser= rhost=206.123.145.48 
Apr  5 10:27:14 cls sshd[1410499]: Invalid user guest-4k30tf from 206.123.145.46 port 60388
Apr  5 10:27:15 cls sshd[1410498]: Failed password for invalid user pengbo from 206.123.145.48 port 31452 ssh2
Apr  5 10:27:15 cls sshd[1410499]: pam_unix(sshd:auth): check pass; user unknown
Apr  5 10:27:15 cls sshd[1410499]: pam_unix(sshd:auth): authentication failure; logname= uid=0 euid=0 tty=ssh ruser= rhost=206.123.145.46 
Apr  5 10:27:17 cls sshd[1410499]: Failed password for invalid user guest-4k30tf from 206.123.145.46 port 60388 ssh2
Apr  5 10:27:20 cls sshd[1410534]: Invalid user CXQ from 130.12.181.104 port 30678
Apr  5 10:27:20 cls sshd[1410498]: Connection closed by invalid user pengbo 206.123.145.48 port 31452 [preauth]
Apr  5 10:27:21 cls sshd[1410499]: Connection closed by invalid user guest-4k30tf 206.123.145.46 port 60388 [preauth]
Apr  5 10:27:22 cls sshd[1410534]: pam_unix(sshd:auth): check pass; user unknown
Apr  5 10:27:22 cls sshd[1410534]: pam_unix(sshd:auth): authentication failure; logname= uid=0 euid=0 tty=ssh ruser= rhost=130.12.181.104 
Apr  5 10:27:24 cls sshd[1410534]: Failed password for invalid user CXQ from 130.12.181.104 port 30678 ssh2
Apr  5 10:27:28 cls sshd[1410534]: Connection closed by invalid user CXQ 130.12.181.104 port 30678 [preauth]
Apr  5 10:27:35 cls sshd[1410536]: Invalid user jmWang1 from 206.123.145.20 port 62212
Apr  5 10:27:38 cls sshd[1410536]: pam_unix(sshd:auth): check pass; user unknown
Apr  5 10:27:38 cls sshd[1410536]: pam_unix(sshd:auth): authentication failure; logname= uid=0 euid=0 tty=ssh ruser= rhost=206.123.145.20 
Apr  5 10:27:39 cls sshd[1410538]: Invalid user student from 130.12.181.101 port 61726
Apr  5 10:27:40 cls sshd[1410536]: Failed password for invalid user jmWang1 from 206.123.145.20 port 62212 ssh2
Apr  5 10:27:41 cls sshd[1410538]: pam_unix(sshd:auth): check pass; user unknown
Apr  5 10:27:41 cls sshd[1410538]: pam_unix(sshd:auth): authentication failure; logname= uid=0 euid=0 tty=ssh ruser= rhost=130.12.181.101 
Apr  5 10:27:43 cls sshd[1410538]: Failed password for invalid user student from 130.12.181.101 port 61726 ssh2
Apr  5 10:27:44 cls sshd[1410536]: Connection closed by invalid user jmWang1 206.123.145.20 port 62212 [preauth]
Apr  5 10:27:46 cls sshd[1410538]: Connection closed by invalid user student 130.12.181.101 port 61726 [preauth]
Apr  5 10:28:01 cls sshd[1410540]: Invalid user ppp1 from 130.12.181.106 port 54780
Apr  5 10:28:04 cls sshd[1410540]: pam_unix(sshd:auth): check pass; user unknown
Apr  5 10:28:04 cls sshd[1410540]: pam_unix(sshd:auth): authentication failure; logname= uid=0 euid=0 tty=ssh ruser= rhost=130.12.181.106 
Apr  5 10:28:06 cls sshd[1410540]: Failed password for invalid user ppp1 from 130.12.181.106 port 54780 ssh2
Apr  5 10:28:11 cls sshd[1410540]: Connection closed by invalid user ppp1 130.12.181.106 port 54780 [preauth]
Apr  5 10:28:23 cls sshd[1410576]: Invalid user sulele from 206.123.145.53 port 7452
Apr  5 10:28:25 cls sshd[1410576]: pam_unix(sshd:auth): check pass; user unknown
Apr  5 10:28:25 cls sshd[1410576]: pam_unix(sshd:auth): authentication failure; logname= uid=0 euid=0 tty=ssh ruser= rhost=206.123.145.53 
Apr  5 10:28:26 cls sshd[1410576]: Failed password for invalid user sulele from 206.123.145.53 port 7452 ssh2
Apr  5 10:28:28 cls sshd[1410576]: Connection closed by invalid user sulele 206.123.145.53 port 7452 [preauth]
Apr  5 10:28:39 cls sshd[1410578]: Invalid user user4 from 130.12.181.109 port 19314
Apr  5 10:28:42 cls sshd[1410578]: pam_unix(sshd:auth): check pass; user unknown
Apr  5 10:28:42 cls sshd[1410578]: pam_unix(sshd:auth): authentication failure; logname= uid=0 euid=0 tty=ssh ruser= rhost=130.12.181.109 
Apr  5 10:28:44 cls sshd[1410578]: Failed password for invalid user user4 from 130.12.181.109 port 19314 ssh2
Apr  5 10:28:47 cls sshd[1410578]: Connection closed by invalid user user4 130.12.181.109 port 19314 [preauth]
Apr  5 10:28:51 cls sshd[1410580]: Invalid user emqx from 206.123.145.52 port 19544
Apr  5 10:28:53 cls sshd[1410580]: pam_unix(sshd:auth): check pass; user unknown
Apr  5 10:28:53 cls sshd[1410580]: pam_unix(sshd:auth): authentication failure; logname= uid=0 euid=0 tty=ssh ruser= rhost=206.123.145.52 
Apr  5 10:28:55 cls sshd[1410580]: Failed password for invalid user emqx from 206.123.145.52 port 19544 ssh2
Apr  5 10:28:58 cls sshd[1410580]: Connection closed by invalid user emqx 206.123.145.52 port 19544 [preauth]
Apr  5 10:29:00 cls sshd[1410582]: Invalid user xsy from 130.12.181.105 port 17862
Apr  5 10:29:02 cls sshd[1410582]: pam_unix(sshd:auth): check pass; user unknown
Apr  5 10:29:02 cls sshd[1410582]: pam_unix(sshd:auth): authentication failure; logname= uid=0 euid=0 tty=ssh ruser= rhost=130.12.181.105 
Apr  5 10:29:05 cls sshd[1410582]: Failed password for invalid user xsy from 130.12.181.105 port 17862 ssh2
Apr  5 10:29:09 cls sshd[1410582]: Connection closed by invalid user xsy 130.12.181.105 port 17862 [preauth]
Apr  5 10:29:51 cls sshd[1410618]: Invalid user zhangkewei from 130.12.181.100 port 42220
Apr  5 10:29:53 cls sshd[1410618]: pam_unix(sshd:auth): check pass; user unknown
Apr  5 10:29:53 cls sshd[1410618]: pam_unix(sshd:auth): authentication failure; logname= uid=0 euid=0 tty=ssh ruser= rhost=130.12.181.100 
Apr  5 10:29:55 cls sshd[1410618]: Failed password for invalid user zhangkewei from 130.12.181.100 port 42220 ssh2
Apr  5 10:29:56 cls sshd[1410620]: Invalid user mq from 130.12.181.98 port 46462
Apr  5 10:29:57 cls sshd[1410620]: pam_unix(sshd:auth): check pass; user unknown
Apr  5 10:29:57 cls sshd[1410620]: pam_unix(sshd:auth): authentication failure; logname= uid=0 euid=0 tty=ssh ruser= rhost=130.12.181.98 
Apr  5 10:30:00 cls sshd[1410620]: Failed password for invalid user mq from 130.12.181.98 port 46462 ssh2
Apr  5 10:30:00 cls sshd[1410618]: Connection closed by invalid user zhangkewei 130.12.181.100 port 42220 [preauth]
Apr  5 10:30:03 cls sshd[1410622]: Invalid user shuaijie from 206.123.145.74 port 19104
Apr  5 10:30:04 cls sshd[1410620]: Connection closed by invalid user mq 130.12.181.98 port 46462 [preauth]
Apr  5 10:30:04 cls sshd[1410622]: pam_unix(sshd:auth): check pass; user unknown
Apr  5 10:30:04 cls sshd[1410622]: pam_unix(sshd:auth): authentication failure; logname= uid=0 euid=0 tty=ssh ruser= rhost=206.123.145.74 
Apr  5 10:30:06 cls sshd[1410622]: Failed password for invalid user shuaijie from 206.123.145.74 port 19104 ssh2
Apr  5 10:30:09 cls sshd[1410622]: Connection closed by invalid user shuaijie 206.123.145.74 port 19104 [preauth]
Apr  5 10:30:22 cls sshd[1410655]: Invalid user caojunliang from 130.12.181.107 port 47122
Apr  5 10:30:24 cls sshd[1410654]: Invalid user qap from 206.123.145.57 port 23598
Apr  5 10:30:25 cls sshd[1410655]: pam_unix(sshd:auth): check pass; user unknown
Apr  5 10:30:25 cls sshd[1410655]: pam_unix(sshd:auth): authentication failure; logname= uid=0 euid=0 tty=ssh ruser= rhost=130.12.181.107 
Apr  5 10:30:25 cls sshd[1410654]: pam_unix(sshd:auth): check pass; user unknown
Apr  5 10:30:25 cls sshd[1410654]: pam_unix(sshd:auth): authentication failure; logname= uid=0 euid=0 tty=ssh ruser= rhost=206.123.145.57 
Apr  5 10:30:26 cls sshd[1410655]: Failed password for invalid user caojunliang from 130.12.181.107 port 47122 ssh2
Apr  5 10:30:27 cls sshd[1410654]: Failed password for invalid user qap from 206.123.145.57 port 23598 ssh2
Apr  5 10:30:29 cls sshd[1410655]: Connection closed by invalid user caojunliang 130.12.181.107 port 47122 [preauth]
Apr  5 10:30:30 cls sshd[1410654]: Connection closed by invalid user qap 206.123.145.57 port 23598 [preauth]
Apr  5 10:30:37 cls sshd[1410658]: Invalid user kingbase from 206.123.145.71 port 44798
Apr  5 10:30:40 cls sshd[1410658]: pam_unix(sshd:auth): check pass; user unknown
Apr  5 10:30:40 cls sshd[1410658]: pam_unix(sshd:auth): authentication failure; logname= uid=0 euid=0 tty=ssh ruser= rhost=206.123.145.71 
Apr  5 10:30:42 cls sshd[1410658]: Failed password for invalid user kingbase from 206.123.145.71 port 44798 ssh2
Apr  5 10:30:44 cls sshd[1410658]: Connection closed by invalid user kingbase 206.123.145.71 port 44798 [preauth]
Apr  5 10:30:50 cls sshd[1410660]: pam_unix(sshd:auth): authentication failure; logname= uid=0 euid=0 tty=ssh ruser= rhost=206.123.145.78  user=root
Apr  5 10:30:52 cls sshd[1410660]: Failed password for root from 206.123.145.78 port 13454 ssh2
Apr  5 10:30:55 cls sshd[1410660]: Connection closed by authenticating user root 206.123.145.78 port 13454 [preauth]
Apr  5 10:30:59 cls sshd[1410662]: pam_unix(sshd:auth): authentication failure; logname= uid=0 euid=0 tty=ssh ruser= rhost=206.123.145.54  user=root
Apr  5 10:31:01 cls CRON[1410665]: pam_unix(cron:session): session opened for user root by (uid=0)
Apr  5 10:31:01 cls CRON[1410665]: pam_unix(cron:session): session closed for user root
Apr  5 10:31:02 cls sshd[1410662]: Failed password for root from 206.123.145.54 port 29700 ssh2
Apr  5 10:31:07 cls sshd[1410662]: Connection closed by authenticating user root 206.123.145.54 port 29700 [preauth]
Apr  5 10:31:32 cls sshd[1410708]: Invalid user xuechenli from 206.123.145.51 port 27692
Apr  5 10:31:34 cls sshd[1410708]: pam_unix(sshd:auth): check pass; user unknown
Apr  5 10:31:34 cls sshd[1410708]: pam_unix(sshd:auth): authentication failure; logname= uid=0 euid=0 tty=ssh ruser= rhost=206.123.145.51 
Apr  5 10:31:35 cls sshd[1410709]: Invalid user user4 from 130.12.181.103 port 47850
Apr  5 10:31:36 cls sshd[1410709]: pam_unix(sshd:auth): check pass; user unknown
Apr  5 10:31:36 cls sshd[1410709]: pam_unix(sshd:auth): authentication failure; logname= uid=0 euid=0 tty=ssh ruser= rhost=130.12.181.103 
Apr  5 10:31:37 cls sshd[1410708]: Failed password for invalid user xuechenli from 206.123.145.51 port 27692 ssh2
Apr  5 10:31:38 cls sshd[1410709]: Failed password for invalid user user4 from 130.12.181.103 port 47850 ssh2
Apr  5 10:31:39 cls sshd[1410708]: Connection closed by invalid user xuechenli 206.123.145.51 port 27692 [preauth]
Apr  5 10:31:41 cls sshd[1410709]: Connection closed by invalid user user4 130.12.181.103 port 47850 [preauth]
Apr  5 10:31:49 cls sshd[1410713]: Invalid user demo from 206.123.145.73 port 4868
Apr  5 10:31:50 cls sshd[1410712]: Invalid user admin from 206.123.145.76 port 33172
Apr  5 10:31:51 cls sshd[1410713]: pam_unix(sshd:auth): check pass; user unknown
Apr  5 10:31:51 cls sshd[1410713]: pam_unix(sshd:auth): authentication failure; logname= uid=0 euid=0 tty=ssh ruser= rhost=206.123.145.73 
Apr  5 10:31:52 cls sshd[1410712]: pam_unix(sshd:auth): check pass; user unknown
Apr  5 10:31:52 cls sshd[1410712]: pam_unix(sshd:auth): authentication failure; logname= uid=0 euid=0 tty=ssh ruser= rhost=206.123.145.76 
Apr  5 10:31:53 cls sshd[1410713]: Failed password for invalid user demo from 206.123.145.73 port 4868 ssh2
Apr  5 10:31:54 cls sshd[1410712]: Failed password for invalid user admin from 206.123.145.76 port 33172 ssh2
Apr  5 10:31:55 cls sshd[1410713]: Connection closed by invalid user demo 206.123.145.73 port 4868 [preauth]
Apr  5 10:31:56 cls sshd[1410712]: Connection closed by invalid user admin 206.123.145.76 port 33172 [preauth]
Apr  5 10:32:08 cls sshd[1410719]: Invalid user services from 206.123.145.56 port 36200
Apr  5 10:32:10 cls sshd[1410719]: pam_unix(sshd:auth): check pass; user unknown
Apr  5 10:32:10 cls sshd[1410719]: pam_unix(sshd:auth): authentication failure; logname= uid=0 euid=0 tty=ssh ruser= rhost=206.123.145.56 
Apr  5 10:32:12 cls sshd[1410719]: Failed password for invalid user services from 206.123.145.56 port 36200 ssh2
Apr  5 10:32:16 cls sshd[1410719]: Connection closed by invalid user services 206.123.145.56 port 36200 [preauth]
Apr  5 10:32:17 cls sshd[1410723]: Invalid user huricha from 130.12.181.108 port 45716
Apr  5 10:32:20 cls sshd[1410723]: pam_unix(sshd:auth): check pass; user unknown
Apr  5 10:32:20 cls sshd[1410723]: pam_unix(sshd:auth): authentication failure; logname= uid=0 euid=0 tty=ssh ruser= rhost=130.12.181.108 
Apr  5 10:32:21 cls sshd[1410723]: Failed password for invalid user huricha from 130.12.181.108 port 45716 ssh2
Apr  5 10:32:24 cls sshd[1410723]: Connection closed by invalid user huricha 130.12.181.108 port 45716 [preauth]
Apr  5 10:32:59 cls sshd[1410754]: Invalid user grestrea3 from 130.12.181.97 port 15446
Apr  5 10:33:01 cls sshd[1410754]: pam_unix(sshd:auth): check pass; user unknown
Apr  5 10:33:01 cls sshd[1410754]: pam_unix(sshd:auth): authentication failure; logname= uid=0 euid=0 tty=ssh ruser= rhost=130.12.181.97 
Apr  5 10:33:03 cls sshd[1410753]: pam_unix(sshd:auth): authentication failure; logname= uid=0 euid=0 tty=ssh ruser= rhost=206.123.145.79  user=root
Apr  5 10:33:03 cls sshd[1410754]: Failed password for invalid user grestrea3 from 130.12.181.97 port 15446 ssh2
Apr  5 10:33:04 cls sshd[1410753]: Failed password for root from 206.123.145.79 port 26972 ssh2
Apr  5 10:33:06 cls sshd[1410754]: Connection closed by invalid user grestrea3 130.12.181.97 port 15446 [preauth]
Apr  5 10:33:07 cls sshd[1410753]: Connection closed by authenticating user root 206.123.145.79 port 26972 [preauth]
Apr  5 10:33:27 cls sshd[1410799]: Invalid user mediatic from 206.123.145.75 port 21164
Apr  5 10:33:27 cls sshd[1410790]: Invalid user test from 206.123.145.55 port 61274
Apr  5 10:33:27 cls sshd[1410789]: Invalid user liufb from 206.123.145.69 port 57808
Apr  5 10:33:29 cls sshd[1410789]: pam_unix(sshd:auth): check pass; user unknown
Apr  5 10:33:29 cls sshd[1410789]: pam_unix(sshd:auth): authentication failure; logname= uid=0 euid=0 tty=ssh ruser= rhost=206.123.145.69 
Apr  5 10:33:29 cls sshd[1410790]: pam_unix(sshd:auth): check pass; user unknown
Apr  5 10:33:29 cls sshd[1410790]: pam_unix(sshd:auth): authentication failure; logname= uid=0 euid=0 tty=ssh ruser= rhost=206.123.145.55 
Apr  5 10:33:29 cls sshd[1410799]: pam_unix(sshd:auth): check pass; user unknown
Apr  5 10:33:29 cls sshd[1410799]: pam_unix(sshd:auth): authentication failure; logname= uid=0 euid=0 tty=ssh ruser= rhost=206.123.145.75 
Apr  5 10:33:31 cls sshd[1410789]: Failed password for invalid user liufb from 206.123.145.69 port 57808 ssh2
Apr  5 10:33:31 cls sshd[1410790]: Failed password for invalid user test from 206.123.145.55 port 61274 ssh2
Apr  5 10:33:31 cls sshd[1410799]: Failed password for invalid user mediatic from 206.123.145.75 port 21164 ssh2
Apr  5 10:33:33 cls sshd[1410789]: Connection closed by invalid user liufb 206.123.145.69 port 57808 [preauth]
Apr  5 10:33:35 cls sshd[1410790]: Connection closed by invalid user test 206.123.145.55 port 61274 [preauth]
Apr  5 10:33:35 cls sshd[1410799]: Connection closed by invalid user mediatic 206.123.145.75 port 21164 [preauth]
Apr  5 10:33:43 cls sshd[1410803]: Invalid user liangjun from 206.123.145.70 port 40464
Apr  5 10:33:45 cls sshd[1410803]: pam_unix(sshd:auth): check pass; user unknown
Apr  5 10:33:45 cls sshd[1410803]: pam_unix(sshd:auth): authentication failure; logname= uid=0 euid=0 tty=ssh ruser= rhost=206.123.145.70 
Apr  5 10:33:47 cls sshd[1410803]: Failed password for invalid user liangjun from 206.123.145.70 port 40464 ssh2
Apr  5 10:33:52 cls sshd[1410803]: Connection closed by invalid user liangjun 206.123.145.70 port 40464 [preauth]
Apr  5 10:33:53 cls sshd[1410805]: Invalid user liurui from 130.12.181.99 port 41498
Apr  5 10:33:55 cls sshd[1410805]: pam_unix(sshd:auth): check pass; user unknown
Apr  5 10:33:55 cls sshd[1410805]: pam_unix(sshd:auth): authentication failure; logname= uid=0 euid=0 tty=ssh ruser= rhost=130.12.181.99 
Apr  5 10:33:56 cls sshd[1410805]: Failed password for invalid user liurui from 130.12.181.99 port 41498 ssh2
Apr  5 10:33:59 cls sshd[1410805]: Connection closed by invalid user liurui 130.12.181.99 port 41498 [preauth]
Apr  5 10:34:16 cls sshd[1410807]: Invalid user jkcorecs from 130.12.181.102 port 37880
Apr  5 10:34:18 cls sshd[1410807]: pam_unix(sshd:auth): check pass; user unknown
Apr  5 10:34:18 cls sshd[1410807]: pam_unix(sshd:auth): authentication failure; logname= uid=0 euid=0 tty=ssh ruser= rhost=130.12.181.102 
Apr  5 10:34:21 cls sshd[1410807]: Failed password for invalid user jkcorecs from 130.12.181.102 port 37880 ssh2
Apr  5 10:34:24 cls sshd[1410807]: Connection closed by invalid user jkcorecs 130.12.181.102 port 37880 [preauth]
Apr  5 10:34:43 cls sshd[1410851]: Invalid user valerie from 206.123.145.77 port 11612
Apr  5 10:34:45 cls sshd[1410851]: pam_unix(sshd:auth): check pass; user unknown
Apr  5 10:34:45 cls sshd[1410851]: pam_unix(sshd:auth): authentication failure; logname= uid=0 euid=0 tty=ssh ruser= rhost=206.123.145.77 
Apr  5 10:34:47 cls sshd[1410851]: Failed password for invalid user valerie from 206.123.145.77 port 11612 ssh2
Apr  5 10:34:50 cls sshd[1410851]: Connection closed by invalid user valerie 206.123.145.77 port 11612 [preauth]
Apr  5 10:35:43 cls sshd[1410897]: Invalid user regenesis from 206.123.145.49 port 23858
Apr  5 10:35:45 cls sshd[1410899]: Invalid user miterio from 206.123.145.72 port 20518
Apr  5 10:35:45 cls sshd[1410897]: pam_unix(sshd:auth): check pass; user unknown
Apr  5 10:35:45 cls sshd[1410897]: pam_unix(sshd:auth): authentication failure; logname= uid=0 euid=0 tty=ssh ruser= rhost=206.123.145.49 
Apr  5 10:35:46 cls sshd[1410899]: pam_unix(sshd:auth): check pass; user unknown
Apr  5 10:35:46 cls sshd[1410899]: pam_unix(sshd:auth): authentication failure; logname= uid=0 euid=0 tty=ssh ruser= rhost=206.123.145.72 
Apr  5 10:35:47 cls sshd[1410897]: Failed password for invalid user regenesis from 206.123.145.49 port 23858 ssh2
Apr  5 10:35:48 cls sshd[1410899]: Failed password for invalid user miterio from 206.123.145.72 port 20518 ssh2
Apr  5 10:35:51 cls sshd[1410899]: Connection closed by invalid user miterio 206.123.145.72 port 20518 [preauth]
Apr  5 10:35:52 cls sshd[1410897]: Connection closed by invalid user regenesis 206.123.145.49 port 23858 [preauth]
Apr  5 10:35:53 cls sshd[1410901]: Invalid user qll from 206.123.145.50 port 57584
Apr  5 10:35:55 cls sshd[1410901]: pam_unix(sshd:auth): check pass; user unknown
Apr  5 10:35:55 cls sshd[1410901]: pam_unix(sshd:auth): authentication failure; logname= uid=0 euid=0 tty=ssh ruser= rhost=206.123.145.50 
Apr  5 10:35:57 cls sshd[1410901]: Failed password for invalid user qll from 206.123.145.50 port 57584 ssh2
Apr  5 10:36:00 cls sshd[1410901]: Connection closed by invalid user qll 206.123.145.50 port 57584 [preauth]
Apr  5 10:36:19 cls sshd[1410903]: Invalid user matchbox from 206.123.145.48 port 52192
Apr  5 10:36:19 cls sshd[1410905]: Invalid user amax1 from 130.12.181.104 port 39494
Apr  5 10:36:21 cls sshd[1410903]: pam_unix(sshd:auth): check pass; user unknown
Apr  5 10:36:21 cls sshd[1410903]: pam_unix(sshd:auth): authentication failure; logname= uid=0 euid=0 tty=ssh ruser= rhost=206.123.145.48 
Apr  5 10:36:21 cls sshd[1410905]: pam_unix(sshd:auth): check pass; user unknown
Apr  5 10:36:21 cls sshd[1410905]: pam_unix(sshd:auth): authentication failure; logname= uid=0 euid=0 tty=ssh ruser= rhost=130.12.181.104 
Apr  5 10:36:22 cls sshd[1410903]: Failed password for invalid user matchbox from 206.123.145.48 port 52192 ssh2
Apr  5 10:36:22 cls sshd[1410905]: Failed password for invalid user amax1 from 130.12.181.104 port 39494 ssh2
Apr  5 10:36:26 cls sshd[1410905]: Connection closed by invalid user amax1 130.12.181.104 port 39494 [preauth]
Apr  5 10:36:27 cls sshd[1410903]: Connection closed by invalid user matchbox 206.123.145.48 port 52192 [preauth]
Apr  5 10:36:29 cls sshd[1410925]: Invalid user jgz from 206.123.145.46 port 42026
Apr  5 10:36:31 cls sshd[1410925]: pam_unix(sshd:auth): check pass; user unknown
Apr  5 10:36:31 cls sshd[1410925]: pam_unix(sshd:auth): authentication failure; logname= uid=0 euid=0 tty=ssh ruser= rhost=206.123.145.46 
Apr  5 10:36:33 cls sshd[1410925]: Failed password for invalid user jgz from 206.123.145.46 port 42026 ssh2
Apr  5 10:36:34 cls sshd[1410963]: Invalid user craig from 130.12.181.101 port 8470
Apr  5 10:36:35 cls sshd[1410925]: Connection closed by invalid user jgz 206.123.145.46 port 42026 [preauth]
Apr  5 10:36:36 cls sshd[1410963]: pam_unix(sshd:auth): check pass; user unknown
Apr  5 10:36:36 cls sshd[1410963]: pam_unix(sshd:auth): authentication failure; logname= uid=0 euid=0 tty=ssh ruser= rhost=130.12.181.101 
Apr  5 10:36:39 cls sshd[1410963]: Failed password for invalid user craig from 130.12.181.101 port 8470 ssh2
Apr  5 10:36:42 cls sshd[1410965]: Invalid user bdr from 206.123.145.20 port 44570
Apr  5 10:36:43 cls sshd[1410963]: Connection closed by invalid user craig 130.12.181.101 port 8470 [preauth]
Apr  5 10:36:43 cls sshd[1410965]: pam_unix(sshd:auth): check pass; user unknown
Apr  5 10:36:43 cls sshd[1410965]: pam_unix(sshd:auth): authentication failure; logname= uid=0 euid=0 tty=ssh ruser= rhost=206.123.145.20 
Apr  5 10:36:45 cls sshd[1410965]: Failed password for invalid user bdr from 206.123.145.20 port 44570 ssh2
Apr  5 10:36:49 cls sshd[1410965]: Connection closed by invalid user bdr 206.123.145.20 port 44570 [preauth]
Apr  5 10:36:50 cls sshd[1410967]: Invalid user forge from 130.12.181.106 port 41940
Apr  5 10:36:53 cls sshd[1410967]: pam_unix(sshd:auth): check pass; user unknown
