Apr  5 11:01:53 cls sshd[1412658]: Invalid user liulanlan from 206.123.145.75 port 54388
Apr  5 11:01:55 cls sshd[1412620]: Connection closed by authenticating user root 206.123.145.55 port 60930 [preauth]
Apr  5 11:01:56 cls sshd[1412658]: pam_unix(sshd:auth): check pass; user unknown
Apr  5 11:01:56 cls sshd[1412658]: pam_unix(sshd:auth): authentication failure; logname= uid=0 euid=0 tty=ssh ruser= rhost=206.123.145.75 
Apr  5 11:01:58 cls sshd[1412658]: Failed password for invalid user liulanlan from 206.123.145.75 port 54388 ssh2
Apr  5 11:02:03 cls sshd[1412662]: pam_unix(sshd:auth): authentication failure; logname= uid=0 euid=0 tty=ssh ruser= rhost=206.123.145.69  user=root
Apr  5 11:02:03 cls sshd[1412658]: Connection closed by invalid user liulanlan 206.123.145.75 port 54388 [preauth]
Apr  5 11:02:05 cls sshd[1412662]: Failed password for root from 206.123.145.69 port 45122 ssh2
Apr  5 11:02:08 cls sshd[1412662]: Connection closed by authenticating user root 206.123.145.69 port 45122 [preauth]
Apr  5 11:02:15 cls sshd[1412664]: pam_unix(sshd:auth): authentication failure; logname= uid=0 euid=0 tty=ssh ruser= rhost=206.123.145.70  user=root
Apr  5 11:02:17 cls sshd[1412664]: Failed password for root from 206.123.145.70 port 25196 ssh2
Apr  5 11:02:20 cls sshd[1412664]: Connection closed by authenticating user root 206.123.145.70 port 25196 [preauth]
Apr  5 11:03:32 cls sshd[1412701]: Invalid user shuk from 130.12.181.104 port 3404
Apr  5 11:03:33 cls sshd[1412703]: Invalid user lc from 206.123.145.50 port 42446
Apr  5 11:03:34 cls sshd[1412701]: pam_unix(sshd:auth): check pass; user unknown
Apr  5 11:03:34 cls sshd[1412701]: pam_unix(sshd:auth): authentication failure; logname= uid=0 euid=0 tty=ssh ruser= rhost=130.12.181.104 
Apr  5 11:03:35 cls sshd[1412704]: Invalid user wuchunchun from 130.12.181.101 port 63172
Apr  5 11:03:36 cls sshd[1412703]: pam_unix(sshd:auth): check pass; user unknown
Apr  5 11:03:36 cls sshd[1412703]: pam_unix(sshd:auth): authentication failure; logname= uid=0 euid=0 tty=ssh ruser= rhost=206.123.145.50 
Apr  5 11:03:37 cls sshd[1412701]: Failed password for invalid user shuk from 130.12.181.104 port 3404 ssh2
Apr  5 11:03:37 cls sshd[1412704]: pam_unix(sshd:auth): check pass; user unknown
Apr  5 11:03:37 cls sshd[1412704]: pam_unix(sshd:auth): authentication failure; logname= uid=0 euid=0 tty=ssh ruser= rhost=130.12.181.101 
Apr  5 11:03:38 cls sshd[1412703]: Failed password for invalid user lc from 206.123.145.50 port 42446 ssh2
Apr  5 11:03:39 cls sshd[1412704]: Failed password for invalid user wuchunchun from 130.12.181.101 port 63172 ssh2
Apr  5 11:03:41 cls sshd[1412701]: Connection closed by invalid user shuk 130.12.181.104 port 3404 [preauth]
Apr  5 11:03:41 cls sshd[1412703]: Connection closed by invalid user lc 206.123.145.50 port 42446 [preauth]
Apr  5 11:03:42 cls sshd[1412704]: Connection closed by invalid user wuchunchun 130.12.181.101 port 63172 [preauth]
Apr  5 11:03:43 cls sshd[1412726]: Invalid user wenxu2 from 206.123.145.49 port 46084
Apr  5 11:03:45 cls sshd[1412725]: Invalid user cshyx from 130.12.181.106 port 36586
Apr  5 11:03:46 cls sshd[1412726]: pam_unix(sshd:auth): check pass; user unknown
Apr  5 11:03:46 cls sshd[1412726]: pam_unix(sshd:auth): authentication failure; logname= uid=0 euid=0 tty=ssh ruser= rhost=206.123.145.49 
Apr  5 11:03:47 cls sshd[1412727]: Invalid user haolichao from 206.123.145.77 port 57826
Apr  5 11:03:47 cls sshd[1412725]: pam_unix(sshd:auth): check pass; user unknown
Apr  5 11:03:47 cls sshd[1412725]: pam_unix(sshd:auth): authentication failure; logname= uid=0 euid=0 tty=ssh ruser= rhost=130.12.181.106 
Apr  5 11:03:48 cls sshd[1412726]: Failed password for invalid user wenxu2 from 206.123.145.49 port 46084 ssh2
Apr  5 11:03:49 cls sshd[1412725]: Failed password for invalid user cshyx from 130.12.181.106 port 36586 ssh2
Apr  5 11:03:51 cls sshd[1412727]: pam_unix(sshd:auth): check pass; user unknown
Apr  5 11:03:51 cls sshd[1412727]: pam_unix(sshd:auth): authentication failure; logname= uid=0 euid=0 tty=ssh ruser= rhost=206.123.145.77 
Apr  5 11:03:52 cls sshd[1412726]: Connection closed by invalid user wenxu2 206.123.145.49 port 46084 [preauth]
Apr  5 11:03:53 cls sshd[1412727]: Failed password for invalid user haolichao from 206.123.145.77 port 57826 ssh2
Apr  5 11:03:53 cls sshd[1412725]: Connection closed by invalid user cshyx 130.12.181.106 port 36586 [preauth]
Apr  5 11:03:56 cls sshd[1412727]: Connection closed by invalid user haolichao 206.123.145.77 port 57826 [preauth]
Apr  5 11:04:08 cls sshd[1412735]: pam_unix(sshd:auth): authentication failure; logname= uid=0 euid=0 tty=ssh ruser= rhost=206.123.145.46  user=lp
Apr  5 11:04:10 cls sshd[1412735]: Failed password for lp from 206.123.145.46 port 34966 ssh2
Apr  5 11:04:13 cls sshd[1412735]: Connection closed by authenticating user lp 206.123.145.46 port 34966 [preauth]
Apr  5 11:04:15 cls sshd[1412737]: pam_unix(sshd:auth): authentication failure; logname= uid=0 euid=0 tty=ssh ruser= rhost=206.123.145.48  user=root
Apr  5 11:04:17 cls sshd[1412737]: Failed password for root from 206.123.145.48 port 13206 ssh2
Apr  5 11:04:21 cls sshd[1412737]: Connection closed by authenticating user root 206.123.145.48 port 13206 [preauth]
Apr  5 11:04:24 cls sshd[1412739]: pam_unix(sshd:auth): authentication failure; logname= uid=0 euid=0 tty=ssh ruser= rhost=130.12.181.109  user=root
Apr  5 11:04:26 cls sshd[1412739]: Failed password for root from 130.12.181.109 port 47146 ssh2
Apr  5 11:04:29 cls sshd[1412739]: Connection closed by authenticating user root 130.12.181.109 port 47146 [preauth]
Apr  5 11:04:43 cls sshd[1412741]: Invalid user zxwang from 206.123.145.72 port 47190
Apr  5 11:04:47 cls sshd[1412741]: pam_unix(sshd:auth): check pass; user unknown
Apr  5 11:04:47 cls sshd[1412741]: pam_unix(sshd:auth): authentication failure; logname= uid=0 euid=0 tty=ssh ruser= rhost=206.123.145.72 
Apr  5 11:04:47 cls sshd[1412743]: Invalid user server from 206.123.145.20 port 52562
Apr  5 11:04:49 cls sshd[1412741]: Failed password for invalid user zxwang from 206.123.145.72 port 47190 ssh2
Apr  5 11:04:49 cls sshd[1412743]: pam_unix(sshd:auth): check pass; user unknown
Apr  5 11:04:49 cls sshd[1412743]: pam_unix(sshd:auth): authentication failure; logname= uid=0 euid=0 tty=ssh ruser= rhost=206.123.145.20 
Apr  5 11:04:51 cls sshd[1412743]: Failed password for invalid user server from 206.123.145.20 port 52562 ssh2
Apr  5 11:04:53 cls sshd[1412741]: Connection closed by invalid user zxwang 206.123.145.72 port 47190 [preauth]
Apr  5 11:04:54 cls sshd[1412751]: Invalid user jiangmin1 from 130.12.181.98 port 18906
Apr  5 11:04:55 cls sshd[1412743]: Connection closed by invalid user server 206.123.145.20 port 52562 [preauth]
Apr  5 11:04:56 cls sshd[1412751]: pam_unix(sshd:auth): check pass; user unknown
Apr  5 11:04:56 cls sshd[1412751]: pam_unix(sshd:auth): authentication failure; logname= uid=0 euid=0 tty=ssh ruser= rhost=130.12.181.98 
Apr  5 11:04:58 cls sshd[1412751]: Failed password for invalid user jiangmin1 from 130.12.181.98 port 18906 ssh2
Apr  5 11:05:00 cls sshd[1412751]: Connection closed by invalid user jiangmin1 130.12.181.98 port 18906 [preauth]
Apr  5 11:05:20 cls sshd[1412793]: Invalid user xt2008 from 130.12.181.105 port 31448
Apr  5 11:05:22 cls sshd[1412794]: Invalid user yaojun from 206.123.145.52 port 40454
Apr  5 11:05:22 cls sshd[1412793]: pam_unix(sshd:auth): check pass; user unknown
Apr  5 11:05:22 cls sshd[1412793]: pam_unix(sshd:auth): authentication failure; logname= uid=0 euid=0 tty=ssh ruser= rhost=130.12.181.105 
Apr  5 11:05:24 cls sshd[1412794]: pam_unix(sshd:auth): check pass; user unknown
Apr  5 11:05:24 cls sshd[1412794]: pam_unix(sshd:auth): authentication failure; logname= uid=0 euid=0 tty=ssh ruser= rhost=206.123.145.52 
Apr  5 11:05:24 cls sshd[1412793]: Failed password for invalid user xt2008 from 130.12.181.105 port 31448 ssh2
Apr  5 11:05:26 cls sshd[1412794]: Failed password for invalid user yaojun from 206.123.145.52 port 40454 ssh2
Apr  5 11:05:28 cls sshd[1412794]: Connection closed by invalid user yaojun 206.123.145.52 port 40454 [preauth]
Apr  5 11:05:29 cls sshd[1412793]: Connection closed by invalid user xt2008 130.12.181.105 port 31448 [preauth]
Apr  5 11:05:42 cls sshd[1412798]: Invalid user newrelic from 206.123.145.53 port 10812
Apr  5 11:05:45 cls sshd[1412798]: pam_unix(sshd:auth): check pass; user unknown
Apr  5 11:05:45 cls sshd[1412798]: pam_unix(sshd:auth): authentication failure; logname= uid=0 euid=0 tty=ssh ruser= rhost=206.123.145.53 
Apr  5 11:05:47 cls sshd[1412798]: Failed password for invalid user newrelic from 206.123.145.53 port 10812 ssh2
Apr  5 11:05:49 cls sshd[1412798]: Connection closed by invalid user newrelic 206.123.145.53 port 10812 [preauth]
Apr  5 11:05:57 cls sshd[1412826]: pam_unix(sshd:auth): authentication failure; logname= uid=0 euid=0 tty=ssh ruser= rhost=130.12.181.100  user=root
Apr  5 11:05:59 cls sshd[1412826]: Failed password for root from 130.12.181.100 port 21234 ssh2
Apr  5 11:06:02 cls sshd[1412826]: Connection closed by authenticating user root 130.12.181.100 port 21234 [preauth]
Apr  5 11:06:06 cls sshd[1412832]: Invalid user max from 130.12.181.107 port 22968
Apr  5 11:06:08 cls sshd[1412832]: pam_unix(sshd:auth): check pass; user unknown
Apr  5 11:06:08 cls sshd[1412832]: pam_unix(sshd:auth): authentication failure; logname= uid=0 euid=0 tty=ssh ruser= rhost=130.12.181.107 
Apr  5 11:06:10 cls sshd[1412832]: Failed password for invalid user max from 130.12.181.107 port 22968 ssh2
Apr  5 11:06:14 cls sshd[1412832]: Connection closed by invalid user max 130.12.181.107 port 22968 [preauth]
Apr  5 11:06:46 cls sshd[1412840]: Invalid user limiyi from 206.123.145.57 port 51164
Apr  5 11:06:47 cls sshd[1412840]: pam_unix(sshd:auth): check pass; user unknown
Apr  5 11:06:47 cls sshd[1412840]: pam_unix(sshd:auth): authentication failure; logname= uid=0 euid=0 tty=ssh ruser= rhost=206.123.145.57 
Apr  5 11:06:50 cls sshd[1412840]: Failed password for invalid user limiyi from 206.123.145.57 port 51164 ssh2
Apr  5 11:06:54 cls sshd[1412840]: Connection closed by invalid user limiyi 206.123.145.57 port 51164 [preauth]
Apr  5 11:07:12 cls sshd[1412882]: Invalid user yjlee from 130.12.181.103 port 59974
Apr  5 11:07:14 cls sshd[1412882]: pam_unix(sshd:auth): check pass; user unknown
Apr  5 11:07:14 cls sshd[1412882]: pam_unix(sshd:auth): authentication failure; logname= uid=0 euid=0 tty=ssh ruser= rhost=130.12.181.103 
Apr  5 11:07:16 cls sshd[1412882]: Failed password for invalid user yjlee from 130.12.181.103 port 59974 ssh2
Apr  5 11:07:20 cls sshd[1412882]: Connection closed by invalid user yjlee 130.12.181.103 port 59974 [preauth]
Apr  5 11:08:16 cls sshd[1412919]: pam_unix(sshd:auth): authentication failure; logname= uid=0 euid=0 tty=ssh ruser= rhost=206.123.145.54  user=root
Apr  5 11:08:18 cls sshd[1412920]: Invalid user first from 130.12.181.108 port 55530
Apr  5 11:08:18 cls sshd[1412919]: Failed password for root from 206.123.145.54 port 50302 ssh2
Apr  5 11:08:20 cls sshd[1412920]: pam_unix(sshd:auth): check pass; user unknown
Apr  5 11:08:20 cls sshd[1412920]: pam_unix(sshd:auth): authentication failure; logname= uid=0 euid=0 tty=ssh ruser= rhost=130.12.181.108 
Apr  5 11:08:20 cls sshd[1412919]: Connection closed by authenticating user root 206.123.145.54 port 50302 [preauth]
Apr  5 11:08:21 cls sshd[1412923]: Invalid user zhangzebin from 206.123.145.51 port 20620
Apr  5 11:08:22 cls sshd[1412920]: Failed password for invalid user first from 130.12.181.108 port 55530 ssh2
Apr  5 11:08:23 cls sshd[1412925]: Invalid user jenkins from 206.123.145.74 port 12756
Apr  5 11:08:25 cls sshd[1412925]: pam_unix(sshd:auth): check pass; user unknown
Apr  5 11:08:25 cls sshd[1412925]: pam_unix(sshd:auth): authentication failure; logname= uid=0 euid=0 tty=ssh ruser= rhost=206.123.145.74 
Apr  5 11:08:25 cls sshd[1412920]: Connection closed by invalid user first 130.12.181.108 port 55530 [preauth]
Apr  5 11:08:26 cls sshd[1412923]: pam_unix(sshd:auth): check pass; user unknown
Apr  5 11:08:26 cls sshd[1412923]: pam_unix(sshd:auth): authentication failure; logname= uid=0 euid=0 tty=ssh ruser= rhost=206.123.145.51 
Apr  5 11:08:27 cls sshd[1412925]: Failed password for invalid user jenkins from 206.123.145.74 port 12756 ssh2
Apr  5 11:08:28 cls sshd[1412923]: Failed password for invalid user zhangzebin from 206.123.145.51 port 20620 ssh2
Apr  5 11:08:29 cls sshd[1412925]: Connection closed by invalid user jenkins 206.123.145.74 port 12756 [preauth]
Apr  5 11:08:32 cls sshd[1412927]: Invalid user tpuser from 209.141.62.124 port 50524
Apr  5 11:08:32 cls sshd[1412927]: pam_unix(sshd:auth): check pass; user unknown
Apr  5 11:08:32 cls sshd[1412927]: pam_unix(sshd:auth): authentication failure; logname= uid=0 euid=0 tty=ssh ruser= rhost=209.141.62.124 
Apr  5 11:08:33 cls sshd[1412923]: Connection closed by invalid user zhangzebin 206.123.145.51 port 20620 [preauth]
Apr  5 11:08:34 cls sshd[1412927]: Failed password for invalid user tpuser from 209.141.62.124 port 50524 ssh2
Apr  5 11:08:35 cls sshd[1412927]: Received disconnect from 209.141.62.124 port 50524:11: Bye Bye [preauth]
Apr  5 11:08:35 cls sshd[1412927]: Disconnected from invalid user tpuser 209.141.62.124 port 50524 [preauth]
Apr  5 11:08:41 cls sshd[1412929]: Invalid user ftpfile from 206.123.145.78 port 9200
Apr  5 11:08:42 cls sshd[1412929]: pam_unix(sshd:auth): check pass; user unknown
Apr  5 11:08:42 cls sshd[1412929]: pam_unix(sshd:auth): authentication failure; logname= uid=0 euid=0 tty=ssh ruser= rhost=206.123.145.78 
Apr  5 11:08:43 cls sshd[1412929]: Failed password for invalid user ftpfile from 206.123.145.78 port 9200 ssh2
Apr  5 11:08:46 cls sshd[1412929]: Connection closed by invalid user ftpfile 206.123.145.78 port 9200 [preauth]
Apr  5 11:09:01 cls CRON[1412983]: pam_unix(cron:session): session opened for user root by (uid=0)
Apr  5 11:09:01 cls CRON[1412983]: pam_unix(cron:session): session closed for user root
Apr  5 11:09:04 cls sshd[1412975]: Invalid user cloud1 from 206.123.145.71 port 15750
Apr  5 11:09:06 cls sshd[1412975]: pam_unix(sshd:auth): check pass; user unknown
Apr  5 11:09:06 cls sshd[1412975]: pam_unix(sshd:auth): authentication failure; logname= uid=0 euid=0 tty=ssh ruser= rhost=206.123.145.71 
Apr  5 11:09:08 cls sshd[1412975]: Failed password for invalid user cloud1 from 206.123.145.71 port 15750 ssh2
Apr  5 11:09:12 cls sshd[1412975]: Connection closed by invalid user cloud1 206.123.145.71 port 15750 [preauth]
Apr  5 11:09:15 cls sshd[1413377]: Invalid user mpf from 206.123.145.76 port 56786
Apr  5 11:09:16 cls sshd[1413377]: pam_unix(sshd:auth): check pass; user unknown
Apr  5 11:09:16 cls sshd[1413377]: pam_unix(sshd:auth): authentication failure; logname= uid=0 euid=0 tty=ssh ruser= rhost=206.123.145.76 
Apr  5 11:09:18 cls sshd[1413377]: Failed password for invalid user mpf from 206.123.145.76 port 56786 ssh2
Apr  5 11:09:20 cls sshd[1413381]: pam_unix(sshd:auth): authentication failure; logname= uid=0 euid=0 tty=ssh ruser= rhost=38.137.11.14  user=root
Apr  5 11:09:21 cls sshd[1413379]: Invalid user bkw from 130.12.181.97 port 14872
Apr  5 11:09:23 cls sshd[1413381]: Failed password for root from 38.137.11.14 port 13316 ssh2
Apr  5 11:09:23 cls sshd[1413377]: Connection closed by invalid user mpf 206.123.145.76 port 56786 [preauth]
Apr  5 11:09:23 cls sshd[1413379]: pam_unix(sshd:auth): check pass; user unknown
Apr  5 11:09:23 cls sshd[1413379]: pam_unix(sshd:auth): authentication failure; logname= uid=0 euid=0 tty=ssh ruser= rhost=130.12.181.97 
Apr  5 11:09:23 cls sshd[1413381]: Received disconnect from 38.137.11.14 port 13316:11: Bye Bye [preauth]
Apr  5 11:09:23 cls sshd[1413381]: Disconnected from authenticating user root 38.137.11.14 port 13316 [preauth]
Apr  5 11:09:26 cls sshd[1413379]: Failed password for invalid user bkw from 130.12.181.97 port 14872 ssh2
Apr  5 11:09:28 cls sshd[1413379]: Connection closed by invalid user bkw 130.12.181.97 port 14872 [preauth]
Apr  5 11:09:38 cls sshd[1413383]: Invalid user jiangchen from 206.123.145.73 port 9856
Apr  5 11:09:38 cls sshd[1413384]: Invalid user zhangyan from 206.123.145.56 port 6018
Apr  5 11:09:39 cls sshd[1413383]: pam_unix(sshd:auth): check pass; user unknown
Apr  5 11:09:39 cls sshd[1413383]: pam_unix(sshd:auth): authentication failure; logname= uid=0 euid=0 tty=ssh ruser= rhost=206.123.145.73 
Apr  5 11:09:41 cls sshd[1413384]: pam_unix(sshd:auth): check pass; user unknown
Apr  5 11:09:41 cls sshd[1413384]: pam_unix(sshd:auth): authentication failure; logname= uid=0 euid=0 tty=ssh ruser= rhost=206.123.145.56 
Apr  5 11:09:41 cls sshd[1413383]: Failed password for invalid user jiangchen from 206.123.145.73 port 9856 ssh2
Apr  5 11:09:43 cls sshd[1413384]: Failed password for invalid user zhangyan from 206.123.145.56 port 6018 ssh2
Apr  5 11:09:47 cls sshd[1413383]: Connection closed by invalid user jiangchen 206.123.145.73 port 9856 [preauth]
Apr  5 11:09:48 cls sshd[1413384]: Connection closed by invalid user zhangyan 206.123.145.56 port 6018 [preauth]
Apr  5 11:09:48 cls sshd[1413387]: Invalid user gitea from 130.12.181.99 port 7624
Apr  5 11:09:51 cls sshd[1413387]: pam_unix(sshd:auth): check pass; user unknown
Apr  5 11:09:51 cls sshd[1413387]: pam_unix(sshd:auth): authentication failure; logname= uid=0 euid=0 tty=ssh ruser= rhost=130.12.181.99 
Apr  5 11:09:53 cls sshd[1413387]: Failed password for invalid user gitea from 130.12.181.99 port 7624 ssh2
Apr  5 11:09:57 cls sshd[1413387]: Connection closed by invalid user gitea 130.12.181.99 port 7624 [preauth]
Apr  5 11:10:06 cls sshd[1413423]: Invalid user github from 211.106.133.202 port 34386
Apr  5 11:10:06 cls sshd[1413423]: pam_unix(sshd:auth): check pass; user unknown
Apr  5 11:10:06 cls sshd[1413423]: pam_unix(sshd:auth): authentication failure; logname= uid=0 euid=0 tty=ssh ruser= rhost=211.106.133.202 
Apr  5 11:10:08 cls sshd[1413423]: Failed password for invalid user github from 211.106.133.202 port 34386 ssh2
Apr  5 11:10:09 cls sshd[1413423]: Received disconnect from 211.106.133.202 port 34386:11: Bye Bye [preauth]
Apr  5 11:10:09 cls sshd[1413423]: Disconnected from invalid user github 211.106.133.202 port 34386 [preauth]
Apr  5 11:10:30 cls sshd[1413432]: Invalid user rabbitmq from 130.12.181.102 port 15106
Apr  5 11:10:32 cls sshd[1413432]: pam_unix(sshd:auth): check pass; user unknown
Apr  5 11:10:32 cls sshd[1413432]: pam_unix(sshd:auth): authentication failure; logname= uid=0 euid=0 tty=ssh ruser= rhost=130.12.181.102 
Apr  5 11:10:33 cls sshd[1413432]: Failed password for invalid user rabbitmq from 130.12.181.102 port 15106 ssh2
Apr  5 11:10:37 cls sshd[1413434]: pam_unix(sshd:auth): authentication failure; logname= uid=0 euid=0 tty=ssh ruser= rhost=14.103.114.90  user=root
Apr  5 11:10:37 cls sshd[1413432]: Connection closed by invalid user rabbitmq 130.12.181.102 port 15106 [preauth]
Apr  5 11:10:38 cls sshd[1413434]: Failed password for root from 14.103.114.90 port 38656 ssh2
Apr  5 11:10:40 cls sshd[1413434]: Received disconnect from 14.103.114.90 port 38656:11: Bye Bye [preauth]
Apr  5 11:10:40 cls sshd[1413434]: Disconnected from authenticating user root 14.103.114.90 port 38656 [preauth]
Apr  5 11:10:57 cls sshd[1413473]: pam_unix(sshd:auth): authentication failure; logname= uid=0 euid=0 tty=ssh ruser= rhost=38.137.11.14  user=root
Apr  5 11:10:59 cls sshd[1413473]: Failed password for root from 38.137.11.14 port 16868 ssh2
Apr  5 11:11:00 cls sshd[1413473]: Received disconnect from 38.137.11.14 port 16868:11: Bye Bye [preauth]
Apr  5 11:11:00 cls sshd[1413473]: Disconnected from authenticating user root 38.137.11.14 port 16868 [preauth]
Apr  5 11:11:12 cls sshd[1413499]: pam_unix(sshd:auth): authentication failure; logname= uid=0 euid=0 tty=ssh ruser= rhost=209.141.62.124  user=root
Apr  5 11:11:13 cls sshd[1413489]: Invalid user kristie from 206.123.145.55 port 30914
Apr  5 11:11:14 cls sshd[1413499]: Failed password for root from 209.141.62.124 port 60846 ssh2
Apr  5 11:11:15 cls sshd[1413499]: Received disconnect from 209.141.62.124 port 60846:11: Bye Bye [preauth]
Apr  5 11:11:15 cls sshd[1413499]: Disconnected from authenticating user root 209.141.62.124 port 60846 [preauth]
Apr  5 11:11:15 cls sshd[1413489]: pam_unix(sshd:auth): check pass; user unknown
Apr  5 11:11:15 cls sshd[1413489]: pam_unix(sshd:auth): authentication failure; logname= uid=0 euid=0 tty=ssh ruser= rhost=206.123.145.55 
Apr  5 11:11:17 cls sshd[1413489]: Failed password for invalid user kristie from 206.123.145.55 port 30914 ssh2
Apr  5 11:11:23 cls sshd[1413489]: Connection closed by invalid user kristie 206.123.145.55 port 30914 [preauth]
Apr  5 11:11:23 cls sshd[1413501]: Invalid user ifemuser from 206.123.145.75 port 10806
Apr  5 11:11:26 cls sshd[1413501]: pam_unix(sshd:auth): check pass; user unknown
Apr  5 11:11:26 cls sshd[1413501]: pam_unix(sshd:auth): authentication failure; logname= uid=0 euid=0 tty=ssh ruser= rhost=206.123.145.75 
Apr  5 11:11:27 cls sshd[1413501]: Failed password for invalid user ifemuser from 206.123.145.75 port 10806 ssh2
Apr  5 11:11:31 cls sshd[1413501]: Connection closed by invalid user ifemuser 206.123.145.75 port 10806 [preauth]
Apr  5 11:11:34 cls sshd[1413506]: Invalid user hnu from 206.123.145.69 port 31420
Apr  5 11:11:36 cls sshd[1413506]: pam_unix(sshd:auth): check pass; user unknown
Apr  5 11:11:36 cls sshd[1413506]: pam_unix(sshd:auth): authentication failure; logname= uid=0 euid=0 tty=ssh ruser= rhost=206.123.145.69 
Apr  5 11:11:37 cls sshd[1413506]: Failed password for invalid user hnu from 206.123.145.69 port 31420 ssh2
Apr  5 11:11:40 cls sshd[1413508]: Invalid user tyustjc from 206.123.145.79 port 48578
Apr  5 11:11:41 cls sshd[1413506]: Connection closed by invalid user hnu 206.123.145.69 port 31420 [preauth]
Apr  5 11:11:42 cls sshd[1413508]: pam_unix(sshd:auth): check pass; user unknown
Apr  5 11:11:42 cls sshd[1413508]: pam_unix(sshd:auth): authentication failure; logname= uid=0 euid=0 tty=ssh ruser= rhost=206.123.145.79 
Apr  5 11:11:45 cls sshd[1413508]: Failed password for invalid user tyustjc from 206.123.145.79 port 48578 ssh2
Apr  5 11:11:49 cls sshd[1413508]: Connection closed by invalid user tyustjc 206.123.145.79 port 48578 [preauth]
Apr  5 11:11:53 cls sshd[1413516]: Invalid user gaoyuchao from 206.123.145.70 port 42152
Apr  5 11:11:55 cls sshd[1413516]: pam_unix(sshd:auth): check pass; user unknown
Apr  5 11:11:55 cls sshd[1413516]: pam_unix(sshd:auth): authentication failure; logname= uid=0 euid=0 tty=ssh ruser= rhost=206.123.145.70 
Apr  5 11:11:56 cls sshd[1413534]: Invalid user guest-hizx6w from 130.12.181.98 port 20300
Apr  5 11:11:56 cls sshd[1413516]: Failed password for invalid user gaoyuchao from 206.123.145.70 port 42152 ssh2
Apr  5 11:11:58 cls sshd[1413534]: pam_unix(sshd:auth): check pass; user unknown
Apr  5 11:11:58 cls sshd[1413534]: pam_unix(sshd:auth): authentication failure; logname= uid=0 euid=0 tty=ssh ruser= rhost=130.12.181.98 
Apr  5 11:11:59 cls sshd[1413516]: Connection closed by invalid user gaoyuchao 206.123.145.70 port 42152 [preauth]
Apr  5 11:12:00 cls sshd[1413534]: Failed password for invalid user guest-hizx6w from 130.12.181.98 port 20300 ssh2
Apr  5 11:12:03 cls sshd[1413534]: Connection closed by invalid user guest-hizx6w 130.12.181.98 port 20300 [preauth]
Apr  5 11:12:05 cls sshd[1413552]: pam_unix(sshd:auth): authentication failure; logname= uid=0 euid=0 tty=ssh ruser= rhost=38.137.11.14  user=root
Apr  5 11:12:08 cls sshd[1413552]: Failed password for root from 38.137.11.14 port 54571 ssh2
Apr  5 11:12:08 cls sshd[1413552]: Received disconnect from 38.137.11.14 port 54571:11: Bye Bye [preauth]
Apr  5 11:12:08 cls sshd[1413552]: Disconnected from authenticating user root 38.137.11.14 port 54571 [preauth]
Apr  5 11:12:13 cls sshd[1413558]: Invalid user user from 209.141.62.124 port 52260
Apr  5 11:12:13 cls sshd[1413558]: pam_unix(sshd:auth): check pass; user unknown
Apr  5 11:12:13 cls sshd[1413558]: pam_unix(sshd:auth): authentication failure; logname= uid=0 euid=0 tty=ssh ruser= rhost=209.141.62.124 
Apr  5 11:12:15 cls sshd[1413558]: Failed password for invalid user user from 209.141.62.124 port 52260 ssh2
Apr  5 11:12:17 cls sshd[1413558]: Received disconnect from 209.141.62.124 port 52260:11: Bye Bye [preauth]
Apr  5 11:12:17 cls sshd[1413558]: Disconnected from invalid user user 209.141.62.124 port 52260 [preauth]
Apr  5 11:12:30 cls sshd[1413572]: Invalid user jhpay from 130.12.181.101 port 17086
Apr  5 11:12:32 cls sshd[1413572]: pam_unix(sshd:auth): check pass; user unknown
Apr  5 11:12:32 cls sshd[1413572]: pam_unix(sshd:auth): authentication failure; logname= uid=0 euid=0 tty=ssh ruser= rhost=130.12.181.101 
Apr  5 11:12:34 cls sshd[1413572]: Failed password for invalid user jhpay from 130.12.181.101 port 17086 ssh2
Apr  5 11:12:36 cls sshd[1413572]: Connection closed by invalid user jhpay 130.12.181.101 port 17086 [preauth]
Apr  5 11:12:44 cls sshd[1413574]: Invalid user yyjy from 130.12.181.104 port 56360
Apr  5 11:12:46 cls sshd[1413574]: pam_unix(sshd:auth): check pass; user unknown
Apr  5 11:12:46 cls sshd[1413574]: pam_unix(sshd:auth): authentication failure; logname= uid=0 euid=0 tty=ssh ruser= rhost=130.12.181.104 
Apr  5 11:12:48 cls sshd[1413574]: Failed password for invalid user yyjy from 130.12.181.104 port 56360 ssh2
Apr  5 11:12:51 cls sshd[1413574]: Connection closed by invalid user yyjy 130.12.181.104 port 56360 [preauth]
Apr  5 11:12:56 cls sshd[1413576]: Invalid user acm from 130.12.181.106 port 22848
Apr  5 11:12:58 cls sshd[1413576]: pam_unix(sshd:auth): check pass; user unknown
Apr  5 11:12:58 cls sshd[1413576]: pam_unix(sshd:auth): authentication failure; logname= uid=0 euid=0 tty=ssh ruser= rhost=130.12.181.106 
Apr  5 11:13:00 cls sshd[1413576]: Failed password for invalid user acm from 130.12.181.106 port 22848 ssh2
Apr  5 11:13:03 cls sshd[1413576]: Connection closed by invalid user acm 130.12.181.106 port 22848 [preauth]
Apr  5 11:13:04 cls sshd[1413608]: Invalid user Client123 from 206.123.145.49 port 7316
Apr  5 11:13:05 cls sshd[1413608]: pam_unix(sshd:auth): check pass; user unknown
Apr  5 11:13:05 cls sshd[1413608]: pam_unix(sshd:auth): authentication failure; logname= uid=0 euid=0 tty=ssh ruser= rhost=206.123.145.49 
Apr  5 11:13:07 cls sshd[1413608]: Failed password for invalid user Client123 from 206.123.145.49 port 7316 ssh2
Apr  5 11:13:10 cls sshd[1413608]: Connection closed by invalid user Client123 206.123.145.49 port 7316 [preauth]
Apr  5 11:13:12 cls sshd[1413632]: pam_unix(sshd:auth): authentication failure; logname= uid=0 euid=0 tty=ssh ruser= rhost=209.141.62.124  user=root
Apr  5 11:13:13 cls sshd[1413624]: Invalid user sap from 206.123.145.77 port 1330
Apr  5 11:13:14 cls sshd[1413632]: Failed password for root from 209.141.62.124 port 43676 ssh2
Apr  5 11:13:14 cls sshd[1413625]: Invalid user user3 from 206.123.145.50 port 40472
Apr  5 11:13:15 cls sshd[1413632]: Received disconnect from 209.141.62.124 port 43676:11: Bye Bye [preauth]
Apr  5 11:13:15 cls sshd[1413632]: Disconnected from authenticating user root 209.141.62.124 port 43676 [preauth]
Apr  5 11:13:15 cls sshd[1413624]: pam_unix(sshd:auth): check pass; user unknown
Apr  5 11:13:15 cls sshd[1413624]: pam_unix(sshd:auth): authentication failure; logname= uid=0 euid=0 tty=ssh ruser= rhost=206.123.145.77 
Apr  5 11:13:16 cls sshd[1413634]: Invalid user test from 38.137.11.14 port 10127
Apr  5 11:13:16 cls sshd[1413634]: pam_unix(sshd:auth): check pass; user unknown
Apr  5 11:13:16 cls sshd[1413634]: pam_unix(sshd:auth): authentication failure; logname= uid=0 euid=0 tty=ssh ruser= rhost=38.137.11.14 
Apr  5 11:13:17 cls sshd[1413624]: Failed password for invalid user sap from 206.123.145.77 port 1330 ssh2
Apr  5 11:13:18 cls sshd[1413634]: Failed password for invalid user test from 38.137.11.14 port 10127 ssh2
Apr  5 11:13:19 cls sshd[1413625]: pam_unix(sshd:auth): check pass; user unknown
Apr  5 11:13:19 cls sshd[1413625]: pam_unix(sshd:auth): authentication failure; logname= uid=0 euid=0 tty=ssh ruser= rhost=206.123.145.50 
Apr  5 11:13:19 cls sshd[1413634]: Received disconnect from 38.137.11.14 port 10127:11: Bye Bye [preauth]
Apr  5 11:13:19 cls sshd[1413634]: Disconnected from invalid user test 38.137.11.14 port 10127 [preauth]
Apr  5 11:13:21 cls sshd[1413625]: Failed password for invalid user user3 from 206.123.145.50 port 40472 ssh2
Apr  5 11:13:21 cls sshd[1413624]: Connection closed by invalid user sap 206.123.145.77 port 1330 [preauth]
Apr  5 11:13:23 cls sshd[1413625]: Connection closed by invalid user user3 206.123.145.50 port 40472 [preauth]
Apr  5 11:13:29 cls sshd[1413641]: Invalid user dwx from 130.12.181.109 port 33234
Apr  5 11:13:31 cls sshd[1413641]: pam_unix(sshd:auth): check pass; user unknown
Apr  5 11:13:31 cls sshd[1413641]: pam_unix(sshd:auth): authentication failure; logname= uid=0 euid=0 tty=ssh ruser= rhost=130.12.181.109 
Apr  5 11:13:33 cls sshd[1413641]: Failed password for invalid user dwx from 130.12.181.109 port 33234 ssh2
Apr  5 11:13:37 cls sshd[1413641]: Connection closed by invalid user dwx 130.12.181.109 port 33234 [preauth]
Apr  5 11:13:41 cls sshd[1413642]: pam_unix(sshd:auth): authentication failure; logname= uid=0 euid=0 tty=ssh ruser= rhost=206.123.145.46  user=root
Apr  5 11:13:44 cls sshd[1413642]: Failed password for root from 206.123.145.46 port 6588 ssh2
Apr  5 11:13:46 cls sshd[1413645]: Invalid user zhuy from 206.123.145.48 port 45802
Apr  5 11:13:46 cls sshd[1413642]: Connection closed by authenticating user root 206.123.145.46 port 6588 [preauth]
Apr  5 11:13:49 cls sshd[1413645]: pam_unix(sshd:auth): check pass; user unknown
Apr  5 11:13:49 cls sshd[1413645]: pam_unix(sshd:auth): authentication failure; logname= uid=0 euid=0 tty=ssh ruser= rhost=206.123.145.48 
Apr  5 11:13:50 cls sshd[1413645]: Failed password for invalid user zhuy from 206.123.145.48 port 45802 ssh2
Apr  5 11:13:53 cls sshd[1413645]: Connection closed by invalid user zhuy 206.123.145.48 port 45802 [preauth]
Apr  5 11:14:09 cls sshd[1413685]: pam_unix(sshd:auth): authentication failure; logname= uid=0 euid=0 tty=ssh ruser= rhost=209.141.62.124  user=root
Apr  5 11:14:11 cls sshd[1413685]: Failed password for root from 209.141.62.124 port 35098 ssh2
Apr  5 11:14:12 cls sshd[1413685]: Received disconnect from 209.141.62.124 port 35098:11: Bye Bye [preauth]
Apr  5 11:14:12 cls sshd[1413685]: Disconnected from authenticating user root 209.141.62.124 port 35098 [preauth]
Apr  5 11:14:25 cls sshd[1413692]: pam_unix(sshd:auth): authentication failure; logname= uid=0 euid=0 tty=ssh ruser= rhost=38.137.11.14  user=ubuntu
Apr  5 11:14:27 cls sshd[1413692]: Failed password for ubuntu from 38.137.11.14 port 45364 ssh2
Apr  5 11:14:27 cls sshd[1413692]: Received disconnect from 38.137.11.14 port 45364:11: Bye Bye [preauth]
Apr  5 11:14:27 cls sshd[1413692]: Disconnected from authenticating user ubuntu 38.137.11.14 port 45364 [preauth]
Apr  5 11:14:29 cls sshd[1413687]: Invalid user moguls from 130.12.181.105 port 34124
Apr  5 11:14:31 cls sshd[1413687]: pam_unix(sshd:auth): check pass; user unknown
Apr  5 11:14:31 cls sshd[1413687]: pam_unix(sshd:auth): authentication failure; logname= uid=0 euid=0 tty=ssh ruser= rhost=130.12.181.105 
Apr  5 11:14:31 cls sshd[1413690]: Invalid user martor from 206.123.145.72 port 10850
Apr  5 11:14:33 cls sshd[1413687]: Failed password for invalid user moguls from 130.12.181.105 port 34124 ssh2
Apr  5 11:14:33 cls sshd[1413688]: Invalid user cairui from 206.123.145.20 port 63802
Apr  5 11:14:33 cls sshd[1413690]: pam_unix(sshd:auth): check pass; user unknown
Apr  5 11:14:33 cls sshd[1413690]: pam_unix(sshd:auth): authentication failure; logname= uid=0 euid=0 tty=ssh ruser= rhost=206.123.145.72 
Apr  5 11:14:35 cls sshd[1413690]: Failed password for invalid user martor from 206.123.145.72 port 10850 ssh2
Apr  5 11:14:36 cls sshd[1413688]: pam_unix(sshd:auth): check pass; user unknown
Apr  5 11:14:36 cls sshd[1413688]: pam_unix(sshd:auth): authentication failure; logname= uid=0 euid=0 tty=ssh ruser= rhost=206.123.145.20 
Apr  5 11:14:37 cls sshd[1413687]: Connection closed by invalid user moguls 130.12.181.105 port 34124 [preauth]
Apr  5 11:14:39 cls sshd[1413688]: Failed password for invalid user cairui from 206.123.145.20 port 63802 ssh2
Apr  5 11:14:41 cls sshd[1413688]: Connection closed by invalid user cairui 206.123.145.20 port 63802 [preauth]
Apr  5 11:14:42 cls sshd[1413690]: Connection closed by invalid user martor 206.123.145.72 port 10850 [preauth]
Apr  5 11:14:44 cls sshd[1413695]: Invalid user ftpuser from 130.12.181.107 port 36420
Apr  5 11:14:45 cls sshd[1413696]: Invalid user kpj from 206.123.145.52 port 42216
Apr  5 11:14:47 cls sshd[1413696]: pam_unix(sshd:auth): check pass; user unknown
Apr  5 11:14:47 cls sshd[1413696]: pam_unix(sshd:auth): authentication failure; logname= uid=0 euid=0 tty=ssh ruser= rhost=206.123.145.52 
Apr  5 11:14:47 cls sshd[1413695]: pam_unix(sshd:auth): check pass; user unknown
Apr  5 11:14:47 cls sshd[1413695]: pam_unix(sshd:auth): authentication failure; logname= uid=0 euid=0 tty=ssh ruser= rhost=130.12.181.107 
Apr  5 11:14:49 cls sshd[1413696]: Failed password for invalid user kpj from 206.123.145.52 port 42216 ssh2
Apr  5 11:14:49 cls sshd[1413695]: Failed password for invalid user ftpuser from 130.12.181.107 port 36420 ssh2
Apr  5 11:14:51 cls sshd[1413695]: Connection closed by invalid user ftpuser 130.12.181.107 port 36420 [preauth]
Apr  5 11:14:52 cls sshd[1413696]: Connection closed by invalid user kpj 206.123.145.52 port 42216 [preauth]
Apr  5 11:15:01 cls sshd[1413699]: Invalid user stephan from 130.12.181.100 port 14538
Apr  5 11:15:03 cls sshd[1413699]: pam_unix(sshd:auth): check pass; user unknown
Apr  5 11:15:03 cls sshd[1413699]: pam_unix(sshd:auth): authentication failure; logname= uid=0 euid=0 tty=ssh ruser= rhost=130.12.181.100 
Apr  5 11:15:05 cls sshd[1413699]: Failed password for invalid user stephan from 130.12.181.100 port 14538 ssh2
Apr  5 11:15:07 cls sshd[1413739]: pam_unix(sshd:auth): authentication failure; logname= uid=0 euid=0 tty=ssh ruser= rhost=209.141.62.124  user=root
Apr  5 11:15:08 cls sshd[1413739]: Failed password for root from 209.141.62.124 port 54746 ssh2
Apr  5 11:15:09 cls sshd[1413699]: Connection closed by invalid user stephan 130.12.181.100 port 14538 [preauth]
Apr  5 11:15:10 cls sshd[1413739]: Received disconnect from 209.141.62.124 port 54746:11: Bye Bye [preauth]
Apr  5 11:15:10 cls sshd[1413739]: Disconnected from authenticating user root 209.141.62.124 port 54746 [preauth]
Apr  5 11:15:12 cls sshd[1413735]: Invalid user hly from 206.123.145.53 port 18712
Apr  5 11:15:15 cls sshd[1413735]: pam_unix(sshd:auth): check pass; user unknown
Apr  5 11:15:15 cls sshd[1413735]: pam_unix(sshd:auth): authentication failure; logname= uid=0 euid=0 tty=ssh ruser= rhost=206.123.145.53 
Apr  5 11:15:17 cls sshd[1413735]: Failed password for invalid user hly from 206.123.145.53 port 18712 ssh2
Apr  5 11:15:24 cls sshd[1413735]: Connection closed by invalid user hly 206.123.145.53 port 18712 [preauth]
Apr  5 11:15:31 cls sshd[1413755]: pam_unix(sshd:auth): authentication failure; logname= uid=0 euid=0 tty=ssh ruser= rhost=38.137.11.14  user=root
Apr  5 11:15:32 cls sshd[1413755]: Failed password for root from 38.137.11.14 port 64566 ssh2
Apr  5 11:15:32 cls sshd[1413755]: Received disconnect from 38.137.11.14 port 64566:11: Bye Bye [preauth]
Apr  5 11:15:32 cls sshd[1413755]: Disconnected from authenticating user root 38.137.11.14 port 64566 [preauth]
Apr  5 11:16:03 cls sshd[1413797]: Invalid user ali from 209.141.62.124 port 46160
Apr  5 11:16:03 cls sshd[1413797]: pam_unix(sshd:auth): check pass; user unknown
Apr  5 11:16:03 cls sshd[1413797]: pam_unix(sshd:auth): authentication failure; logname= uid=0 euid=0 tty=ssh ruser= rhost=209.141.62.124 
Apr  5 11:16:05 cls sshd[1413797]: Failed password for invalid user ali from 209.141.62.124 port 46160 ssh2
Apr  5 11:16:05 cls sshd[1413795]: Invalid user lykong from 206.123.145.57 port 37970
Apr  5 11:16:05 cls sshd[1413797]: Received disconnect from 209.141.62.124 port 46160:11: Bye Bye [preauth]
Apr  5 11:16:05 cls sshd[1413797]: Disconnected from invalid user ali 209.141.62.124 port 46160 [preauth]
Apr  5 11:16:07 cls sshd[1413795]: pam_unix(sshd:auth): check pass; user unknown
Apr  5 11:16:07 cls sshd[1413795]: pam_unix(sshd:auth): authentication failure; logname= uid=0 euid=0 tty=ssh ruser= rhost=206.123.145.57 
Apr  5 11:16:09 cls sshd[1413795]: Failed password for invalid user lykong from 206.123.145.57 port 37970 ssh2
Apr  5 11:16:12 cls sshd[1413795]: Connection closed by invalid user lykong 206.123.145.57 port 37970 [preauth]
Apr  5 11:16:13 cls sshd[1413803]: Invalid user test from 211.106.133.202 port 62174
Apr  5 11:16:13 cls sshd[1413803]: pam_unix(sshd:auth): check pass; user unknown
Apr  5 11:16:13 cls sshd[1413803]: pam_unix(sshd:auth): authentication failure; logname= uid=0 euid=0 tty=ssh ruser= rhost=211.106.133.202 
Apr  5 11:16:14 cls sshd[1413803]: Failed password for invalid user test from 211.106.133.202 port 62174 ssh2
Apr  5 11:16:16 cls sshd[1413803]: Received disconnect from 211.106.133.202 port 62174:11: Bye Bye [preauth]
Apr  5 11:16:16 cls sshd[1413803]: Disconnected from invalid user test 211.106.133.202 port 62174 [preauth]
Apr  5 11:16:21 cls sshd[1413802]: Invalid user ktepliy from 130.12.181.103 port 7606
Apr  5 11:16:23 cls sshd[1413802]: pam_unix(sshd:auth): check pass; user unknown
Apr  5 11:16:23 cls sshd[1413802]: pam_unix(sshd:auth): authentication failure; logname= uid=0 euid=0 tty=ssh ruser= rhost=130.12.181.103 
Apr  5 11:16:26 cls sshd[1413802]: Failed password for invalid user ktepliy from 130.12.181.103 port 7606 ssh2
Apr  5 11:16:29 cls sshd[1413802]: Connection closed by invalid user ktepliy 130.12.181.103 port 7606 [preauth]
Apr  5 11:16:38 cls sshd[1413812]: pam_unix(sshd:auth): authentication failure; logname= uid=0 euid=0 tty=ssh ruser= rhost=38.137.11.14  user=ubuntu
Apr  5 11:16:40 cls sshd[1413812]: Failed password for ubuntu from 38.137.11.14 port 34812 ssh2
Apr  5 11:16:40 cls sshd[1413812]: Received disconnect from 38.137.11.14 port 34812:11: Bye Bye [preauth]
Apr  5 11:16:40 cls sshd[1413812]: Disconnected from authenticating user ubuntu 38.137.11.14 port 34812 [preauth]
Apr  5 11:16:59 cls sshd[1413853]: Invalid user test from 209.141.62.124 port 37572
Apr  5 11:16:59 cls sshd[1413853]: pam_unix(sshd:auth): check pass; user unknown
Apr  5 11:16:59 cls sshd[1413853]: pam_unix(sshd:auth): authentication failure; logname= uid=0 euid=0 tty=ssh ruser= rhost=209.141.62.124 
Apr  5 11:17:01 cls CRON[1413857]: pam_unix(cron:session): session opened for user root by (uid=0)
Apr  5 11:17:01 cls CRON[1413857]: pam_unix(cron:session): session closed for user root
Apr  5 11:17:01 cls sshd[1413853]: Failed password for invalid user test from 209.141.62.124 port 37572 ssh2
Apr  5 11:17:02 cls sshd[1413853]: Received disconnect from 209.141.62.124 port 37572:11: Bye Bye [preauth]
Apr  5 11:17:02 cls sshd[1413853]: Disconnected from invalid user test 209.141.62.124 port 37572 [preauth]
Apr  5 11:17:17 cls sshd[1413860]: pam_unix(sshd:auth): authentication failure; logname= uid=0 euid=0 tty=ssh ruser= rhost=130.12.181.108  user=root
Apr  5 11:17:19 cls sshd[1413860]: Failed password for root from 130.12.181.108 port 3386 ssh2
Apr  5 11:17:22 cls sshd[1413868]: Invalid user zhaon from 206.123.145.54 port 2878
Apr  5 11:17:22 cls sshd[1413860]: Connection closed by authenticating user root 130.12.181.108 port 3386 [preauth]
Apr  5 11:17:25 cls sshd[1413868]: pam_unix(sshd:auth): check pass; user unknown
Apr  5 11:17:25 cls sshd[1413868]: pam_unix(sshd:auth): authentication failure; logname= uid=0 euid=0 tty=ssh ruser= rhost=206.123.145.54 
Apr  5 11:17:27 cls sshd[1413868]: Failed password for invalid user zhaon from 206.123.145.54 port 2878 ssh2
Apr  5 11:17:29 cls sshd[1413868]: Connection closed by invalid user zhaon 206.123.145.54 port 2878 [preauth]
Apr  5 11:17:38 cls sshd[1413873]: Invalid user irfan from 38.137.11.14 port 20017
Apr  5 11:17:38 cls sshd[1413873]: pam_unix(sshd:auth): check pass; user unknown
Apr  5 11:17:38 cls sshd[1413873]: pam_unix(sshd:auth): authentication failure; logname= uid=0 euid=0 tty=ssh ruser= rhost=38.137.11.14 
Apr  5 11:17:39 cls sshd[1413871]: Invalid user yangqi from 206.123.145.51 port 43080
Apr  5 11:17:39 cls sshd[1413873]: Failed password for invalid user irfan from 38.137.11.14 port 20017 ssh2
Apr  5 11:17:40 cls sshd[1413873]: Received disconnect from 38.137.11.14 port 20017:11: Bye Bye [preauth]
Apr  5 11:17:40 cls sshd[1413873]: Disconnected from invalid user irfan 38.137.11.14 port 20017 [preauth]
Apr  5 11:17:41 cls sshd[1413871]: pam_unix(sshd:auth): check pass; user unknown
Apr  5 11:17:41 cls sshd[1413871]: pam_unix(sshd:auth): authentication failure; logname= uid=0 euid=0 tty=ssh ruser= rhost=206.123.145.51 
Apr  5 11:17:43 cls sshd[1413871]: Failed password for invalid user yangqi from 206.123.145.51 port 43080 ssh2
Apr  5 11:17:46 cls sshd[1413871]: Connection closed by invalid user yangqi 206.123.145.51 port 43080 [preauth]
Apr  5 11:17:55 cls sshd[1413886]: pam_unix(sshd:auth): authentication failure; logname= uid=0 euid=0 tty=ssh ruser= rhost=209.141.62.124  user=root
Apr  5 11:17:56 cls sshd[1413886]: Failed password for root from 209.141.62.124 port 57220 ssh2
Apr  5 11:17:57 cls sshd[1413886]: Received disconnect from 209.141.62.124 port 57220:11: Bye Bye [preauth]
Apr  5 11:17:57 cls sshd[1413886]: Disconnected from authenticating user root 209.141.62.124 port 57220 [preauth]
Apr  5 11:18:03 cls sshd[1413878]: Invalid user v10zcfep from 206.123.145.74 port 7768
Apr  5 11:18:05 cls sshd[1413878]: pam_unix(sshd:auth): check pass; user unknown
Apr  5 11:18:05 cls sshd[1413878]: pam_unix(sshd:auth): authentication failure; logname= uid=0 euid=0 tty=ssh ruser= rhost=206.123.145.74 
Apr  5 11:18:07 cls sshd[1413878]: Failed password for invalid user v10zcfep from 206.123.145.74 port 7768 ssh2
Apr  5 11:18:12 cls sshd[1413878]: Connection closed by invalid user v10zcfep 206.123.145.74 port 7768 [preauth]
Apr  5 11:18:16 cls sshd[1413919]: Invalid user gpulab from 130.12.181.97 port 44310
Apr  5 11:18:19 cls sshd[1413919]: pam_unix(sshd:auth): check pass; user unknown
Apr  5 11:18:19 cls sshd[1413919]: pam_unix(sshd:auth): authentication failure; logname= uid=0 euid=0 tty=ssh ruser= rhost=130.12.181.97 
Apr  5 11:18:20 cls sshd[1413919]: Failed password for invalid user gpulab from 130.12.181.97 port 44310 ssh2
Apr  5 11:18:21 cls sshd[1413921]: Invalid user ding from 206.123.145.78 port 49800
Apr  5 11:18:22 cls sshd[1413921]: pam_unix(sshd:auth): check pass; user unknown
Apr  5 11:18:22 cls sshd[1413921]: pam_unix(sshd:auth): authentication failure; logname= uid=0 euid=0 tty=ssh ruser= rhost=206.123.145.78 
Apr  5 11:18:24 cls sshd[1413919]: Connection closed by invalid user gpulab 130.12.181.97 port 44310 [preauth]
Apr  5 11:18:24 cls sshd[1413921]: Failed password for invalid user ding from 206.123.145.78 port 49800 ssh2
Apr  5 11:18:28 cls sshd[1413921]: Connection closed by invalid user ding 206.123.145.78 port 49800 [preauth]
Apr  5 11:18:38 cls sshd[1413923]: Invalid user simone from 38.137.11.14 port 19086
Apr  5 11:18:38 cls sshd[1413923]: pam_unix(sshd:auth): check pass; user unknown
Apr  5 11:18:38 cls sshd[1413923]: pam_unix(sshd:auth): authentication failure; logname= uid=0 euid=0 tty=ssh ruser= rhost=38.137.11.14 
Apr  5 11:18:40 cls sshd[1413923]: Failed password for invalid user simone from 38.137.11.14 port 19086 ssh2
Apr  5 11:18:40 cls sshd[1413923]: Received disconnect from 38.137.11.14 port 19086:11: Bye Bye [preauth]
Apr  5 11:18:40 cls sshd[1413923]: Disconnected from invalid user simone 38.137.11.14 port 19086 [preauth]
Apr  5 11:18:46 cls sshd[1413927]: pam_unix(sshd:auth): authentication failure; logname= uid=0 euid=0 tty=ssh ruser= rhost=211.106.133.202  user=root
Apr  5 11:18:48 cls sshd[1413927]: Failed password for root from 211.106.133.202 port 16394 ssh2
Apr  5 11:18:49 cls sshd[1413927]: Received disconnect from 211.106.133.202 port 16394:11: Bye Bye [preauth]
Apr  5 11:18:49 cls sshd[1413927]: Disconnected from authenticating user root 211.106.133.202 port 16394 [preauth]
Apr  5 11:18:50 cls sshd[1413934]: pam_unix(sshd:auth): authentication failure; logname= uid=0 euid=0 tty=ssh ruser= rhost=209.141.62.124  user=root
Apr  5 11:18:52 cls sshd[1413934]: Failed password for root from 209.141.62.124 port 48638 ssh2
Apr  5 11:18:53 cls sshd[1413934]: Received disconnect from 209.141.62.124 port 48638:11: Bye Bye [preauth]
Apr  5 11:18:53 cls sshd[1413934]: Disconnected from authenticating user root 209.141.62.124 port 48638 [preauth]
Apr  5 11:18:54 cls sshd[1413925]: pam_unix(sshd:auth): authentication failure; logname= uid=0 euid=0 tty=ssh ruser= rhost=130.12.181.99  user=root
Apr  5 11:18:56 cls sshd[1413925]: Failed password for root from 130.12.181.99 port 38350 ssh2
Apr  5 11:18:58 cls sshd[1413937]: Invalid user duddl from 130.12.181.98 port 40022
Apr  5 11:18:59 cls sshd[1413925]: Connection closed by authenticating user root 130.12.181.99 port 38350 [preauth]
Apr  5 11:19:00 cls sshd[1413937]: pam_unix(sshd:auth): check pass; user unknown
Apr  5 11:19:00 cls sshd[1413937]: pam_unix(sshd:auth): authentication failure; logname= uid=0 euid=0 tty=ssh ruser= rhost=130.12.181.98 
Apr  5 11:19:00 cls sshd[1413936]: Invalid user maritrini from 206.123.145.71 port 58136
Apr  5 11:19:02 cls sshd[1413942]: Invalid user wangdg from 206.123.145.76 port 22334
Apr  5 11:19:02 cls sshd[1413937]: Failed password for invalid user duddl from 130.12.181.98 port 40022 ssh2
Apr  5 11:19:03 cls sshd[1413936]: pam_unix(sshd:auth): check pass; user unknown
Apr  5 11:19:03 cls sshd[1413936]: pam_unix(sshd:auth): authentication failure; logname= uid=0 euid=0 tty=ssh ruser= rhost=206.123.145.71 
Apr  5 11:19:04 cls sshd[1413943]: Invalid user ts from 206.123.145.73 port 47260
Apr  5 11:19:04 cls sshd[1413942]: pam_unix(sshd:auth): check pass; user unknown
Apr  5 11:19:04 cls sshd[1413942]: pam_unix(sshd:auth): authentication failure; logname= uid=0 euid=0 tty=ssh ruser= rhost=206.123.145.76 
Apr  5 11:19:05 cls sshd[1413937]: Connection closed by invalid user duddl 130.12.181.98 port 40022 [preauth]
Apr  5 11:19:05 cls sshd[1413936]: Failed password for invalid user maritrini from 206.123.145.71 port 58136 ssh2
Apr  5 11:19:06 cls sshd[1413942]: Failed password for invalid user wangdg from 206.123.145.76 port 22334 ssh2
Apr  5 11:19:06 cls sshd[1413943]: pam_unix(sshd:auth): check pass; user unknown
Apr  5 11:19:06 cls sshd[1413943]: pam_unix(sshd:auth): authentication failure; logname= uid=0 euid=0 tty=ssh ruser= rhost=206.123.145.73 
Apr  5 11:19:07 cls sshd[1413936]: Connection closed by invalid user maritrini 206.123.145.71 port 58136 [preauth]
Apr  5 11:19:09 cls sshd[1413943]: Failed password for invalid user ts from 206.123.145.73 port 47260 ssh2
Apr  5 11:19:10 cls sshd[1413942]: Connection closed by invalid user wangdg 206.123.145.76 port 22334 [preauth]
Apr  5 11:19:11 cls sshd[1413943]: Connection closed by invalid user ts 206.123.145.73 port 47260 [preauth]
Apr  5 11:19:14 cls sshd[1413980]: Invalid user dx from 206.123.145.56 port 30872
Apr  5 11:19:17 cls sshd[1413980]: pam_unix(sshd:auth): check pass; user unknown
Apr  5 11:19:17 cls sshd[1413980]: pam_unix(sshd:auth): authentication failure; logname= uid=0 euid=0 tty=ssh ruser= rhost=206.123.145.56 
Apr  5 11:19:19 cls sshd[1413980]: Failed password for invalid user dx from 206.123.145.56 port 30872 ssh2
Apr  5 11:19:22 cls sshd[1413980]: Connection closed by invalid user dx 206.123.145.56 port 30872 [preauth]
Apr  5 11:19:38 cls sshd[1413992]: Invalid user wangfeng from 130.12.181.102 port 58482
Apr  5 11:19:40 cls sshd[1413992]: pam_unix(sshd:auth): check pass; user unknown
Apr  5 11:19:40 cls sshd[1413992]: pam_unix(sshd:auth): authentication failure; logname= uid=0 euid=0 tty=ssh ruser= rhost=130.12.181.102 
Apr  5 11:19:41 cls sshd[1413994]: Invalid user test-user from 38.137.11.14 port 23534
Apr  5 11:19:41 cls sshd[1413994]: pam_unix(sshd:auth): check pass; user unknown
Apr  5 11:19:41 cls sshd[1413994]: pam_unix(sshd:auth): authentication failure; logname= uid=0 euid=0 tty=ssh ruser= rhost=38.137.11.14 
Apr  5 11:19:42 cls sshd[1413992]: Failed password for invalid user wangfeng from 130.12.181.102 port 58482 ssh2
Apr  5 11:19:43 cls sshd[1413994]: Failed password for invalid user test-user from 38.137.11.14 port 23534 ssh2
Apr  5 11:19:45 cls sshd[1413996]: Invalid user sammy from 209.141.62.124 port 40050
Apr  5 11:19:45 cls sshd[1413996]: pam_unix(sshd:auth): check pass; user unknown
Apr  5 11:19:45 cls sshd[1413996]: pam_unix(sshd:auth): authentication failure; logname= uid=0 euid=0 tty=ssh ruser= rhost=209.141.62.124 
Apr  5 11:19:45 cls sshd[1413994]: Received disconnect from 38.137.11.14 port 23534:11: Bye Bye [preauth]
Apr  5 11:19:45 cls sshd[1413994]: Disconnected from invalid user test-user 38.137.11.14 port 23534 [preauth]
Apr  5 11:19:46 cls sshd[1413996]: Failed password for invalid user sammy from 209.141.62.124 port 40050 ssh2
Apr  5 11:19:47 cls sshd[1413996]: Received disconnect from 209.141.62.124 port 40050:11: Bye Bye [preauth]
Apr  5 11:19:47 cls sshd[1413996]: Disconnected from invalid user sammy 209.141.62.124 port 40050 [preauth]
Apr  5 11:19:47 cls sshd[1413992]: Connection closed by invalid user wangfeng 130.12.181.102 port 58482 [preauth]
Apr  5 11:20:26 cls sshd[1414035]: Invalid user zhoulei from 206.123.145.55 port 4110
Apr  5 11:20:29 cls sshd[1414035]: pam_unix(sshd:auth): check pass; user unknown
