Apr  5 05:38:00 cls sshd[1388623]: pam_unix(sshd:auth): authentication failure; logname= uid=0 euid=0 tty=ssh ruser= rhost=206.123.145.75 
Apr  5 05:38:00 cls sshd[1388620]: Connection closed by invalid user hanfei 206.123.145.74 port 21828 [preauth]
Apr  5 05:38:01 cls sshd[1388623]: Failed password for invalid user redhat from 206.123.145.75 port 62312 ssh2
Apr  5 05:38:02 cls sshd[1388627]: pam_unix(sshd:auth): authentication failure; logname= uid=0 euid=0 tty=ssh ruser= rhost=206.123.145.72  user=root
Apr  5 05:38:05 cls sshd[1388627]: Failed password for root from 206.123.145.72 port 25216 ssh2
Apr  5 05:38:06 cls sshd[1388623]: Connection closed by invalid user redhat 206.123.145.75 port 62312 [preauth]
Apr  5 05:38:07 cls sshd[1388627]: Connection closed by authenticating user root 206.123.145.72 port 25216 [preauth]
Apr  5 05:38:26 cls sshd[1388635]: Invalid user bbp from 130.12.181.100 port 61428
Apr  5 05:38:28 cls sshd[1388635]: pam_unix(sshd:auth): check pass; user unknown
Apr  5 05:38:28 cls sshd[1388635]: pam_unix(sshd:auth): authentication failure; logname= uid=0 euid=0 tty=ssh ruser= rhost=130.12.181.100 
Apr  5 05:38:31 cls sshd[1388635]: Failed password for invalid user bbp from 130.12.181.100 port 61428 ssh2
Apr  5 05:38:34 cls sshd[1388635]: Connection closed by invalid user bbp 130.12.181.100 port 61428 [preauth]
Apr  5 05:39:01 cls CRON[1388693]: pam_unix(cron:session): session opened for user root by (uid=0)
Apr  5 05:39:01 cls CRON[1388693]: pam_unix(cron:session): session closed for user root
Apr  5 05:39:02 cls sshd[1388691]: Invalid user kasir99 from 206.123.145.51 port 52708
Apr  5 05:39:03 cls sshd[1388691]: pam_unix(sshd:auth): check pass; user unknown
Apr  5 05:39:03 cls sshd[1388691]: pam_unix(sshd:auth): authentication failure; logname= uid=0 euid=0 tty=ssh ruser= rhost=206.123.145.51 
Apr  5 05:39:05 cls sshd[1388691]: Failed password for invalid user kasir99 from 206.123.145.51 port 52708 ssh2
Apr  5 05:39:10 cls sshd[1388691]: Connection closed by invalid user kasir99 206.123.145.51 port 52708 [preauth]
Apr  5 05:39:27 cls sshd[1389075]: Invalid user kajal from 130.12.181.103 port 7370
Apr  5 05:39:30 cls sshd[1389075]: pam_unix(sshd:auth): check pass; user unknown
Apr  5 05:39:30 cls sshd[1389075]: pam_unix(sshd:auth): authentication failure; logname= uid=0 euid=0 tty=ssh ruser= rhost=130.12.181.103 
Apr  5 05:39:32 cls sshd[1389075]: Failed password for invalid user kajal from 130.12.181.103 port 7370 ssh2
Apr  5 05:39:35 cls sshd[1389075]: Connection closed by invalid user kajal 130.12.181.103 port 7370 [preauth]
Apr  5 05:40:11 cls sshd[1389107]: Invalid user gc from 130.12.181.107 port 9860
Apr  5 05:40:11 cls sshd[1389108]: Invalid user ccserver from 206.123.145.54 port 12636
Apr  5 05:40:12 cls sshd[1389108]: pam_unix(sshd:auth): check pass; user unknown
Apr  5 05:40:12 cls sshd[1389108]: pam_unix(sshd:auth): authentication failure; logname= uid=0 euid=0 tty=ssh ruser= rhost=206.123.145.54 
Apr  5 05:40:14 cls sshd[1389107]: pam_unix(sshd:auth): check pass; user unknown
Apr  5 05:40:14 cls sshd[1389107]: pam_unix(sshd:auth): authentication failure; logname= uid=0 euid=0 tty=ssh ruser= rhost=130.12.181.107 
Apr  5 05:40:14 cls sshd[1389108]: Failed password for invalid user ccserver from 206.123.145.54 port 12636 ssh2
Apr  5 05:40:16 cls sshd[1389107]: Failed password for invalid user gc from 130.12.181.107 port 9860 ssh2
Apr  5 05:40:17 cls sshd[1389108]: Connection closed by invalid user ccserver 206.123.145.54 port 12636 [preauth]
Apr  5 05:40:19 cls sshd[1389107]: Connection closed by invalid user gc 130.12.181.107 port 9860 [preauth]
Apr  5 05:40:22 cls sshd[1389111]: Invalid user teste from 206.123.145.70 port 40218
Apr  5 05:40:23 cls sshd[1389111]: pam_unix(sshd:auth): check pass; user unknown
Apr  5 05:40:23 cls sshd[1389111]: pam_unix(sshd:auth): authentication failure; logname= uid=0 euid=0 tty=ssh ruser= rhost=206.123.145.70 
Apr  5 05:40:25 cls sshd[1389111]: Failed password for invalid user teste from 206.123.145.70 port 40218 ssh2
Apr  5 05:40:28 cls sshd[1389111]: Connection closed by invalid user teste 206.123.145.70 port 40218 [preauth]
Apr  5 05:40:40 cls sshd[1389143]: Invalid user antheunis from 130.12.181.108 port 17326
Apr  5 05:40:43 cls sshd[1389143]: pam_unix(sshd:auth): check pass; user unknown
Apr  5 05:40:43 cls sshd[1389143]: pam_unix(sshd:auth): authentication failure; logname= uid=0 euid=0 tty=ssh ruser= rhost=130.12.181.108 
Apr  5 05:40:45 cls sshd[1389143]: Failed password for invalid user antheunis from 130.12.181.108 port 17326 ssh2
Apr  5 05:40:48 cls sshd[1389143]: Connection closed by invalid user antheunis 130.12.181.108 port 17326 [preauth]
Apr  5 05:41:02 cls sshd[1389145]: Invalid user wangxiaolong from 206.123.145.56 port 49344
Apr  5 05:41:04 cls sshd[1389145]: pam_unix(sshd:auth): check pass; user unknown
Apr  5 05:41:04 cls sshd[1389145]: pam_unix(sshd:auth): authentication failure; logname= uid=0 euid=0 tty=ssh ruser= rhost=206.123.145.56 
Apr  5 05:41:06 cls sshd[1389145]: Failed password for invalid user wangxiaolong from 206.123.145.56 port 49344 ssh2
Apr  5 05:41:09 cls sshd[1389145]: Connection closed by invalid user wangxiaolong 206.123.145.56 port 49344 [preauth]
Apr  5 05:41:33 cls sshd[1389159]: Invalid user jos from 130.12.181.97 port 41508
Apr  5 05:41:35 cls sshd[1389159]: pam_unix(sshd:auth): check pass; user unknown
Apr  5 05:41:35 cls sshd[1389159]: pam_unix(sshd:auth): authentication failure; logname= uid=0 euid=0 tty=ssh ruser= rhost=130.12.181.97 
Apr  5 05:41:37 cls sshd[1389159]: Failed password for invalid user jos from 130.12.181.97 port 41508 ssh2
Apr  5 05:41:39 cls sshd[1389159]: Connection closed by invalid user jos 130.12.181.97 port 41508 [preauth]
Apr  5 05:42:24 cls sshd[1389195]: Invalid user huhu from 130.12.181.102 port 20476
Apr  5 05:42:27 cls sshd[1389195]: pam_unix(sshd:auth): check pass; user unknown
Apr  5 05:42:27 cls sshd[1389195]: pam_unix(sshd:auth): authentication failure; logname= uid=0 euid=0 tty=ssh ruser= rhost=130.12.181.102 
Apr  5 05:42:29 cls sshd[1389195]: Failed password for invalid user huhu from 130.12.181.102 port 20476 ssh2
Apr  5 05:42:34 cls sshd[1389195]: Connection closed by invalid user huhu 130.12.181.102 port 20476 [preauth]
Apr  5 05:42:53 cls sshd[1389241]: pam_unix(sshd:auth): authentication failure; logname= uid=0 euid=0 tty=ssh ruser= rhost=206.123.145.79  user=root
Apr  5 05:42:54 cls sshd[1389241]: Failed password for root from 206.123.145.79 port 12338 ssh2
Apr  5 05:42:59 cls sshd[1389241]: Connection closed by authenticating user root 206.123.145.79 port 12338 [preauth]
Apr  5 05:43:12 cls sshd[1389253]: Invalid user eedsykt from 206.123.145.55 port 44088
Apr  5 05:43:14 cls sshd[1389253]: pam_unix(sshd:auth): check pass; user unknown
Apr  5 05:43:14 cls sshd[1389253]: pam_unix(sshd:auth): authentication failure; logname= uid=0 euid=0 tty=ssh ruser= rhost=206.123.145.55 
Apr  5 05:43:16 cls sshd[1389253]: Failed password for invalid user eedsykt from 206.123.145.55 port 44088 ssh2
Apr  5 05:43:17 cls sshd[1389255]: Invalid user gnw from 206.123.145.69 port 62658
Apr  5 05:43:18 cls sshd[1389255]: pam_unix(sshd:auth): check pass; user unknown
Apr  5 05:43:18 cls sshd[1389255]: pam_unix(sshd:auth): authentication failure; logname= uid=0 euid=0 tty=ssh ruser= rhost=206.123.145.69 
Apr  5 05:43:19 cls sshd[1389253]: Connection closed by invalid user eedsykt 206.123.145.55 port 44088 [preauth]
Apr  5 05:43:20 cls sshd[1389255]: Failed password for invalid user gnw from 206.123.145.69 port 62658 ssh2
Apr  5 05:43:24 cls sshd[1389255]: Connection closed by invalid user gnw 206.123.145.69 port 62658 [preauth]
Apr  5 05:43:54 cls sshd[1389297]: Invalid user yanwei from 206.123.145.20 port 31926
Apr  5 05:43:55 cls sshd[1389297]: pam_unix(sshd:auth): check pass; user unknown
Apr  5 05:43:55 cls sshd[1389297]: pam_unix(sshd:auth): authentication failure; logname= uid=0 euid=0 tty=ssh ruser= rhost=206.123.145.20 
Apr  5 05:43:57 cls sshd[1389297]: Failed password for invalid user yanwei from 206.123.145.20 port 31926 ssh2
Apr  5 05:44:00 cls sshd[1389299]: Invalid user ldy from 206.123.145.71 port 30678
Apr  5 05:44:00 cls sshd[1389297]: Connection closed by invalid user yanwei 206.123.145.20 port 31926 [preauth]
Apr  5 05:44:02 cls sshd[1389300]: Invalid user asn from 130.12.181.104 port 47092
Apr  5 05:44:02 cls sshd[1389303]: Invalid user apache2 from 130.12.181.98 port 58810
Apr  5 05:44:02 cls sshd[1389299]: pam_unix(sshd:auth): check pass; user unknown
Apr  5 05:44:02 cls sshd[1389299]: pam_unix(sshd:auth): authentication failure; logname= uid=0 euid=0 tty=ssh ruser= rhost=206.123.145.71 
Apr  5 05:44:04 cls sshd[1389300]: pam_unix(sshd:auth): check pass; user unknown
Apr  5 05:44:04 cls sshd[1389300]: pam_unix(sshd:auth): authentication failure; logname= uid=0 euid=0 tty=ssh ruser= rhost=130.12.181.104 
Apr  5 05:44:04 cls sshd[1389299]: Failed password for invalid user ldy from 206.123.145.71 port 30678 ssh2
Apr  5 05:44:04 cls sshd[1389303]: pam_unix(sshd:auth): check pass; user unknown
Apr  5 05:44:04 cls sshd[1389303]: pam_unix(sshd:auth): authentication failure; logname= uid=0 euid=0 tty=ssh ruser= rhost=130.12.181.98 
Apr  5 05:44:06 cls sshd[1389300]: Failed password for invalid user asn from 130.12.181.104 port 47092 ssh2
Apr  5 05:44:07 cls sshd[1389299]: Connection closed by invalid user ldy 206.123.145.71 port 30678 [preauth]
Apr  5 05:44:07 cls sshd[1389303]: Failed password for invalid user apache2 from 130.12.181.98 port 58810 ssh2
Apr  5 05:44:11 cls sshd[1389300]: Connection closed by invalid user asn 130.12.181.104 port 47092 [preauth]
Apr  5 05:44:11 cls sshd[1389303]: Connection closed by invalid user apache2 130.12.181.98 port 58810 [preauth]
Apr  5 05:44:27 cls sshd[1389305]: Invalid user nncao from 206.123.145.50 port 14950
Apr  5 05:44:28 cls sshd[1389306]: Invalid user ftpfile from 206.123.145.49 port 52046
Apr  5 05:44:29 cls sshd[1389306]: pam_unix(sshd:auth): check pass; user unknown
Apr  5 05:44:29 cls sshd[1389306]: pam_unix(sshd:auth): authentication failure; logname= uid=0 euid=0 tty=ssh ruser= rhost=206.123.145.49 
Apr  5 05:44:30 cls sshd[1389305]: pam_unix(sshd:auth): check pass; user unknown
Apr  5 05:44:30 cls sshd[1389305]: pam_unix(sshd:auth): authentication failure; logname= uid=0 euid=0 tty=ssh ruser= rhost=206.123.145.50 
Apr  5 05:44:31 cls sshd[1389306]: Failed password for invalid user ftpfile from 206.123.145.49 port 52046 ssh2
Apr  5 05:44:32 cls sshd[1389305]: Failed password for invalid user nncao from 206.123.145.50 port 14950 ssh2
Apr  5 05:44:33 cls sshd[1389306]: Connection closed by invalid user ftpfile 206.123.145.49 port 52046 [preauth]
Apr  5 05:44:34 cls sshd[1389305]: Connection closed by invalid user nncao 206.123.145.50 port 14950 [preauth]
Apr  5 05:44:39 cls sshd[1389353]: Invalid user yarn-ats from 206.123.145.52 port 11780
Apr  5 05:44:41 cls sshd[1389353]: pam_unix(sshd:auth): check pass; user unknown
Apr  5 05:44:41 cls sshd[1389353]: pam_unix(sshd:auth): authentication failure; logname= uid=0 euid=0 tty=ssh ruser= rhost=206.123.145.52 
Apr  5 05:44:43 cls sshd[1389353]: Failed password for invalid user yarn-ats from 206.123.145.52 port 11780 ssh2
Apr  5 05:44:48 cls sshd[1389353]: Connection closed by invalid user yarn-ats 206.123.145.52 port 11780 [preauth]
Apr  5 05:44:48 cls sshd[1389357]: Invalid user geshy from 206.123.145.73 port 30670
Apr  5 05:44:50 cls sshd[1389357]: pam_unix(sshd:auth): check pass; user unknown
Apr  5 05:44:50 cls sshd[1389357]: pam_unix(sshd:auth): authentication failure; logname= uid=0 euid=0 tty=ssh ruser= rhost=206.123.145.73 
Apr  5 05:44:53 cls sshd[1389357]: Failed password for invalid user geshy from 206.123.145.73 port 30670 ssh2
Apr  5 05:44:56 cls sshd[1389357]: Connection closed by invalid user geshy 206.123.145.73 port 30670 [preauth]
Apr  5 05:44:56 cls sshd[1389359]: Invalid user mtt from 206.123.145.46 port 15482
Apr  5 05:44:59 cls sshd[1389359]: pam_unix(sshd:auth): check pass; user unknown
Apr  5 05:44:59 cls sshd[1389359]: pam_unix(sshd:auth): authentication failure; logname= uid=0 euid=0 tty=ssh ruser= rhost=206.123.145.46 
Apr  5 05:45:01 cls sshd[1389359]: Failed password for invalid user mtt from 206.123.145.46 port 15482 ssh2
Apr  5 05:45:03 cls sshd[1389359]: Connection closed by invalid user mtt 206.123.145.46 port 15482 [preauth]
Apr  5 05:45:15 cls sshd[1389361]: Invalid user wangzongtao from 130.12.181.99 port 59476
Apr  5 05:45:17 cls sshd[1389361]: pam_unix(sshd:auth): check pass; user unknown
Apr  5 05:45:17 cls sshd[1389361]: pam_unix(sshd:auth): authentication failure; logname= uid=0 euid=0 tty=ssh ruser= rhost=130.12.181.99 
Apr  5 05:45:19 cls sshd[1389361]: Failed password for invalid user wangzongtao from 130.12.181.99 port 59476 ssh2
Apr  5 05:45:23 cls sshd[1389361]: Connection closed by invalid user wangzongtao 130.12.181.99 port 59476 [preauth]
Apr  5 05:45:38 cls sshd[1389377]: Invalid user geoeast2 from 206.123.145.53 port 2522
Apr  5 05:45:40 cls sshd[1389377]: pam_unix(sshd:auth): check pass; user unknown
Apr  5 05:45:40 cls sshd[1389377]: pam_unix(sshd:auth): authentication failure; logname= uid=0 euid=0 tty=ssh ruser= rhost=206.123.145.53 
Apr  5 05:45:42 cls sshd[1389377]: Failed password for invalid user geoeast2 from 206.123.145.53 port 2522 ssh2
Apr  5 05:45:45 cls sshd[1389377]: Connection closed by invalid user geoeast2 206.123.145.53 port 2522 [preauth]
Apr  5 05:45:53 cls sshd[1389404]: Invalid user mthuang from 130.12.181.105 port 34414
Apr  5 05:45:55 cls sshd[1389404]: pam_unix(sshd:auth): check pass; user unknown
Apr  5 05:45:55 cls sshd[1389404]: pam_unix(sshd:auth): authentication failure; logname= uid=0 euid=0 tty=ssh ruser= rhost=130.12.181.105 
Apr  5 05:45:57 cls sshd[1389404]: Failed password for invalid user mthuang from 130.12.181.105 port 34414 ssh2
Apr  5 05:45:58 cls sshd[1389406]: Invalid user chenms from 206.123.145.48 port 58534
Apr  5 05:45:58 cls sshd[1389408]: Invalid user lisk from 206.123.145.77 port 14032
Apr  5 05:46:00 cls sshd[1389404]: Connection closed by invalid user mthuang 130.12.181.105 port 34414 [preauth]
Apr  5 05:46:00 cls sshd[1389406]: pam_unix(sshd:auth): check pass; user unknown
Apr  5 05:46:00 cls sshd[1389406]: pam_unix(sshd:auth): authentication failure; logname= uid=0 euid=0 tty=ssh ruser= rhost=206.123.145.48 
Apr  5 05:46:00 cls sshd[1389408]: pam_unix(sshd:auth): check pass; user unknown
Apr  5 05:46:00 cls sshd[1389408]: pam_unix(sshd:auth): authentication failure; logname= uid=0 euid=0 tty=ssh ruser= rhost=206.123.145.77 
Apr  5 05:46:02 cls sshd[1389406]: Failed password for invalid user chenms from 206.123.145.48 port 58534 ssh2
Apr  5 05:46:02 cls sshd[1389408]: Failed password for invalid user lisk from 206.123.145.77 port 14032 ssh2
Apr  5 05:46:04 cls sshd[1389406]: Connection closed by invalid user chenms 206.123.145.48 port 58534 [preauth]
Apr  5 05:46:06 cls sshd[1389408]: Connection closed by invalid user lisk 206.123.145.77 port 14032 [preauth]
Apr  5 05:46:13 cls sshd[1389410]: pam_unix(sshd:auth): authentication failure; logname= uid=0 euid=0 tty=ssh ruser= rhost=187.45.95.66  user=root
Apr  5 05:46:15 cls sshd[1389410]: Failed password for root from 187.45.95.66 port 50640 ssh2
Apr  5 05:46:16 cls sshd[1389410]: Received disconnect from 187.45.95.66 port 50640:11: Bye Bye [preauth]
Apr  5 05:46:16 cls sshd[1389410]: Disconnected from authenticating user root 187.45.95.66 port 50640 [preauth]
Apr  5 05:46:28 cls sshd[1389412]: pam_unix(sshd:auth): authentication failure; logname= uid=0 euid=0 tty=ssh ruser= rhost=206.123.145.78  user=root
Apr  5 05:46:28 cls sshd[1389414]: Invalid user topography from 130.12.181.106 port 24162
Apr  5 05:46:30 cls sshd[1389412]: Failed password for root from 206.123.145.78 port 53990 ssh2
Apr  5 05:46:31 cls sshd[1389414]: pam_unix(sshd:auth): check pass; user unknown
Apr  5 05:46:31 cls sshd[1389414]: pam_unix(sshd:auth): authentication failure; logname= uid=0 euid=0 tty=ssh ruser= rhost=130.12.181.106 
Apr  5 05:46:32 cls sshd[1389414]: Failed password for invalid user topography from 130.12.181.106 port 24162 ssh2
Apr  5 05:46:33 cls sshd[1389412]: Connection closed by authenticating user root 206.123.145.78 port 53990 [preauth]
Apr  5 05:46:33 cls sshd[1389422]: Invalid user vyos from 130.12.181.101 port 13822
Apr  5 05:46:36 cls sshd[1389414]: Connection closed by invalid user topography 130.12.181.106 port 24162 [preauth]
Apr  5 05:46:36 cls sshd[1389422]: pam_unix(sshd:auth): check pass; user unknown
Apr  5 05:46:36 cls sshd[1389422]: pam_unix(sshd:auth): authentication failure; logname= uid=0 euid=0 tty=ssh ruser= rhost=130.12.181.101 
Apr  5 05:46:38 cls sshd[1389422]: Failed password for invalid user vyos from 130.12.181.101 port 13822 ssh2
Apr  5 05:46:40 cls sshd[1389452]: Invalid user cubrid from 82.64.38.234 port 55944
Apr  5 05:46:40 cls sshd[1389452]: pam_unix(sshd:auth): check pass; user unknown
Apr  5 05:46:40 cls sshd[1389452]: pam_unix(sshd:auth): authentication failure; logname= uid=0 euid=0 tty=ssh ruser= rhost=82.64.38.234 
Apr  5 05:46:41 cls sshd[1389422]: Connection closed by invalid user vyos 130.12.181.101 port 13822 [preauth]
Apr  5 05:46:42 cls sshd[1389452]: Failed password for invalid user cubrid from 82.64.38.234 port 55944 ssh2
Apr  5 05:46:42 cls sshd[1389452]: Received disconnect from 82.64.38.234 port 55944:11: Bye Bye [preauth]
Apr  5 05:46:42 cls sshd[1389452]: Disconnected from invalid user cubrid 82.64.38.234 port 55944 [preauth]
Apr  5 05:46:46 cls sshd[1389450]: Invalid user da.li from 130.12.181.109 port 16582
Apr  5 05:46:48 cls sshd[1389450]: pam_unix(sshd:auth): check pass; user unknown
Apr  5 05:46:48 cls sshd[1389450]: pam_unix(sshd:auth): authentication failure; logname= uid=0 euid=0 tty=ssh ruser= rhost=130.12.181.109 
Apr  5 05:46:50 cls sshd[1389450]: Failed password for invalid user da.li from 130.12.181.109 port 16582 ssh2
Apr  5 05:46:54 cls sshd[1389456]: Invalid user n8n from 181.23.114.57 port 41550
Apr  5 05:46:54 cls sshd[1389456]: pam_unix(sshd:auth): check pass; user unknown
Apr  5 05:46:54 cls sshd[1389456]: pam_unix(sshd:auth): authentication failure; logname= uid=0 euid=0 tty=ssh ruser= rhost=181.23.114.57 
Apr  5 05:46:54 cls sshd[1389450]: Connection closed by invalid user da.li 130.12.181.109 port 16582 [preauth]
Apr  5 05:46:55 cls sshd[1389456]: Failed password for invalid user n8n from 181.23.114.57 port 41550 ssh2
Apr  5 05:46:56 cls sshd[1389456]: Received disconnect from 181.23.114.57 port 41550:11: Bye Bye [preauth]
Apr  5 05:46:56 cls sshd[1389456]: Disconnected from invalid user n8n 181.23.114.57 port 41550 [preauth]
Apr  5 05:46:57 cls sshd[1389454]: Invalid user xdjamonitor from 206.123.145.76 port 6844
Apr  5 05:46:58 cls sshd[1389454]: pam_unix(sshd:auth): check pass; user unknown
Apr  5 05:46:58 cls sshd[1389454]: pam_unix(sshd:auth): authentication failure; logname= uid=0 euid=0 tty=ssh ruser= rhost=206.123.145.76 
Apr  5 05:47:01 cls sshd[1389454]: Failed password for invalid user xdjamonitor from 206.123.145.76 port 6844 ssh2
Apr  5 05:47:01 cls sshd[1389458]: Invalid user srvadmin from 206.123.145.57 port 24848
Apr  5 05:47:04 cls sshd[1389454]: Connection closed by invalid user xdjamonitor 206.123.145.76 port 6844 [preauth]
Apr  5 05:47:04 cls sshd[1389458]: pam_unix(sshd:auth): check pass; user unknown
Apr  5 05:47:04 cls sshd[1389458]: pam_unix(sshd:auth): authentication failure; logname= uid=0 euid=0 tty=ssh ruser= rhost=206.123.145.57 
Apr  5 05:47:06 cls sshd[1389458]: Failed password for invalid user srvadmin from 206.123.145.57 port 24848 ssh2
Apr  5 05:47:10 cls sshd[1389458]: Connection closed by invalid user srvadmin 206.123.145.57 port 24848 [preauth]
Apr  5 05:47:12 cls sshd[1389460]: Invalid user zhaotianyi from 206.123.145.75 port 20766
Apr  5 05:47:13 cls sshd[1389460]: pam_unix(sshd:auth): check pass; user unknown
Apr  5 05:47:13 cls sshd[1389460]: pam_unix(sshd:auth): authentication failure; logname= uid=0 euid=0 tty=ssh ruser= rhost=206.123.145.75 
Apr  5 05:47:15 cls sshd[1389460]: Failed password for invalid user zhaotianyi from 206.123.145.75 port 20766 ssh2
Apr  5 05:47:18 cls sshd[1389460]: Connection closed by invalid user zhaotianyi 206.123.145.75 port 20766 [preauth]
Apr  5 05:47:23 cls sshd[1389463]: Invalid user caoyong from 206.123.145.74 port 22796
Apr  5 05:47:24 cls sshd[1389463]: pam_unix(sshd:auth): check pass; user unknown
Apr  5 05:47:24 cls sshd[1389463]: pam_unix(sshd:auth): authentication failure; logname= uid=0 euid=0 tty=ssh ruser= rhost=206.123.145.74 
Apr  5 05:47:25 cls sshd[1389462]: Invalid user jlzheng from 130.12.181.100 port 39918
Apr  5 05:47:26 cls sshd[1389463]: Failed password for invalid user caoyong from 206.123.145.74 port 22796 ssh2
Apr  5 05:47:27 cls sshd[1389462]: pam_unix(sshd:auth): check pass; user unknown
Apr  5 05:47:27 cls sshd[1389462]: pam_unix(sshd:auth): authentication failure; logname= uid=0 euid=0 tty=ssh ruser= rhost=130.12.181.100 
Apr  5 05:47:29 cls sshd[1389462]: Failed password for invalid user jlzheng from 130.12.181.100 port 39918 ssh2
Apr  5 05:47:30 cls sshd[1389463]: Connection closed by invalid user caoyong 206.123.145.74 port 22796 [preauth]
Apr  5 05:47:31 cls sshd[1389462]: Connection closed by invalid user jlzheng 130.12.181.100 port 39918 [preauth]
Apr  5 05:47:46 cls sshd[1389498]: pam_unix(sshd:auth): authentication failure; logname= uid=0 euid=0 tty=ssh ruser= rhost=206.123.145.72  user=root
Apr  5 05:47:48 cls sshd[1389498]: Failed password for root from 206.123.145.72 port 31016 ssh2
Apr  5 05:47:50 cls sshd[1389498]: Connection closed by authenticating user root 206.123.145.72 port 31016 [preauth]
Apr  5 05:48:05 cls sshd[1389507]: pam_unix(sshd:auth): authentication failure; logname= uid=0 euid=0 tty=ssh ruser= rhost=130.12.181.103  user=root
Apr  5 05:48:07 cls sshd[1389507]: Failed password for root from 130.12.181.103 port 20116 ssh2
Apr  5 05:48:10 cls sshd[1389507]: Connection closed by authenticating user root 130.12.181.103 port 20116 [preauth]
Apr  5 05:48:31 cls sshd[1389514]: Invalid user sfyang from 206.123.145.51 port 45280
Apr  5 05:48:33 cls sshd[1389514]: pam_unix(sshd:auth): check pass; user unknown
Apr  5 05:48:33 cls sshd[1389514]: pam_unix(sshd:auth): authentication failure; logname= uid=0 euid=0 tty=ssh ruser= rhost=206.123.145.51 
Apr  5 05:48:35 cls sshd[1389514]: Failed password for invalid user sfyang from 206.123.145.51 port 45280 ssh2
Apr  5 05:48:37 cls sshd[1389514]: Connection closed by invalid user sfyang 206.123.145.51 port 45280 [preauth]
Apr  5 05:49:02 cls sshd[1389567]: Invalid user dev from 130.12.181.107 port 27254
Apr  5 05:49:04 cls sshd[1389567]: pam_unix(sshd:auth): check pass; user unknown
Apr  5 05:49:04 cls sshd[1389567]: pam_unix(sshd:auth): authentication failure; logname= uid=0 euid=0 tty=ssh ruser= rhost=130.12.181.107 
Apr  5 05:49:07 cls sshd[1389567]: Failed password for invalid user dev from 130.12.181.107 port 27254 ssh2
Apr  5 05:49:10 cls sshd[1389567]: Connection closed by invalid user dev 130.12.181.107 port 27254 [preauth]
Apr  5 05:49:20 cls sshd[1389569]: Invalid user gzh from 206.123.145.54 port 55340
Apr  5 05:49:21 cls sshd[1389569]: pam_unix(sshd:auth): check pass; user unknown
Apr  5 05:49:21 cls sshd[1389569]: pam_unix(sshd:auth): authentication failure; logname= uid=0 euid=0 tty=ssh ruser= rhost=206.123.145.54 
Apr  5 05:49:23 cls sshd[1389570]: Invalid user huangyunfei from 130.12.181.108 port 1480
Apr  5 05:49:24 cls sshd[1389569]: Failed password for invalid user gzh from 206.123.145.54 port 55340 ssh2
Apr  5 05:49:25 cls sshd[1389570]: pam_unix(sshd:auth): check pass; user unknown
Apr  5 05:49:25 cls sshd[1389570]: pam_unix(sshd:auth): authentication failure; logname= uid=0 euid=0 tty=ssh ruser= rhost=130.12.181.108 
Apr  5 05:49:27 cls sshd[1389570]: Failed password for invalid user huangyunfei from 130.12.181.108 port 1480 ssh2
Apr  5 05:49:28 cls sshd[1389569]: Connection closed by invalid user gzh 206.123.145.54 port 55340 [preauth]
Apr  5 05:49:30 cls sshd[1389570]: Connection closed by invalid user huangyunfei 130.12.181.108 port 1480 [preauth]
Apr  5 05:50:07 cls sshd[1389604]: Invalid user lwei from 206.123.145.56 port 12352
Apr  5 05:50:08 cls sshd[1389603]: Invalid user cphuang from 206.123.145.70 port 61066
Apr  5 05:50:08 cls sshd[1389604]: pam_unix(sshd:auth): check pass; user unknown
Apr  5 05:50:08 cls sshd[1389604]: pam_unix(sshd:auth): authentication failure; logname= uid=0 euid=0 tty=ssh ruser= rhost=206.123.145.56 
Apr  5 05:50:10 cls sshd[1389603]: pam_unix(sshd:auth): check pass; user unknown
Apr  5 05:50:10 cls sshd[1389603]: pam_unix(sshd:auth): authentication failure; logname= uid=0 euid=0 tty=ssh ruser= rhost=206.123.145.70 
Apr  5 05:50:11 cls sshd[1389604]: Failed password for invalid user lwei from 206.123.145.56 port 12352 ssh2
Apr  5 05:50:12 cls sshd[1389603]: Failed password for invalid user cphuang from 206.123.145.70 port 61066 ssh2
Apr  5 05:50:14 cls sshd[1389604]: Connection closed by invalid user lwei 206.123.145.56 port 12352 [preauth]
Apr  5 05:50:15 cls sshd[1389603]: Connection closed by invalid user cphuang 206.123.145.70 port 61066 [preauth]
Apr  5 05:50:30 cls sshd[1389607]: Invalid user ykpark from 130.12.181.97 port 24874
Apr  5 05:50:32 cls sshd[1389607]: pam_unix(sshd:auth): check pass; user unknown
Apr  5 05:50:32 cls sshd[1389607]: pam_unix(sshd:auth): authentication failure; logname= uid=0 euid=0 tty=ssh ruser= rhost=130.12.181.97 
Apr  5 05:50:35 cls sshd[1389607]: Failed password for invalid user ykpark from 130.12.181.97 port 24874 ssh2
Apr  5 05:50:38 cls sshd[1389607]: Connection closed by invalid user ykpark 130.12.181.97 port 24874 [preauth]
Apr  5 05:51:00 cls sshd[1389633]: Invalid user shaopengyang from 130.12.181.98 port 53610
Apr  5 05:51:02 cls sshd[1389633]: pam_unix(sshd:auth): check pass; user unknown
Apr  5 05:51:02 cls sshd[1389633]: pam_unix(sshd:auth): authentication failure; logname= uid=0 euid=0 tty=ssh ruser= rhost=130.12.181.98 
Apr  5 05:51:03 cls sshd[1389633]: Failed password for invalid user shaopengyang from 130.12.181.98 port 53610 ssh2
Apr  5 05:51:05 cls sshd[1389633]: Connection closed by invalid user shaopengyang 130.12.181.98 port 53610 [preauth]
Apr  5 05:51:22 cls sshd[1389635]: pam_unix(sshd:auth): authentication failure; logname= uid=0 euid=0 tty=ssh ruser= rhost=130.12.181.102  user=root
Apr  5 05:51:24 cls sshd[1389635]: Failed password for root from 130.12.181.102 port 21244 ssh2
Apr  5 05:51:27 cls sshd[1389635]: Connection closed by authenticating user root 130.12.181.102 port 21244 [preauth]
Apr  5 05:51:37 cls sshd[1389683]: pam_unix(sshd:auth): authentication failure; logname= uid=0 euid=0 tty=ssh ruser= rhost=34.78.29.97  user=ubuntu
Apr  5 05:51:38 cls sshd[1389683]: Failed password for ubuntu from 34.78.29.97 port 37704 ssh2
Apr  5 05:51:39 cls sshd[1389683]: Received disconnect from 34.78.29.97 port 37704:11: Bye Bye [preauth]
Apr  5 05:51:39 cls sshd[1389683]: Disconnected from authenticating user ubuntu 34.78.29.97 port 37704 [preauth]
Apr  5 05:52:11 cls sshd[1389689]: Invalid user yaocheng from 206.123.145.79 port 54378
Apr  5 05:52:13 cls sshd[1389689]: pam_unix(sshd:auth): check pass; user unknown
Apr  5 05:52:13 cls sshd[1389689]: pam_unix(sshd:auth): authentication failure; logname= uid=0 euid=0 tty=ssh ruser= rhost=206.123.145.79 
Apr  5 05:52:15 cls sshd[1389689]: Failed password for invalid user yaocheng from 206.123.145.79 port 54378 ssh2
Apr  5 05:52:17 cls sshd[1389689]: Connection closed by invalid user yaocheng 206.123.145.79 port 54378 [preauth]
Apr  5 05:52:18 cls sshd[1389690]: Invalid user connie from 206.123.145.55 port 60836
Apr  5 05:52:19 cls sshd[1389690]: pam_unix(sshd:auth): check pass; user unknown
Apr  5 05:52:19 cls sshd[1389690]: pam_unix(sshd:auth): authentication failure; logname= uid=0 euid=0 tty=ssh ruser= rhost=206.123.145.55 
Apr  5 05:52:20 cls sshd[1389690]: Failed password for invalid user connie from 206.123.145.55 port 60836 ssh2
Apr  5 05:52:21 cls sshd[1389690]: Connection closed by invalid user connie 206.123.145.55 port 60836 [preauth]
Apr  5 05:52:38 cls sshd[1389699]: Invalid user elaine from 206.123.145.69 port 55074
Apr  5 05:52:41 cls sshd[1389699]: pam_unix(sshd:auth): check pass; user unknown
Apr  5 05:52:41 cls sshd[1389699]: pam_unix(sshd:auth): authentication failure; logname= uid=0 euid=0 tty=ssh ruser= rhost=206.123.145.69 
Apr  5 05:52:43 cls sshd[1389699]: Failed password for invalid user elaine from 206.123.145.69 port 55074 ssh2
Apr  5 05:52:45 cls sshd[1389699]: Connection closed by invalid user elaine 206.123.145.69 port 55074 [preauth]
Apr  5 05:52:53 cls sshd[1389742]: Invalid user aytc from 130.12.181.104 port 8394
Apr  5 05:52:55 cls sshd[1389742]: pam_unix(sshd:auth): check pass; user unknown
Apr  5 05:52:55 cls sshd[1389742]: pam_unix(sshd:auth): authentication failure; logname= uid=0 euid=0 tty=ssh ruser= rhost=130.12.181.104 
Apr  5 05:52:55 cls sshd[1389743]: Invalid user gandalf from 206.123.145.20 port 56886
Apr  5 05:52:57 cls sshd[1389743]: pam_unix(sshd:auth): check pass; user unknown
Apr  5 05:52:57 cls sshd[1389743]: pam_unix(sshd:auth): authentication failure; logname= uid=0 euid=0 tty=ssh ruser= rhost=206.123.145.20 
Apr  5 05:52:57 cls sshd[1389742]: Failed password for invalid user aytc from 130.12.181.104 port 8394 ssh2
Apr  5 05:52:59 cls sshd[1389743]: Failed password for invalid user gandalf from 206.123.145.20 port 56886 ssh2
Apr  5 05:53:01 cls sshd[1389742]: Connection closed by invalid user aytc 130.12.181.104 port 8394 [preauth]
Apr  5 05:53:02 cls sshd[1389743]: Connection closed by invalid user gandalf 206.123.145.20 port 56886 [preauth]
Apr  5 05:53:23 cls sshd[1389749]: Invalid user yuj from 206.123.145.50 port 3450
Apr  5 05:53:25 cls sshd[1389749]: pam_unix(sshd:auth): check pass; user unknown
Apr  5 05:53:25 cls sshd[1389749]: pam_unix(sshd:auth): authentication failure; logname= uid=0 euid=0 tty=ssh ruser= rhost=206.123.145.50 
Apr  5 05:53:27 cls sshd[1389749]: Failed password for invalid user yuj from 206.123.145.50 port 3450 ssh2
Apr  5 05:53:29 cls sshd[1389749]: Connection closed by invalid user yuj 206.123.145.50 port 3450 [preauth]
Apr  5 05:53:29 cls sshd[1389763]: pam_unix(sshd:auth): authentication failure; logname= uid=0 euid=0 tty=ssh ruser= rhost=82.64.38.234  user=root
Apr  5 05:53:32 cls sshd[1389763]: Failed password for root from 82.64.38.234 port 33180 ssh2
Apr  5 05:53:32 cls sshd[1389763]: Received disconnect from 82.64.38.234 port 33180:11: Bye Bye [preauth]
Apr  5 05:53:32 cls sshd[1389763]: Disconnected from authenticating user root 82.64.38.234 port 33180 [preauth]
Apr  5 05:53:33 cls sshd[1389753]: Invalid user kmx from 206.123.145.49 port 60484
Apr  5 05:53:36 cls sshd[1389755]: Invalid user htmldoc from 206.123.145.71 port 58632
Apr  5 05:53:36 cls sshd[1389753]: pam_unix(sshd:auth): check pass; user unknown
Apr  5 05:53:36 cls sshd[1389753]: pam_unix(sshd:auth): authentication failure; logname= uid=0 euid=0 tty=ssh ruser= rhost=206.123.145.49 
Apr  5 05:53:38 cls sshd[1389753]: Failed password for invalid user kmx from 206.123.145.49 port 60484 ssh2
Apr  5 05:53:38 cls sshd[1389755]: pam_unix(sshd:auth): check pass; user unknown
Apr  5 05:53:38 cls sshd[1389755]: pam_unix(sshd:auth): authentication failure; logname= uid=0 euid=0 tty=ssh ruser= rhost=206.123.145.71 
Apr  5 05:53:40 cls sshd[1389755]: Failed password for invalid user htmldoc from 206.123.145.71 port 58632 ssh2
Apr  5 05:53:43 cls sshd[1389755]: Connection closed by invalid user htmldoc 206.123.145.71 port 58632 [preauth]
Apr  5 05:53:44 cls sshd[1389753]: Connection closed by invalid user kmx 206.123.145.49 port 60484 [preauth]
Apr  5 05:53:45 cls sshd[1389795]: Invalid user damondwang from 206.123.145.52 port 64374
Apr  5 05:53:47 cls sshd[1389795]: pam_unix(sshd:auth): check pass; user unknown
Apr  5 05:53:47 cls sshd[1389795]: pam_unix(sshd:auth): authentication failure; logname= uid=0 euid=0 tty=ssh ruser= rhost=206.123.145.52 
Apr  5 05:53:49 cls sshd[1389795]: Failed password for invalid user damondwang from 206.123.145.52 port 64374 ssh2
Apr  5 05:53:53 cls sshd[1389795]: Connection closed by invalid user damondwang 206.123.145.52 port 64374 [preauth]
Apr  5 05:54:09 cls sshd[1389797]: pam_unix(sshd:auth): authentication failure; logname= uid=0 euid=0 tty=ssh ruser= rhost=206.123.145.73  user=root
Apr  5 05:54:10 cls sshd[1389799]: Invalid user infranics from 130.12.181.99 port 8904
Apr  5 05:54:11 cls sshd[1389797]: Failed password for root from 206.123.145.73 port 17812 ssh2
Apr  5 05:54:12 cls sshd[1389799]: pam_unix(sshd:auth): check pass; user unknown
Apr  5 05:54:12 cls sshd[1389799]: pam_unix(sshd:auth): authentication failure; logname= uid=0 euid=0 tty=ssh ruser= rhost=130.12.181.99 
Apr  5 05:54:14 cls sshd[1389799]: Failed password for invalid user infranics from 130.12.181.99 port 8904 ssh2
Apr  5 05:54:14 cls sshd[1389797]: Connection closed by authenticating user root 206.123.145.73 port 17812 [preauth]
Apr  5 05:54:16 cls sshd[1389799]: Connection closed by invalid user infranics 130.12.181.99 port 8904 [preauth]
Apr  5 05:54:20 cls sshd[1389807]: Invalid user ftpuser from 34.78.29.97 port 36772
Apr  5 05:54:20 cls sshd[1389807]: pam_unix(sshd:auth): check pass; user unknown
Apr  5 05:54:20 cls sshd[1389807]: pam_unix(sshd:auth): authentication failure; logname= uid=0 euid=0 tty=ssh ruser= rhost=34.78.29.97 
Apr  5 05:54:22 cls sshd[1389807]: Failed password for invalid user ftpuser from 34.78.29.97 port 36772 ssh2
Apr  5 05:54:24 cls sshd[1389807]: Received disconnect from 34.78.29.97 port 36772:11: Bye Bye [preauth]
Apr  5 05:54:24 cls sshd[1389807]: Disconnected from invalid user ftpuser 34.78.29.97 port 36772 [preauth]
Apr  5 05:54:26 cls sshd[1389809]: Invalid user cod from 206.123.145.46 port 30740
Apr  5 05:54:29 cls sshd[1389809]: pam_unix(sshd:auth): check pass; user unknown
Apr  5 05:54:29 cls sshd[1389809]: pam_unix(sshd:auth): authentication failure; logname= uid=0 euid=0 tty=ssh ruser= rhost=206.123.145.46 
Apr  5 05:54:30 cls sshd[1389811]: Invalid user ftpuser from 187.45.95.66 port 14435
Apr  5 05:54:30 cls sshd[1389811]: pam_unix(sshd:auth): check pass; user unknown
Apr  5 05:54:30 cls sshd[1389811]: pam_unix(sshd:auth): authentication failure; logname= uid=0 euid=0 tty=ssh ruser= rhost=187.45.95.66 
Apr  5 05:54:31 cls sshd[1389809]: Failed password for invalid user cod from 206.123.145.46 port 30740 ssh2
Apr  5 05:54:32 cls sshd[1389811]: Failed password for invalid user ftpuser from 187.45.95.66 port 14435 ssh2
Apr  5 05:54:34 cls sshd[1389811]: Received disconnect from 187.45.95.66 port 14435:11: Bye Bye [preauth]
Apr  5 05:54:34 cls sshd[1389811]: Disconnected from invalid user ftpuser 187.45.95.66 port 14435 [preauth]
Apr  5 05:54:36 cls sshd[1389809]: Connection closed by invalid user cod 206.123.145.46 port 30740 [preauth]
Apr  5 05:54:49 cls sshd[1389844]: Invalid user guojy from 130.12.181.105 port 10384
Apr  5 05:54:50 cls sshd[1389850]: Invalid user pyk from 206.123.145.53 port 42746
Apr  5 05:54:51 cls sshd[1389844]: pam_unix(sshd:auth): check pass; user unknown
Apr  5 05:54:51 cls sshd[1389844]: pam_unix(sshd:auth): authentication failure; logname= uid=0 euid=0 tty=ssh ruser= rhost=130.12.181.105 
Apr  5 05:54:53 cls sshd[1389850]: pam_unix(sshd:auth): check pass; user unknown
Apr  5 05:54:53 cls sshd[1389850]: pam_unix(sshd:auth): authentication failure; logname= uid=0 euid=0 tty=ssh ruser= rhost=206.123.145.53 
Apr  5 05:54:53 cls sshd[1389844]: Failed password for invalid user guojy from 130.12.181.105 port 10384 ssh2
Apr  5 05:54:55 cls sshd[1389850]: Failed password for invalid user pyk from 206.123.145.53 port 42746 ssh2
Apr  5 05:54:56 cls sshd[1389844]: Connection closed by invalid user guojy 130.12.181.105 port 10384 [preauth]
Apr  5 05:54:58 cls sshd[1389850]: Connection closed by invalid user pyk 206.123.145.53 port 42746 [preauth]
Apr  5 05:55:04 cls sshd[1389853]: Invalid user service from 130.12.181.101 port 44354
Apr  5 05:55:06 cls sshd[1389853]: pam_unix(sshd:auth): check pass; user unknown
Apr  5 05:55:06 cls sshd[1389853]: pam_unix(sshd:auth): authentication failure; logname= uid=0 euid=0 tty=ssh ruser= rhost=130.12.181.101 
Apr  5 05:55:06 cls sshd[1389854]: Invalid user hzshao from 206.123.145.77 port 12642
Apr  5 05:55:08 cls sshd[1389853]: Failed password for invalid user service from 130.12.181.101 port 44354 ssh2
Apr  5 05:55:09 cls sshd[1389854]: pam_unix(sshd:auth): check pass; user unknown
Apr  5 05:55:09 cls sshd[1389854]: pam_unix(sshd:auth): authentication failure; logname= uid=0 euid=0 tty=ssh ruser= rhost=206.123.145.77 
Apr  5 05:55:11 cls sshd[1389854]: Failed password for invalid user hzshao from 206.123.145.77 port 12642 ssh2
Apr  5 05:55:11 cls sshd[1389853]: Connection closed by invalid user service 130.12.181.101 port 44354 [preauth]
Apr  5 05:55:15 cls sshd[1389854]: Connection closed by invalid user hzshao 206.123.145.77 port 12642 [preauth]
Apr  5 05:55:17 cls sshd[1389857]: Invalid user modeno from 206.123.145.48 port 40138
Apr  5 05:55:20 cls sshd[1389857]: pam_unix(sshd:auth): check pass; user unknown
Apr  5 05:55:20 cls sshd[1389857]: pam_unix(sshd:auth): authentication failure; logname= uid=0 euid=0 tty=ssh ruser= rhost=206.123.145.48 
Apr  5 05:55:22 cls sshd[1389857]: Failed password for invalid user modeno from 206.123.145.48 port 40138 ssh2
Apr  5 05:55:23 cls sshd[1389857]: Connection closed by invalid user modeno 206.123.145.48 port 40138 [preauth]
Apr  5 05:55:26 cls sshd[1389859]: Invalid user tlj from 130.12.181.106 port 37038
Apr  5 05:55:28 cls sshd[1389859]: pam_unix(sshd:auth): check pass; user unknown
Apr  5 05:55:28 cls sshd[1389859]: pam_unix(sshd:auth): authentication failure; logname= uid=0 euid=0 tty=ssh ruser= rhost=130.12.181.106 
Apr  5 05:55:30 cls sshd[1389859]: Failed password for invalid user tlj from 130.12.181.106 port 37038 ssh2
Apr  5 05:55:34 cls sshd[1389859]: Connection closed by invalid user tlj 130.12.181.106 port 37038 [preauth]
Apr  5 05:55:45 cls sshd[1389861]: Invalid user share from 130.12.181.109 port 21892
Apr  5 05:55:47 cls sshd[1389861]: pam_unix(sshd:auth): check pass; user unknown
Apr  5 05:55:47 cls sshd[1389861]: pam_unix(sshd:auth): authentication failure; logname= uid=0 euid=0 tty=ssh ruser= rhost=130.12.181.109 
Apr  5 05:55:50 cls sshd[1389861]: Failed password for invalid user share from 130.12.181.109 port 21892 ssh2
Apr  5 05:55:50 cls sshd[1389883]: pam_unix(sshd:auth): authentication failure; logname= uid=0 euid=0 tty=ssh ruser= rhost=82.64.38.234  user=root
Apr  5 05:55:53 cls sshd[1389883]: Failed password for root from 82.64.38.234 port 56542 ssh2
Apr  5 05:55:53 cls sshd[1389881]: Invalid user wql from 206.123.145.78 port 28478
Apr  5 05:55:53 cls sshd[1389883]: Received disconnect from 82.64.38.234 port 56542:11: Bye Bye [preauth]
Apr  5 05:55:53 cls sshd[1389883]: Disconnected from authenticating user root 82.64.38.234 port 56542 [preauth]
Apr  5 05:55:55 cls sshd[1389861]: Connection closed by invalid user share 130.12.181.109 port 21892 [preauth]
Apr  5 05:55:55 cls sshd[1389881]: pam_unix(sshd:auth): check pass; user unknown
Apr  5 05:55:55 cls sshd[1389881]: pam_unix(sshd:auth): authentication failure; logname= uid=0 euid=0 tty=ssh ruser= rhost=206.123.145.78 
Apr  5 05:55:57 cls sshd[1389881]: Failed password for invalid user wql from 206.123.145.78 port 28478 ssh2
Apr  5 05:55:58 cls sshd[1389885]: Invalid user md from 206.123.145.76 port 9920
Apr  5 05:55:59 cls sshd[1389885]: pam_unix(sshd:auth): check pass; user unknown
Apr  5 05:55:59 cls sshd[1389885]: pam_unix(sshd:auth): authentication failure; logname= uid=0 euid=0 tty=ssh ruser= rhost=206.123.145.76 
Apr  5 05:56:00 cls sshd[1389881]: Connection closed by invalid user wql 206.123.145.78 port 28478 [preauth]
Apr  5 05:56:01 cls sshd[1389885]: Failed password for invalid user md from 206.123.145.76 port 9920 ssh2
Apr  5 05:56:04 cls sshd[1389887]: Invalid user llq from 206.123.145.57 port 58704
Apr  5 05:56:05 cls sshd[1389885]: Connection closed by invalid user md 206.123.145.76 port 9920 [preauth]
Apr  5 05:56:06 cls sshd[1389887]: pam_unix(sshd:auth): check pass; user unknown
Apr  5 05:56:06 cls sshd[1389887]: pam_unix(sshd:auth): authentication failure; logname= uid=0 euid=0 tty=ssh ruser= rhost=206.123.145.57 
Apr  5 05:56:08 cls sshd[1389887]: Failed password for invalid user llq from 206.123.145.57 port 58704 ssh2
Apr  5 05:56:13 cls sshd[1389887]: Connection closed by invalid user llq 206.123.145.57 port 58704 [preauth]
Apr  5 05:56:23 cls sshd[1389899]: Invalid user ftpuser from 34.78.29.97 port 35120
Apr  5 05:56:23 cls sshd[1389899]: pam_unix(sshd:auth): check pass; user unknown
Apr  5 05:56:23 cls sshd[1389899]: pam_unix(sshd:auth): authentication failure; logname= uid=0 euid=0 tty=ssh ruser= rhost=34.78.29.97 
Apr  5 05:56:25 cls sshd[1389889]: pam_unix(sshd:auth): authentication failure; logname= uid=0 euid=0 tty=ssh ruser= rhost=206.123.145.75  user=root
Apr  5 05:56:26 cls sshd[1389899]: Failed password for invalid user ftpuser from 34.78.29.97 port 35120 ssh2
Apr  5 05:56:27 cls sshd[1389889]: Failed password for root from 206.123.145.75 port 43994 ssh2
Apr  5 05:56:27 cls sshd[1389899]: Received disconnect from 34.78.29.97 port 35120:11: Bye Bye [preauth]
Apr  5 05:56:27 cls sshd[1389899]: Disconnected from invalid user ftpuser 34.78.29.97 port 35120 [preauth]
Apr  5 05:56:27 cls sshd[1389897]: Invalid user yzb from 130.12.181.100 port 10466
Apr  5 05:56:29 cls sshd[1389897]: pam_unix(sshd:auth): check pass; user unknown
Apr  5 05:56:29 cls sshd[1389897]: pam_unix(sshd:auth): authentication failure; logname= uid=0 euid=0 tty=ssh ruser= rhost=130.12.181.100 
Apr  5 05:56:30 cls sshd[1389889]: Connection closed by authenticating user root 206.123.145.75 port 43994 [preauth]
Apr  5 05:56:31 cls sshd[1389897]: Failed password for invalid user yzb from 130.12.181.100 port 10466 ssh2
Apr  5 05:56:36 cls sshd[1389897]: Connection closed by invalid user yzb 130.12.181.100 port 10466 [preauth]
Apr  5 05:56:56 cls sshd[1389946]: Invalid user claude from 61.151.249.194 port 46008
Apr  5 05:56:56 cls sshd[1389946]: pam_unix(sshd:auth): check pass; user unknown
Apr  5 05:56:56 cls sshd[1389946]: pam_unix(sshd:auth): authentication failure; logname= uid=0 euid=0 tty=ssh ruser= rhost=61.151.249.194 
Apr  5 05:56:58 cls sshd[1389946]: Failed password for invalid user claude from 61.151.249.194 port 46008 ssh2
Apr  5 05:56:59 cls sshd[1389942]: Invalid user yy_lius from 206.123.145.74 port 5592
Apr  5 05:56:59 cls sshd[1389943]: Invalid user krx from 130.12.181.103 port 24380
Apr  5 05:57:00 cls sshd[1389946]: Received disconnect from 61.151.249.194 port 46008:11: Bye Bye [preauth]
Apr  5 05:57:00 cls sshd[1389946]: Disconnected from invalid user claude 61.151.249.194 port 46008 [preauth]
Apr  5 05:57:01 cls sshd[1389942]: pam_unix(sshd:auth): check pass; user unknown
Apr  5 05:57:01 cls sshd[1389942]: pam_unix(sshd:auth): authentication failure; logname= uid=0 euid=0 tty=ssh ruser= rhost=206.123.145.74 
Apr  5 05:57:02 cls sshd[1389943]: pam_unix(sshd:auth): check pass; user unknown
Apr  5 05:57:02 cls sshd[1389943]: pam_unix(sshd:auth): authentication failure; logname= uid=0 euid=0 tty=ssh ruser= rhost=130.12.181.103 
Apr  5 05:57:03 cls sshd[1389942]: Failed password for invalid user yy_lius from 206.123.145.74 port 5592 ssh2
Apr  5 05:57:04 cls sshd[1389948]: pam_unix(sshd:auth): authentication failure; logname= uid=0 euid=0 tty=ssh ruser= rhost=187.45.95.66  user=root
Apr  5 05:57:04 cls sshd[1389943]: Failed password for invalid user krx from 130.12.181.103 port 24380 ssh2
Apr  5 05:57:06 cls sshd[1389942]: Connection closed by invalid user yy_lius 206.123.145.74 port 5592 [preauth]
Apr  5 05:57:06 cls sshd[1389948]: Failed password for root from 187.45.95.66 port 42854 ssh2
Apr  5 05:57:07 cls sshd[1389948]: Received disconnect from 187.45.95.66 port 42854:11: Bye Bye [preauth]
Apr  5 05:57:07 cls sshd[1389948]: Disconnected from authenticating user root 187.45.95.66 port 42854 [preauth]
Apr  5 05:57:08 cls sshd[1389943]: Connection closed by invalid user krx 130.12.181.103 port 24380 [preauth]
Apr  5 05:57:25 cls sshd[1389954]: Invalid user yangzj from 206.123.145.72 port 18810
Apr  5 05:57:29 cls sshd[1389954]: pam_unix(sshd:auth): check pass; user unknown
Apr  5 05:57:29 cls sshd[1389954]: pam_unix(sshd:auth): authentication failure; logname= uid=0 euid=0 tty=ssh ruser= rhost=206.123.145.72 
Apr  5 05:57:31 cls sshd[1389954]: Failed password for invalid user yangzj from 206.123.145.72 port 18810 ssh2
Apr  5 05:57:33 cls sshd[1389954]: Connection closed by invalid user yangzj 206.123.145.72 port 18810 [preauth]
Apr  5 05:57:50 cls sshd[1389990]: Invalid user esuser from 206.123.145.51 port 20396
Apr  5 05:57:52 cls sshd[1389990]: pam_unix(sshd:auth): check pass; user unknown
Apr  5 05:57:52 cls sshd[1389990]: pam_unix(sshd:auth): authentication failure; logname= uid=0 euid=0 tty=ssh ruser= rhost=206.123.145.51 
Apr  5 05:57:53 cls sshd[1389990]: Failed password for invalid user esuser from 206.123.145.51 port 20396 ssh2
Apr  5 05:57:57 cls sshd[1389990]: Connection closed by invalid user esuser 206.123.145.51 port 20396 [preauth]
Apr  5 05:57:58 cls sshd[1389992]: pam_unix(sshd:auth): authentication failure; logname= uid=0 euid=0 tty=ssh ruser= rhost=130.12.181.98  user=ubuntu
Apr  5 05:58:00 cls sshd[1389992]: Failed password for ubuntu from 130.12.181.98 port 42680 ssh2
Apr  5 05:58:03 cls sshd[1389992]: Connection closed by authenticating user ubuntu 130.12.181.98 port 42680 [preauth]
Apr  5 05:58:04 cls sshd[1389994]: Invalid user nuaa from 130.12.181.107 port 34600
Apr  5 05:58:07 cls sshd[1389994]: pam_unix(sshd:auth): check pass; user unknown
Apr  5 05:58:07 cls sshd[1389994]: pam_unix(sshd:auth): authentication failure; logname= uid=0 euid=0 tty=ssh ruser= rhost=130.12.181.107 
Apr  5 05:58:08 cls sshd[1389996]: Invalid user ftpuser from 82.64.38.234 port 58934
Apr  5 05:58:08 cls sshd[1389996]: pam_unix(sshd:auth): check pass; user unknown
Apr  5 05:58:08 cls sshd[1389996]: pam_unix(sshd:auth): authentication failure; logname= uid=0 euid=0 tty=ssh ruser= rhost=82.64.38.234 
Apr  5 05:58:09 cls sshd[1389994]: Failed password for invalid user nuaa from 130.12.181.107 port 34600 ssh2
Apr  5 05:58:10 cls sshd[1389996]: Failed password for invalid user ftpuser from 82.64.38.234 port 58934 ssh2
Apr  5 05:58:11 cls sshd[1389994]: Connection closed by invalid user nuaa 130.12.181.107 port 34600 [preauth]
Apr  5 05:58:12 cls sshd[1389996]: Received disconnect from 82.64.38.234 port 58934:11: Bye Bye [preauth]
Apr  5 05:58:12 cls sshd[1389996]: Disconnected from invalid user ftpuser 82.64.38.234 port 58934 [preauth]
Apr  5 05:58:16 cls sshd[1390000]: pam_unix(sshd:auth): authentication failure; logname= uid=0 euid=0 tty=ssh ruser= rhost=34.78.29.97  user=root
Apr  5 05:58:18 cls sshd[1390000]: Failed password for root from 34.78.29.97 port 43400 ssh2
Apr  5 05:58:19 cls sshd[1390000]: Received disconnect from 34.78.29.97 port 43400:11: Bye Bye [preauth]
Apr  5 05:58:19 cls sshd[1390000]: Disconnected from authenticating user root 34.78.29.97 port 43400 [preauth]
Apr  5 05:58:23 cls sshd[1389998]: Invalid user sessions_temp from 206.123.145.54 port 34908
Apr  5 05:58:26 cls sshd[1389998]: pam_unix(sshd:auth): check pass; user unknown
Apr  5 05:58:26 cls sshd[1389998]: pam_unix(sshd:auth): authentication failure; logname= uid=0 euid=0 tty=ssh ruser= rhost=206.123.145.54 
Apr  5 05:58:28 cls sshd[1389998]: Failed password for invalid user sessions_temp from 206.123.145.54 port 34908 ssh2
Apr  5 05:58:30 cls sshd[1389998]: Connection closed by invalid user sessions_temp 206.123.145.54 port 34908 [preauth]
Apr  5 05:58:33 cls sshd[1390007]: Invalid user miaoshasha from 130.12.181.108 port 23344
Apr  5 05:58:35 cls sshd[1390007]: pam_unix(sshd:auth): check pass; user unknown
Apr  5 05:58:35 cls sshd[1390007]: pam_unix(sshd:auth): authentication failure; logname= uid=0 euid=0 tty=ssh ruser= rhost=130.12.181.108 
Apr  5 05:58:37 cls sshd[1390007]: Failed password for invalid user miaoshasha from 130.12.181.108 port 23344 ssh2
Apr  5 05:58:41 cls sshd[1390007]: Connection closed by invalid user miaoshasha 130.12.181.108 port 23344 [preauth]
Apr  5 05:59:02 cls sshd[1390043]: Invalid user wangruifeng from 206.123.145.56 port 24968
Apr  5 05:59:03 cls sshd[1390043]: pam_unix(sshd:auth): check pass; user unknown
Apr  5 05:59:03 cls sshd[1390043]: pam_unix(sshd:auth): authentication failure; logname= uid=0 euid=0 tty=ssh ruser= rhost=206.123.145.56 
Apr  5 05:59:06 cls sshd[1390043]: Failed password for invalid user wangruifeng from 206.123.145.56 port 24968 ssh2
Apr  5 05:59:09 cls sshd[1390043]: Connection closed by invalid user wangruifeng 206.123.145.56 port 24968 [preauth]
Apr  5 05:59:24 cls sshd[1390048]: Invalid user wpyan from 130.12.181.97 port 32086
Apr  5 05:59:26 cls sshd[1390048]: pam_unix(sshd:auth): check pass; user unknown
Apr  5 05:59:26 cls sshd[1390048]: pam_unix(sshd:auth): authentication failure; logname= uid=0 euid=0 tty=ssh ruser= rhost=130.12.181.97 
Apr  5 05:59:27 cls sshd[1390051]: Invalid user kate from 206.123.145.70 port 47398
Apr  5 05:59:28 cls sshd[1390048]: Failed password for invalid user wpyan from 130.12.181.97 port 32086 ssh2
Apr  5 05:59:29 cls sshd[1390051]: pam_unix(sshd:auth): check pass; user unknown
Apr  5 05:59:29 cls sshd[1390051]: pam_unix(sshd:auth): authentication failure; logname= uid=0 euid=0 tty=ssh ruser= rhost=206.123.145.70 
Apr  5 05:59:29 cls sshd[1390053]: pam_unix(sshd:auth): authentication failure; logname= uid=0 euid=0 tty=ssh ruser= rhost=187.45.95.66  user=root
