Apr  5 09:26:03 cls sshd[1406633]: Invalid user zhangyunjiao from 130.12.181.100 port 20364
Apr  5 09:26:04 cls sshd[1406592]: Connection closed by invalid user zm 206.123.145.78 port 16960 [preauth]
Apr  5 09:26:05 cls sshd[1406633]: pam_unix(sshd:auth): check pass; user unknown
Apr  5 09:26:05 cls sshd[1406633]: pam_unix(sshd:auth): authentication failure; logname= uid=0 euid=0 tty=ssh ruser= rhost=130.12.181.100 
Apr  5 09:26:06 cls sshd[1406600]: Connection closed by invalid user tmp_wang1 206.123.145.79 port 37698 [preauth]
Apr  5 09:26:07 cls sshd[1406633]: Failed password for invalid user zhangyunjiao from 130.12.181.100 port 20364 ssh2
Apr  5 09:26:10 cls sshd[1406639]: Invalid user saitoh from 206.123.145.57 port 31392
Apr  5 09:26:11 cls sshd[1406639]: pam_unix(sshd:auth): check pass; user unknown
Apr  5 09:26:11 cls sshd[1406639]: pam_unix(sshd:auth): authentication failure; logname= uid=0 euid=0 tty=ssh ruser= rhost=206.123.145.57 
Apr  5 09:26:11 cls sshd[1406633]: Connection closed by invalid user zhangyunjiao 130.12.181.100 port 20364 [preauth]
Apr  5 09:26:14 cls sshd[1406639]: Failed password for invalid user saitoh from 206.123.145.57 port 31392 ssh2
Apr  5 09:26:17 cls sshd[1406639]: Connection closed by invalid user saitoh 206.123.145.57 port 31392 [preauth]
Apr  5 09:26:30 cls sshd[1406652]: pam_unix(sshd:auth): authentication failure; logname= uid=0 euid=0 tty=ssh ruser= rhost=130.12.181.107  user=root
Apr  5 09:26:33 cls sshd[1406652]: Failed password for root from 130.12.181.107 port 36484 ssh2
Apr  5 09:26:39 cls sshd[1406652]: Connection closed by authenticating user root 130.12.181.107 port 36484 [preauth]
Apr  5 09:26:50 cls sshd[1406654]: Invalid user nvidia from 206.123.145.54 port 56874
Apr  5 09:26:51 cls sshd[1406654]: pam_unix(sshd:auth): check pass; user unknown
Apr  5 09:26:51 cls sshd[1406654]: pam_unix(sshd:auth): authentication failure; logname= uid=0 euid=0 tty=ssh ruser= rhost=206.123.145.54 
Apr  5 09:26:52 cls sshd[1406656]: Invalid user matt from 130.12.181.98 port 46670
Apr  5 09:26:53 cls sshd[1406654]: Failed password for invalid user nvidia from 206.123.145.54 port 56874 ssh2
Apr  5 09:26:55 cls sshd[1406656]: pam_unix(sshd:auth): check pass; user unknown
Apr  5 09:26:55 cls sshd[1406656]: pam_unix(sshd:auth): authentication failure; logname= uid=0 euid=0 tty=ssh ruser= rhost=130.12.181.98 
Apr  5 09:26:56 cls sshd[1406656]: Failed password for invalid user matt from 130.12.181.98 port 46670 ssh2
Apr  5 09:26:57 cls sshd[1406654]: Connection closed by invalid user nvidia 206.123.145.54 port 56874 [preauth]
Apr  5 09:26:58 cls sshd[1406656]: Connection closed by invalid user matt 130.12.181.98 port 46670 [preauth]
Apr  5 09:27:06 cls sshd[1406693]: Invalid user dqzhang from 206.123.145.76 port 35362
Apr  5 09:27:08 cls sshd[1406693]: pam_unix(sshd:auth): check pass; user unknown
Apr  5 09:27:08 cls sshd[1406693]: pam_unix(sshd:auth): authentication failure; logname= uid=0 euid=0 tty=ssh ruser= rhost=206.123.145.76 
Apr  5 09:27:09 cls sshd[1406693]: Failed password for invalid user dqzhang from 206.123.145.76 port 35362 ssh2
Apr  5 09:27:11 cls sshd[1406693]: Connection closed by invalid user dqzhang 206.123.145.76 port 35362 [preauth]
Apr  5 09:27:12 cls sshd[1406697]: Invalid user harry from 206.123.145.70 port 51582
Apr  5 09:27:12 cls sshd[1406697]: pam_unix(sshd:auth): check pass; user unknown
Apr  5 09:27:12 cls sshd[1406697]: pam_unix(sshd:auth): authentication failure; logname= uid=0 euid=0 tty=ssh ruser= rhost=206.123.145.70 
Apr  5 09:27:15 cls sshd[1406697]: Failed password for invalid user harry from 206.123.145.70 port 51582 ssh2
Apr  5 09:27:17 cls sshd[1406698]: Invalid user wansheng from 206.123.145.73 port 49998
Apr  5 09:27:17 cls sshd[1406697]: Connection closed by invalid user harry 206.123.145.70 port 51582 [preauth]
Apr  5 09:27:18 cls sshd[1406698]: pam_unix(sshd:auth): check pass; user unknown
Apr  5 09:27:18 cls sshd[1406698]: pam_unix(sshd:auth): authentication failure; logname= uid=0 euid=0 tty=ssh ruser= rhost=206.123.145.73 
Apr  5 09:27:20 cls sshd[1406698]: Failed password for invalid user wansheng from 206.123.145.73 port 49998 ssh2
Apr  5 09:27:23 cls sshd[1406698]: Connection closed by invalid user wansheng 206.123.145.73 port 49998 [preauth]
Apr  5 09:27:36 cls sshd[1406705]: Invalid user ws from 206.123.145.51 port 38976
Apr  5 09:27:38 cls sshd[1406705]: pam_unix(sshd:auth): check pass; user unknown
Apr  5 09:27:38 cls sshd[1406705]: pam_unix(sshd:auth): authentication failure; logname= uid=0 euid=0 tty=ssh ruser= rhost=206.123.145.51 
Apr  5 09:27:39 cls sshd[1406705]: Failed password for invalid user ws from 206.123.145.51 port 38976 ssh2
Apr  5 09:27:41 cls sshd[1406707]: Invalid user dabotero from 130.12.181.103 port 59142
Apr  5 09:27:41 cls sshd[1406707]: pam_unix(sshd:auth): check pass; user unknown
Apr  5 09:27:41 cls sshd[1406707]: pam_unix(sshd:auth): authentication failure; logname= uid=0 euid=0 tty=ssh ruser= rhost=130.12.181.103 
Apr  5 09:27:42 cls sshd[1406705]: Connection closed by invalid user ws 206.123.145.51 port 38976 [preauth]
Apr  5 09:27:43 cls sshd[1406707]: Failed password for invalid user dabotero from 130.12.181.103 port 59142 ssh2
Apr  5 09:27:45 cls sshd[1406707]: Connection closed by invalid user dabotero 130.12.181.103 port 59142 [preauth]
Apr  5 09:27:50 cls sshd[1406709]: Invalid user git from 206.123.145.69 port 29336
Apr  5 09:27:53 cls sshd[1406709]: pam_unix(sshd:auth): check pass; user unknown
Apr  5 09:27:53 cls sshd[1406709]: pam_unix(sshd:auth): authentication failure; logname= uid=0 euid=0 tty=ssh ruser= rhost=206.123.145.69 
Apr  5 09:27:54 cls sshd[1406709]: Failed password for invalid user git from 206.123.145.69 port 29336 ssh2
Apr  5 09:27:57 cls sshd[1406725]: pam_unix(sshd:auth): authentication failure; logname= uid=0 euid=0 tty=ssh ruser= rhost=212.154.234.9  user=root
Apr  5 09:27:58 cls sshd[1406711]: Invalid user ktepliy from 206.123.145.72 port 50808
Apr  5 09:27:58 cls sshd[1406709]: Connection closed by invalid user git 206.123.145.69 port 29336 [preauth]
Apr  5 09:27:59 cls sshd[1406725]: Failed password for root from 212.154.234.9 port 36397 ssh2
Apr  5 09:28:00 cls sshd[1406725]: Received disconnect from 212.154.234.9 port 36397:11: Bye Bye [preauth]
Apr  5 09:28:00 cls sshd[1406725]: Disconnected from authenticating user root 212.154.234.9 port 36397 [preauth]
Apr  5 09:28:01 cls sshd[1406711]: pam_unix(sshd:auth): check pass; user unknown
Apr  5 09:28:01 cls sshd[1406711]: pam_unix(sshd:auth): authentication failure; logname= uid=0 euid=0 tty=ssh ruser= rhost=206.123.145.72 
Apr  5 09:28:02 cls sshd[1406719]: Invalid user cykim from 206.123.145.56 port 11396
Apr  5 09:28:03 cls sshd[1406711]: Failed password for invalid user ktepliy from 206.123.145.72 port 50808 ssh2
Apr  5 09:28:05 cls sshd[1406719]: pam_unix(sshd:auth): check pass; user unknown
Apr  5 09:28:05 cls sshd[1406719]: pam_unix(sshd:auth): authentication failure; logname= uid=0 euid=0 tty=ssh ruser= rhost=206.123.145.56 
Apr  5 09:28:05 cls sshd[1406711]: Connection closed by invalid user ktepliy 206.123.145.72 port 50808 [preauth]
Apr  5 09:28:06 cls sshd[1406719]: Failed password for invalid user cykim from 206.123.145.56 port 11396 ssh2
Apr  5 09:28:10 cls sshd[1406719]: Connection closed by invalid user cykim 206.123.145.56 port 11396 [preauth]
Apr  5 09:28:16 cls sshd[1406751]: Invalid user thzhao from 206.123.145.75 port 11326
Apr  5 09:28:16 cls sshd[1406751]: pam_unix(sshd:auth): check pass; user unknown
Apr  5 09:28:16 cls sshd[1406751]: pam_unix(sshd:auth): authentication failure; logname= uid=0 euid=0 tty=ssh ruser= rhost=206.123.145.75 
Apr  5 09:28:18 cls sshd[1406751]: Failed password for invalid user thzhao from 206.123.145.75 port 11326 ssh2
Apr  5 09:28:20 cls sshd[1406751]: Connection closed by invalid user thzhao 206.123.145.75 port 11326 [preauth]
Apr  5 09:28:25 cls sshd[1406762]: Invalid user ftpuser from 78.134.49.171 port 47887
Apr  5 09:28:25 cls sshd[1406762]: pam_unix(sshd:auth): check pass; user unknown
Apr  5 09:28:25 cls sshd[1406762]: pam_unix(sshd:auth): authentication failure; logname= uid=0 euid=0 tty=ssh ruser= rhost=78.134.49.171 
Apr  5 09:28:28 cls sshd[1406762]: Failed password for invalid user ftpuser from 78.134.49.171 port 47887 ssh2
Apr  5 09:28:30 cls sshd[1406762]: Received disconnect from 78.134.49.171 port 47887:11: Bye Bye [preauth]
Apr  5 09:28:30 cls sshd[1406762]: Disconnected from invalid user ftpuser 78.134.49.171 port 47887 [preauth]
Apr  5 09:28:38 cls sshd[1406764]: Invalid user fez from 130.12.181.108 port 62504
Apr  5 09:28:41 cls sshd[1406764]: pam_unix(sshd:auth): check pass; user unknown
Apr  5 09:28:41 cls sshd[1406764]: pam_unix(sshd:auth): authentication failure; logname= uid=0 euid=0 tty=ssh ruser= rhost=130.12.181.108 
Apr  5 09:28:43 cls sshd[1406764]: Failed password for invalid user fez from 130.12.181.108 port 62504 ssh2
Apr  5 09:28:45 cls sshd[1406764]: Connection closed by invalid user fez 130.12.181.108 port 62504 [preauth]
Apr  5 09:29:05 cls sshd[1406774]: Invalid user eshiyanova from 130.12.181.97 port 54546
Apr  5 09:29:06 cls sshd[1406777]: Invalid user praise from 206.123.145.77 port 30972
Apr  5 09:29:07 cls sshd[1406774]: pam_unix(sshd:auth): check pass; user unknown
Apr  5 09:29:07 cls sshd[1406774]: pam_unix(sshd:auth): authentication failure; logname= uid=0 euid=0 tty=ssh ruser= rhost=130.12.181.97 
Apr  5 09:29:08 cls sshd[1406777]: pam_unix(sshd:auth): check pass; user unknown
Apr  5 09:29:08 cls sshd[1406777]: pam_unix(sshd:auth): authentication failure; logname= uid=0 euid=0 tty=ssh ruser= rhost=206.123.145.77 
Apr  5 09:29:09 cls sshd[1406777]: Failed password for invalid user praise from 206.123.145.77 port 30972 ssh2
Apr  5 09:29:10 cls sshd[1406774]: Failed password for invalid user eshiyanova from 130.12.181.97 port 54546 ssh2
Apr  5 09:29:13 cls sshd[1406777]: Connection closed by invalid user praise 206.123.145.77 port 30972 [preauth]
Apr  5 09:29:14 cls sshd[1406774]: Connection closed by invalid user eshiyanova 130.12.181.97 port 54546 [preauth]
Apr  5 09:30:05 cls sshd[1406839]: pam_unix(sshd:auth): authentication failure; logname= uid=0 euid=0 tty=ssh ruser= rhost=212.154.234.9  user=root
Apr  5 09:30:07 cls sshd[1406839]: Failed password for root from 212.154.234.9 port 58398 ssh2
Apr  5 09:30:07 cls sshd[1406839]: Received disconnect from 212.154.234.9 port 58398:11: Bye Bye [preauth]
Apr  5 09:30:07 cls sshd[1406839]: Disconnected from authenticating user root 212.154.234.9 port 58398 [preauth]
Apr  5 09:30:12 cls sshd[1406838]: Invalid user bdos from 206.123.145.55 port 48068
Apr  5 09:30:15 cls sshd[1406838]: pam_unix(sshd:auth): check pass; user unknown
Apr  5 09:30:15 cls sshd[1406838]: pam_unix(sshd:auth): authentication failure; logname= uid=0 euid=0 tty=ssh ruser= rhost=206.123.145.55 
Apr  5 09:30:17 cls sshd[1406838]: Failed password for invalid user bdos from 206.123.145.55 port 48068 ssh2
Apr  5 09:30:21 cls sshd[1406838]: Connection closed by invalid user bdos 206.123.145.55 port 48068 [preauth]
Apr  5 09:30:33 cls sshd[1406851]: Invalid user nor from 130.12.181.102 port 19336
Apr  5 09:30:35 cls sshd[1406851]: pam_unix(sshd:auth): check pass; user unknown
Apr  5 09:30:35 cls sshd[1406851]: pam_unix(sshd:auth): authentication failure; logname= uid=0 euid=0 tty=ssh ruser= rhost=130.12.181.102 
Apr  5 09:30:37 cls sshd[1406851]: Failed password for invalid user nor from 130.12.181.102 port 19336 ssh2
Apr  5 09:30:41 cls sshd[1406851]: Connection closed by invalid user nor 130.12.181.102 port 19336 [preauth]
Apr  5 09:30:50 cls sshd[1406853]: pam_unix(sshd:auth): authentication failure; logname= uid=0 euid=0 tty=ssh ruser= rhost=130.12.181.99  user=www-data
Apr  5 09:30:51 cls sshd[1406853]: Failed password for www-data from 130.12.181.99 port 19746 ssh2
Apr  5 09:30:54 cls sshd[1406853]: Connection closed by authenticating user www-data 130.12.181.99 port 19746 [preauth]
Apr  5 09:31:09 cls sshd[1406887]: Invalid user rancid from 78.134.49.171 port 39988
Apr  5 09:31:09 cls sshd[1406887]: pam_unix(sshd:auth): check pass; user unknown
Apr  5 09:31:09 cls sshd[1406887]: pam_unix(sshd:auth): authentication failure; logname= uid=0 euid=0 tty=ssh ruser= rhost=78.134.49.171 
Apr  5 09:31:11 cls sshd[1406887]: Failed password for invalid user rancid from 78.134.49.171 port 39988 ssh2
Apr  5 09:31:12 cls sshd[1406887]: Received disconnect from 78.134.49.171 port 39988:11: Bye Bye [preauth]
Apr  5 09:31:12 cls sshd[1406887]: Disconnected from invalid user rancid 78.134.49.171 port 39988 [preauth]
Apr  5 09:31:36 cls sshd[1406912]: Invalid user oro from 206.123.145.50 port 54748
Apr  5 09:31:39 cls sshd[1406912]: pam_unix(sshd:auth): check pass; user unknown
Apr  5 09:31:39 cls sshd[1406912]: pam_unix(sshd:auth): authentication failure; logname= uid=0 euid=0 tty=ssh ruser= rhost=206.123.145.50 
Apr  5 09:31:40 cls sshd[1406912]: Failed password for invalid user oro from 206.123.145.50 port 54748 ssh2
Apr  5 09:31:44 cls sshd[1406912]: Connection closed by invalid user oro 206.123.145.50 port 54748 [preauth]
Apr  5 09:32:07 cls sshd[1406914]: Invalid user test from 206.123.145.20 port 56862
Apr  5 09:32:08 cls sshd[1406914]: pam_unix(sshd:auth): check pass; user unknown
Apr  5 09:32:08 cls sshd[1406914]: pam_unix(sshd:auth): authentication failure; logname= uid=0 euid=0 tty=ssh ruser= rhost=206.123.145.20 
Apr  5 09:32:10 cls sshd[1406914]: Failed password for invalid user test from 206.123.145.20 port 56862 ssh2
Apr  5 09:32:15 cls sshd[1406914]: Connection closed by invalid user test 206.123.145.20 port 56862 [preauth]
Apr  5 09:32:17 cls sshd[1406946]: Invalid user nm from 206.123.145.49 port 6374
Apr  5 09:32:19 cls sshd[1406946]: pam_unix(sshd:auth): check pass; user unknown
Apr  5 09:32:19 cls sshd[1406946]: pam_unix(sshd:auth): authentication failure; logname= uid=0 euid=0 tty=ssh ruser= rhost=206.123.145.49 
Apr  5 09:32:20 cls sshd[1406952]: Invalid user mohammad from 212.154.234.9 port 25504
Apr  5 09:32:20 cls sshd[1406952]: pam_unix(sshd:auth): check pass; user unknown
Apr  5 09:32:20 cls sshd[1406952]: pam_unix(sshd:auth): authentication failure; logname= uid=0 euid=0 tty=ssh ruser= rhost=212.154.234.9 
Apr  5 09:32:22 cls sshd[1406946]: Failed password for invalid user nm from 206.123.145.49 port 6374 ssh2
Apr  5 09:32:22 cls sshd[1406952]: Failed password for invalid user mohammad from 212.154.234.9 port 25504 ssh2
Apr  5 09:32:23 cls sshd[1406949]: pam_unix(sshd:auth): authentication failure; logname= uid=0 euid=0 tty=ssh ruser= rhost=206.123.145.48  user=root
Apr  5 09:32:23 cls sshd[1406952]: Received disconnect from 212.154.234.9 port 25504:11: Bye Bye [preauth]
Apr  5 09:32:23 cls sshd[1406952]: Disconnected from invalid user mohammad 212.154.234.9 port 25504 [preauth]
Apr  5 09:32:24 cls sshd[1406948]: Invalid user bjji from 130.12.181.104 port 59512
Apr  5 09:32:25 cls sshd[1406946]: Connection closed by invalid user nm 206.123.145.49 port 6374 [preauth]
Apr  5 09:32:25 cls sshd[1406949]: Failed password for root from 206.123.145.48 port 12818 ssh2
Apr  5 09:32:26 cls sshd[1406948]: pam_unix(sshd:auth): check pass; user unknown
Apr  5 09:32:26 cls sshd[1406948]: pam_unix(sshd:auth): authentication failure; logname= uid=0 euid=0 tty=ssh ruser= rhost=130.12.181.104 
Apr  5 09:32:28 cls sshd[1406948]: Failed password for invalid user bjji from 130.12.181.104 port 59512 ssh2
Apr  5 09:32:29 cls sshd[1406949]: Connection closed by authenticating user root 206.123.145.48 port 12818 [preauth]
Apr  5 09:32:29 cls sshd[1406954]: Invalid user sun from 206.123.145.46 port 36892
Apr  5 09:32:31 cls sshd[1406954]: pam_unix(sshd:auth): check pass; user unknown
Apr  5 09:32:31 cls sshd[1406954]: pam_unix(sshd:auth): authentication failure; logname= uid=0 euid=0 tty=ssh ruser= rhost=206.123.145.46 
Apr  5 09:32:31 cls sshd[1406948]: Connection closed by invalid user bjji 130.12.181.104 port 59512 [preauth]
Apr  5 09:32:33 cls sshd[1406954]: Failed password for invalid user sun from 206.123.145.46 port 36892 ssh2
Apr  5 09:32:37 cls sshd[1406954]: Connection closed by invalid user sun 206.123.145.46 port 36892 [preauth]
Apr  5 09:32:40 cls sshd[1406959]: Invalid user wordpress from 206.123.145.71 port 20776
Apr  5 09:32:43 cls sshd[1406959]: pam_unix(sshd:auth): check pass; user unknown
Apr  5 09:32:43 cls sshd[1406959]: pam_unix(sshd:auth): authentication failure; logname= uid=0 euid=0 tty=ssh ruser= rhost=206.123.145.71 
Apr  5 09:32:45 cls sshd[1406959]: Failed password for invalid user wordpress from 206.123.145.71 port 20776 ssh2
Apr  5 09:32:49 cls sshd[1406959]: Connection closed by invalid user wordpress 206.123.145.71 port 20776 [preauth]
Apr  5 09:32:55 cls sshd[1406961]: Invalid user brandi from 130.12.181.106 port 31832
Apr  5 09:32:56 cls sshd[1406961]: pam_unix(sshd:auth): check pass; user unknown
Apr  5 09:32:56 cls sshd[1406961]: pam_unix(sshd:auth): authentication failure; logname= uid=0 euid=0 tty=ssh ruser= rhost=130.12.181.106 
Apr  5 09:32:58 cls sshd[1406961]: Failed password for invalid user brandi from 130.12.181.106 port 31832 ssh2
Apr  5 09:33:00 cls sshd[1406961]: Connection closed by invalid user brandi 130.12.181.106 port 31832 [preauth]
Apr  5 09:33:01 cls sshd[1406963]: Invalid user zikx from 130.12.181.101 port 6748
Apr  5 09:33:02 cls sshd[1406964]: Invalid user zby from 206.123.145.74 port 15248
Apr  5 09:33:03 cls sshd[1406963]: pam_unix(sshd:auth): check pass; user unknown
Apr  5 09:33:03 cls sshd[1406963]: pam_unix(sshd:auth): authentication failure; logname= uid=0 euid=0 tty=ssh ruser= rhost=130.12.181.101 
Apr  5 09:33:04 cls sshd[1406964]: pam_unix(sshd:auth): check pass; user unknown
Apr  5 09:33:04 cls sshd[1406964]: pam_unix(sshd:auth): authentication failure; logname= uid=0 euid=0 tty=ssh ruser= rhost=206.123.145.74 
Apr  5 09:33:05 cls sshd[1406963]: Failed password for invalid user zikx from 130.12.181.101 port 6748 ssh2
Apr  5 09:33:06 cls sshd[1406964]: Failed password for invalid user zby from 206.123.145.74 port 15248 ssh2
Apr  5 09:33:10 cls sshd[1406963]: Connection closed by invalid user zikx 130.12.181.101 port 6748 [preauth]
Apr  5 09:33:11 cls sshd[1406964]: Connection closed by invalid user zby 206.123.145.74 port 15248 [preauth]
Apr  5 09:33:24 cls sshd[1407003]: Invalid user centos from 206.123.145.53 port 43564
Apr  5 09:33:26 cls sshd[1407003]: pam_unix(sshd:auth): check pass; user unknown
Apr  5 09:33:26 cls sshd[1407003]: pam_unix(sshd:auth): authentication failure; logname= uid=0 euid=0 tty=ssh ruser= rhost=206.123.145.53 
Apr  5 09:33:28 cls sshd[1407003]: Failed password for invalid user centos from 206.123.145.53 port 43564 ssh2
Apr  5 09:33:31 cls sshd[1407003]: Connection closed by invalid user centos 206.123.145.53 port 43564 [preauth]
Apr  5 09:33:43 cls sshd[1407007]: pam_unix(sshd:auth): authentication failure; logname= uid=0 euid=0 tty=ssh ruser= rhost=130.12.181.105  user=root
Apr  5 09:33:44 cls sshd[1407007]: Failed password for root from 130.12.181.105 port 9730 ssh2
Apr  5 09:33:48 cls sshd[1407007]: Connection closed by authenticating user root 130.12.181.105 port 9730 [preauth]
Apr  5 09:33:51 cls sshd[1407012]: pam_unix(sshd:auth): authentication failure; logname= uid=0 euid=0 tty=ssh ruser= rhost=130.12.181.98  user=root
Apr  5 09:33:53 cls sshd[1407016]: pam_unix(sshd:auth): authentication failure; logname= uid=0 euid=0 tty=ssh ruser= rhost=78.134.49.171  user=root
Apr  5 09:33:54 cls sshd[1407012]: Failed password for root from 130.12.181.98 port 26676 ssh2
Apr  5 09:33:54 cls sshd[1407016]: Failed password for root from 78.134.49.171 port 60331 ssh2
Apr  5 09:33:55 cls sshd[1407014]: Invalid user cq from 206.123.145.52 port 48336
Apr  5 09:33:56 cls sshd[1407016]: Received disconnect from 78.134.49.171 port 60331:11: Bye Bye [preauth]
Apr  5 09:33:56 cls sshd[1407016]: Disconnected from authenticating user root 78.134.49.171 port 60331 [preauth]
Apr  5 09:33:56 cls sshd[1407012]: Connection closed by authenticating user root 130.12.181.98 port 26676 [preauth]
Apr  5 09:33:57 cls sshd[1407014]: pam_unix(sshd:auth): check pass; user unknown
Apr  5 09:33:57 cls sshd[1407014]: pam_unix(sshd:auth): authentication failure; logname= uid=0 euid=0 tty=ssh ruser= rhost=206.123.145.52 
Apr  5 09:33:58 cls sshd[1407014]: Failed password for invalid user cq from 206.123.145.52 port 48336 ssh2
Apr  5 09:34:01 cls sshd[1407014]: Connection closed by invalid user cq 206.123.145.52 port 48336 [preauth]
Apr  5 09:34:28 cls sshd[1407066]: Invalid user yudongchen from 130.12.181.109 port 35090
Apr  5 09:34:30 cls sshd[1407066]: pam_unix(sshd:auth): check pass; user unknown
Apr  5 09:34:30 cls sshd[1407066]: pam_unix(sshd:auth): authentication failure; logname= uid=0 euid=0 tty=ssh ruser= rhost=130.12.181.109 
Apr  5 09:34:32 cls sshd[1407066]: Failed password for invalid user yudongchen from 130.12.181.109 port 35090 ssh2
Apr  5 09:34:36 cls sshd[1407066]: Connection closed by invalid user yudongchen 130.12.181.109 port 35090 [preauth]
Apr  5 09:34:37 cls sshd[1407070]: pam_unix(sshd:auth): authentication failure; logname= uid=0 euid=0 tty=ssh ruser= rhost=212.154.234.9  user=root
Apr  5 09:34:40 cls sshd[1407070]: Failed password for root from 212.154.234.9 port 50864 ssh2
Apr  5 09:34:40 cls sshd[1407070]: Received disconnect from 212.154.234.9 port 50864:11: Bye Bye [preauth]
Apr  5 09:34:40 cls sshd[1407070]: Disconnected from authenticating user root 212.154.234.9 port 50864 [preauth]
Apr  5 09:35:03 cls sshd[1407072]: pam_unix(sshd:auth): authentication failure; logname= uid=0 euid=0 tty=ssh ruser= rhost=206.123.145.78  user=root
Apr  5 09:35:04 cls sshd[1407072]: Failed password for root from 206.123.145.78 port 12230 ssh2
Apr  5 09:35:07 cls sshd[1407072]: Connection closed by authenticating user root 206.123.145.78 port 12230 [preauth]
Apr  5 09:35:19 cls sshd[1407092]: Invalid user dbadmin from 130.12.181.100 port 29068
Apr  5 09:35:21 cls sshd[1407092]: pam_unix(sshd:auth): check pass; user unknown
Apr  5 09:35:21 cls sshd[1407092]: pam_unix(sshd:auth): authentication failure; logname= uid=0 euid=0 tty=ssh ruser= rhost=130.12.181.100 
Apr  5 09:35:21 cls sshd[1407119]: Invalid user alex from 206.123.145.57 port 1900
Apr  5 09:35:23 cls sshd[1407119]: pam_unix(sshd:auth): check pass; user unknown
Apr  5 09:35:23 cls sshd[1407119]: pam_unix(sshd:auth): authentication failure; logname= uid=0 euid=0 tty=ssh ruser= rhost=206.123.145.57 
Apr  5 09:35:23 cls sshd[1407092]: Failed password for invalid user dbadmin from 130.12.181.100 port 29068 ssh2
Apr  5 09:35:24 cls sshd[1407119]: Failed password for invalid user alex from 206.123.145.57 port 1900 ssh2
Apr  5 09:35:26 cls sshd[1407092]: Connection closed by invalid user dbadmin 130.12.181.100 port 29068 [preauth]
Apr  5 09:35:27 cls sshd[1407119]: Connection closed by invalid user alex 206.123.145.57 port 1900 [preauth]
Apr  5 09:35:33 cls sshd[1407121]: Invalid user mssql from 206.123.145.79 port 42488
Apr  5 09:35:34 cls sshd[1407121]: pam_unix(sshd:auth): check pass; user unknown
Apr  5 09:35:34 cls sshd[1407121]: pam_unix(sshd:auth): authentication failure; logname= uid=0 euid=0 tty=ssh ruser= rhost=206.123.145.79 
Apr  5 09:35:36 cls sshd[1407121]: Failed password for invalid user mssql from 206.123.145.79 port 42488 ssh2
Apr  5 09:35:38 cls sshd[1407121]: Connection closed by invalid user mssql 206.123.145.79 port 42488 [preauth]
Apr  5 09:35:41 cls sshd[1407123]: pam_unix(sshd:auth): authentication failure; logname= uid=0 euid=0 tty=ssh ruser= rhost=130.12.181.107  user=root
Apr  5 09:35:43 cls sshd[1407123]: Failed password for root from 130.12.181.107 port 31480 ssh2
Apr  5 09:35:45 cls sshd[1407123]: Connection closed by authenticating user root 130.12.181.107 port 31480 [preauth]
Apr  5 09:36:01 cls sshd[1407125]: Invalid user ttzhang from 206.123.145.54 port 13090
Apr  5 09:36:03 cls sshd[1407125]: pam_unix(sshd:auth): check pass; user unknown
Apr  5 09:36:03 cls sshd[1407125]: pam_unix(sshd:auth): authentication failure; logname= uid=0 euid=0 tty=ssh ruser= rhost=206.123.145.54 
Apr  5 09:36:05 cls sshd[1407125]: Failed password for invalid user ttzhang from 206.123.145.54 port 13090 ssh2
Apr  5 09:36:06 cls sshd[1407127]: Invalid user zt from 206.123.145.76 port 16310
Apr  5 09:36:07 cls sshd[1407127]: pam_unix(sshd:auth): check pass; user unknown
Apr  5 09:36:07 cls sshd[1407127]: pam_unix(sshd:auth): authentication failure; logname= uid=0 euid=0 tty=ssh ruser= rhost=206.123.145.76 
Apr  5 09:36:09 cls sshd[1407125]: Connection closed by invalid user ttzhang 206.123.145.54 port 13090 [preauth]
Apr  5 09:36:09 cls sshd[1407127]: Failed password for invalid user zt from 206.123.145.76 port 16310 ssh2
Apr  5 09:36:15 cls sshd[1407127]: Connection closed by invalid user zt 206.123.145.76 port 16310 [preauth]
Apr  5 09:36:24 cls sshd[1407177]: pam_unix(sshd:auth): authentication failure; logname= uid=0 euid=0 tty=ssh ruser= rhost=206.123.145.73  user=root
Apr  5 09:36:26 cls sshd[1407177]: Failed password for root from 206.123.145.73 port 52158 ssh2
Apr  5 09:36:31 cls sshd[1407177]: Connection closed by authenticating user root 206.123.145.73 port 52158 [preauth]
Apr  5 09:36:32 cls sshd[1407181]: pam_unix(sshd:auth): authentication failure; logname= uid=0 euid=0 tty=ssh ruser= rhost=78.134.49.171  user=root
Apr  5 09:36:34 cls sshd[1407181]: Failed password for root from 78.134.49.171 port 52434 ssh2
Apr  5 09:36:34 cls sshd[1407181]: Received disconnect from 78.134.49.171 port 52434:11: Bye Bye [preauth]
Apr  5 09:36:34 cls sshd[1407181]: Disconnected from authenticating user root 78.134.49.171 port 52434 [preauth]
Apr  5 09:36:47 cls sshd[1407183]: Invalid user ada from 206.123.145.51 port 55578
Apr  5 09:36:49 cls sshd[1407190]: pam_unix(sshd:auth): authentication failure; logname= uid=0 euid=0 tty=ssh ruser= rhost=212.154.234.9  user=ubuntu
Apr  5 09:36:50 cls sshd[1407183]: pam_unix(sshd:auth): check pass; user unknown
Apr  5 09:36:50 cls sshd[1407183]: pam_unix(sshd:auth): authentication failure; logname= uid=0 euid=0 tty=ssh ruser= rhost=206.123.145.51 
Apr  5 09:36:51 cls sshd[1407190]: Failed password for ubuntu from 212.154.234.9 port 51545 ssh2
Apr  5 09:36:52 cls sshd[1407183]: Failed password for invalid user ada from 206.123.145.51 port 55578 ssh2
Apr  5 09:36:52 cls sshd[1407184]: pam_unix(sshd:auth): authentication failure; logname= uid=0 euid=0 tty=ssh ruser= rhost=130.12.181.103  user=root
Apr  5 09:36:53 cls sshd[1407190]: Received disconnect from 212.154.234.9 port 51545:11: Bye Bye [preauth]
Apr  5 09:36:53 cls sshd[1407190]: Disconnected from authenticating user ubuntu 212.154.234.9 port 51545 [preauth]
Apr  5 09:36:53 cls sshd[1407187]: Invalid user smy from 206.123.145.70 port 5362
Apr  5 09:36:54 cls sshd[1407184]: Failed password for root from 130.12.181.103 port 35064 ssh2
Apr  5 09:36:56 cls sshd[1407187]: pam_unix(sshd:auth): check pass; user unknown
Apr  5 09:36:56 cls sshd[1407187]: pam_unix(sshd:auth): authentication failure; logname= uid=0 euid=0 tty=ssh ruser= rhost=206.123.145.70 
Apr  5 09:36:57 cls sshd[1407184]: Connection closed by authenticating user root 130.12.181.103 port 35064 [preauth]
Apr  5 09:36:57 cls sshd[1407183]: Connection closed by invalid user ada 206.123.145.51 port 55578 [preauth]
Apr  5 09:36:58 cls sshd[1407187]: Failed password for invalid user smy from 206.123.145.70 port 5362 ssh2
Apr  5 09:37:02 cls sshd[1407187]: Connection closed by invalid user smy 206.123.145.70 port 5362 [preauth]
Apr  5 09:37:06 cls sshd[1407192]: Invalid user lijing from 206.123.145.56 port 48460
Apr  5 09:37:08 cls sshd[1407192]: pam_unix(sshd:auth): check pass; user unknown
Apr  5 09:37:08 cls sshd[1407192]: pam_unix(sshd:auth): authentication failure; logname= uid=0 euid=0 tty=ssh ruser= rhost=206.123.145.56 
Apr  5 09:37:10 cls sshd[1407192]: Failed password for invalid user lijing from 206.123.145.56 port 48460 ssh2
Apr  5 09:37:12 cls sshd[1407192]: Connection closed by invalid user lijing 206.123.145.56 port 48460 [preauth]
Apr  5 09:37:25 cls sshd[1407236]: Invalid user tesla from 206.123.145.69 port 64718
Apr  5 09:37:28 cls sshd[1407236]: pam_unix(sshd:auth): check pass; user unknown
Apr  5 09:37:28 cls sshd[1407236]: pam_unix(sshd:auth): authentication failure; logname= uid=0 euid=0 tty=ssh ruser= rhost=206.123.145.69 
Apr  5 09:37:30 cls sshd[1407236]: Failed password for invalid user tesla from 206.123.145.69 port 64718 ssh2
Apr  5 09:37:33 cls sshd[1407240]: Invalid user mank from 206.123.145.72 port 9578
Apr  5 09:37:33 cls sshd[1407236]: Connection closed by invalid user tesla 206.123.145.69 port 64718 [preauth]
Apr  5 09:37:35 cls sshd[1407240]: pam_unix(sshd:auth): check pass; user unknown
Apr  5 09:37:35 cls sshd[1407240]: pam_unix(sshd:auth): authentication failure; logname= uid=0 euid=0 tty=ssh ruser= rhost=206.123.145.72 
Apr  5 09:37:37 cls sshd[1407240]: Failed password for invalid user mank from 206.123.145.72 port 9578 ssh2
Apr  5 09:37:42 cls sshd[1407240]: Connection closed by invalid user mank 206.123.145.72 port 9578 [preauth]
Apr  5 09:37:43 cls sshd[1407242]: pam_unix(sshd:auth): authentication failure; logname= uid=0 euid=0 tty=ssh ruser= rhost=206.123.145.75  user=nobody
Apr  5 09:37:45 cls sshd[1407243]: Invalid user ftpfile from 130.12.181.108 port 41948
Apr  5 09:37:45 cls sshd[1407242]: Failed password for nobody from 206.123.145.75 port 36170 ssh2
Apr  5 09:37:47 cls sshd[1407243]: pam_unix(sshd:auth): check pass; user unknown
Apr  5 09:37:47 cls sshd[1407243]: pam_unix(sshd:auth): authentication failure; logname= uid=0 euid=0 tty=ssh ruser= rhost=130.12.181.108 
Apr  5 09:37:48 cls sshd[1407242]: Connection closed by authenticating user nobody 206.123.145.75 port 36170 [preauth]
Apr  5 09:37:49 cls sshd[1407243]: Failed password for invalid user ftpfile from 130.12.181.108 port 41948 ssh2
Apr  5 09:37:53 cls sshd[1407243]: Connection closed by invalid user ftpfile 130.12.181.108 port 41948 [preauth]
Apr  5 09:38:12 cls sshd[1407246]: Invalid user yhj from 130.12.181.97 port 34498
Apr  5 09:38:14 cls sshd[1407246]: pam_unix(sshd:auth): check pass; user unknown
Apr  5 09:38:14 cls sshd[1407246]: pam_unix(sshd:auth): authentication failure; logname= uid=0 euid=0 tty=ssh ruser= rhost=130.12.181.97 
Apr  5 09:38:17 cls sshd[1407246]: Failed password for invalid user yhj from 130.12.181.97 port 34498 ssh2
Apr  5 09:38:20 cls sshd[1407246]: Connection closed by invalid user yhj 130.12.181.97 port 34498 [preauth]
Apr  5 09:38:26 cls sshd[1407300]: Invalid user galeeva from 206.123.145.77 port 56392
Apr  5 09:38:28 cls sshd[1407300]: pam_unix(sshd:auth): check pass; user unknown
Apr  5 09:38:28 cls sshd[1407300]: pam_unix(sshd:auth): authentication failure; logname= uid=0 euid=0 tty=ssh ruser= rhost=206.123.145.77 
Apr  5 09:38:31 cls sshd[1407300]: Failed password for invalid user galeeva from 206.123.145.77 port 56392 ssh2
Apr  5 09:38:36 cls sshd[1407300]: Connection closed by invalid user galeeva 206.123.145.77 port 56392 [preauth]
Apr  5 09:39:01 cls CRON[1407309]: pam_unix(cron:session): session opened for user root by (uid=0)
Apr  5 09:39:01 cls CRON[1407309]: pam_unix(cron:session): session closed for user root
Apr  5 09:39:09 cls sshd[1407308]: Invalid user testuser from 206.123.145.55 port 14408
Apr  5 09:39:10 cls sshd[1407308]: pam_unix(sshd:auth): check pass; user unknown
Apr  5 09:39:10 cls sshd[1407308]: pam_unix(sshd:auth): authentication failure; logname= uid=0 euid=0 tty=ssh ruser= rhost=206.123.145.55 
Apr  5 09:39:13 cls sshd[1407308]: Failed password for invalid user testuser from 206.123.145.55 port 14408 ssh2
Apr  5 09:39:14 cls sshd[1407712]: Invalid user ftpuser from 78.134.49.171 port 44535
Apr  5 09:39:14 cls sshd[1407712]: pam_unix(sshd:auth): check pass; user unknown
Apr  5 09:39:14 cls sshd[1407712]: pam_unix(sshd:auth): authentication failure; logname= uid=0 euid=0 tty=ssh ruser= rhost=78.134.49.171 
Apr  5 09:39:16 cls sshd[1407308]: Connection closed by invalid user testuser 206.123.145.55 port 14408 [preauth]
Apr  5 09:39:17 cls sshd[1407712]: Failed password for invalid user ftpuser from 78.134.49.171 port 44535 ssh2
Apr  5 09:39:18 cls sshd[1407712]: Received disconnect from 78.134.49.171 port 44535:11: Bye Bye [preauth]
Apr  5 09:39:18 cls sshd[1407712]: Disconnected from invalid user ftpuser 78.134.49.171 port 44535 [preauth]
Apr  5 09:39:42 cls sshd[1407717]: Invalid user ahmad from 130.12.181.99 port 30456
Apr  5 09:39:44 cls sshd[1407717]: pam_unix(sshd:auth): check pass; user unknown
Apr  5 09:39:44 cls sshd[1407717]: pam_unix(sshd:auth): authentication failure; logname= uid=0 euid=0 tty=ssh ruser= rhost=130.12.181.99 
Apr  5 09:39:46 cls sshd[1407717]: Failed password for invalid user ahmad from 130.12.181.99 port 30456 ssh2
Apr  5 09:39:48 cls sshd[1407719]: Invalid user yxwang from 130.12.181.102 port 36256
Apr  5 09:39:49 cls sshd[1407717]: Connection closed by invalid user ahmad 130.12.181.99 port 30456 [preauth]
Apr  5 09:39:51 cls sshd[1407719]: pam_unix(sshd:auth): check pass; user unknown
Apr  5 09:39:51 cls sshd[1407719]: pam_unix(sshd:auth): authentication failure; logname= uid=0 euid=0 tty=ssh ruser= rhost=130.12.181.102 
Apr  5 09:39:53 cls sshd[1407719]: Failed password for invalid user yxwang from 130.12.181.102 port 36256 ssh2
Apr  5 09:39:57 cls sshd[1407719]: Connection closed by invalid user yxwang 130.12.181.102 port 36256 [preauth]
Apr  5 09:40:54 cls sshd[1407759]: pam_unix(sshd:auth): authentication failure; logname= uid=0 euid=0 tty=ssh ruser= rhost=130.12.181.98  user=root
Apr  5 09:40:56 cls sshd[1407759]: Failed password for root from 130.12.181.98 port 13876 ssh2
Apr  5 09:40:59 cls sshd[1407759]: Connection closed by authenticating user root 130.12.181.98 port 13876 [preauth]
Apr  5 09:41:05 cls sshd[1407761]: pam_unix(sshd:auth): authentication failure; logname= uid=0 euid=0 tty=ssh ruser= rhost=206.123.145.48  user=root
Apr  5 09:41:07 cls sshd[1407761]: Failed password for root from 206.123.145.48 port 54656 ssh2
Apr  5 09:41:08 cls sshd[1407761]: Connection closed by authenticating user root 206.123.145.48 port 54656 [preauth]
Apr  5 09:41:10 cls sshd[1407763]: Invalid user bcy from 206.123.145.20 port 39506
Apr  5 09:41:13 cls sshd[1407765]: Invalid user apollo-cw09 from 206.123.145.50 port 31264
Apr  5 09:41:14 cls sshd[1407763]: pam_unix(sshd:auth): check pass; user unknown
Apr  5 09:41:14 cls sshd[1407763]: pam_unix(sshd:auth): authentication failure; logname= uid=0 euid=0 tty=ssh ruser= rhost=206.123.145.20 
Apr  5 09:41:16 cls sshd[1407763]: Failed password for invalid user bcy from 206.123.145.20 port 39506 ssh2
Apr  5 09:41:18 cls sshd[1407763]: Connection closed by invalid user bcy 206.123.145.20 port 39506 [preauth]
Apr  5 09:41:19 cls sshd[1407765]: pam_unix(sshd:auth): check pass; user unknown
Apr  5 09:41:19 cls sshd[1407765]: pam_unix(sshd:auth): authentication failure; logname= uid=0 euid=0 tty=ssh ruser= rhost=206.123.145.50 
Apr  5 09:41:21 cls sshd[1407765]: Failed password for invalid user apollo-cw09 from 206.123.145.50 port 31264 ssh2
Apr  5 09:41:23 cls sshd[1407765]: Connection closed by invalid user apollo-cw09 206.123.145.50 port 31264 [preauth]
Apr  5 09:41:29 cls sshd[1407807]: Invalid user alluxio from 206.123.145.49 port 23514
Apr  5 09:41:30 cls sshd[1407807]: pam_unix(sshd:auth): check pass; user unknown
Apr  5 09:41:30 cls sshd[1407807]: pam_unix(sshd:auth): authentication failure; logname= uid=0 euid=0 tty=ssh ruser= rhost=206.123.145.49 
Apr  5 09:41:32 cls sshd[1407807]: Failed password for invalid user alluxio from 206.123.145.49 port 23514 ssh2
Apr  5 09:41:34 cls sshd[1407807]: Connection closed by invalid user alluxio 206.123.145.49 port 23514 [preauth]
Apr  5 09:41:41 cls sshd[1407809]: Invalid user wangjixin from 130.12.181.104 port 19768
Apr  5 09:41:42 cls sshd[1407810]: Invalid user lak from 206.123.145.46 port 32444
Apr  5 09:41:43 cls sshd[1407809]: pam_unix(sshd:auth): check pass; user unknown
Apr  5 09:41:43 cls sshd[1407809]: pam_unix(sshd:auth): authentication failure; logname= uid=0 euid=0 tty=ssh ruser= rhost=130.12.181.104 
Apr  5 09:41:44 cls sshd[1407810]: pam_unix(sshd:auth): check pass; user unknown
Apr  5 09:41:44 cls sshd[1407810]: pam_unix(sshd:auth): authentication failure; logname= uid=0 euid=0 tty=ssh ruser= rhost=206.123.145.46 
Apr  5 09:41:45 cls sshd[1407809]: Failed password for invalid user wangjixin from 130.12.181.104 port 19768 ssh2
Apr  5 09:41:46 cls sshd[1407810]: Failed password for invalid user lak from 206.123.145.46 port 32444 ssh2
Apr  5 09:41:48 cls sshd[1407809]: Connection closed by invalid user wangjixin 130.12.181.104 port 19768 [preauth]
Apr  5 09:41:51 cls sshd[1407810]: Connection closed by invalid user lak 206.123.145.46 port 32444 [preauth]
Apr  5 09:42:00 cls sshd[1407817]: Invalid user farid from 130.12.181.106 port 35240
Apr  5 09:42:02 cls sshd[1407819]: pam_unix(sshd:auth): authentication failure; logname= uid=0 euid=0 tty=ssh ruser= rhost=78.134.49.171  user=root
Apr  5 09:42:02 cls sshd[1407817]: pam_unix(sshd:auth): check pass; user unknown
Apr  5 09:42:02 cls sshd[1407817]: pam_unix(sshd:auth): authentication failure; logname= uid=0 euid=0 tty=ssh ruser= rhost=130.12.181.106 
Apr  5 09:42:04 cls sshd[1407819]: Failed password for root from 78.134.49.171 port 36653 ssh2
Apr  5 09:42:04 cls sshd[1407817]: Failed password for invalid user farid from 130.12.181.106 port 35240 ssh2
Apr  5 09:42:05 cls sshd[1407819]: Received disconnect from 78.134.49.171 port 36653:11: Bye Bye [preauth]
Apr  5 09:42:05 cls sshd[1407819]: Disconnected from authenticating user root 78.134.49.171 port 36653 [preauth]
Apr  5 09:42:07 cls sshd[1407817]: Connection closed by invalid user farid 130.12.181.106 port 35240 [preauth]
Apr  5 09:42:10 cls sshd[1407821]: Invalid user zhangshuai from 130.12.181.101 port 24116
Apr  5 09:42:13 cls sshd[1407821]: pam_unix(sshd:auth): check pass; user unknown
Apr  5 09:42:13 cls sshd[1407821]: pam_unix(sshd:auth): authentication failure; logname= uid=0 euid=0 tty=ssh ruser= rhost=130.12.181.101 
Apr  5 09:42:14 cls sshd[1407821]: Failed password for invalid user zhangshuai from 130.12.181.101 port 24116 ssh2
Apr  5 09:42:19 cls sshd[1407821]: Connection closed by invalid user zhangshuai 130.12.181.101 port 24116 [preauth]
Apr  5 09:42:29 cls sshd[1407863]: Invalid user upload from 206.123.145.71 port 62614
Apr  5 09:42:30 cls sshd[1407864]: Invalid user acfeng from 206.123.145.74 port 60742
Apr  5 09:42:32 cls sshd[1407863]: pam_unix(sshd:auth): check pass; user unknown
Apr  5 09:42:32 cls sshd[1407863]: pam_unix(sshd:auth): authentication failure; logname= uid=0 euid=0 tty=ssh ruser= rhost=206.123.145.71 
Apr  5 09:42:33 cls sshd[1407864]: pam_unix(sshd:auth): check pass; user unknown
Apr  5 09:42:33 cls sshd[1407864]: pam_unix(sshd:auth): authentication failure; logname= uid=0 euid=0 tty=ssh ruser= rhost=206.123.145.74 
Apr  5 09:42:34 cls sshd[1407863]: Failed password for invalid user upload from 206.123.145.71 port 62614 ssh2
Apr  5 09:42:35 cls sshd[1407864]: Failed password for invalid user acfeng from 206.123.145.74 port 60742 ssh2
Apr  5 09:42:36 cls sshd[1407863]: Connection closed by invalid user upload 206.123.145.71 port 62614 [preauth]
Apr  5 09:42:36 cls sshd[1407864]: Connection closed by invalid user acfeng 206.123.145.74 port 60742 [preauth]
Apr  5 09:42:37 cls sshd[1407878]: Invalid user gzw from 206.123.145.53 port 51454
Apr  5 09:42:41 cls sshd[1407878]: pam_unix(sshd:auth): check pass; user unknown
Apr  5 09:42:41 cls sshd[1407878]: pam_unix(sshd:auth): authentication failure; logname= uid=0 euid=0 tty=ssh ruser= rhost=206.123.145.53 
Apr  5 09:42:43 cls sshd[1407878]: Failed password for invalid user gzw from 206.123.145.53 port 51454 ssh2
Apr  5 09:42:47 cls sshd[1407878]: Connection closed by invalid user gzw 206.123.145.53 port 51454 [preauth]
Apr  5 09:42:52 cls sshd[1407880]: Invalid user dmdba from 130.12.181.105 port 16728
Apr  5 09:42:55 cls sshd[1407880]: pam_unix(sshd:auth): check pass; user unknown
Apr  5 09:42:55 cls sshd[1407880]: pam_unix(sshd:auth): authentication failure; logname= uid=0 euid=0 tty=ssh ruser= rhost=130.12.181.105 
Apr  5 09:42:57 cls sshd[1407880]: Failed password for invalid user dmdba from 130.12.181.105 port 16728 ssh2
Apr  5 09:43:00 cls sshd[1407880]: Connection closed by invalid user dmdba 130.12.181.105 port 16728 [preauth]
Apr  5 09:43:02 cls sshd[1407882]: pam_unix(sshd:auth): authentication failure; logname= uid=0 euid=0 tty=ssh ruser= rhost=206.123.145.52  user=root
Apr  5 09:43:04 cls sshd[1407882]: Failed password for root from 206.123.145.52 port 3076 ssh2
Apr  5 09:43:07 cls sshd[1407882]: Connection closed by authenticating user root 206.123.145.52 port 3076 [preauth]
Apr  5 09:43:21 cls sshd[1407892]: Invalid user chenhaibao from 130.12.181.109 port 23914
Apr  5 09:43:21 cls sshd[1407892]: pam_unix(sshd:auth): check pass; user unknown
Apr  5 09:43:21 cls sshd[1407892]: pam_unix(sshd:auth): authentication failure; logname= uid=0 euid=0 tty=ssh ruser= rhost=130.12.181.109 
Apr  5 09:43:23 cls sshd[1407892]: Failed password for invalid user chenhaibao from 130.12.181.109 port 23914 ssh2
Apr  5 09:43:26 cls sshd[1407892]: Connection closed by invalid user chenhaibao 130.12.181.109 port 23914 [preauth]
Apr  5 09:44:21 cls sshd[1407930]: Invalid user rlp from 206.123.145.78 port 59796
Apr  5 09:44:22 cls sshd[1407930]: pam_unix(sshd:auth): check pass; user unknown
Apr  5 09:44:22 cls sshd[1407930]: pam_unix(sshd:auth): authentication failure; logname= uid=0 euid=0 tty=ssh ruser= rhost=206.123.145.78 
Apr  5 09:44:24 cls sshd[1407930]: Failed password for invalid user rlp from 206.123.145.78 port 59796 ssh2
Apr  5 09:44:28 cls sshd[1407972]: Invalid user system from 130.12.181.100 port 53884
Apr  5 09:44:30 cls sshd[1407972]: pam_unix(sshd:auth): check pass; user unknown
Apr  5 09:44:30 cls sshd[1407972]: pam_unix(sshd:auth): authentication failure; logname= uid=0 euid=0 tty=ssh ruser= rhost=130.12.181.100 
Apr  5 09:44:30 cls sshd[1407930]: Connection closed by invalid user rlp 206.123.145.78 port 59796 [preauth]
Apr  5 09:44:32 cls sshd[1407972]: Failed password for invalid user system from 130.12.181.100 port 53884 ssh2
Apr  5 09:44:35 cls sshd[1407972]: Connection closed by invalid user system 130.12.181.100 port 53884 [preauth]
Apr  5 09:44:40 cls sshd[1407974]: Invalid user dingmengting from 130.12.181.107 port 23262
Apr  5 09:44:43 cls sshd[1407978]: Invalid user steam from 78.134.49.171 port 56995
Apr  5 09:44:43 cls sshd[1407978]: pam_unix(sshd:auth): check pass; user unknown
Apr  5 09:44:43 cls sshd[1407978]: pam_unix(sshd:auth): authentication failure; logname= uid=0 euid=0 tty=ssh ruser= rhost=78.134.49.171 
Apr  5 09:44:43 cls sshd[1407974]: pam_unix(sshd:auth): check pass; user unknown
Apr  5 09:44:43 cls sshd[1407974]: pam_unix(sshd:auth): authentication failure; logname= uid=0 euid=0 tty=ssh ruser= rhost=130.12.181.107 
Apr  5 09:44:45 cls sshd[1407975]: pam_unix(sshd:auth): authentication failure; logname= uid=0 euid=0 tty=ssh ruser= rhost=206.123.145.57  user=root
Apr  5 09:44:45 cls sshd[1407978]: Failed password for invalid user steam from 78.134.49.171 port 56995 ssh2
Apr  5 09:44:45 cls sshd[1407974]: Failed password for invalid user dingmengting from 130.12.181.107 port 23262 ssh2
Apr  5 09:44:45 cls sshd[1407978]: Received disconnect from 78.134.49.171 port 56995:11: Bye Bye [preauth]
Apr  5 09:44:45 cls sshd[1407978]: Disconnected from invalid user steam 78.134.49.171 port 56995 [preauth]
Apr  5 09:44:47 cls sshd[1407975]: Failed password for root from 206.123.145.57 port 43756 ssh2
Apr  5 09:44:49 cls sshd[1407974]: Connection closed by invalid user dingmengting 130.12.181.107 port 23262 [preauth]
Apr  5 09:44:52 cls sshd[1407975]: Connection closed by authenticating user root 206.123.145.57 port 43756 [preauth]
Apr  5 09:45:08 cls sshd[1407980]: Invalid user user1 from 206.123.145.54 port 25204
Apr  5 09:45:10 cls sshd[1407981]: Invalid user lead from 206.123.145.79 port 42474
Apr  5 09:45:10 cls sshd[1407981]: pam_unix(sshd:auth): check pass; user unknown
Apr  5 09:45:10 cls sshd[1407981]: pam_unix(sshd:auth): authentication failure; logname= uid=0 euid=0 tty=ssh ruser= rhost=206.123.145.79 
Apr  5 09:45:12 cls sshd[1407980]: pam_unix(sshd:auth): check pass; user unknown
Apr  5 09:45:12 cls sshd[1407980]: pam_unix(sshd:auth): authentication failure; logname= uid=0 euid=0 tty=ssh ruser= rhost=206.123.145.54 
Apr  5 09:45:13 cls sshd[1407981]: Failed password for invalid user lead from 206.123.145.79 port 42474 ssh2
Apr  5 09:45:14 cls sshd[1407980]: Failed password for invalid user user1 from 206.123.145.54 port 25204 ssh2
Apr  5 09:45:16 cls sshd[1407981]: Connection closed by invalid user lead 206.123.145.79 port 42474 [preauth]
Apr  5 09:45:17 cls sshd[1407980]: Connection closed by invalid user user1 206.123.145.54 port 25204 [preauth]
Apr  5 09:45:21 cls sshd[1407984]: Invalid user henjj from 206.123.145.76 port 11868
Apr  5 09:45:23 cls sshd[1407984]: pam_unix(sshd:auth): check pass; user unknown
Apr  5 09:45:23 cls sshd[1407984]: pam_unix(sshd:auth): authentication failure; logname= uid=0 euid=0 tty=ssh ruser= rhost=206.123.145.76 
Apr  5 09:45:25 cls sshd[1407984]: Failed password for invalid user henjj from 206.123.145.76 port 11868 ssh2
Apr  5 09:45:27 cls sshd[1407984]: Connection closed by invalid user henjj 206.123.145.76 port 11868 [preauth]
Apr  5 09:45:42 cls sshd[1408028]: Invalid user user90 from 206.123.145.73 port 21348
Apr  5 09:45:44 cls sshd[1408028]: pam_unix(sshd:auth): check pass; user unknown
Apr  5 09:45:44 cls sshd[1408028]: pam_unix(sshd:auth): authentication failure; logname= uid=0 euid=0 tty=ssh ruser= rhost=206.123.145.73 
Apr  5 09:45:46 cls sshd[1408028]: Failed password for invalid user user90 from 206.123.145.73 port 21348 ssh2
Apr  5 09:45:49 cls sshd[1408028]: Connection closed by invalid user user90 206.123.145.73 port 21348 [preauth]
Apr  5 09:45:59 cls sshd[1408030]: Invalid user rizejin from 130.12.181.103 port 37728
Apr  5 09:46:01 cls sshd[1408030]: pam_unix(sshd:auth): check pass; user unknown
Apr  5 09:46:01 cls sshd[1408030]: pam_unix(sshd:auth): authentication failure; logname= uid=0 euid=0 tty=ssh ruser= rhost=130.12.181.103 
Apr  5 09:46:03 cls sshd[1408030]: Failed password for invalid user rizejin from 130.12.181.103 port 37728 ssh2
Apr  5 09:46:06 cls sshd[1408032]: Invalid user user97 from 206.123.145.51 port 37864
Apr  5 09:46:06 cls sshd[1408030]: Connection closed by invalid user rizejin 130.12.181.103 port 37728 [preauth]
Apr  5 09:46:09 cls sshd[1408032]: pam_unix(sshd:auth): check pass; user unknown
Apr  5 09:46:09 cls sshd[1408032]: pam_unix(sshd:auth): authentication failure; logname= uid=0 euid=0 tty=ssh ruser= rhost=206.123.145.51 
Apr  5 09:46:12 cls sshd[1408032]: Failed password for invalid user user97 from 206.123.145.51 port 37864 ssh2
Apr  5 09:46:15 cls sshd[1408032]: Connection closed by invalid user user97 206.123.145.51 port 37864 [preauth]
Apr  5 09:46:20 cls sshd[1408038]: Invalid user qz from 206.123.145.56 port 16838
Apr  5 09:46:22 cls sshd[1408038]: pam_unix(sshd:auth): check pass; user unknown
Apr  5 09:46:22 cls sshd[1408038]: pam_unix(sshd:auth): authentication failure; logname= uid=0 euid=0 tty=ssh ruser= rhost=206.123.145.56 
Apr  5 09:46:22 cls sshd[1408040]: Invalid user xzh from 206.123.145.70 port 46456
Apr  5 09:46:24 cls sshd[1408040]: pam_unix(sshd:auth): check pass; user unknown
Apr  5 09:46:24 cls sshd[1408040]: pam_unix(sshd:auth): authentication failure; logname= uid=0 euid=0 tty=ssh ruser= rhost=206.123.145.70 
Apr  5 09:46:24 cls sshd[1408038]: Failed password for invalid user qz from 206.123.145.56 port 16838 ssh2
Apr  5 09:46:25 cls sshd[1408040]: Failed password for invalid user xzh from 206.123.145.70 port 46456 ssh2
Apr  5 09:46:28 cls sshd[1408038]: Connection closed by invalid user qz 206.123.145.56 port 16838 [preauth]
Apr  5 09:46:29 cls sshd[1408040]: Connection closed by invalid user xzh 206.123.145.70 port 46456 [preauth]
Apr  5 09:47:00 cls sshd[1408103]: Invalid user mfe from 206.123.145.69 port 44850
Apr  5 09:47:01 cls sshd[1408104]: Invalid user whli2 from 130.12.181.108 port 60128
Apr  5 09:47:04 cls sshd[1408103]: pam_unix(sshd:auth): check pass; user unknown
Apr  5 09:47:04 cls sshd[1408103]: pam_unix(sshd:auth): authentication failure; logname= uid=0 euid=0 tty=ssh ruser= rhost=206.123.145.69 
Apr  5 09:47:04 cls sshd[1408104]: pam_unix(sshd:auth): check pass; user unknown
Apr  5 09:47:04 cls sshd[1408104]: pam_unix(sshd:auth): authentication failure; logname= uid=0 euid=0 tty=ssh ruser= rhost=130.12.181.108 
Apr  5 09:47:06 cls sshd[1408103]: Failed password for invalid user mfe from 206.123.145.69 port 44850 ssh2
Apr  5 09:47:06 cls sshd[1408104]: Failed password for invalid user whli2 from 130.12.181.108 port 60128 ssh2
Apr  5 09:47:10 cls sshd[1408104]: Connection closed by invalid user whli2 130.12.181.108 port 60128 [preauth]
Apr  5 09:47:12 cls sshd[1408103]: Connection closed by invalid user mfe 206.123.145.69 port 44850 [preauth]
Apr  5 09:47:15 cls sshd[1408107]: Invalid user stefan from 206.123.145.72 port 20434
Apr  5 09:47:16 cls sshd[1408109]: Invalid user aagorban from 206.123.145.75 port 12692
Apr  5 09:47:17 cls sshd[1408107]: pam_unix(sshd:auth): check pass; user unknown
Apr  5 09:47:17 cls sshd[1408107]: pam_unix(sshd:auth): authentication failure; logname= uid=0 euid=0 tty=ssh ruser= rhost=206.123.145.72 
Apr  5 09:47:18 cls sshd[1408109]: pam_unix(sshd:auth): check pass; user unknown
Apr  5 09:47:18 cls sshd[1408109]: pam_unix(sshd:auth): authentication failure; logname= uid=0 euid=0 tty=ssh ruser= rhost=206.123.145.75 
