Apr  5 09:47:19 cls sshd[1408109]: Failed password for invalid user aagorban from 206.123.145.75 port 12692 ssh2
Apr  5 09:47:20 cls sshd[1408107]: Failed password for invalid user stefan from 206.123.145.72 port 20434 ssh2
Apr  5 09:47:22 cls sshd[1408109]: Connection closed by invalid user aagorban 206.123.145.75 port 12692 [preauth]
Apr  5 09:47:23 cls sshd[1408111]: pam_unix(sshd:auth): authentication failure; logname= uid=0 euid=0 tty=ssh ruser= rhost=130.12.181.97  user=root
Apr  5 09:47:24 cls sshd[1408107]: Connection closed by invalid user stefan 206.123.145.72 port 20434 [preauth]
Apr  5 09:47:25 cls sshd[1408111]: Failed password for root from 130.12.181.97 port 60084 ssh2
Apr  5 09:47:28 cls sshd[1408111]: Connection closed by authenticating user root 130.12.181.97 port 60084 [preauth]
Apr  5 09:47:54 cls sshd[1408187]: Invalid user flink from 130.12.181.98 port 19510
Apr  5 09:47:56 cls sshd[1408187]: pam_unix(sshd:auth): check pass; user unknown
Apr  5 09:47:56 cls sshd[1408187]: pam_unix(sshd:auth): authentication failure; logname= uid=0 euid=0 tty=ssh ruser= rhost=130.12.181.98 
Apr  5 09:47:57 cls sshd[1408187]: Failed password for invalid user flink from 130.12.181.98 port 19510 ssh2
Apr  5 09:47:59 cls sshd[1408187]: Connection closed by invalid user flink 130.12.181.98 port 19510 [preauth]
Apr  5 09:48:06 cls sshd[1408189]: Invalid user pfren from 206.123.145.77 port 20678
Apr  5 09:48:07 cls sshd[1408189]: pam_unix(sshd:auth): check pass; user unknown
Apr  5 09:48:07 cls sshd[1408189]: pam_unix(sshd:auth): authentication failure; logname= uid=0 euid=0 tty=ssh ruser= rhost=206.123.145.77 
Apr  5 09:48:08 cls sshd[1408189]: Failed password for invalid user pfren from 206.123.145.77 port 20678 ssh2
Apr  5 09:48:11 cls sshd[1408190]: Invalid user liuzhi from 206.123.145.55 port 52012
Apr  5 09:48:11 cls sshd[1408189]: Connection closed by invalid user pfren 206.123.145.77 port 20678 [preauth]
Apr  5 09:48:13 cls sshd[1408190]: pam_unix(sshd:auth): check pass; user unknown
Apr  5 09:48:13 cls sshd[1408190]: pam_unix(sshd:auth): authentication failure; logname= uid=0 euid=0 tty=ssh ruser= rhost=206.123.145.55 
Apr  5 09:48:15 cls sshd[1408190]: Failed password for invalid user liuzhi from 206.123.145.55 port 52012 ssh2
Apr  5 09:48:19 cls sshd[1408190]: Connection closed by invalid user liuzhi 206.123.145.55 port 52012 [preauth]
Apr  5 09:48:29 cls sshd[1408193]: Invalid user wenyang from 130.12.181.99 port 43498
Apr  5 09:48:31 cls sshd[1408193]: pam_unix(sshd:auth): check pass; user unknown
Apr  5 09:48:31 cls sshd[1408193]: pam_unix(sshd:auth): authentication failure; logname= uid=0 euid=0 tty=ssh ruser= rhost=130.12.181.99 
Apr  5 09:48:33 cls sshd[1408193]: Failed password for invalid user wenyang from 130.12.181.99 port 43498 ssh2
Apr  5 09:48:36 cls sshd[1408193]: Connection closed by invalid user wenyang 130.12.181.99 port 43498 [preauth]
Apr  5 09:49:05 cls sshd[1408259]: Invalid user jpo from 130.12.181.102 port 34540
Apr  5 09:49:08 cls sshd[1408259]: pam_unix(sshd:auth): check pass; user unknown
Apr  5 09:49:08 cls sshd[1408259]: pam_unix(sshd:auth): authentication failure; logname= uid=0 euid=0 tty=ssh ruser= rhost=130.12.181.102 
Apr  5 09:49:10 cls sshd[1408259]: Failed password for invalid user jpo from 130.12.181.102 port 34540 ssh2
Apr  5 09:49:13 cls sshd[1408259]: Connection closed by invalid user jpo 130.12.181.102 port 34540 [preauth]
Apr  5 09:50:09 cls sshd[1408326]: Invalid user fqj from 206.123.145.50 port 38968
Apr  5 09:50:10 cls sshd[1408326]: pam_unix(sshd:auth): check pass; user unknown
Apr  5 09:50:10 cls sshd[1408326]: pam_unix(sshd:auth): authentication failure; logname= uid=0 euid=0 tty=ssh ruser= rhost=206.123.145.50 
Apr  5 09:50:12 cls sshd[1408326]: Failed password for invalid user fqj from 206.123.145.50 port 38968 ssh2
Apr  5 09:50:15 cls sshd[1408326]: Connection closed by invalid user fqj 206.123.145.50 port 38968 [preauth]
Apr  5 09:50:15 cls sshd[1408328]: Invalid user changs from 206.123.145.48 port 22756
Apr  5 09:50:16 cls sshd[1408328]: pam_unix(sshd:auth): check pass; user unknown
Apr  5 09:50:16 cls sshd[1408328]: pam_unix(sshd:auth): authentication failure; logname= uid=0 euid=0 tty=ssh ruser= rhost=206.123.145.48 
Apr  5 09:50:19 cls sshd[1408328]: Failed password for invalid user changs from 206.123.145.48 port 22756 ssh2
Apr  5 09:50:21 cls sshd[1408328]: Connection closed by invalid user changs 206.123.145.48 port 22756 [preauth]
Apr  5 09:50:25 cls sshd[1408330]: Invalid user git from 206.123.145.20 port 57648
Apr  5 09:50:27 cls sshd[1408330]: pam_unix(sshd:auth): check pass; user unknown
Apr  5 09:50:27 cls sshd[1408330]: pam_unix(sshd:auth): authentication failure; logname= uid=0 euid=0 tty=ssh ruser= rhost=206.123.145.20 
Apr  5 09:50:29 cls sshd[1408330]: Failed password for invalid user git from 206.123.145.20 port 57648 ssh2
Apr  5 09:50:32 cls sshd[1408330]: Connection closed by invalid user git 206.123.145.20 port 57648 [preauth]
Apr  5 09:50:42 cls sshd[1408332]: Invalid user gyn from 206.123.145.46 port 7568
Apr  5 09:50:45 cls sshd[1408332]: pam_unix(sshd:auth): check pass; user unknown
Apr  5 09:50:45 cls sshd[1408332]: pam_unix(sshd:auth): authentication failure; logname= uid=0 euid=0 tty=ssh ruser= rhost=206.123.145.46 
Apr  5 09:50:46 cls sshd[1408332]: Failed password for invalid user gyn from 206.123.145.46 port 7568 ssh2
Apr  5 09:50:49 cls sshd[1408332]: Connection closed by invalid user gyn 206.123.145.46 port 7568 [preauth]
Apr  5 09:50:51 cls sshd[1408334]: pam_unix(sshd:auth): authentication failure; logname= uid=0 euid=0 tty=ssh ruser= rhost=206.123.145.49  user=root
Apr  5 09:50:54 cls sshd[1408334]: Failed password for root from 206.123.145.49 port 20172 ssh2
Apr  5 09:50:56 cls sshd[1408336]: Invalid user oracle from 130.12.181.104 port 12150
Apr  5 09:50:56 cls sshd[1408334]: Connection closed by authenticating user root 206.123.145.49 port 20172 [preauth]
Apr  5 09:50:58 cls sshd[1408336]: pam_unix(sshd:auth): check pass; user unknown
Apr  5 09:50:58 cls sshd[1408336]: pam_unix(sshd:auth): authentication failure; logname= uid=0 euid=0 tty=ssh ruser= rhost=130.12.181.104 
Apr  5 09:51:00 cls sshd[1408336]: Failed password for invalid user oracle from 130.12.181.104 port 12150 ssh2
Apr  5 09:51:02 cls sshd[1408336]: Connection closed by invalid user oracle 130.12.181.104 port 12150 [preauth]
Apr  5 09:51:08 cls sshd[1408406]: pam_unix(sshd:auth): authentication failure; logname= uid=0 euid=0 tty=ssh ruser= rhost=130.12.181.106  user=root
Apr  5 09:51:10 cls sshd[1408406]: Failed password for root from 130.12.181.106 port 59160 ssh2
Apr  5 09:51:13 cls sshd[1408413]: Invalid user user from 130.12.181.101 port 31074
Apr  5 09:51:13 cls sshd[1408406]: Connection closed by authenticating user root 130.12.181.106 port 59160 [preauth]
Apr  5 09:51:15 cls sshd[1408413]: pam_unix(sshd:auth): check pass; user unknown
Apr  5 09:51:15 cls sshd[1408413]: pam_unix(sshd:auth): authentication failure; logname= uid=0 euid=0 tty=ssh ruser= rhost=130.12.181.101 
Apr  5 09:51:17 cls sshd[1408411]: pam_unix(sshd:auth): authentication failure; logname= uid=0 euid=0 tty=ssh ruser= rhost=206.123.145.53  user=root
Apr  5 09:51:17 cls sshd[1408413]: Failed password for invalid user user from 130.12.181.101 port 31074 ssh2
Apr  5 09:51:19 cls sshd[1408411]: Failed password for root from 206.123.145.53 port 38136 ssh2
Apr  5 09:51:20 cls sshd[1408411]: Connection closed by authenticating user root 206.123.145.53 port 38136 [preauth]
Apr  5 09:51:21 cls sshd[1408413]: Connection closed by invalid user user 130.12.181.101 port 31074 [preauth]
Apr  5 09:51:58 cls sshd[1408483]: Invalid user jboss from 206.123.145.74 port 38454
Apr  5 09:52:01 cls sshd[1408483]: pam_unix(sshd:auth): check pass; user unknown
Apr  5 09:52:01 cls sshd[1408483]: pam_unix(sshd:auth): authentication failure; logname= uid=0 euid=0 tty=ssh ruser= rhost=206.123.145.74 
Apr  5 09:52:02 cls sshd[1408483]: Failed password for invalid user jboss from 206.123.145.74 port 38454 ssh2
Apr  5 09:52:04 cls sshd[1408483]: Connection closed by invalid user jboss 206.123.145.74 port 38454 [preauth]
Apr  5 09:52:12 cls sshd[1408485]: Invalid user hhb from 206.123.145.71 port 62376
Apr  5 09:52:13 cls sshd[1408485]: pam_unix(sshd:auth): check pass; user unknown
Apr  5 09:52:13 cls sshd[1408485]: pam_unix(sshd:auth): authentication failure; logname= uid=0 euid=0 tty=ssh ruser= rhost=206.123.145.71 
Apr  5 09:52:14 cls sshd[1408487]: Invalid user test1 from 130.12.181.105 port 40806
Apr  5 09:52:15 cls sshd[1408485]: Failed password for invalid user hhb from 206.123.145.71 port 62376 ssh2
Apr  5 09:52:16 cls sshd[1408487]: pam_unix(sshd:auth): check pass; user unknown
Apr  5 09:52:16 cls sshd[1408487]: pam_unix(sshd:auth): authentication failure; logname= uid=0 euid=0 tty=ssh ruser= rhost=130.12.181.105 
Apr  5 09:52:18 cls sshd[1408489]: Invalid user mongodb from 130.12.181.109 port 39594
Apr  5 09:52:18 cls sshd[1408487]: Failed password for invalid user test1 from 130.12.181.105 port 40806 ssh2
Apr  5 09:52:19 cls sshd[1408485]: Connection closed by invalid user hhb 206.123.145.71 port 62376 [preauth]
Apr  5 09:52:21 cls sshd[1408491]: Invalid user chenjianhuai from 206.123.145.52 port 48464
Apr  5 09:52:21 cls sshd[1408489]: pam_unix(sshd:auth): check pass; user unknown
Apr  5 09:52:21 cls sshd[1408489]: pam_unix(sshd:auth): authentication failure; logname= uid=0 euid=0 tty=ssh ruser= rhost=130.12.181.109 
Apr  5 09:52:22 cls sshd[1408487]: Connection closed by invalid user test1 130.12.181.105 port 40806 [preauth]
Apr  5 09:52:23 cls sshd[1408491]: pam_unix(sshd:auth): check pass; user unknown
Apr  5 09:52:23 cls sshd[1408491]: pam_unix(sshd:auth): authentication failure; logname= uid=0 euid=0 tty=ssh ruser= rhost=206.123.145.52 
Apr  5 09:52:23 cls sshd[1408489]: Failed password for invalid user mongodb from 130.12.181.109 port 39594 ssh2
Apr  5 09:52:26 cls sshd[1408491]: Failed password for invalid user chenjianhuai from 206.123.145.52 port 48464 ssh2
Apr  5 09:52:26 cls sshd[1408489]: Connection closed by invalid user mongodb 130.12.181.109 port 39594 [preauth]
Apr  5 09:52:27 cls sshd[1408491]: Connection closed by invalid user chenjianhuai 206.123.145.52 port 48464 [preauth]
Apr  5 09:53:25 cls sshd[1408527]: pam_unix(sshd:auth): authentication failure; logname= uid=0 euid=0 tty=ssh ruser= rhost=130.12.181.100  user=root
Apr  5 09:53:26 cls sshd[1408529]: Invalid user gwang from 206.123.145.78 port 20326
Apr  5 09:53:26 cls sshd[1408527]: Failed password for root from 130.12.181.100 port 60768 ssh2
Apr  5 09:53:30 cls sshd[1408529]: pam_unix(sshd:auth): check pass; user unknown
Apr  5 09:53:30 cls sshd[1408529]: pam_unix(sshd:auth): authentication failure; logname= uid=0 euid=0 tty=ssh ruser= rhost=206.123.145.78 
Apr  5 09:53:30 cls sshd[1408527]: Connection closed by authenticating user root 130.12.181.100 port 60768 [preauth]
Apr  5 09:53:33 cls sshd[1408529]: Failed password for invalid user gwang from 206.123.145.78 port 20326 ssh2
Apr  5 09:53:35 cls sshd[1408531]: Invalid user ydl from 206.123.145.57 port 3010
Apr  5 09:53:37 cls sshd[1408529]: Connection closed by invalid user gwang 206.123.145.78 port 20326 [preauth]
Apr  5 09:53:37 cls sshd[1408531]: pam_unix(sshd:auth): check pass; user unknown
Apr  5 09:53:37 cls sshd[1408531]: pam_unix(sshd:auth): authentication failure; logname= uid=0 euid=0 tty=ssh ruser= rhost=206.123.145.57 
Apr  5 09:53:39 cls sshd[1408531]: Failed password for invalid user ydl from 206.123.145.57 port 3010 ssh2
Apr  5 09:53:42 cls sshd[1408531]: Connection closed by invalid user ydl 206.123.145.57 port 3010 [preauth]
Apr  5 09:53:57 cls sshd[1408589]: Invalid user avelychko from 130.12.181.107 port 47626
Apr  5 09:54:00 cls sshd[1408589]: pam_unix(sshd:auth): check pass; user unknown
Apr  5 09:54:00 cls sshd[1408589]: pam_unix(sshd:auth): authentication failure; logname= uid=0 euid=0 tty=ssh ruser= rhost=130.12.181.107 
Apr  5 09:54:02 cls sshd[1408589]: Failed password for invalid user avelychko from 130.12.181.107 port 47626 ssh2
Apr  5 09:54:06 cls sshd[1408589]: Connection closed by invalid user avelychko 130.12.181.107 port 47626 [preauth]
Apr  5 09:54:14 cls sshd[1408591]: Invalid user cbiu0 from 206.123.145.54 port 28124
Apr  5 09:54:16 cls sshd[1408591]: pam_unix(sshd:auth): check pass; user unknown
Apr  5 09:54:16 cls sshd[1408591]: pam_unix(sshd:auth): authentication failure; logname= uid=0 euid=0 tty=ssh ruser= rhost=206.123.145.54 
Apr  5 09:54:19 cls sshd[1408591]: Failed password for invalid user cbiu0 from 206.123.145.54 port 28124 ssh2
Apr  5 09:54:22 cls sshd[1408591]: Connection closed by invalid user cbiu0 206.123.145.54 port 28124 [preauth]
Apr  5 09:54:34 cls sshd[1408601]: Invalid user sztest from 206.123.145.76 port 5794
Apr  5 09:54:36 cls sshd[1408601]: pam_unix(sshd:auth): check pass; user unknown
Apr  5 09:54:36 cls sshd[1408601]: pam_unix(sshd:auth): authentication failure; logname= uid=0 euid=0 tty=ssh ruser= rhost=206.123.145.76 
Apr  5 09:54:38 cls sshd[1408601]: Failed password for invalid user sztest from 206.123.145.76 port 5794 ssh2
Apr  5 09:54:41 cls sshd[1408601]: Connection closed by invalid user sztest 206.123.145.76 port 5794 [preauth]
Apr  5 09:54:42 cls sshd[1408608]: Invalid user worker from 206.123.145.79 port 46232
Apr  5 09:54:44 cls sshd[1408608]: pam_unix(sshd:auth): check pass; user unknown
Apr  5 09:54:44 cls sshd[1408608]: pam_unix(sshd:auth): authentication failure; logname= uid=0 euid=0 tty=ssh ruser= rhost=206.123.145.79 
Apr  5 09:54:45 cls sshd[1408608]: Failed password for invalid user worker from 206.123.145.79 port 46232 ssh2
Apr  5 09:54:48 cls sshd[1408608]: Connection closed by invalid user worker 206.123.145.79 port 46232 [preauth]
Apr  5 09:54:50 cls sshd[1408646]: Invalid user lishunyao from 206.123.145.73 port 64696
Apr  5 09:54:50 cls sshd[1408646]: pam_unix(sshd:auth): check pass; user unknown
Apr  5 09:54:50 cls sshd[1408646]: pam_unix(sshd:auth): authentication failure; logname= uid=0 euid=0 tty=ssh ruser= rhost=206.123.145.73 
Apr  5 09:54:52 cls sshd[1408646]: Failed password for invalid user lishunyao from 206.123.145.73 port 64696 ssh2
Apr  5 09:54:56 cls sshd[1408648]: Invalid user wujiaqi from 130.12.181.98 port 34130
Apr  5 09:54:56 cls sshd[1408646]: Connection closed by invalid user lishunyao 206.123.145.73 port 64696 [preauth]
Apr  5 09:54:58 cls sshd[1408648]: pam_unix(sshd:auth): check pass; user unknown
Apr  5 09:54:58 cls sshd[1408648]: pam_unix(sshd:auth): authentication failure; logname= uid=0 euid=0 tty=ssh ruser= rhost=130.12.181.98 
Apr  5 09:55:00 cls sshd[1408648]: Failed password for invalid user wujiaqi from 130.12.181.98 port 34130 ssh2
Apr  5 09:55:03 cls sshd[1408648]: Connection closed by invalid user wujiaqi 130.12.181.98 port 34130 [preauth]
Apr  5 09:55:15 cls sshd[1408650]: Invalid user nodeclient from 206.123.145.51 port 47828
Apr  5 09:55:16 cls sshd[1408650]: pam_unix(sshd:auth): check pass; user unknown
Apr  5 09:55:16 cls sshd[1408650]: pam_unix(sshd:auth): authentication failure; logname= uid=0 euid=0 tty=ssh ruser= rhost=206.123.145.51 
Apr  5 09:55:19 cls sshd[1408650]: Failed password for invalid user nodeclient from 206.123.145.51 port 47828 ssh2
Apr  5 09:55:20 cls sshd[1408652]: Invalid user fugt from 130.12.181.103 port 7382
Apr  5 09:55:22 cls sshd[1408652]: pam_unix(sshd:auth): check pass; user unknown
Apr  5 09:55:22 cls sshd[1408652]: pam_unix(sshd:auth): authentication failure; logname= uid=0 euid=0 tty=ssh ruser= rhost=130.12.181.103 
Apr  5 09:55:23 cls sshd[1408650]: Connection closed by invalid user nodeclient 206.123.145.51 port 47828 [preauth]
Apr  5 09:55:24 cls sshd[1408652]: Failed password for invalid user fugt from 130.12.181.103 port 7382 ssh2
Apr  5 09:55:24 cls sshd[1408654]: Invalid user tmp8 from 206.123.145.56 port 45088
Apr  5 09:55:28 cls sshd[1408654]: pam_unix(sshd:auth): check pass; user unknown
Apr  5 09:55:28 cls sshd[1408654]: pam_unix(sshd:auth): authentication failure; logname= uid=0 euid=0 tty=ssh ruser= rhost=206.123.145.56 
Apr  5 09:55:28 cls sshd[1408652]: Connection closed by invalid user fugt 130.12.181.103 port 7382 [preauth]
Apr  5 09:55:30 cls sshd[1408654]: Failed password for invalid user tmp8 from 206.123.145.56 port 45088 ssh2
Apr  5 09:55:33 cls sshd[1408654]: Connection closed by invalid user tmp8 206.123.145.56 port 45088 [preauth]
Apr  5 09:55:42 cls sshd[1408659]: Invalid user iexcel_qingdao from 206.123.145.70 port 22956
Apr  5 09:55:43 cls sshd[1408659]: pam_unix(sshd:auth): check pass; user unknown
Apr  5 09:55:43 cls sshd[1408659]: pam_unix(sshd:auth): authentication failure; logname= uid=0 euid=0 tty=ssh ruser= rhost=206.123.145.70 
Apr  5 09:55:45 cls sshd[1408659]: Failed password for invalid user iexcel_qingdao from 206.123.145.70 port 22956 ssh2
Apr  5 09:55:48 cls sshd[1408659]: Connection closed by invalid user iexcel_qingdao 206.123.145.70 port 22956 [preauth]
Apr  5 09:56:07 cls sshd[1408707]: Invalid user yuanyuan from 130.12.181.108 port 59686
Apr  5 09:56:10 cls sshd[1408707]: pam_unix(sshd:auth): check pass; user unknown
Apr  5 09:56:10 cls sshd[1408707]: pam_unix(sshd:auth): authentication failure; logname= uid=0 euid=0 tty=ssh ruser= rhost=130.12.181.108 
Apr  5 09:56:12 cls sshd[1408707]: Failed password for invalid user yuanyuan from 130.12.181.108 port 59686 ssh2
Apr  5 09:56:17 cls sshd[1408707]: Connection closed by invalid user yuanyuan 130.12.181.108 port 59686 [preauth]
Apr  5 09:56:20 cls sshd[1408719]: pam_unix(sshd:auth): authentication failure; logname= uid=0 euid=0 tty=ssh ruser= rhost=206.123.145.69  user=root
Apr  5 09:56:21 cls sshd[1408719]: Failed password for root from 206.123.145.69 port 46264 ssh2
Apr  5 09:56:25 cls sshd[1408719]: Connection closed by authenticating user root 206.123.145.69 port 46264 [preauth]
Apr  5 09:56:33 cls sshd[1408727]: Invalid user tidb from 206.123.145.75 port 25418
Apr  5 09:56:34 cls sshd[1408727]: pam_unix(sshd:auth): check pass; user unknown
Apr  5 09:56:34 cls sshd[1408727]: pam_unix(sshd:auth): authentication failure; logname= uid=0 euid=0 tty=ssh ruser= rhost=206.123.145.75 
Apr  5 09:56:35 cls sshd[1408728]: Invalid user mediatic from 130.12.181.97 port 61788
Apr  5 09:56:36 cls sshd[1408727]: Failed password for invalid user tidb from 206.123.145.75 port 25418 ssh2
Apr  5 09:56:38 cls sshd[1408727]: Connection closed by invalid user tidb 206.123.145.75 port 25418 [preauth]
Apr  5 09:56:38 cls sshd[1408728]: pam_unix(sshd:auth): check pass; user unknown
Apr  5 09:56:38 cls sshd[1408728]: pam_unix(sshd:auth): authentication failure; logname= uid=0 euid=0 tty=ssh ruser= rhost=130.12.181.97 
Apr  5 09:56:40 cls sshd[1408728]: Failed password for invalid user mediatic from 130.12.181.97 port 61788 ssh2
Apr  5 09:56:42 cls sshd[1408728]: Connection closed by invalid user mediatic 130.12.181.97 port 61788 [preauth]
Apr  5 09:57:09 cls sshd[1408771]: Invalid user lxl2 from 206.123.145.55 port 13740
Apr  5 09:57:11 cls sshd[1408771]: pam_unix(sshd:auth): check pass; user unknown
Apr  5 09:57:11 cls sshd[1408771]: pam_unix(sshd:auth): authentication failure; logname= uid=0 euid=0 tty=ssh ruser= rhost=206.123.145.55 
Apr  5 09:57:13 cls sshd[1408773]: Invalid user xsg from 206.123.145.72 port 60900
Apr  5 09:57:14 cls sshd[1408771]: Failed password for invalid user lxl2 from 206.123.145.55 port 13740 ssh2
Apr  5 09:57:15 cls sshd[1408773]: pam_unix(sshd:auth): check pass; user unknown
Apr  5 09:57:15 cls sshd[1408773]: pam_unix(sshd:auth): authentication failure; logname= uid=0 euid=0 tty=ssh ruser= rhost=206.123.145.72 
Apr  5 09:57:17 cls sshd[1408773]: Failed password for invalid user xsg from 206.123.145.72 port 60900 ssh2
Apr  5 09:57:18 cls sshd[1408771]: Connection closed by invalid user lxl2 206.123.145.55 port 13740 [preauth]
Apr  5 09:57:22 cls sshd[1408773]: Connection closed by invalid user xsg 206.123.145.72 port 60900 [preauth]
Apr  5 09:57:32 cls sshd[1408775]: Invalid user bjji from 206.123.145.77 port 38540
Apr  5 09:57:33 cls sshd[1408775]: pam_unix(sshd:auth): check pass; user unknown
Apr  5 09:57:33 cls sshd[1408775]: pam_unix(sshd:auth): authentication failure; logname= uid=0 euid=0 tty=ssh ruser= rhost=206.123.145.77 
Apr  5 09:57:35 cls sshd[1408775]: Failed password for invalid user bjji from 206.123.145.77 port 38540 ssh2
Apr  5 09:57:38 cls sshd[1408775]: Connection closed by invalid user bjji 206.123.145.77 port 38540 [preauth]
Apr  5 09:57:45 cls sshd[1408779]: Invalid user nextseq from 130.12.181.99 port 13878
Apr  5 09:57:47 cls sshd[1408779]: pam_unix(sshd:auth): check pass; user unknown
Apr  5 09:57:47 cls sshd[1408779]: pam_unix(sshd:auth): authentication failure; logname= uid=0 euid=0 tty=ssh ruser= rhost=130.12.181.99 
Apr  5 09:57:49 cls sshd[1408779]: Failed password for invalid user nextseq from 130.12.181.99 port 13878 ssh2
Apr  5 09:57:53 cls sshd[1408779]: Connection closed by invalid user nextseq 130.12.181.99 port 13878 [preauth]
Apr  5 09:58:13 cls sshd[1408823]: Invalid user pc from 130.12.181.102 port 48156
Apr  5 09:58:15 cls sshd[1408823]: pam_unix(sshd:auth): check pass; user unknown
Apr  5 09:58:15 cls sshd[1408823]: pam_unix(sshd:auth): authentication failure; logname= uid=0 euid=0 tty=ssh ruser= rhost=130.12.181.102 
Apr  5 09:58:17 cls sshd[1408823]: Failed password for invalid user pc from 130.12.181.102 port 48156 ssh2
Apr  5 09:58:19 cls sshd[1408823]: Connection closed by invalid user pc 130.12.181.102 port 48156 [preauth]
Apr  5 09:59:11 cls sshd[1408865]: Invalid user wdm from 206.123.145.50 port 21456
Apr  5 09:59:13 cls sshd[1408865]: pam_unix(sshd:auth): check pass; user unknown
Apr  5 09:59:13 cls sshd[1408865]: pam_unix(sshd:auth): authentication failure; logname= uid=0 euid=0 tty=ssh ruser= rhost=206.123.145.50 
Apr  5 09:59:15 cls sshd[1408865]: Failed password for invalid user wdm from 206.123.145.50 port 21456 ssh2
Apr  5 09:59:17 cls sshd[1408867]: Invalid user user from 206.123.145.48 port 43400
Apr  5 09:59:19 cls sshd[1408867]: pam_unix(sshd:auth): check pass; user unknown
Apr  5 09:59:19 cls sshd[1408867]: pam_unix(sshd:auth): authentication failure; logname= uid=0 euid=0 tty=ssh ruser= rhost=206.123.145.48 
Apr  5 09:59:20 cls sshd[1408865]: Connection closed by invalid user wdm 206.123.145.50 port 21456 [preauth]
Apr  5 09:59:20 cls sshd[1408867]: Failed password for invalid user user from 206.123.145.48 port 43400 ssh2
Apr  5 09:59:23 cls sshd[1408867]: Connection closed by invalid user user 206.123.145.48 port 43400 [preauth]
Apr  5 09:59:32 cls sshd[1408877]: Invalid user lj from 206.123.145.49 port 4946
Apr  5 09:59:36 cls sshd[1408877]: pam_unix(sshd:auth): check pass; user unknown
Apr  5 09:59:36 cls sshd[1408877]: pam_unix(sshd:auth): authentication failure; logname= uid=0 euid=0 tty=ssh ruser= rhost=206.123.145.49 
Apr  5 09:59:38 cls sshd[1408877]: Failed password for invalid user lj from 206.123.145.49 port 4946 ssh2
Apr  5 09:59:40 cls sshd[1408877]: Connection closed by invalid user lj 206.123.145.49 port 4946 [preauth]
Apr  5 09:59:40 cls sshd[1408879]: Invalid user tuttle from 206.123.145.20 port 5510
Apr  5 09:59:42 cls sshd[1408879]: pam_unix(sshd:auth): check pass; user unknown
Apr  5 09:59:42 cls sshd[1408879]: pam_unix(sshd:auth): authentication failure; logname= uid=0 euid=0 tty=ssh ruser= rhost=206.123.145.20 
Apr  5 09:59:43 cls sshd[1408881]: Invalid user lfc from 206.123.145.46 port 60986
Apr  5 09:59:44 cls sshd[1408881]: pam_unix(sshd:auth): check pass; user unknown
Apr  5 09:59:44 cls sshd[1408881]: pam_unix(sshd:auth): authentication failure; logname= uid=0 euid=0 tty=ssh ruser= rhost=206.123.145.46 
Apr  5 09:59:44 cls sshd[1408879]: Failed password for invalid user tuttle from 206.123.145.20 port 5510 ssh2
Apr  5 09:59:46 cls sshd[1408881]: Failed password for invalid user lfc from 206.123.145.46 port 60986 ssh2
Apr  5 09:59:48 cls sshd[1408879]: Connection closed by invalid user tuttle 206.123.145.20 port 5510 [preauth]
Apr  5 09:59:50 cls sshd[1408881]: Connection closed by invalid user lfc 206.123.145.46 port 60986 [preauth]
Apr  5 10:00:01 cls CRON[1408923]: pam_unix(cron:session): session opened for user akriveia by (uid=0)
Apr  5 10:00:01 cls CRON[1408925]: pam_unix(cron:session): session opened for user akriveia by (uid=0)
Apr  5 10:00:02 cls CRON[1408924]: pam_unix(cron:session): session opened for user akriveia by (uid=0)
Apr  5 10:00:02 cls CRON[1408924]: pam_unix(cron:session): session closed for user akriveia
Apr  5 10:00:02 cls CRON[1408923]: pam_unix(cron:session): session closed for user akriveia
Apr  5 10:00:02 cls CRON[1408925]: pam_unix(cron:session): session closed for user akriveia
Apr  5 10:00:06 cls sshd[1408919]: Invalid user gxy from 130.12.181.104 port 47302
Apr  5 10:00:09 cls sshd[1408919]: pam_unix(sshd:auth): check pass; user unknown
Apr  5 10:00:09 cls sshd[1408919]: pam_unix(sshd:auth): authentication failure; logname= uid=0 euid=0 tty=ssh ruser= rhost=130.12.181.104 
Apr  5 10:00:10 cls sshd[1408920]: pam_unix(sshd:auth): authentication failure; logname= uid=0 euid=0 tty=ssh ruser= rhost=130.12.181.101  user=root
Apr  5 10:00:11 cls sshd[1408919]: Failed password for invalid user gxy from 130.12.181.104 port 47302 ssh2
Apr  5 10:00:12 cls sshd[1408920]: Failed password for root from 130.12.181.101 port 23170 ssh2
Apr  5 10:00:14 cls sshd[1408919]: Connection closed by invalid user gxy 130.12.181.104 port 47302 [preauth]
Apr  5 10:00:15 cls sshd[1408920]: Connection closed by authenticating user root 130.12.181.101 port 23170 [preauth]
Apr  5 10:00:22 cls sshd[1408942]: Invalid user git from 130.12.181.106 port 4076
Apr  5 10:00:25 cls sshd[1408942]: pam_unix(sshd:auth): check pass; user unknown
Apr  5 10:00:25 cls sshd[1408942]: pam_unix(sshd:auth): authentication failure; logname= uid=0 euid=0 tty=ssh ruser= rhost=130.12.181.106 
Apr  5 10:00:26 cls sshd[1408942]: Failed password for invalid user git from 130.12.181.106 port 4076 ssh2
Apr  5 10:00:29 cls sshd[1408942]: Connection closed by invalid user git 130.12.181.106 port 4076 [preauth]
Apr  5 10:00:29 cls sshd[1408946]: Invalid user zeng from 206.123.145.53 port 55738
Apr  5 10:00:32 cls sshd[1408946]: pam_unix(sshd:auth): check pass; user unknown
Apr  5 10:00:32 cls sshd[1408946]: pam_unix(sshd:auth): authentication failure; logname= uid=0 euid=0 tty=ssh ruser= rhost=206.123.145.53 
Apr  5 10:00:33 cls sshd[1408946]: Failed password for invalid user zeng from 206.123.145.53 port 55738 ssh2
Apr  5 10:00:34 cls sshd[1408946]: Connection closed by invalid user zeng 206.123.145.53 port 55738 [preauth]
Apr  5 10:01:09 cls sshd[1408992]: Invalid user jiaqiw from 206.123.145.74 port 6862
Apr  5 10:01:10 cls sshd[1408992]: pam_unix(sshd:auth): check pass; user unknown
Apr  5 10:01:10 cls sshd[1408992]: pam_unix(sshd:auth): authentication failure; logname= uid=0 euid=0 tty=ssh ruser= rhost=206.123.145.74 
Apr  5 10:01:12 cls sshd[1408992]: Failed password for invalid user jiaqiw from 206.123.145.74 port 6862 ssh2
Apr  5 10:01:12 cls sshd[1408994]: Invalid user brian from 206.123.145.52 port 1366
Apr  5 10:01:15 cls sshd[1408994]: pam_unix(sshd:auth): check pass; user unknown
Apr  5 10:01:15 cls sshd[1408994]: pam_unix(sshd:auth): authentication failure; logname= uid=0 euid=0 tty=ssh ruser= rhost=206.123.145.52 
Apr  5 10:01:16 cls sshd[1408992]: Connection closed by invalid user jiaqiw 206.123.145.74 port 6862 [preauth]
Apr  5 10:01:16 cls sshd[1408994]: Failed password for invalid user brian from 206.123.145.52 port 1366 ssh2
Apr  5 10:01:19 cls sshd[1408994]: Connection closed by invalid user brian 206.123.145.52 port 1366 [preauth]
Apr  5 10:01:19 cls sshd[1408996]: Invalid user vincer from 130.12.181.105 port 27866
Apr  5 10:01:21 cls sshd[1408996]: pam_unix(sshd:auth): check pass; user unknown
Apr  5 10:01:21 cls sshd[1408996]: pam_unix(sshd:auth): authentication failure; logname= uid=0 euid=0 tty=ssh ruser= rhost=130.12.181.105 
Apr  5 10:01:23 cls sshd[1408996]: Failed password for invalid user vincer from 130.12.181.105 port 27866 ssh2
Apr  5 10:01:27 cls sshd[1408996]: Connection closed by invalid user vincer 130.12.181.105 port 27866 [preauth]
Apr  5 10:01:27 cls sshd[1408998]: pam_unix(sshd:auth): authentication failure; logname= uid=0 euid=0 tty=ssh ruser= rhost=130.12.181.109  user=root
Apr  5 10:01:29 cls sshd[1408998]: Failed password for root from 130.12.181.109 port 47178 ssh2
Apr  5 10:01:33 cls sshd[1408998]: Connection closed by authenticating user root 130.12.181.109 port 47178 [preauth]
Apr  5 10:01:40 cls sshd[1409007]: Invalid user oracle from 206.123.145.71 port 50352
Apr  5 10:01:44 cls sshd[1409007]: pam_unix(sshd:auth): check pass; user unknown
Apr  5 10:01:44 cls sshd[1409007]: pam_unix(sshd:auth): authentication failure; logname= uid=0 euid=0 tty=ssh ruser= rhost=206.123.145.71 
Apr  5 10:01:46 cls sshd[1409007]: Failed password for invalid user oracle from 206.123.145.71 port 50352 ssh2
Apr  5 10:01:49 cls sshd[1409007]: Connection closed by invalid user oracle 206.123.145.71 port 50352 [preauth]
Apr  5 10:01:52 cls sshd[1409027]: Invalid user veron from 130.12.181.98 port 23200
Apr  5 10:01:54 cls sshd[1409027]: pam_unix(sshd:auth): check pass; user unknown
Apr  5 10:01:54 cls sshd[1409027]: pam_unix(sshd:auth): authentication failure; logname= uid=0 euid=0 tty=ssh ruser= rhost=130.12.181.98 
Apr  5 10:01:56 cls sshd[1409027]: Failed password for invalid user veron from 130.12.181.98 port 23200 ssh2
Apr  5 10:01:58 cls sshd[1409027]: Connection closed by invalid user veron 130.12.181.98 port 23200 [preauth]
Apr  5 10:02:32 cls sshd[1409063]: Invalid user wuyf from 130.12.181.100 port 24164
Apr  5 10:02:34 cls sshd[1409066]: Invalid user hdong from 206.123.145.57 port 12082
Apr  5 10:02:34 cls sshd[1409063]: pam_unix(sshd:auth): check pass; user unknown
Apr  5 10:02:34 cls sshd[1409063]: pam_unix(sshd:auth): authentication failure; logname= uid=0 euid=0 tty=ssh ruser= rhost=130.12.181.100 
Apr  5 10:02:36 cls sshd[1409066]: pam_unix(sshd:auth): check pass; user unknown
Apr  5 10:02:36 cls sshd[1409066]: pam_unix(sshd:auth): authentication failure; logname= uid=0 euid=0 tty=ssh ruser= rhost=206.123.145.57 
Apr  5 10:02:37 cls sshd[1409063]: Failed password for invalid user wuyf from 130.12.181.100 port 24164 ssh2
Apr  5 10:02:37 cls sshd[1409065]: Invalid user cjb158 from 206.123.145.78 port 52222
Apr  5 10:02:38 cls sshd[1409066]: Failed password for invalid user hdong from 206.123.145.57 port 12082 ssh2
Apr  5 10:02:39 cls sshd[1409065]: pam_unix(sshd:auth): check pass; user unknown
Apr  5 10:02:39 cls sshd[1409065]: pam_unix(sshd:auth): authentication failure; logname= uid=0 euid=0 tty=ssh ruser= rhost=206.123.145.78 
Apr  5 10:02:40 cls sshd[1409063]: Connection closed by invalid user wuyf 130.12.181.100 port 24164 [preauth]
Apr  5 10:02:41 cls sshd[1409065]: Failed password for invalid user cjb158 from 206.123.145.78 port 52222 ssh2
Apr  5 10:02:43 cls sshd[1409066]: Connection closed by invalid user hdong 206.123.145.57 port 12082 [preauth]
Apr  5 10:02:43 cls sshd[1409065]: Connection closed by invalid user cjb158 206.123.145.78 port 52222 [preauth]
Apr  5 10:03:05 cls sshd[1409109]: Invalid user kanggang from 206.123.145.54 port 52262
Apr  5 10:03:07 cls sshd[1409109]: pam_unix(sshd:auth): check pass; user unknown
Apr  5 10:03:07 cls sshd[1409109]: pam_unix(sshd:auth): authentication failure; logname= uid=0 euid=0 tty=ssh ruser= rhost=206.123.145.54 
Apr  5 10:03:08 cls sshd[1409111]: pam_unix(sshd:auth): authentication failure; logname= uid=0 euid=0 tty=ssh ruser= rhost=130.12.181.107  user=root
Apr  5 10:03:09 cls sshd[1409109]: Failed password for invalid user kanggang from 206.123.145.54 port 52262 ssh2
Apr  5 10:03:10 cls sshd[1409111]: Failed password for root from 130.12.181.107 port 61928 ssh2
Apr  5 10:03:11 cls sshd[1409109]: Connection closed by invalid user kanggang 206.123.145.54 port 52262 [preauth]
Apr  5 10:03:13 cls sshd[1409111]: Connection closed by authenticating user root 130.12.181.107 port 61928 [preauth]
Apr  5 10:03:54 cls sshd[1409122]: pam_unix(sshd:auth): authentication failure; logname= uid=0 euid=0 tty=ssh ruser= rhost=206.123.145.73  user=root
Apr  5 10:03:56 cls sshd[1409138]: pam_unix(sshd:auth): authentication failure; logname= uid=0 euid=0 tty=ssh ruser= rhost=206.123.145.76  user=root
Apr  5 10:03:56 cls sshd[1409122]: Failed password for root from 206.123.145.73 port 13658 ssh2
Apr  5 10:03:58 cls sshd[1409138]: Failed password for root from 206.123.145.76 port 44740 ssh2
Apr  5 10:04:01 cls sshd[1409138]: Connection closed by authenticating user root 206.123.145.76 port 44740 [preauth]
Apr  5 10:04:02 cls sshd[1409122]: Connection closed by authenticating user root 206.123.145.73 port 13658 [preauth]
Apr  5 10:04:07 cls sshd[1409160]: Invalid user esuser from 206.123.145.79 port 60224
Apr  5 10:04:10 cls sshd[1409160]: pam_unix(sshd:auth): check pass; user unknown
Apr  5 10:04:10 cls sshd[1409160]: pam_unix(sshd:auth): authentication failure; logname= uid=0 euid=0 tty=ssh ruser= rhost=206.123.145.79 
Apr  5 10:04:12 cls sshd[1409160]: Failed password for invalid user esuser from 206.123.145.79 port 60224 ssh2
Apr  5 10:04:15 cls sshd[1409160]: Connection closed by invalid user esuser 206.123.145.79 port 60224 [preauth]
Apr  5 10:04:20 cls sshd[1409162]: Invalid user juliol from 206.123.145.51 port 19778
Apr  5 10:04:21 cls sshd[1409162]: pam_unix(sshd:auth): check pass; user unknown
Apr  5 10:04:21 cls sshd[1409162]: pam_unix(sshd:auth): authentication failure; logname= uid=0 euid=0 tty=ssh ruser= rhost=206.123.145.51 
Apr  5 10:04:23 cls sshd[1409163]: Invalid user kolla from 206.123.145.56 port 40288
Apr  5 10:04:23 cls sshd[1409162]: Failed password for invalid user juliol from 206.123.145.51 port 19778 ssh2
Apr  5 10:04:24 cls sshd[1409163]: pam_unix(sshd:auth): check pass; user unknown
Apr  5 10:04:24 cls sshd[1409163]: pam_unix(sshd:auth): authentication failure; logname= uid=0 euid=0 tty=ssh ruser= rhost=206.123.145.56 
Apr  5 10:04:26 cls sshd[1409162]: Connection closed by invalid user juliol 206.123.145.51 port 19778 [preauth]
Apr  5 10:04:27 cls sshd[1409163]: Failed password for invalid user kolla from 206.123.145.56 port 40288 ssh2
Apr  5 10:04:32 cls sshd[1409163]: Connection closed by invalid user kolla 206.123.145.56 port 40288 [preauth]
Apr  5 10:04:33 cls sshd[1409170]: Invalid user freshman from 130.12.181.103 port 8716
Apr  5 10:04:36 cls sshd[1409170]: pam_unix(sshd:auth): check pass; user unknown
Apr  5 10:04:36 cls sshd[1409170]: pam_unix(sshd:auth): authentication failure; logname= uid=0 euid=0 tty=ssh ruser= rhost=130.12.181.103 
Apr  5 10:04:39 cls sshd[1409170]: Failed password for invalid user freshman from 130.12.181.103 port 8716 ssh2
Apr  5 10:04:41 cls sshd[1409170]: Connection closed by invalid user freshman 130.12.181.103 port 8716 [preauth]
Apr  5 10:04:54 cls sshd[1409202]: Invalid user hllu from 206.123.145.70 port 21506
Apr  5 10:04:57 cls sshd[1409202]: pam_unix(sshd:auth): check pass; user unknown
Apr  5 10:04:57 cls sshd[1409202]: pam_unix(sshd:auth): authentication failure; logname= uid=0 euid=0 tty=ssh ruser= rhost=206.123.145.70 
Apr  5 10:04:58 cls sshd[1409202]: Failed password for invalid user hllu from 206.123.145.70 port 21506 ssh2
Apr  5 10:05:00 cls sshd[1409202]: Connection closed by invalid user hllu 206.123.145.70 port 21506 [preauth]
Apr  5 10:05:14 cls sshd[1409210]: Invalid user frank from 130.12.181.108 port 1948
Apr  5 10:05:17 cls sshd[1409210]: pam_unix(sshd:auth): check pass; user unknown
Apr  5 10:05:17 cls sshd[1409210]: pam_unix(sshd:auth): authentication failure; logname= uid=0 euid=0 tty=ssh ruser= rhost=130.12.181.108 
Apr  5 10:05:19 cls sshd[1409210]: Failed password for invalid user frank from 130.12.181.108 port 1948 ssh2
Apr  5 10:05:20 cls sshd[1409212]: Invalid user admindev from 206.123.145.69 port 40490
Apr  5 10:05:21 cls sshd[1409210]: Connection closed by invalid user frank 130.12.181.108 port 1948 [preauth]
Apr  5 10:05:22 cls sshd[1409212]: pam_unix(sshd:auth): check pass; user unknown
Apr  5 10:05:22 cls sshd[1409212]: pam_unix(sshd:auth): authentication failure; logname= uid=0 euid=0 tty=ssh ruser= rhost=206.123.145.69 
Apr  5 10:05:24 cls sshd[1409212]: Failed password for invalid user admindev from 206.123.145.69 port 40490 ssh2
Apr  5 10:05:27 cls sshd[1409212]: Connection closed by invalid user admindev 206.123.145.69 port 40490 [preauth]
Apr  5 10:05:42 cls sshd[1409214]: Invalid user bhwang from 206.123.145.75 port 50910
Apr  5 10:05:47 cls sshd[1409214]: pam_unix(sshd:auth): check pass; user unknown
Apr  5 10:05:47 cls sshd[1409214]: pam_unix(sshd:auth): authentication failure; logname= uid=0 euid=0 tty=ssh ruser= rhost=206.123.145.75 
Apr  5 10:05:50 cls sshd[1409214]: Failed password for invalid user bhwang from 206.123.145.75 port 50910 ssh2
Apr  5 10:05:52 cls sshd[1409214]: Connection closed by invalid user bhwang 206.123.145.75 port 50910 [preauth]
Apr  5 10:05:54 cls sshd[1409220]: pam_unix(sshd:auth): authentication failure; logname= uid=0 euid=0 tty=ssh ruser= rhost=130.12.181.97  user=root
Apr  5 10:05:56 cls sshd[1409220]: Failed password for root from 130.12.181.97 port 15004 ssh2
Apr  5 10:05:58 cls sshd[1409220]: Connection closed by authenticating user root 130.12.181.97 port 15004 [preauth]
Apr  5 10:06:10 cls sshd[1409250]: Invalid user dvarga from 206.123.145.55 port 22064
Apr  5 10:06:12 cls sshd[1409250]: pam_unix(sshd:auth): check pass; user unknown
Apr  5 10:06:12 cls sshd[1409250]: pam_unix(sshd:auth): authentication failure; logname= uid=0 euid=0 tty=ssh ruser= rhost=206.123.145.55 
Apr  5 10:06:14 cls sshd[1409250]: Failed password for invalid user dvarga from 206.123.145.55 port 22064 ssh2
Apr  5 10:06:18 cls sshd[1409250]: Connection closed by invalid user dvarga 206.123.145.55 port 22064 [preauth]
Apr  5 10:06:46 cls sshd[1409258]: Invalid user dfj from 206.123.145.77 port 36710
Apr  5 10:06:48 cls sshd[1409258]: pam_unix(sshd:auth): check pass; user unknown
Apr  5 10:06:48 cls sshd[1409258]: pam_unix(sshd:auth): authentication failure; logname= uid=0 euid=0 tty=ssh ruser= rhost=206.123.145.77 
Apr  5 10:06:50 cls sshd[1409258]: Failed password for invalid user dfj from 206.123.145.77 port 36710 ssh2
Apr  5 10:06:53 cls sshd[1409274]: Invalid user arnav from 130.12.181.99 port 41814
Apr  5 10:06:53 cls sshd[1409258]: Connection closed by invalid user dfj 206.123.145.77 port 36710 [preauth]
Apr  5 10:06:55 cls sshd[1409274]: pam_unix(sshd:auth): check pass; user unknown
Apr  5 10:06:55 cls sshd[1409274]: pam_unix(sshd:auth): authentication failure; logname= uid=0 euid=0 tty=ssh ruser= rhost=130.12.181.99 
Apr  5 10:06:56 cls sshd[1409302]: Invalid user xuzj from 206.123.145.72 port 47110
Apr  5 10:06:57 cls sshd[1409302]: pam_unix(sshd:auth): check pass; user unknown
Apr  5 10:06:57 cls sshd[1409302]: pam_unix(sshd:auth): authentication failure; logname= uid=0 euid=0 tty=ssh ruser= rhost=206.123.145.72 
Apr  5 10:06:57 cls sshd[1409274]: Failed password for invalid user arnav from 130.12.181.99 port 41814 ssh2
Apr  5 10:06:58 cls sshd[1409302]: Failed password for invalid user xuzj from 206.123.145.72 port 47110 ssh2
Apr  5 10:07:01 cls sshd[1409274]: Connection closed by invalid user arnav 130.12.181.99 port 41814 [preauth]
Apr  5 10:07:01 cls sshd[1409302]: Connection closed by invalid user xuzj 206.123.145.72 port 47110 [preauth]
Apr  5 10:07:10 cls sshd[1409304]: Invalid user hongb from 130.12.181.102 port 39906
Apr  5 10:07:10 cls sshd[1409304]: pam_unix(sshd:auth): check pass; user unknown
Apr  5 10:07:10 cls sshd[1409304]: pam_unix(sshd:auth): authentication failure; logname= uid=0 euid=0 tty=ssh ruser= rhost=130.12.181.102 
Apr  5 10:07:12 cls sshd[1409304]: Failed password for invalid user hongb from 130.12.181.102 port 39906 ssh2
Apr  5 10:07:16 cls sshd[1409304]: Connection closed by invalid user hongb 130.12.181.102 port 39906 [preauth]
Apr  5 10:08:17 cls sshd[1409340]: Invalid user web001 from 206.123.145.50 port 1998
Apr  5 10:08:20 cls sshd[1409340]: pam_unix(sshd:auth): check pass; user unknown
Apr  5 10:08:20 cls sshd[1409340]: pam_unix(sshd:auth): authentication failure; logname= uid=0 euid=0 tty=ssh ruser= rhost=206.123.145.50 
Apr  5 10:08:22 cls sshd[1409340]: Failed password for invalid user web001 from 206.123.145.50 port 1998 ssh2
Apr  5 10:08:25 cls sshd[1409340]: Connection closed by invalid user web001 206.123.145.50 port 1998 [preauth]
Apr  5 10:08:39 cls sshd[1409342]: Invalid user pul from 206.123.145.49 port 27620
Apr  5 10:08:40 cls sshd[1409343]: Invalid user xdp from 206.123.145.48 port 2342
Apr  5 10:08:41 cls sshd[1409342]: pam_unix(sshd:auth): check pass; user unknown
Apr  5 10:08:41 cls sshd[1409342]: pam_unix(sshd:auth): authentication failure; logname= uid=0 euid=0 tty=ssh ruser= rhost=206.123.145.49 
Apr  5 10:08:41 cls sshd[1409343]: pam_unix(sshd:auth): check pass; user unknown
Apr  5 10:08:41 cls sshd[1409343]: pam_unix(sshd:auth): authentication failure; logname= uid=0 euid=0 tty=ssh ruser= rhost=206.123.145.48 
Apr  5 10:08:43 cls sshd[1409342]: Failed password for invalid user pul from 206.123.145.49 port 27620 ssh2
Apr  5 10:08:43 cls sshd[1409343]: Failed password for invalid user xdp from 206.123.145.48 port 2342 ssh2
Apr  5 10:08:46 cls sshd[1409342]: Connection closed by invalid user pul 206.123.145.49 port 27620 [preauth]
Apr  5 10:08:46 cls sshd[1409345]: pam_unix(sshd:auth): authentication failure; logname= uid=0 euid=0 tty=ssh ruser= rhost=206.123.145.46  user=root
Apr  5 10:08:47 cls sshd[1409343]: Connection closed by invalid user xdp 206.123.145.48 port 2342 [preauth]
Apr  5 10:08:48 cls sshd[1409345]: Failed password for root from 206.123.145.46 port 15044 ssh2
Apr  5 10:08:50 cls sshd[1409345]: Connection closed by authenticating user root 206.123.145.46 port 15044 [preauth]
Apr  5 10:08:52 cls sshd[1409362]: Invalid user work from 130.12.181.98 port 21080
Apr  5 10:08:54 cls sshd[1409362]: pam_unix(sshd:auth): check pass; user unknown
Apr  5 10:08:54 cls sshd[1409362]: pam_unix(sshd:auth): authentication failure; logname= uid=0 euid=0 tty=ssh ruser= rhost=130.12.181.98 
Apr  5 10:08:56 cls sshd[1409362]: Failed password for invalid user work from 130.12.181.98 port 21080 ssh2
Apr  5 10:08:58 cls sshd[1409366]: Invalid user wujinghan from 206.123.145.20 port 33046
Apr  5 10:09:00 cls sshd[1409366]: pam_unix(sshd:auth): check pass; user unknown
Apr  5 10:09:00 cls sshd[1409366]: pam_unix(sshd:auth): authentication failure; logname= uid=0 euid=0 tty=ssh ruser= rhost=206.123.145.20 
Apr  5 10:09:00 cls sshd[1409362]: Connection closed by invalid user work 130.12.181.98 port 21080 [preauth]
Apr  5 10:09:01 cls CRON[1409763]: pam_unix(cron:session): session opened for user root by (uid=0)
Apr  5 10:09:01 cls CRON[1409763]: pam_unix(cron:session): session closed for user root
Apr  5 10:09:02 cls sshd[1409366]: Failed password for invalid user wujinghan from 206.123.145.20 port 33046 ssh2
Apr  5 10:09:04 cls sshd[1409366]: Connection closed by invalid user wujinghan 206.123.145.20 port 33046 [preauth]
Apr  5 10:09:16 cls sshd[1409769]: Invalid user afe from 130.12.181.104 port 20472
Apr  5 10:09:18 cls sshd[1409769]: pam_unix(sshd:auth): check pass; user unknown
Apr  5 10:09:18 cls sshd[1409769]: pam_unix(sshd:auth): authentication failure; logname= uid=0 euid=0 tty=ssh ruser= rhost=130.12.181.104 
Apr  5 10:09:20 cls sshd[1409769]: Failed password for invalid user afe from 130.12.181.104 port 20472 ssh2
Apr  5 10:09:21 cls sshd[1409771]: Invalid user wjd from 130.12.181.101 port 55030
Apr  5 10:09:24 cls sshd[1409771]: pam_unix(sshd:auth): check pass; user unknown
Apr  5 10:09:24 cls sshd[1409771]: pam_unix(sshd:auth): authentication failure; logname= uid=0 euid=0 tty=ssh ruser= rhost=130.12.181.101 
Apr  5 10:09:25 cls sshd[1409769]: Connection closed by invalid user afe 130.12.181.104 port 20472 [preauth]
Apr  5 10:09:26 cls sshd[1409773]: pam_unix(sshd:auth): authentication failure; logname= uid=0 euid=0 tty=ssh ruser= rhost=130.12.181.106  user=root
Apr  5 10:09:26 cls sshd[1409771]: Failed password for invalid user wjd from 130.12.181.101 port 55030 ssh2
Apr  5 10:09:28 cls sshd[1409773]: Failed password for root from 130.12.181.106 port 5714 ssh2
Apr  5 10:09:30 cls sshd[1409771]: Connection closed by invalid user wjd 130.12.181.101 port 55030 [preauth]
Apr  5 10:09:31 cls sshd[1409773]: Connection closed by authenticating user root 130.12.181.106 port 5714 [preauth]
Apr  5 10:09:44 cls sshd[1409775]: Invalid user seo from 206.123.145.53 port 25918
Apr  5 10:09:45 cls sshd[1409775]: pam_unix(sshd:auth): check pass; user unknown
Apr  5 10:09:45 cls sshd[1409775]: pam_unix(sshd:auth): authentication failure; logname= uid=0 euid=0 tty=ssh ruser= rhost=206.123.145.53 
Apr  5 10:09:47 cls sshd[1409775]: Failed password for invalid user seo from 206.123.145.53 port 25918 ssh2
Apr  5 10:09:52 cls sshd[1409775]: Connection closed by invalid user seo 206.123.145.53 port 25918 [preauth]
Apr  5 10:10:19 cls sshd[1409813]: Invalid user test from 130.12.181.109 port 7796
Apr  5 10:10:21 cls sshd[1409813]: pam_unix(sshd:auth): check pass; user unknown
Apr  5 10:10:21 cls sshd[1409813]: pam_unix(sshd:auth): authentication failure; logname= uid=0 euid=0 tty=ssh ruser= rhost=130.12.181.109 
Apr  5 10:10:23 cls sshd[1409813]: Failed password for invalid user test from 130.12.181.109 port 7796 ssh2
Apr  5 10:10:27 cls sshd[1409813]: Connection closed by invalid user test 130.12.181.109 port 7796 [preauth]
Apr  5 10:10:27 cls sshd[1409815]: Invalid user mhx2 from 206.123.145.52 port 19796
Apr  5 10:10:29 cls sshd[1409815]: pam_unix(sshd:auth): check pass; user unknown
Apr  5 10:10:29 cls sshd[1409815]: pam_unix(sshd:auth): authentication failure; logname= uid=0 euid=0 tty=ssh ruser= rhost=206.123.145.52 
Apr  5 10:10:31 cls sshd[1409815]: Failed password for invalid user mhx2 from 206.123.145.52 port 19796 ssh2
Apr  5 10:10:31 cls sshd[1409816]: Invalid user station from 130.12.181.105 port 8874
Apr  5 10:10:34 cls sshd[1409815]: Connection closed by invalid user mhx2 206.123.145.52 port 19796 [preauth]
Apr  5 10:10:34 cls sshd[1409816]: pam_unix(sshd:auth): check pass; user unknown
Apr  5 10:10:34 cls sshd[1409816]: pam_unix(sshd:auth): authentication failure; logname= uid=0 euid=0 tty=ssh ruser= rhost=130.12.181.105 
Apr  5 10:10:36 cls sshd[1409816]: Failed password for invalid user station from 130.12.181.105 port 8874 ssh2
Apr  5 10:10:41 cls sshd[1409816]: Connection closed by invalid user station 130.12.181.105 port 8874 [preauth]
Apr  5 10:10:49 cls sshd[1409819]: Invalid user ylzhang from 206.123.145.74 port 35098
Apr  5 10:10:52 cls sshd[1409819]: pam_unix(sshd:auth): check pass; user unknown
Apr  5 10:10:52 cls sshd[1409819]: pam_unix(sshd:auth): authentication failure; logname= uid=0 euid=0 tty=ssh ruser= rhost=206.123.145.74 
Apr  5 10:10:54 cls sshd[1409819]: Failed password for invalid user ylzhang from 206.123.145.74 port 35098 ssh2
Apr  5 10:10:58 cls sshd[1409819]: Connection closed by invalid user ylzhang 206.123.145.74 port 35098 [preauth]
Apr  5 10:11:35 cls sshd[1409864]: Invalid user dsjtcg from 130.12.181.100 port 34340
Apr  5 10:11:38 cls sshd[1409864]: pam_unix(sshd:auth): check pass; user unknown
Apr  5 10:11:38 cls sshd[1409864]: pam_unix(sshd:auth): authentication failure; logname= uid=0 euid=0 tty=ssh ruser= rhost=130.12.181.100 
Apr  5 10:11:40 cls sshd[1409864]: Failed password for invalid user dsjtcg from 130.12.181.100 port 34340 ssh2
Apr  5 10:11:42 cls sshd[1409864]: Connection closed by invalid user dsjtcg 130.12.181.100 port 34340 [preauth]
Apr  5 10:11:44 cls sshd[1409867]: Invalid user cnyz from 206.123.145.71 port 39164
Apr  5 10:11:45 cls sshd[1409867]: pam_unix(sshd:auth): check pass; user unknown
Apr  5 10:11:45 cls sshd[1409867]: pam_unix(sshd:auth): authentication failure; logname= uid=0 euid=0 tty=ssh ruser= rhost=206.123.145.71 
Apr  5 10:11:47 cls sshd[1409867]: Failed password for invalid user cnyz from 206.123.145.71 port 39164 ssh2
Apr  5 10:11:48 cls sshd[1409869]: Invalid user xuexiang.yang from 206.123.145.57 port 32408
Apr  5 10:11:48 cls sshd[1409867]: Connection closed by invalid user cnyz 206.123.145.71 port 39164 [preauth]
Apr  5 10:11:50 cls sshd[1409869]: pam_unix(sshd:auth): check pass; user unknown
Apr  5 10:11:50 cls sshd[1409869]: pam_unix(sshd:auth): authentication failure; logname= uid=0 euid=0 tty=ssh ruser= rhost=206.123.145.57 
Apr  5 10:11:52 cls sshd[1409869]: Failed password for invalid user xuexiang.yang from 206.123.145.57 port 32408 ssh2
Apr  5 10:11:55 cls sshd[1409869]: Connection closed by invalid user xuexiang.yang 206.123.145.57 port 32408 [preauth]
Apr  5 10:12:03 cls sshd[1409903]: Invalid user yangcan from 130.12.181.107 port 64528
Apr  5 10:12:06 cls sshd[1409903]: pam_unix(sshd:auth): check pass; user unknown
Apr  5 10:12:06 cls sshd[1409903]: pam_unix(sshd:auth): authentication failure; logname= uid=0 euid=0 tty=ssh ruser= rhost=130.12.181.107 
Apr  5 10:12:08 cls sshd[1409903]: Failed password for invalid user yangcan from 130.12.181.107 port 64528 ssh2
Apr  5 10:12:12 cls sshd[1409903]: Connection closed by invalid user yangcan 130.12.181.107 port 64528 [preauth]
Apr  5 10:12:16 cls sshd[1409905]: Invalid user lcb from 206.123.145.78 port 62832
Apr  5 10:12:19 cls sshd[1409905]: pam_unix(sshd:auth): check pass; user unknown
Apr  5 10:12:19 cls sshd[1409905]: pam_unix(sshd:auth): authentication failure; logname= uid=0 euid=0 tty=ssh ruser= rhost=206.123.145.78 
Apr  5 10:12:21 cls sshd[1409905]: Failed password for invalid user lcb from 206.123.145.78 port 62832 ssh2
Apr  5 10:12:24 cls sshd[1409905]: Connection closed by invalid user lcb 206.123.145.78 port 62832 [preauth]
