Apr  5 13:04:17 cls sshd[1417663]: Invalid user heyoulin1 from 206.123.145.77 port 39036
Apr  5 13:04:19 cls sshd[1417663]: pam_unix(sshd:auth): check pass; user unknown
Apr  5 13:04:19 cls sshd[1417663]: pam_unix(sshd:auth): authentication failure; logname= uid=0 euid=0 tty=ssh ruser= rhost=206.123.145.77 
Apr  5 13:04:21 cls sshd[1417661]: Connection closed by 129.226.157.18 port 32902 [preauth]
Apr  5 13:04:21 cls sshd[1417663]: Failed password for invalid user heyoulin1 from 206.123.145.77 port 39036 ssh2
Apr  5 13:04:23 cls sshd[1417666]: Invalid user vpn from 192.3.130.87 port 47778
Apr  5 13:04:23 cls sshd[1417666]: pam_unix(sshd:auth): check pass; user unknown
Apr  5 13:04:23 cls sshd[1417666]: pam_unix(sshd:auth): authentication failure; logname= uid=0 euid=0 tty=ssh ruser= rhost=192.3.130.87 
Apr  5 13:04:25 cls sshd[1417663]: Connection closed by invalid user heyoulin1 206.123.145.77 port 39036 [preauth]
Apr  5 13:04:25 cls sshd[1417666]: Failed password for invalid user vpn from 192.3.130.87 port 47778 ssh2
Apr  5 13:04:27 cls sshd[1417666]: Received disconnect from 192.3.130.87 port 47778:11: Bye Bye [preauth]
Apr  5 13:04:27 cls sshd[1417666]: Disconnected from invalid user vpn 192.3.130.87 port 47778 [preauth]
Apr  5 13:04:30 cls sshd[1417665]: Invalid user default from 130.12.181.99 port 48406
Apr  5 13:04:32 cls sshd[1417665]: pam_unix(sshd:auth): check pass; user unknown
Apr  5 13:04:32 cls sshd[1417665]: pam_unix(sshd:auth): authentication failure; logname= uid=0 euid=0 tty=ssh ruser= rhost=130.12.181.99 
Apr  5 13:04:34 cls sshd[1417665]: Failed password for invalid user default from 130.12.181.99 port 48406 ssh2
Apr  5 13:04:36 cls sshd[1417665]: Connection closed by invalid user default 130.12.181.99 port 48406 [preauth]
Apr  5 13:04:43 cls sshd[1417674]: Invalid user server from 206.42.14.196 port 43286
Apr  5 13:04:43 cls sshd[1417674]: pam_unix(sshd:auth): check pass; user unknown
Apr  5 13:04:43 cls sshd[1417674]: pam_unix(sshd:auth): authentication failure; logname= uid=0 euid=0 tty=ssh ruser= rhost=206.42.14.196 
Apr  5 13:04:44 cls sshd[1417676]: Invalid user user from 152.32.191.75 port 51950
Apr  5 13:04:44 cls sshd[1417676]: pam_unix(sshd:auth): check pass; user unknown
Apr  5 13:04:44 cls sshd[1417676]: pam_unix(sshd:auth): authentication failure; logname= uid=0 euid=0 tty=ssh ruser= rhost=152.32.191.75 
Apr  5 13:04:45 cls sshd[1417674]: Failed password for invalid user server from 206.42.14.196 port 43286 ssh2
Apr  5 13:04:46 cls sshd[1417676]: Failed password for invalid user user from 152.32.191.75 port 51950 ssh2
Apr  5 13:04:46 cls sshd[1417674]: Received disconnect from 206.42.14.196 port 43286:11: Bye Bye [preauth]
Apr  5 13:04:46 cls sshd[1417674]: Disconnected from invalid user server 206.42.14.196 port 43286 [preauth]
Apr  5 13:04:47 cls sshd[1417672]: Invalid user gzq from 206.123.145.53 port 52868
Apr  5 13:04:47 cls sshd[1417676]: Received disconnect from 152.32.191.75 port 51950:11: Bye Bye [preauth]
Apr  5 13:04:47 cls sshd[1417676]: Disconnected from invalid user user 152.32.191.75 port 51950 [preauth]
Apr  5 13:04:49 cls sshd[1417672]: pam_unix(sshd:auth): check pass; user unknown
Apr  5 13:04:49 cls sshd[1417672]: pam_unix(sshd:auth): authentication failure; logname= uid=0 euid=0 tty=ssh ruser= rhost=206.123.145.53 
Apr  5 13:04:51 cls sshd[1417672]: Failed password for invalid user gzq from 206.123.145.53 port 52868 ssh2
Apr  5 13:04:52 cls sshd[1417683]: pam_unix(sshd:auth): authentication failure; logname= uid=0 euid=0 tty=ssh ruser= rhost=103.158.40.65  user=root
Apr  5 13:04:53 cls sshd[1417683]: Failed password for root from 103.158.40.65 port 41950 ssh2
Apr  5 13:04:54 cls sshd[1417683]: Received disconnect from 103.158.40.65 port 41950:11: Bye Bye [preauth]
Apr  5 13:04:54 cls sshd[1417683]: Disconnected from authenticating user root 103.158.40.65 port 41950 [preauth]
Apr  5 13:04:56 cls sshd[1417672]: Connection closed by invalid user gzq 206.123.145.53 port 52868 [preauth]
Apr  5 13:04:56 cls sshd[1417678]: Invalid user production from 130.12.181.103 port 33640
Apr  5 13:04:58 cls sshd[1417678]: pam_unix(sshd:auth): check pass; user unknown
Apr  5 13:04:58 cls sshd[1417678]: pam_unix(sshd:auth): authentication failure; logname= uid=0 euid=0 tty=ssh ruser= rhost=130.12.181.103 
Apr  5 13:05:00 cls sshd[1417678]: Failed password for invalid user production from 130.12.181.103 port 33640 ssh2
Apr  5 13:05:05 cls sshd[1417678]: Connection closed by invalid user production 130.12.181.103 port 33640 [preauth]
Apr  5 13:05:12 cls sshd[1417686]: Invalid user centos from 206.123.145.57 port 28428
Apr  5 13:05:12 cls sshd[1417685]: pam_unix(sshd:auth): authentication failure; logname= uid=0 euid=0 tty=ssh ruser= rhost=130.12.181.108  user=root
Apr  5 13:05:13 cls sshd[1417686]: pam_unix(sshd:auth): check pass; user unknown
Apr  5 13:05:13 cls sshd[1417686]: pam_unix(sshd:auth): authentication failure; logname= uid=0 euid=0 tty=ssh ruser= rhost=206.123.145.57 
Apr  5 13:05:14 cls sshd[1417685]: Failed password for root from 130.12.181.108 port 56916 ssh2
Apr  5 13:05:15 cls sshd[1417686]: Failed password for invalid user centos from 206.123.145.57 port 28428 ssh2
Apr  5 13:05:17 cls sshd[1417685]: Connection closed by authenticating user root 130.12.181.108 port 56916 [preauth]
Apr  5 13:05:19 cls sshd[1417686]: Connection closed by invalid user centos 206.123.145.57 port 28428 [preauth]
Apr  5 13:05:31 cls sshd[1417689]: Invalid user stagiair from 206.123.145.70 port 45326
Apr  5 13:05:33 cls sshd[1417689]: pam_unix(sshd:auth): check pass; user unknown
Apr  5 13:05:33 cls sshd[1417689]: pam_unix(sshd:auth): authentication failure; logname= uid=0 euid=0 tty=ssh ruser= rhost=206.123.145.70 
Apr  5 13:05:34 cls sshd[1417689]: Failed password for invalid user stagiair from 206.123.145.70 port 45326 ssh2
Apr  5 13:05:37 cls sshd[1417689]: Connection closed by invalid user stagiair 206.123.145.70 port 45326 [preauth]
Apr  5 13:05:37 cls sshd[1417693]: pam_unix(sshd:auth): authentication failure; logname= uid=0 euid=0 tty=ssh ruser= rhost=118.193.34.157  user=root
Apr  5 13:05:39 cls sshd[1417693]: Failed password for root from 118.193.34.157 port 59530 ssh2
Apr  5 13:05:40 cls sshd[1417693]: Received disconnect from 118.193.34.157 port 59530:11: Bye Bye [preauth]
Apr  5 13:05:40 cls sshd[1417693]: Disconnected from authenticating user root 118.193.34.157 port 59530 [preauth]
Apr  5 13:06:13 cls sshd[1417695]: Invalid user dyx from 130.12.181.97 port 8496
Apr  5 13:06:16 cls sshd[1417695]: pam_unix(sshd:auth): check pass; user unknown
Apr  5 13:06:16 cls sshd[1417695]: pam_unix(sshd:auth): authentication failure; logname= uid=0 euid=0 tty=ssh ruser= rhost=130.12.181.97 
Apr  5 13:06:17 cls sshd[1417695]: Failed password for invalid user dyx from 130.12.181.97 port 8496 ssh2
Apr  5 13:06:21 cls sshd[1417695]: Connection closed by invalid user dyx 130.12.181.97 port 8496 [preauth]
Apr  5 13:06:34 cls sshd[1417703]: Invalid user integral from 192.3.130.87 port 57116
Apr  5 13:06:34 cls sshd[1417703]: pam_unix(sshd:auth): check pass; user unknown
Apr  5 13:06:34 cls sshd[1417703]: pam_unix(sshd:auth): authentication failure; logname= uid=0 euid=0 tty=ssh ruser= rhost=192.3.130.87 
Apr  5 13:06:35 cls sshd[1417705]: pam_unix(sshd:auth): authentication failure; logname= uid=0 euid=0 tty=ssh ruser= rhost=201.71.192.108  user=root
Apr  5 13:06:36 cls sshd[1417703]: Failed password for invalid user integral from 192.3.130.87 port 57116 ssh2
Apr  5 13:06:36 cls sshd[1417703]: Received disconnect from 192.3.130.87 port 57116:11: Bye Bye [preauth]
Apr  5 13:06:36 cls sshd[1417703]: Disconnected from invalid user integral 192.3.130.87 port 57116 [preauth]
Apr  5 13:06:37 cls sshd[1417705]: Failed password for root from 201.71.192.108 port 34526 ssh2
Apr  5 13:06:37 cls sshd[1417701]: Invalid user raj from 206.123.145.54 port 16536
Apr  5 13:06:38 cls sshd[1417705]: Received disconnect from 201.71.192.108 port 34526:11: Bye Bye [preauth]
Apr  5 13:06:38 cls sshd[1417705]: Disconnected from authenticating user root 201.71.192.108 port 34526 [preauth]
Apr  5 13:06:39 cls sshd[1417701]: pam_unix(sshd:auth): check pass; user unknown
Apr  5 13:06:39 cls sshd[1417701]: pam_unix(sshd:auth): authentication failure; logname= uid=0 euid=0 tty=ssh ruser= rhost=206.123.145.54 
Apr  5 13:06:41 cls sshd[1417701]: Failed password for invalid user raj from 206.123.145.54 port 16536 ssh2
Apr  5 13:06:45 cls sshd[1417701]: Connection closed by invalid user raj 206.123.145.54 port 16536 [preauth]
Apr  5 13:06:50 cls sshd[1417707]: Invalid user test0 from 206.42.14.196 port 55364
Apr  5 13:06:50 cls sshd[1417707]: pam_unix(sshd:auth): check pass; user unknown
Apr  5 13:06:50 cls sshd[1417707]: pam_unix(sshd:auth): authentication failure; logname= uid=0 euid=0 tty=ssh ruser= rhost=206.42.14.196 
Apr  5 13:06:52 cls sshd[1417707]: Failed password for invalid user test0 from 206.42.14.196 port 55364 ssh2
Apr  5 13:06:53 cls sshd[1417707]: Received disconnect from 206.42.14.196 port 55364:11: Bye Bye [preauth]
Apr  5 13:06:53 cls sshd[1417707]: Disconnected from invalid user test0 206.42.14.196 port 55364 [preauth]
Apr  5 13:06:55 cls sshd[1417713]: pam_unix(sshd:auth): authentication failure; logname= uid=0 euid=0 tty=ssh ruser= rhost=152.32.191.75  user=root
Apr  5 13:06:57 cls sshd[1417713]: Failed password for root from 152.32.191.75 port 53746 ssh2
Apr  5 13:06:57 cls sshd[1417713]: Received disconnect from 152.32.191.75 port 53746:11: Bye Bye [preauth]
Apr  5 13:06:57 cls sshd[1417713]: Disconnected from authenticating user root 152.32.191.75 port 53746 [preauth]
Apr  5 13:07:07 cls sshd[1417715]: Invalid user liufangchen from 206.123.145.78 port 16482
Apr  5 13:07:08 cls sshd[1417717]: pam_unix(sshd:auth): authentication failure; logname= uid=0 euid=0 tty=ssh ruser= rhost=129.226.157.18  user=root
Apr  5 13:07:09 cls sshd[1417715]: pam_unix(sshd:auth): check pass; user unknown
Apr  5 13:07:09 cls sshd[1417715]: pam_unix(sshd:auth): authentication failure; logname= uid=0 euid=0 tty=ssh ruser= rhost=206.123.145.78 
Apr  5 13:07:10 cls sshd[1417717]: Failed password for root from 129.226.157.18 port 37808 ssh2
Apr  5 13:07:10 cls sshd[1417717]: Received disconnect from 129.226.157.18 port 37808:11: Bye Bye [preauth]
Apr  5 13:07:10 cls sshd[1417717]: Disconnected from authenticating user root 129.226.157.18 port 37808 [preauth]
Apr  5 13:07:11 cls sshd[1417715]: Failed password for invalid user liufangchen from 206.123.145.78 port 16482 ssh2
Apr  5 13:07:14 cls sshd[1417715]: Connection closed by invalid user liufangchen 206.123.145.78 port 16482 [preauth]
Apr  5 13:07:31 cls sshd[1417719]: Invalid user student5 from 206.123.145.51 port 29888
Apr  5 13:07:32 cls sshd[1417719]: pam_unix(sshd:auth): check pass; user unknown
Apr  5 13:07:32 cls sshd[1417719]: pam_unix(sshd:auth): authentication failure; logname= uid=0 euid=0 tty=ssh ruser= rhost=206.123.145.51 
Apr  5 13:07:34 cls sshd[1417719]: Failed password for invalid user student5 from 206.123.145.51 port 29888 ssh2
Apr  5 13:07:37 cls sshd[1417719]: Connection closed by invalid user student5 206.123.145.51 port 29888 [preauth]
Apr  5 13:07:45 cls sshd[1417721]: pam_unix(sshd:auth): authentication failure; logname= uid=0 euid=0 tty=ssh ruser= rhost=103.158.40.65  user=root
Apr  5 13:07:47 cls sshd[1417721]: Failed password for root from 103.158.40.65 port 58748 ssh2
Apr  5 13:07:48 cls sshd[1417721]: Received disconnect from 103.158.40.65 port 58748:11: Bye Bye [preauth]
Apr  5 13:07:48 cls sshd[1417721]: Disconnected from authenticating user root 103.158.40.65 port 58748 [preauth]
Apr  5 13:07:56 cls sshd[1417725]: pam_unix(sshd:auth): authentication failure; logname= uid=0 euid=0 tty=ssh ruser= rhost=118.193.34.157  user=root
Apr  5 13:07:57 cls sshd[1417725]: Failed password for root from 118.193.34.157 port 56866 ssh2
Apr  5 13:07:58 cls sshd[1417725]: Received disconnect from 118.193.34.157 port 56866:11: Bye Bye [preauth]
Apr  5 13:07:58 cls sshd[1417725]: Disconnected from authenticating user root 118.193.34.157 port 56866 [preauth]
Apr  5 13:08:09 cls sshd[1417727]: Invalid user owj from 206.123.145.56 port 49774
Apr  5 13:08:11 cls sshd[1417727]: pam_unix(sshd:auth): check pass; user unknown
Apr  5 13:08:11 cls sshd[1417727]: pam_unix(sshd:auth): authentication failure; logname= uid=0 euid=0 tty=ssh ruser= rhost=206.123.145.56 
Apr  5 13:08:13 cls sshd[1417727]: Failed password for invalid user owj from 206.123.145.56 port 49774 ssh2
Apr  5 13:08:16 cls sshd[1417727]: Connection closed by invalid user owj 206.123.145.56 port 49774 [preauth]
Apr  5 13:08:46 cls sshd[1417730]: Invalid user deg from 130.12.181.102 port 26298
Apr  5 13:08:48 cls sshd[1417730]: pam_unix(sshd:auth): check pass; user unknown
Apr  5 13:08:48 cls sshd[1417730]: pam_unix(sshd:auth): authentication failure; logname= uid=0 euid=0 tty=ssh ruser= rhost=130.12.181.102 
Apr  5 13:08:50 cls sshd[1417734]: Invalid user user from 192.3.130.87 port 48116
Apr  5 13:08:50 cls sshd[1417734]: pam_unix(sshd:auth): check pass; user unknown
Apr  5 13:08:50 cls sshd[1417734]: pam_unix(sshd:auth): authentication failure; logname= uid=0 euid=0 tty=ssh ruser= rhost=192.3.130.87 
Apr  5 13:08:50 cls sshd[1417730]: Failed password for invalid user deg from 130.12.181.102 port 26298 ssh2
Apr  5 13:08:52 cls sshd[1417734]: Failed password for invalid user user from 192.3.130.87 port 48116 ssh2
Apr  5 13:08:53 cls sshd[1417734]: Received disconnect from 192.3.130.87 port 48116:11: Bye Bye [preauth]
Apr  5 13:08:53 cls sshd[1417734]: Disconnected from invalid user user 192.3.130.87 port 48116 [preauth]
Apr  5 13:08:54 cls sshd[1417730]: Connection closed by invalid user deg 130.12.181.102 port 26298 [preauth]
Apr  5 13:09:01 cls CRON[1417746]: pam_unix(cron:session): session opened for user root by (uid=0)
Apr  5 13:09:01 cls CRON[1417746]: pam_unix(cron:session): session closed for user root
Apr  5 13:09:03 cls sshd[1417748]: pam_unix(sshd:auth): authentication failure; logname= uid=0 euid=0 tty=ssh ruser= rhost=206.42.14.196  user=root
Apr  5 13:09:04 cls sshd[1417748]: Failed password for root from 206.42.14.196 port 35754 ssh2
Apr  5 13:09:04 cls sshd[1417750]: Invalid user ljsoft from 152.32.191.75 port 39030
Apr  5 13:09:04 cls sshd[1417750]: pam_unix(sshd:auth): check pass; user unknown
Apr  5 13:09:04 cls sshd[1417750]: pam_unix(sshd:auth): authentication failure; logname= uid=0 euid=0 tty=ssh ruser= rhost=152.32.191.75 
Apr  5 13:09:06 cls sshd[1417748]: Received disconnect from 206.42.14.196 port 35754:11: Bye Bye [preauth]
Apr  5 13:09:06 cls sshd[1417748]: Disconnected from authenticating user root 206.42.14.196 port 35754 [preauth]
Apr  5 13:09:07 cls sshd[1417750]: Failed password for invalid user ljsoft from 152.32.191.75 port 39030 ssh2
Apr  5 13:09:08 cls sshd[1417750]: Received disconnect from 152.32.191.75 port 39030:11: Bye Bye [preauth]
Apr  5 13:09:08 cls sshd[1417750]: Disconnected from invalid user ljsoft 152.32.191.75 port 39030 [preauth]
Apr  5 13:09:08 cls sshd[1417744]: Invalid user muthu from 206.123.145.72 port 47638
Apr  5 13:09:10 cls sshd[1417744]: pam_unix(sshd:auth): check pass; user unknown
Apr  5 13:09:10 cls sshd[1417744]: pam_unix(sshd:auth): authentication failure; logname= uid=0 euid=0 tty=ssh ruser= rhost=206.123.145.72 
Apr  5 13:09:12 cls sshd[1417744]: Failed password for invalid user muthu from 206.123.145.72 port 47638 ssh2
Apr  5 13:09:15 cls sshd[1417744]: Connection closed by invalid user muthu 206.123.145.72 port 47638 [preauth]
Apr  5 13:09:28 cls sshd[1417863]: Invalid user bcy from 130.12.181.101 port 43498
Apr  5 13:09:29 cls sshd[1417867]: Invalid user odoo from 201.71.192.108 port 60836
Apr  5 13:09:29 cls sshd[1417867]: pam_unix(sshd:auth): check pass; user unknown
Apr  5 13:09:29 cls sshd[1417867]: pam_unix(sshd:auth): authentication failure; logname= uid=0 euid=0 tty=ssh ruser= rhost=201.71.192.108 
Apr  5 13:09:31 cls sshd[1417867]: Failed password for invalid user odoo from 201.71.192.108 port 60836 ssh2
Apr  5 13:09:31 cls sshd[1417863]: pam_unix(sshd:auth): check pass; user unknown
Apr  5 13:09:31 cls sshd[1417863]: pam_unix(sshd:auth): authentication failure; logname= uid=0 euid=0 tty=ssh ruser= rhost=130.12.181.101 
Apr  5 13:09:33 cls sshd[1417863]: Failed password for invalid user bcy from 130.12.181.101 port 43498 ssh2
Apr  5 13:09:34 cls sshd[1417867]: Received disconnect from 201.71.192.108 port 60836:11: Bye Bye [preauth]
Apr  5 13:09:34 cls sshd[1417867]: Disconnected from invalid user odoo 201.71.192.108 port 60836 [preauth]
Apr  5 13:09:35 cls sshd[1417865]: pam_unix(sshd:auth): authentication failure; logname= uid=0 euid=0 tty=ssh ruser= rhost=130.12.181.106  user=root
Apr  5 13:09:36 cls sshd[1417863]: Connection closed by invalid user bcy 130.12.181.101 port 43498 [preauth]
Apr  5 13:09:38 cls sshd[1417865]: Failed password for root from 130.12.181.106 port 14192 ssh2
Apr  5 13:09:40 cls sshd[1417865]: Connection closed by authenticating user root 130.12.181.106 port 14192 [preauth]
Apr  5 13:09:50 cls sshd[1417872]: Invalid user sunbo from 206.123.145.76 port 13208
Apr  5 13:09:51 cls sshd[1417872]: pam_unix(sshd:auth): check pass; user unknown
Apr  5 13:09:51 cls sshd[1417872]: pam_unix(sshd:auth): authentication failure; logname= uid=0 euid=0 tty=ssh ruser= rhost=206.123.145.76 
Apr  5 13:09:54 cls sshd[1417872]: Failed password for invalid user sunbo from 206.123.145.76 port 13208 ssh2
Apr  5 13:09:56 cls sshd[1417872]: Connection closed by invalid user sunbo 206.123.145.76 port 13208 [preauth]
Apr  5 13:10:03 cls sshd[1417874]: Invalid user lijiasen from 130.12.181.104 port 12494
Apr  5 13:10:06 cls sshd[1417874]: pam_unix(sshd:auth): check pass; user unknown
Apr  5 13:10:06 cls sshd[1417874]: pam_unix(sshd:auth): authentication failure; logname= uid=0 euid=0 tty=ssh ruser= rhost=130.12.181.104 
Apr  5 13:10:08 cls sshd[1417874]: Failed password for invalid user lijiasen from 130.12.181.104 port 12494 ssh2
Apr  5 13:10:09 cls sshd[1417876]: Invalid user dell from 130.12.181.109 port 19842
Apr  5 13:10:11 cls sshd[1417876]: pam_unix(sshd:auth): check pass; user unknown
Apr  5 13:10:11 cls sshd[1417876]: pam_unix(sshd:auth): authentication failure; logname= uid=0 euid=0 tty=ssh ruser= rhost=130.12.181.109 
Apr  5 13:10:12 cls sshd[1417874]: Connection closed by invalid user lijiasen 130.12.181.104 port 12494 [preauth]
Apr  5 13:10:13 cls sshd[1417876]: Failed password for invalid user dell from 130.12.181.109 port 19842 ssh2
Apr  5 13:10:16 cls sshd[1417876]: Connection closed by invalid user dell 130.12.181.109 port 19842 [preauth]
Apr  5 13:10:19 cls sshd[1417878]: Invalid user fanshunli from 206.123.145.55 port 32008
Apr  5 13:10:21 cls sshd[1417881]: Invalid user botuser from 118.193.34.157 port 52350
Apr  5 13:10:21 cls sshd[1417881]: pam_unix(sshd:auth): check pass; user unknown
Apr  5 13:10:21 cls sshd[1417881]: pam_unix(sshd:auth): authentication failure; logname= uid=0 euid=0 tty=ssh ruser= rhost=118.193.34.157 
Apr  5 13:10:22 cls sshd[1417878]: pam_unix(sshd:auth): check pass; user unknown
Apr  5 13:10:22 cls sshd[1417878]: pam_unix(sshd:auth): authentication failure; logname= uid=0 euid=0 tty=ssh ruser= rhost=206.123.145.55 
Apr  5 13:10:23 cls sshd[1417881]: Failed password for invalid user botuser from 118.193.34.157 port 52350 ssh2
Apr  5 13:10:24 cls sshd[1417878]: Failed password for invalid user fanshunli from 206.123.145.55 port 32008 ssh2
Apr  5 13:10:25 cls sshd[1417881]: Received disconnect from 118.193.34.157 port 52350:11: Bye Bye [preauth]
Apr  5 13:10:25 cls sshd[1417881]: Disconnected from invalid user botuser 118.193.34.157 port 52350 [preauth]
Apr  5 13:10:28 cls sshd[1417878]: Connection closed by invalid user fanshunli 206.123.145.55 port 32008 [preauth]
Apr  5 13:10:31 cls sshd[1417880]: pam_unix(sshd:auth): authentication failure; logname= uid=0 euid=0 tty=ssh ruser= rhost=206.123.145.73  user=root
Apr  5 13:10:33 cls sshd[1417880]: Failed password for root from 206.123.145.73 port 35662 ssh2
Apr  5 13:10:35 cls sshd[1417885]: Invalid user dev from 130.12.181.98 port 33672
Apr  5 13:10:36 cls sshd[1417884]: Invalid user tanli from 130.12.181.107 port 48278
Apr  5 13:10:37 cls sshd[1417880]: Connection closed by authenticating user root 206.123.145.73 port 35662 [preauth]
Apr  5 13:10:37 cls sshd[1417885]: pam_unix(sshd:auth): check pass; user unknown
Apr  5 13:10:37 cls sshd[1417885]: pam_unix(sshd:auth): authentication failure; logname= uid=0 euid=0 tty=ssh ruser= rhost=130.12.181.98 
Apr  5 13:10:38 cls sshd[1417884]: pam_unix(sshd:auth): check pass; user unknown
Apr  5 13:10:38 cls sshd[1417884]: pam_unix(sshd:auth): authentication failure; logname= uid=0 euid=0 tty=ssh ruser= rhost=130.12.181.107 
Apr  5 13:10:38 cls sshd[1417885]: Failed password for invalid user dev from 130.12.181.98 port 33672 ssh2
Apr  5 13:10:40 cls sshd[1417884]: Failed password for invalid user tanli from 130.12.181.107 port 48278 ssh2
Apr  5 13:10:40 cls sshd[1417885]: Connection closed by invalid user dev 130.12.181.98 port 33672 [preauth]
Apr  5 13:10:44 cls sshd[1417884]: Connection closed by invalid user tanli 130.12.181.107 port 48278 [preauth]
Apr  5 13:10:46 cls sshd[1417890]: Invalid user wanxin from 206.123.145.49 port 8822
Apr  5 13:10:47 cls sshd[1417890]: pam_unix(sshd:auth): check pass; user unknown
Apr  5 13:10:47 cls sshd[1417890]: pam_unix(sshd:auth): authentication failure; logname= uid=0 euid=0 tty=ssh ruser= rhost=206.123.145.49 
Apr  5 13:10:49 cls sshd[1417890]: Failed password for invalid user wanxin from 206.123.145.49 port 8822 ssh2
Apr  5 13:10:50 cls sshd[1417897]: pam_unix(sshd:auth): authentication failure; logname= uid=0 euid=0 tty=ssh ruser= rhost=103.158.40.65  user=root
Apr  5 13:10:52 cls sshd[1417890]: Connection closed by invalid user wanxin 206.123.145.49 port 8822 [preauth]
Apr  5 13:10:53 cls sshd[1417897]: Failed password for root from 103.158.40.65 port 47318 ssh2
Apr  5 13:10:53 cls sshd[1417897]: Received disconnect from 103.158.40.65 port 47318:11: Bye Bye [preauth]
Apr  5 13:10:53 cls sshd[1417897]: Disconnected from authenticating user root 103.158.40.65 port 47318 [preauth]
Apr  5 13:10:55 cls sshd[1417901]: Invalid user deploy from 132.145.122.251 port 48518
Apr  5 13:10:55 cls sshd[1417901]: pam_unix(sshd:auth): check pass; user unknown
Apr  5 13:10:55 cls sshd[1417901]: pam_unix(sshd:auth): authentication failure; logname= uid=0 euid=0 tty=ssh ruser= rhost=132.145.122.251 
Apr  5 13:10:57 cls sshd[1417901]: Failed password for invalid user deploy from 132.145.122.251 port 48518 ssh2
Apr  5 13:10:58 cls sshd[1417901]: Received disconnect from 132.145.122.251 port 48518:11: Bye Bye [preauth]
Apr  5 13:10:58 cls sshd[1417901]: Disconnected from invalid user deploy 132.145.122.251 port 48518 [preauth]
Apr  5 13:11:02 cls sshd[1417899]: Invalid user wangsying from 206.123.145.74 port 55378
Apr  5 13:11:04 cls sshd[1417899]: pam_unix(sshd:auth): check pass; user unknown
Apr  5 13:11:04 cls sshd[1417899]: pam_unix(sshd:auth): authentication failure; logname= uid=0 euid=0 tty=ssh ruser= rhost=206.123.145.74 
Apr  5 13:11:06 cls sshd[1417899]: Failed password for invalid user wangsying from 206.123.145.74 port 55378 ssh2
Apr  5 13:11:08 cls sshd[1417899]: Connection closed by invalid user wangsying 206.123.145.74 port 55378 [preauth]
Apr  5 13:11:13 cls sshd[1417903]: pam_unix(sshd:auth): authentication failure; logname= uid=0 euid=0 tty=ssh ruser= rhost=192.3.130.87  user=root
Apr  5 13:11:14 cls sshd[1417906]: pam_unix(sshd:auth): authentication failure; logname= uid=0 euid=0 tty=ssh ruser= rhost=152.32.191.75  user=root
Apr  5 13:11:15 cls sshd[1417903]: Failed password for root from 192.3.130.87 port 37452 ssh2
Apr  5 13:11:16 cls sshd[1417903]: Received disconnect from 192.3.130.87 port 37452:11: Bye Bye [preauth]
Apr  5 13:11:16 cls sshd[1417903]: Disconnected from authenticating user root 192.3.130.87 port 37452 [preauth]
Apr  5 13:11:17 cls sshd[1417906]: Failed password for root from 152.32.191.75 port 38562 ssh2
Apr  5 13:11:17 cls sshd[1417906]: Received disconnect from 152.32.191.75 port 38562:11: Bye Bye [preauth]
Apr  5 13:11:17 cls sshd[1417906]: Disconnected from authenticating user root 152.32.191.75 port 38562 [preauth]
Apr  5 13:11:22 cls sshd[1417905]: Invalid user ekincheng from 130.12.181.105 port 58946
Apr  5 13:11:23 cls sshd[1417913]: Invalid user frappe from 206.42.14.196 port 54748
Apr  5 13:11:23 cls sshd[1417913]: pam_unix(sshd:auth): check pass; user unknown
Apr  5 13:11:23 cls sshd[1417913]: pam_unix(sshd:auth): authentication failure; logname= uid=0 euid=0 tty=ssh ruser= rhost=206.42.14.196 
Apr  5 13:11:25 cls sshd[1417905]: pam_unix(sshd:auth): check pass; user unknown
Apr  5 13:11:25 cls sshd[1417905]: pam_unix(sshd:auth): authentication failure; logname= uid=0 euid=0 tty=ssh ruser= rhost=130.12.181.105 
Apr  5 13:11:25 cls sshd[1417913]: Failed password for invalid user frappe from 206.42.14.196 port 54748 ssh2
Apr  5 13:11:26 cls sshd[1417913]: Received disconnect from 206.42.14.196 port 54748:11: Bye Bye [preauth]
Apr  5 13:11:26 cls sshd[1417913]: Disconnected from invalid user frappe 206.42.14.196 port 54748 [preauth]
Apr  5 13:11:27 cls sshd[1417905]: Failed password for invalid user ekincheng from 130.12.181.105 port 58946 ssh2
Apr  5 13:11:31 cls sshd[1417905]: Connection closed by invalid user ekincheng 130.12.181.105 port 58946 [preauth]
Apr  5 13:11:36 cls sshd[1417917]: Invalid user chenx from 206.123.145.48 port 26940
Apr  5 13:11:37 cls sshd[1417915]: pam_unix(sshd:auth): authentication failure; logname= uid=0 euid=0 tty=ssh ruser= rhost=206.123.145.75  user=ubuntu
Apr  5 13:11:37 cls sshd[1417917]: pam_unix(sshd:auth): check pass; user unknown
Apr  5 13:11:37 cls sshd[1417917]: pam_unix(sshd:auth): authentication failure; logname= uid=0 euid=0 tty=ssh ruser= rhost=206.123.145.48 
Apr  5 13:11:39 cls sshd[1417915]: Failed password for ubuntu from 206.123.145.75 port 46514 ssh2
Apr  5 13:11:39 cls sshd[1417917]: Failed password for invalid user chenx from 206.123.145.48 port 26940 ssh2
Apr  5 13:11:43 cls sshd[1417917]: Connection closed by invalid user chenx 206.123.145.48 port 26940 [preauth]
Apr  5 13:11:46 cls sshd[1417915]: Connection closed by authenticating user ubuntu 206.123.145.75 port 46514 [preauth]
Apr  5 13:11:47 cls sshd[1417919]: Invalid user zjl from 206.123.145.50 port 30590
Apr  5 13:11:49 cls sshd[1417920]: Invalid user guestadmin from 206.123.145.79 port 6226
Apr  5 13:11:51 cls sshd[1417920]: pam_unix(sshd:auth): check pass; user unknown
Apr  5 13:11:51 cls sshd[1417920]: pam_unix(sshd:auth): authentication failure; logname= uid=0 euid=0 tty=ssh ruser= rhost=206.123.145.79 
Apr  5 13:11:51 cls sshd[1417919]: pam_unix(sshd:auth): check pass; user unknown
Apr  5 13:11:51 cls sshd[1417919]: pam_unix(sshd:auth): authentication failure; logname= uid=0 euid=0 tty=ssh ruser= rhost=206.123.145.50 
Apr  5 13:11:52 cls sshd[1417920]: Failed password for invalid user guestadmin from 206.123.145.79 port 6226 ssh2
Apr  5 13:11:52 cls sshd[1417919]: Failed password for invalid user zjl from 206.123.145.50 port 30590 ssh2
Apr  5 13:11:53 cls sshd[1417923]: pam_unix(sshd:auth): authentication failure; logname= uid=0 euid=0 tty=ssh ruser= rhost=130.12.181.100  user=root
Apr  5 13:11:55 cls sshd[1417919]: Connection closed by invalid user zjl 206.123.145.50 port 30590 [preauth]
Apr  5 13:11:55 cls sshd[1417923]: Failed password for root from 130.12.181.100 port 3632 ssh2
Apr  5 13:11:56 cls sshd[1417920]: Connection closed by invalid user guestadmin 206.123.145.79 port 6226 [preauth]
Apr  5 13:11:59 cls sshd[1417923]: Connection closed by authenticating user root 130.12.181.100 port 3632 [preauth]
Apr  5 13:12:21 cls sshd[1417961]: Invalid user exit from 201.71.192.108 port 50374
Apr  5 13:12:21 cls sshd[1417961]: pam_unix(sshd:auth): check pass; user unknown
Apr  5 13:12:21 cls sshd[1417961]: pam_unix(sshd:auth): authentication failure; logname= uid=0 euid=0 tty=ssh ruser= rhost=201.71.192.108 
Apr  5 13:12:22 cls sshd[1417926]: Invalid user euler from 206.123.145.69 port 41882
Apr  5 13:12:22 cls sshd[1417942]: Invalid user jjg from 206.123.145.46 port 29448
Apr  5 13:12:23 cls sshd[1417961]: Failed password for invalid user exit from 201.71.192.108 port 50374 ssh2
Apr  5 13:12:24 cls sshd[1417942]: pam_unix(sshd:auth): check pass; user unknown
Apr  5 13:12:24 cls sshd[1417942]: pam_unix(sshd:auth): authentication failure; logname= uid=0 euid=0 tty=ssh ruser= rhost=206.123.145.46 
Apr  5 13:12:24 cls sshd[1417926]: pam_unix(sshd:auth): check pass; user unknown
Apr  5 13:12:24 cls sshd[1417926]: pam_unix(sshd:auth): authentication failure; logname= uid=0 euid=0 tty=ssh ruser= rhost=206.123.145.69 
Apr  5 13:12:24 cls sshd[1417961]: Received disconnect from 201.71.192.108 port 50374:11: Bye Bye [preauth]
Apr  5 13:12:24 cls sshd[1417961]: Disconnected from invalid user exit 201.71.192.108 port 50374 [preauth]
Apr  5 13:12:26 cls sshd[1417942]: Failed password for invalid user jjg from 206.123.145.46 port 29448 ssh2
Apr  5 13:12:26 cls sshd[1417926]: Failed password for invalid user euler from 206.123.145.69 port 41882 ssh2
Apr  5 13:12:28 cls sshd[1417960]: Invalid user aa from 206.123.145.52 port 57958
Apr  5 13:12:29 cls sshd[1417960]: pam_unix(sshd:auth): check pass; user unknown
Apr  5 13:12:29 cls sshd[1417960]: pam_unix(sshd:auth): authentication failure; logname= uid=0 euid=0 tty=ssh ruser= rhost=206.123.145.52 
Apr  5 13:12:30 cls sshd[1417942]: Connection closed by invalid user jjg 206.123.145.46 port 29448 [preauth]
Apr  5 13:12:31 cls sshd[1417926]: Connection closed by invalid user euler 206.123.145.69 port 41882 [preauth]
Apr  5 13:12:32 cls sshd[1417960]: Failed password for invalid user aa from 206.123.145.52 port 57958 ssh2
Apr  5 13:12:33 cls sshd[1417960]: Connection closed by invalid user aa 206.123.145.52 port 57958 [preauth]
Apr  5 13:12:40 cls sshd[1417966]: Invalid user server from 118.193.34.157 port 56710
Apr  5 13:12:40 cls sshd[1417966]: pam_unix(sshd:auth): check pass; user unknown
Apr  5 13:12:40 cls sshd[1417966]: pam_unix(sshd:auth): authentication failure; logname= uid=0 euid=0 tty=ssh ruser= rhost=118.193.34.157 
Apr  5 13:12:42 cls sshd[1417964]: Invalid user shangj from 206.123.145.20 port 15304
Apr  5 13:12:42 cls sshd[1417966]: Failed password for invalid user server from 118.193.34.157 port 56710 ssh2
Apr  5 13:12:43 cls sshd[1417964]: pam_unix(sshd:auth): check pass; user unknown
Apr  5 13:12:43 cls sshd[1417964]: pam_unix(sshd:auth): authentication failure; logname= uid=0 euid=0 tty=ssh ruser= rhost=206.123.145.20 
Apr  5 13:12:43 cls sshd[1417966]: Received disconnect from 118.193.34.157 port 56710:11: Bye Bye [preauth]
Apr  5 13:12:43 cls sshd[1417966]: Disconnected from invalid user server 118.193.34.157 port 56710 [preauth]
Apr  5 13:12:44 cls sshd[1417964]: Failed password for invalid user shangj from 206.123.145.20 port 15304 ssh2
Apr  5 13:12:52 cls sshd[1417964]: Connection closed by invalid user shangj 206.123.145.20 port 15304 [preauth]
Apr  5 13:13:00 cls sshd[1417971]: Invalid user usuarios from 206.123.145.71 port 40698
Apr  5 13:13:04 cls sshd[1417971]: pam_unix(sshd:auth): check pass; user unknown
Apr  5 13:13:04 cls sshd[1417971]: pam_unix(sshd:auth): authentication failure; logname= uid=0 euid=0 tty=ssh ruser= rhost=206.123.145.71 
Apr  5 13:13:06 cls sshd[1417971]: Failed password for invalid user usuarios from 206.123.145.71 port 40698 ssh2
Apr  5 13:13:07 cls sshd[1417971]: Connection closed by invalid user usuarios 206.123.145.71 port 40698 [preauth]
Apr  5 13:13:22 cls sshd[1417973]: Invalid user bashley from 130.12.181.99 port 61960
Apr  5 13:13:24 cls sshd[1417973]: pam_unix(sshd:auth): check pass; user unknown
Apr  5 13:13:24 cls sshd[1417973]: pam_unix(sshd:auth): authentication failure; logname= uid=0 euid=0 tty=ssh ruser= rhost=130.12.181.99 
Apr  5 13:13:26 cls sshd[1417978]: Invalid user minecraft from 152.32.191.75 port 41532
Apr  5 13:13:26 cls sshd[1417978]: pam_unix(sshd:auth): check pass; user unknown
Apr  5 13:13:26 cls sshd[1417978]: pam_unix(sshd:auth): authentication failure; logname= uid=0 euid=0 tty=ssh ruser= rhost=152.32.191.75 
Apr  5 13:13:26 cls sshd[1417973]: Failed password for invalid user bashley from 130.12.181.99 port 61960 ssh2
Apr  5 13:13:28 cls sshd[1417978]: Failed password for invalid user minecraft from 152.32.191.75 port 41532 ssh2
Apr  5 13:13:28 cls sshd[1417978]: Received disconnect from 152.32.191.75 port 41532:11: Bye Bye [preauth]
Apr  5 13:13:28 cls sshd[1417978]: Disconnected from invalid user minecraft 152.32.191.75 port 41532 [preauth]
Apr  5 13:13:29 cls sshd[1417973]: Connection closed by invalid user bashley 130.12.181.99 port 61960 [preauth]
Apr  5 13:13:34 cls sshd[1417984]: Invalid user botuser from 192.3.130.87 port 55072
Apr  5 13:13:34 cls sshd[1417984]: pam_unix(sshd:auth): check pass; user unknown
Apr  5 13:13:34 cls sshd[1417984]: pam_unix(sshd:auth): authentication failure; logname= uid=0 euid=0 tty=ssh ruser= rhost=192.3.130.87 
Apr  5 13:13:36 cls sshd[1417984]: Failed password for invalid user botuser from 192.3.130.87 port 55072 ssh2
Apr  5 13:13:37 cls sshd[1417976]: pam_unix(sshd:auth): authentication failure; logname= uid=0 euid=0 tty=ssh ruser= rhost=206.123.145.77  user=root
Apr  5 13:13:38 cls sshd[1417984]: Received disconnect from 192.3.130.87 port 55072:11: Bye Bye [preauth]
Apr  5 13:13:38 cls sshd[1417984]: Disconnected from invalid user botuser 192.3.130.87 port 55072 [preauth]
Apr  5 13:13:38 cls sshd[1417983]: Invalid user myadmin from 206.123.145.53 port 4966
Apr  5 13:13:38 cls sshd[1417976]: Failed password for root from 206.123.145.77 port 10396 ssh2
Apr  5 13:13:39 cls sshd[1417983]: pam_unix(sshd:auth): check pass; user unknown
Apr  5 13:13:39 cls sshd[1417983]: pam_unix(sshd:auth): authentication failure; logname= uid=0 euid=0 tty=ssh ruser= rhost=206.123.145.53 
Apr  5 13:13:39 cls sshd[1417987]: pam_unix(sshd:auth): authentication failure; logname= uid=0 euid=0 tty=ssh ruser= rhost=206.42.14.196  user=root
Apr  5 13:13:41 cls sshd[1417983]: Failed password for invalid user myadmin from 206.123.145.53 port 4966 ssh2
Apr  5 13:13:41 cls sshd[1417987]: Failed password for root from 206.42.14.196 port 54230 ssh2
Apr  5 13:13:42 cls sshd[1417987]: Received disconnect from 206.42.14.196 port 54230:11: Bye Bye [preauth]
Apr  5 13:13:42 cls sshd[1417987]: Disconnected from authenticating user root 206.42.14.196 port 54230 [preauth]
Apr  5 13:13:42 cls sshd[1417976]: Connection closed by authenticating user root 206.123.145.77 port 10396 [preauth]
Apr  5 13:13:43 cls sshd[1417983]: Connection closed by invalid user myadmin 206.123.145.53 port 4966 [preauth]
Apr  5 13:13:52 cls sshd[1417992]: pam_unix(sshd:auth): authentication failure; logname= uid=0 euid=0 tty=ssh ruser= rhost=103.158.40.65  user=root
Apr  5 13:13:52 cls sshd[1417989]: Invalid user tesla1 from 130.12.181.103 port 13290
Apr  5 13:13:54 cls sshd[1417992]: Failed password for root from 103.158.40.65 port 35882 ssh2
Apr  5 13:13:54 cls sshd[1417992]: Received disconnect from 103.158.40.65 port 35882:11: Bye Bye [preauth]
Apr  5 13:13:54 cls sshd[1417992]: Disconnected from authenticating user root 103.158.40.65 port 35882 [preauth]
Apr  5 13:13:55 cls sshd[1417989]: pam_unix(sshd:auth): check pass; user unknown
Apr  5 13:13:55 cls sshd[1417989]: pam_unix(sshd:auth): authentication failure; logname= uid=0 euid=0 tty=ssh ruser= rhost=130.12.181.103 
Apr  5 13:13:57 cls sshd[1417989]: Failed password for invalid user tesla1 from 130.12.181.103 port 13290 ssh2
Apr  5 13:13:59 cls sshd[1417989]: Connection closed by invalid user tesla1 130.12.181.103 port 13290 [preauth]
Apr  5 13:14:02 cls sshd[1417994]: Invalid user yuanwd from 206.123.145.57 port 44824
Apr  5 13:14:04 cls sshd[1417994]: pam_unix(sshd:auth): check pass; user unknown
Apr  5 13:14:04 cls sshd[1417994]: pam_unix(sshd:auth): authentication failure; logname= uid=0 euid=0 tty=ssh ruser= rhost=206.123.145.57 
Apr  5 13:14:06 cls sshd[1417991]: pam_unix(sshd:auth): authentication failure; logname= uid=0 euid=0 tty=ssh ruser= rhost=130.12.181.108  user=root
Apr  5 13:14:06 cls sshd[1417994]: Failed password for invalid user yuanwd from 206.123.145.57 port 44824 ssh2
Apr  5 13:14:08 cls sshd[1417991]: Failed password for root from 130.12.181.108 port 29112 ssh2
Apr  5 13:14:10 cls sshd[1417994]: Connection closed by invalid user yuanwd 206.123.145.57 port 44824 [preauth]
Apr  5 13:14:11 cls sshd[1417991]: Connection closed by authenticating user root 130.12.181.108 port 29112 [preauth]
Apr  5 13:14:46 cls sshd[1418002]: Invalid user ansible from 206.123.145.70 port 4384
Apr  5 13:14:47 cls sshd[1418002]: pam_unix(sshd:auth): check pass; user unknown
Apr  5 13:14:47 cls sshd[1418002]: pam_unix(sshd:auth): authentication failure; logname= uid=0 euid=0 tty=ssh ruser= rhost=206.123.145.70 
Apr  5 13:14:50 cls sshd[1418002]: Failed password for invalid user ansible from 206.123.145.70 port 4384 ssh2
Apr  5 13:14:53 cls sshd[1418002]: Connection closed by invalid user ansible 206.123.145.70 port 4384 [preauth]
Apr  5 13:14:57 cls sshd[1418010]: Invalid user wduser from 132.145.122.251 port 48680
Apr  5 13:14:57 cls sshd[1418010]: pam_unix(sshd:auth): check pass; user unknown
Apr  5 13:14:57 cls sshd[1418010]: pam_unix(sshd:auth): authentication failure; logname= uid=0 euid=0 tty=ssh ruser= rhost=132.145.122.251 
Apr  5 13:14:59 cls sshd[1418013]: Invalid user frappe from 118.193.34.157 port 58112
Apr  5 13:14:59 cls sshd[1418013]: pam_unix(sshd:auth): check pass; user unknown
Apr  5 13:14:59 cls sshd[1418013]: pam_unix(sshd:auth): authentication failure; logname= uid=0 euid=0 tty=ssh ruser= rhost=118.193.34.157 
Apr  5 13:15:00 cls sshd[1418010]: Failed password for invalid user wduser from 132.145.122.251 port 48680 ssh2
Apr  5 13:15:01 cls sshd[1418013]: Failed password for invalid user frappe from 118.193.34.157 port 58112 ssh2
Apr  5 13:15:01 cls sshd[1418013]: Received disconnect from 118.193.34.157 port 58112:11: Bye Bye [preauth]
Apr  5 13:15:01 cls sshd[1418013]: Disconnected from invalid user frappe 118.193.34.157 port 58112 [preauth]
Apr  5 13:15:02 cls sshd[1418010]: Received disconnect from 132.145.122.251 port 48680:11: Bye Bye [preauth]
Apr  5 13:15:02 cls sshd[1418010]: Disconnected from invalid user wduser 132.145.122.251 port 48680 [preauth]
Apr  5 13:15:06 cls sshd[1418012]: Invalid user baofei from 130.12.181.97 port 43516
Apr  5 13:15:08 cls sshd[1418012]: pam_unix(sshd:auth): check pass; user unknown
Apr  5 13:15:08 cls sshd[1418012]: pam_unix(sshd:auth): authentication failure; logname= uid=0 euid=0 tty=ssh ruser= rhost=130.12.181.97 
Apr  5 13:15:10 cls sshd[1418012]: Failed password for invalid user baofei from 130.12.181.97 port 43516 ssh2
Apr  5 13:15:14 cls sshd[1418012]: Connection closed by invalid user baofei 130.12.181.97 port 43516 [preauth]
Apr  5 13:15:16 cls sshd[1418016]: Invalid user spark from 201.71.192.108 port 60414
Apr  5 13:15:16 cls sshd[1418016]: pam_unix(sshd:auth): check pass; user unknown
Apr  5 13:15:16 cls sshd[1418016]: pam_unix(sshd:auth): authentication failure; logname= uid=0 euid=0 tty=ssh ruser= rhost=201.71.192.108 
Apr  5 13:15:18 cls sshd[1418016]: Failed password for invalid user spark from 201.71.192.108 port 60414 ssh2
Apr  5 13:15:21 cls sshd[1418016]: Received disconnect from 201.71.192.108 port 60414:11: Bye Bye [preauth]
Apr  5 13:15:21 cls sshd[1418016]: Disconnected from invalid user spark 201.71.192.108 port 60414 [preauth]
Apr  5 13:15:33 cls sshd[1418018]: Invalid user tidb from 206.123.145.54 port 51050
Apr  5 13:15:34 cls sshd[1418018]: pam_unix(sshd:auth): check pass; user unknown
Apr  5 13:15:34 cls sshd[1418018]: pam_unix(sshd:auth): authentication failure; logname= uid=0 euid=0 tty=ssh ruser= rhost=206.123.145.54 
Apr  5 13:15:36 cls sshd[1418018]: Failed password for invalid user tidb from 206.123.145.54 port 51050 ssh2
Apr  5 13:15:43 cls sshd[1418018]: Connection closed by invalid user tidb 206.123.145.54 port 51050 [preauth]
Apr  5 13:15:53 cls sshd[1418022]: Invalid user mongouser from 152.32.191.75 port 55146
Apr  5 13:15:53 cls sshd[1418022]: pam_unix(sshd:auth): check pass; user unknown
Apr  5 13:15:53 cls sshd[1418022]: pam_unix(sshd:auth): authentication failure; logname= uid=0 euid=0 tty=ssh ruser= rhost=152.32.191.75 
Apr  5 13:15:55 cls sshd[1418022]: Failed password for invalid user mongouser from 152.32.191.75 port 55146 ssh2
Apr  5 13:15:55 cls sshd[1418022]: Received disconnect from 152.32.191.75 port 55146:11: Bye Bye [preauth]
Apr  5 13:15:55 cls sshd[1418022]: Disconnected from invalid user mongouser 152.32.191.75 port 55146 [preauth]
Apr  5 13:16:00 cls sshd[1418088]: Invalid user satis from 192.3.130.87 port 55662
Apr  5 13:16:00 cls sshd[1418088]: pam_unix(sshd:auth): check pass; user unknown
Apr  5 13:16:00 cls sshd[1418088]: pam_unix(sshd:auth): authentication failure; logname= uid=0 euid=0 tty=ssh ruser= rhost=192.3.130.87 
Apr  5 13:16:01 cls sshd[1418136]: Invalid user teamspeak from 206.42.14.196 port 42102
Apr  5 13:16:01 cls sshd[1418136]: pam_unix(sshd:auth): check pass; user unknown
Apr  5 13:16:01 cls sshd[1418136]: pam_unix(sshd:auth): authentication failure; logname= uid=0 euid=0 tty=ssh ruser= rhost=206.42.14.196 
Apr  5 13:16:02 cls sshd[1418088]: Failed password for invalid user satis from 192.3.130.87 port 55662 ssh2
Apr  5 13:16:04 cls sshd[1418136]: Failed password for invalid user teamspeak from 206.42.14.196 port 42102 ssh2
Apr  5 13:16:05 cls sshd[1418088]: Received disconnect from 192.3.130.87 port 55662:11: Bye Bye [preauth]
Apr  5 13:16:05 cls sshd[1418088]: Disconnected from invalid user satis 192.3.130.87 port 55662 [preauth]
Apr  5 13:16:05 cls sshd[1418026]: Invalid user shadows from 206.123.145.78 port 40880
Apr  5 13:16:06 cls sshd[1418136]: Received disconnect from 206.42.14.196 port 42102:11: Bye Bye [preauth]
Apr  5 13:16:06 cls sshd[1418136]: Disconnected from invalid user teamspeak 206.42.14.196 port 42102 [preauth]
Apr  5 13:16:09 cls sshd[1418026]: pam_unix(sshd:auth): check pass; user unknown
Apr  5 13:16:09 cls sshd[1418026]: pam_unix(sshd:auth): authentication failure; logname= uid=0 euid=0 tty=ssh ruser= rhost=206.123.145.78 
Apr  5 13:16:11 cls sshd[1418026]: Failed password for invalid user shadows from 206.123.145.78 port 40880 ssh2
Apr  5 13:16:14 cls sshd[1418026]: Connection closed by invalid user shadows 206.123.145.78 port 40880 [preauth]
Apr  5 13:16:23 cls sshd[1418311]: Invalid user barsha from 206.123.145.51 port 38028
Apr  5 13:16:25 cls sshd[1418311]: pam_unix(sshd:auth): check pass; user unknown
Apr  5 13:16:25 cls sshd[1418311]: pam_unix(sshd:auth): authentication failure; logname= uid=0 euid=0 tty=ssh ruser= rhost=206.123.145.51 
Apr  5 13:16:26 cls sshd[1418311]: Failed password for invalid user barsha from 206.123.145.51 port 38028 ssh2
Apr  5 13:16:30 cls sshd[1418311]: Connection closed by invalid user barsha 206.123.145.51 port 38028 [preauth]
Apr  5 13:16:45 cls sshd[1418316]: Invalid user sammy from 103.158.40.65 port 52672
Apr  5 13:16:45 cls sshd[1418316]: pam_unix(sshd:auth): check pass; user unknown
Apr  5 13:16:45 cls sshd[1418316]: pam_unix(sshd:auth): authentication failure; logname= uid=0 euid=0 tty=ssh ruser= rhost=103.158.40.65 
Apr  5 13:16:47 cls sshd[1418316]: Failed password for invalid user sammy from 103.158.40.65 port 52672 ssh2
Apr  5 13:16:49 cls sshd[1418316]: Received disconnect from 103.158.40.65 port 52672:11: Bye Bye [preauth]
Apr  5 13:16:49 cls sshd[1418316]: Disconnected from invalid user sammy 103.158.40.65 port 52672 [preauth]
Apr  5 13:17:01 cls CRON[1418318]: pam_unix(cron:session): session opened for user root by (uid=0)
Apr  5 13:17:01 cls CRON[1418318]: pam_unix(cron:session): session closed for user root
Apr  5 13:17:13 cls sshd[1418321]: Invalid user debian from 206.123.145.56 port 30688
Apr  5 13:17:16 cls sshd[1418325]: pam_unix(sshd:auth): authentication failure; logname= uid=0 euid=0 tty=ssh ruser= rhost=118.193.34.157  user=root
Apr  5 13:17:17 cls sshd[1418323]: Invalid user ts3 from 130.12.181.102 port 49492
Apr  5 13:17:18 cls sshd[1418321]: pam_unix(sshd:auth): check pass; user unknown
Apr  5 13:17:18 cls sshd[1418321]: pam_unix(sshd:auth): authentication failure; logname= uid=0 euid=0 tty=ssh ruser= rhost=206.123.145.56 
Apr  5 13:17:18 cls sshd[1418325]: Failed password for root from 118.193.34.157 port 44664 ssh2
Apr  5 13:17:18 cls sshd[1418325]: Received disconnect from 118.193.34.157 port 44664:11: Bye Bye [preauth]
Apr  5 13:17:18 cls sshd[1418325]: Disconnected from authenticating user root 118.193.34.157 port 44664 [preauth]
Apr  5 13:17:20 cls sshd[1418323]: pam_unix(sshd:auth): check pass; user unknown
Apr  5 13:17:20 cls sshd[1418323]: pam_unix(sshd:auth): authentication failure; logname= uid=0 euid=0 tty=ssh ruser= rhost=130.12.181.102 
Apr  5 13:17:20 cls sshd[1418321]: Failed password for invalid user debian from 206.123.145.56 port 30688 ssh2
Apr  5 13:17:21 cls sshd[1418323]: Failed password for invalid user ts3 from 130.12.181.102 port 49492 ssh2
Apr  5 13:17:24 cls sshd[1418321]: Connection closed by invalid user debian 206.123.145.56 port 30688 [preauth]
Apr  5 13:17:25 cls sshd[1418323]: Connection closed by invalid user ts3 130.12.181.102 port 49492 [preauth]
Apr  5 13:17:27 cls sshd[1418327]: Invalid user shutdown from 130.12.181.98 port 39736
Apr  5 13:17:29 cls sshd[1418327]: pam_unix(sshd:auth): check pass; user unknown
Apr  5 13:17:29 cls sshd[1418327]: pam_unix(sshd:auth): authentication failure; logname= uid=0 euid=0 tty=ssh ruser= rhost=130.12.181.98 
Apr  5 13:17:31 cls sshd[1418327]: Failed password for invalid user shutdown from 130.12.181.98 port 39736 ssh2
Apr  5 13:17:35 cls sshd[1418327]: Connection closed by invalid user shutdown 130.12.181.98 port 39736 [preauth]
Apr  5 13:18:04 cls sshd[1418332]: Invalid user miguel from 201.71.192.108 port 45036
Apr  5 13:18:04 cls sshd[1418332]: pam_unix(sshd:auth): check pass; user unknown
Apr  5 13:18:04 cls sshd[1418332]: pam_unix(sshd:auth): authentication failure; logname= uid=0 euid=0 tty=ssh ruser= rhost=201.71.192.108 
Apr  5 13:18:05 cls sshd[1418332]: Failed password for invalid user miguel from 201.71.192.108 port 45036 ssh2
Apr  5 13:18:07 cls sshd[1418332]: Received disconnect from 201.71.192.108 port 45036:11: Bye Bye [preauth]
Apr  5 13:18:07 cls sshd[1418332]: Disconnected from invalid user miguel 201.71.192.108 port 45036 [preauth]
Apr  5 13:18:16 cls sshd[1418339]: pam_unix(sshd:auth): authentication failure; logname= uid=0 euid=0 tty=ssh ruser= rhost=206.42.14.196  user=root
Apr  5 13:18:17 cls sshd[1418342]: Invalid user server from 192.3.130.87 port 50794
Apr  5 13:18:17 cls sshd[1418342]: pam_unix(sshd:auth): check pass; user unknown
Apr  5 13:18:17 cls sshd[1418342]: pam_unix(sshd:auth): authentication failure; logname= uid=0 euid=0 tty=ssh ruser= rhost=192.3.130.87 
Apr  5 13:18:17 cls sshd[1418339]: Failed password for root from 206.42.14.196 port 39566 ssh2
Apr  5 13:18:18 cls sshd[1418337]: Invalid user user3 from 206.123.145.72 port 61268
Apr  5 13:18:18 cls sshd[1418339]: Received disconnect from 206.42.14.196 port 39566:11: Bye Bye [preauth]
Apr  5 13:18:18 cls sshd[1418339]: Disconnected from authenticating user root 206.42.14.196 port 39566 [preauth]
Apr  5 13:18:19 cls sshd[1418342]: Failed password for invalid user server from 192.3.130.87 port 50794 ssh2
Apr  5 13:18:20 cls sshd[1418337]: pam_unix(sshd:auth): check pass; user unknown
Apr  5 13:18:20 cls sshd[1418337]: pam_unix(sshd:auth): authentication failure; logname= uid=0 euid=0 tty=ssh ruser= rhost=206.123.145.72 
Apr  5 13:18:20 cls sshd[1418342]: Received disconnect from 192.3.130.87 port 50794:11: Bye Bye [preauth]
Apr  5 13:18:20 cls sshd[1418342]: Disconnected from invalid user server 192.3.130.87 port 50794 [preauth]
Apr  5 13:18:22 cls sshd[1418337]: Failed password for invalid user user3 from 206.123.145.72 port 61268 ssh2
Apr  5 13:18:25 cls sshd[1418341]: Invalid user admin from 130.12.181.101 port 37988
Apr  5 13:18:26 cls sshd[1418337]: Connection closed by invalid user user3 206.123.145.72 port 61268 [preauth]
Apr  5 13:18:27 cls sshd[1418341]: pam_unix(sshd:auth): check pass; user unknown
Apr  5 13:18:27 cls sshd[1418341]: pam_unix(sshd:auth): authentication failure; logname= uid=0 euid=0 tty=ssh ruser= rhost=130.12.181.101 
Apr  5 13:18:29 cls sshd[1418341]: Failed password for invalid user admin from 130.12.181.101 port 37988 ssh2
Apr  5 13:18:30 cls sshd[1418345]: pam_unix(sshd:auth): authentication failure; logname= uid=0 euid=0 tty=ssh ruser= rhost=130.12.181.106  user=root
Apr  5 13:18:32 cls sshd[1418345]: Failed password for root from 130.12.181.106 port 57978 ssh2
Apr  5 13:18:33 cls sshd[1418341]: Connection closed by invalid user admin 130.12.181.101 port 37988 [preauth]
Apr  5 13:18:35 cls sshd[1418345]: Connection closed by authenticating user root 130.12.181.106 port 57978 [preauth]
Apr  5 13:18:45 cls sshd[1418348]: pam_unix(sshd:auth): authentication failure; logname= uid=0 euid=0 tty=ssh ruser= rhost=206.123.145.76  user=root
Apr  5 13:18:46 cls sshd[1418348]: Failed password for root from 206.123.145.76 port 58176 ssh2
Apr  5 13:18:49 cls sshd[1418348]: Connection closed by authenticating user root 206.123.145.76 port 58176 [preauth]
Apr  5 13:18:55 cls sshd[1418353]: Invalid user sammy from 132.145.122.251 port 41270
Apr  5 13:18:55 cls sshd[1418353]: pam_unix(sshd:auth): check pass; user unknown
Apr  5 13:18:55 cls sshd[1418353]: pam_unix(sshd:auth): authentication failure; logname= uid=0 euid=0 tty=ssh ruser= rhost=132.145.122.251 
Apr  5 13:18:56 cls sshd[1418353]: Failed password for invalid user sammy from 132.145.122.251 port 41270 ssh2
