Apr  5 12:38:43 cls sshd[1416767]: Received disconnect from 192.3.130.87 port 52896:11: Bye Bye [preauth]
Apr  5 12:38:43 cls sshd[1416767]: Disconnected from invalid user test0 192.3.130.87 port 52896 [preauth]
Apr  5 12:38:44 cls sshd[1416756]: pam_unix(sshd:auth): check pass; user unknown
Apr  5 12:38:44 cls sshd[1416756]: pam_unix(sshd:auth): authentication failure; logname= uid=0 euid=0 tty=ssh ruser= rhost=130.12.181.108 
Apr  5 12:38:45 cls sshd[1416756]: Failed password for invalid user duanwei from 130.12.181.108 port 62580 ssh2
Apr  5 12:38:49 cls sshd[1416756]: Connection closed by invalid user duanwei 130.12.181.108 port 62580 [preauth]
Apr  5 12:39:01 cls CRON[1416771]: pam_unix(cron:session): session opened for user root by (uid=0)
Apr  5 12:39:01 cls CRON[1416771]: pam_unix(cron:session): session closed for user root
Apr  5 12:39:05 cls sshd[1416769]: Invalid user xusu from 130.12.181.97 port 48582
Apr  5 12:39:08 cls sshd[1416769]: pam_unix(sshd:auth): check pass; user unknown
Apr  5 12:39:08 cls sshd[1416769]: pam_unix(sshd:auth): authentication failure; logname= uid=0 euid=0 tty=ssh ruser= rhost=130.12.181.97 
Apr  5 12:39:09 cls sshd[1416769]: Failed password for invalid user xusu from 130.12.181.97 port 48582 ssh2
Apr  5 12:39:11 cls sshd[1416883]: pam_unix(sshd:auth): authentication failure; logname= uid=0 euid=0 tty=ssh ruser= rhost=129.226.157.18  user=root
Apr  5 12:39:12 cls sshd[1416769]: Connection closed by invalid user xusu 130.12.181.97 port 48582 [preauth]
Apr  5 12:39:13 cls sshd[1416883]: Failed password for root from 129.226.157.18 port 42236 ssh2
Apr  5 12:39:14 cls sshd[1416883]: Received disconnect from 129.226.157.18 port 42236:11: Bye Bye [preauth]
Apr  5 12:39:14 cls sshd[1416883]: Disconnected from authenticating user root 129.226.157.18 port 42236 [preauth]
Apr  5 12:39:26 cls sshd[1416899]: Invalid user ali from 199.195.254.215 port 44470
Apr  5 12:39:26 cls sshd[1416899]: pam_unix(sshd:auth): check pass; user unknown
Apr  5 12:39:26 cls sshd[1416899]: pam_unix(sshd:auth): authentication failure; logname= uid=0 euid=0 tty=ssh ruser= rhost=199.195.254.215 
Apr  5 12:39:28 cls sshd[1416899]: Failed password for invalid user ali from 199.195.254.215 port 44470 ssh2
Apr  5 12:39:29 cls sshd[1416899]: Received disconnect from 199.195.254.215 port 44470:11: Bye Bye [preauth]
Apr  5 12:39:29 cls sshd[1416899]: Disconnected from invalid user ali 199.195.254.215 port 44470 [preauth]
Apr  5 12:39:37 cls sshd[1416906]: Invalid user tao from 194.107.115.2 port 37442
Apr  5 12:39:37 cls sshd[1416906]: pam_unix(sshd:auth): check pass; user unknown
Apr  5 12:39:37 cls sshd[1416906]: pam_unix(sshd:auth): authentication failure; logname= uid=0 euid=0 tty=ssh ruser= rhost=194.107.115.2 
Apr  5 12:39:38 cls sshd[1416904]: Invalid user wangyifan from 206.123.145.54 port 35926
Apr  5 12:39:38 cls sshd[1416908]: pam_unix(sshd:auth): authentication failure; logname= uid=0 euid=0 tty=ssh ruser= rhost=93.39.209.147  user=root
Apr  5 12:39:39 cls sshd[1416904]: pam_unix(sshd:auth): check pass; user unknown
Apr  5 12:39:39 cls sshd[1416904]: pam_unix(sshd:auth): authentication failure; logname= uid=0 euid=0 tty=ssh ruser= rhost=206.123.145.54 
Apr  5 12:39:39 cls sshd[1416906]: Failed password for invalid user tao from 194.107.115.2 port 37442 ssh2
Apr  5 12:39:40 cls sshd[1416908]: Failed password for root from 93.39.209.147 port 47642 ssh2
Apr  5 12:39:40 cls sshd[1416906]: Received disconnect from 194.107.115.2 port 37442:11: Bye Bye [preauth]
Apr  5 12:39:40 cls sshd[1416906]: Disconnected from invalid user tao 194.107.115.2 port 37442 [preauth]
Apr  5 12:39:41 cls sshd[1416908]: Received disconnect from 93.39.209.147 port 47642:11: Bye Bye [preauth]
Apr  5 12:39:41 cls sshd[1416908]: Disconnected from authenticating user root 93.39.209.147 port 47642 [preauth]
Apr  5 12:39:41 cls sshd[1416904]: Failed password for invalid user wangyifan from 206.123.145.54 port 35926 ssh2
Apr  5 12:39:44 cls sshd[1416904]: Connection closed by invalid user wangyifan 206.123.145.54 port 35926 [preauth]
Apr  5 12:39:45 cls sshd[1416910]: Invalid user adam from 206.42.14.196 port 57792
Apr  5 12:39:45 cls sshd[1416910]: pam_unix(sshd:auth): check pass; user unknown
Apr  5 12:39:45 cls sshd[1416910]: pam_unix(sshd:auth): authentication failure; logname= uid=0 euid=0 tty=ssh ruser= rhost=206.42.14.196 
Apr  5 12:39:47 cls sshd[1416910]: Failed password for invalid user adam from 206.42.14.196 port 57792 ssh2
Apr  5 12:39:47 cls sshd[1416910]: Received disconnect from 206.42.14.196 port 57792:11: Bye Bye [preauth]
Apr  5 12:39:47 cls sshd[1416910]: Disconnected from invalid user adam 206.42.14.196 port 57792 [preauth]
Apr  5 12:40:01 cls sshd[1416912]: pam_unix(sshd:auth): authentication failure; logname= uid=0 euid=0 tty=ssh ruser= rhost=206.123.145.78  user=root
Apr  5 12:40:03 cls sshd[1416912]: Failed password for root from 206.123.145.78 port 30096 ssh2
Apr  5 12:40:08 cls sshd[1416912]: Connection closed by authenticating user root 206.123.145.78 port 30096 [preauth]
Apr  5 12:40:18 cls sshd[1416915]: pam_unix(sshd:auth): authentication failure; logname= uid=0 euid=0 tty=ssh ruser= rhost=146.190.79.63  user=root
Apr  5 12:40:20 cls sshd[1416915]: Failed password for root from 146.190.79.63 port 46142 ssh2
Apr  5 12:40:21 cls sshd[1416915]: Received disconnect from 146.190.79.63 port 46142:11: Bye Bye [preauth]
Apr  5 12:40:21 cls sshd[1416915]: Disconnected from authenticating user root 146.190.79.63 port 46142 [preauth]
Apr  5 12:40:23 cls sshd[1416914]: Invalid user zxz from 206.123.145.51 port 10966
Apr  5 12:40:25 cls sshd[1416914]: pam_unix(sshd:auth): check pass; user unknown
Apr  5 12:40:25 cls sshd[1416914]: pam_unix(sshd:auth): authentication failure; logname= uid=0 euid=0 tty=ssh ruser= rhost=206.123.145.51 
Apr  5 12:40:26 cls sshd[1416914]: Failed password for invalid user zxz from 206.123.145.51 port 10966 ssh2
Apr  5 12:40:30 cls sshd[1416918]: Invalid user postgres from 199.195.254.215 port 37664
Apr  5 12:40:30 cls sshd[1416918]: pam_unix(sshd:auth): check pass; user unknown
Apr  5 12:40:30 cls sshd[1416918]: pam_unix(sshd:auth): authentication failure; logname= uid=0 euid=0 tty=ssh ruser= rhost=199.195.254.215 
Apr  5 12:40:30 cls sshd[1416914]: Connection closed by invalid user zxz 206.123.145.51 port 10966 [preauth]
Apr  5 12:40:31 cls sshd[1416920]: Invalid user ftpuser from 118.193.34.157 port 53054
Apr  5 12:40:31 cls sshd[1416920]: pam_unix(sshd:auth): check pass; user unknown
Apr  5 12:40:31 cls sshd[1416920]: pam_unix(sshd:auth): authentication failure; logname= uid=0 euid=0 tty=ssh ruser= rhost=118.193.34.157 
Apr  5 12:40:32 cls sshd[1416918]: Failed password for invalid user postgres from 199.195.254.215 port 37664 ssh2
Apr  5 12:40:32 cls sshd[1416920]: Failed password for invalid user ftpuser from 118.193.34.157 port 53054 ssh2
Apr  5 12:40:33 cls sshd[1416920]: Received disconnect from 118.193.34.157 port 53054:11: Bye Bye [preauth]
Apr  5 12:40:33 cls sshd[1416920]: Disconnected from invalid user ftpuser 118.193.34.157 port 53054 [preauth]
Apr  5 12:40:35 cls sshd[1416918]: Received disconnect from 199.195.254.215 port 37664:11: Bye Bye [preauth]
Apr  5 12:40:35 cls sshd[1416918]: Disconnected from invalid user postgres 199.195.254.215 port 37664 [preauth]
Apr  5 12:40:53 cls sshd[1416922]: Invalid user sammy from 152.32.191.75 port 40272
Apr  5 12:40:53 cls sshd[1416922]: pam_unix(sshd:auth): check pass; user unknown
Apr  5 12:40:53 cls sshd[1416922]: pam_unix(sshd:auth): authentication failure; logname= uid=0 euid=0 tty=ssh ruser= rhost=152.32.191.75 
Apr  5 12:40:55 cls sshd[1416922]: Failed password for invalid user sammy from 152.32.191.75 port 40272 ssh2
Apr  5 12:40:57 cls sshd[1416922]: Received disconnect from 152.32.191.75 port 40272:11: Bye Bye [preauth]
Apr  5 12:40:57 cls sshd[1416922]: Disconnected from invalid user sammy 152.32.191.75 port 40272 [preauth]
Apr  5 12:41:00 cls sshd[1416927]: Invalid user test from 192.3.130.87 port 59182
Apr  5 12:41:00 cls sshd[1416927]: pam_unix(sshd:auth): check pass; user unknown
Apr  5 12:41:00 cls sshd[1416927]: pam_unix(sshd:auth): authentication failure; logname= uid=0 euid=0 tty=ssh ruser= rhost=192.3.130.87 
Apr  5 12:41:02 cls sshd[1416929]: pam_unix(sshd:auth): authentication failure; logname= uid=0 euid=0 tty=ssh ruser= rhost=201.71.192.108  user=ubuntu
Apr  5 12:41:02 cls sshd[1416927]: Failed password for invalid user test from 192.3.130.87 port 59182 ssh2
Apr  5 12:41:03 cls sshd[1416927]: Received disconnect from 192.3.130.87 port 59182:11: Bye Bye [preauth]
Apr  5 12:41:03 cls sshd[1416927]: Disconnected from invalid user test 192.3.130.87 port 59182 [preauth]
Apr  5 12:41:04 cls sshd[1416929]: Failed password for ubuntu from 201.71.192.108 port 35456 ssh2
Apr  5 12:41:04 cls sshd[1416929]: Received disconnect from 201.71.192.108 port 35456:11: Bye Bye [preauth]
Apr  5 12:41:04 cls sshd[1416929]: Disconnected from authenticating user ubuntu 201.71.192.108 port 35456 [preauth]
Apr  5 12:41:11 cls sshd[1416931]: Invalid user roo from 130.12.181.102 port 41058
Apr  5 12:41:13 cls sshd[1416938]: Invalid user lijianhua from 206.123.145.72 port 55400
Apr  5 12:41:13 cls sshd[1416931]: pam_unix(sshd:auth): check pass; user unknown
Apr  5 12:41:13 cls sshd[1416931]: pam_unix(sshd:auth): authentication failure; logname= uid=0 euid=0 tty=ssh ruser= rhost=130.12.181.102 
Apr  5 12:41:15 cls sshd[1416931]: Failed password for invalid user roo from 130.12.181.102 port 41058 ssh2
Apr  5 12:41:15 cls sshd[1416938]: pam_unix(sshd:auth): check pass; user unknown
Apr  5 12:41:15 cls sshd[1416938]: pam_unix(sshd:auth): authentication failure; logname= uid=0 euid=0 tty=ssh ruser= rhost=206.123.145.72 
Apr  5 12:41:17 cls sshd[1416938]: Failed password for invalid user lijianhua from 206.123.145.72 port 55400 ssh2
Apr  5 12:41:18 cls sshd[1416931]: Connection closed by invalid user roo 130.12.181.102 port 41058 [preauth]
Apr  5 12:41:21 cls sshd[1416938]: Connection closed by invalid user lijianhua 206.123.145.72 port 55400 [preauth]
Apr  5 12:41:32 cls sshd[1416949]: pam_unix(sshd:auth): authentication failure; logname= uid=0 euid=0 tty=ssh ruser= rhost=103.158.40.65  user=root
Apr  5 12:41:33 cls sshd[1416951]: pam_unix(sshd:auth): authentication failure; logname= uid=0 euid=0 tty=ssh ruser= rhost=199.195.254.215  user=ubuntu
Apr  5 12:41:33 cls sshd[1416949]: Failed password for root from 103.158.40.65 port 48770 ssh2
Apr  5 12:41:34 cls sshd[1416949]: Received disconnect from 103.158.40.65 port 48770:11: Bye Bye [preauth]
Apr  5 12:41:34 cls sshd[1416949]: Disconnected from authenticating user root 103.158.40.65 port 48770 [preauth]
Apr  5 12:41:35 cls sshd[1416951]: Failed password for ubuntu from 199.195.254.215 port 59090 ssh2
Apr  5 12:41:36 cls sshd[1416948]: Invalid user campus from 206.123.145.56 port 39792
Apr  5 12:41:37 cls sshd[1416948]: pam_unix(sshd:auth): check pass; user unknown
Apr  5 12:41:37 cls sshd[1416948]: pam_unix(sshd:auth): authentication failure; logname= uid=0 euid=0 tty=ssh ruser= rhost=206.123.145.56 
Apr  5 12:41:37 cls sshd[1416951]: Received disconnect from 199.195.254.215 port 59090:11: Bye Bye [preauth]
Apr  5 12:41:37 cls sshd[1416951]: Disconnected from authenticating user ubuntu 199.195.254.215 port 59090 [preauth]
Apr  5 12:41:38 cls sshd[1416954]: Invalid user teamspeak from 93.39.209.147 port 60684
Apr  5 12:41:38 cls sshd[1416954]: pam_unix(sshd:auth): check pass; user unknown
Apr  5 12:41:38 cls sshd[1416954]: pam_unix(sshd:auth): authentication failure; logname= uid=0 euid=0 tty=ssh ruser= rhost=93.39.209.147 
Apr  5 12:41:38 cls sshd[1416948]: Failed password for invalid user campus from 206.123.145.56 port 39792 ssh2
Apr  5 12:41:40 cls sshd[1416954]: Failed password for invalid user teamspeak from 93.39.209.147 port 60684 ssh2
Apr  5 12:41:40 cls sshd[1416954]: Received disconnect from 93.39.209.147 port 60684:11: Bye Bye [preauth]
Apr  5 12:41:40 cls sshd[1416954]: Disconnected from invalid user teamspeak 93.39.209.147 port 60684 [preauth]
Apr  5 12:41:42 cls sshd[1416948]: Connection closed by invalid user campus 206.123.145.56 port 39792 [preauth]
Apr  5 12:42:02 cls sshd[1416956]: Invalid user ftptest from 206.42.14.196 port 49758
Apr  5 12:42:02 cls sshd[1416956]: pam_unix(sshd:auth): check pass; user unknown
Apr  5 12:42:02 cls sshd[1416956]: pam_unix(sshd:auth): authentication failure; logname= uid=0 euid=0 tty=ssh ruser= rhost=206.42.14.196 
Apr  5 12:42:04 cls sshd[1416956]: Failed password for invalid user ftptest from 206.42.14.196 port 49758 ssh2
Apr  5 12:42:06 cls sshd[1416956]: Received disconnect from 206.42.14.196 port 49758:11: Bye Bye [preauth]
Apr  5 12:42:06 cls sshd[1416956]: Disconnected from invalid user ftptest 206.42.14.196 port 49758 [preauth]
Apr  5 12:42:10 cls sshd[1416963]: pam_unix(sshd:auth): authentication failure; logname= uid=0 euid=0 tty=ssh ruser= rhost=194.107.115.2  user=root
Apr  5 12:42:12 cls sshd[1416963]: Failed password for root from 194.107.115.2 port 25970 ssh2
Apr  5 12:42:12 cls sshd[1416963]: Received disconnect from 194.107.115.2 port 25970:11: Bye Bye [preauth]
Apr  5 12:42:12 cls sshd[1416963]: Disconnected from authenticating user root 194.107.115.2 port 25970 [preauth]
Apr  5 12:42:23 cls sshd[1416965]: Invalid user myappuser from 129.226.157.18 port 54218
Apr  5 12:42:23 cls sshd[1416965]: pam_unix(sshd:auth): check pass; user unknown
Apr  5 12:42:23 cls sshd[1416965]: pam_unix(sshd:auth): authentication failure; logname= uid=0 euid=0 tty=ssh ruser= rhost=129.226.157.18 
Apr  5 12:42:24 cls sshd[1416965]: Failed password for invalid user myappuser from 129.226.157.18 port 54218 ssh2
Apr  5 12:42:25 cls sshd[1416965]: Received disconnect from 129.226.157.18 port 54218:11: Bye Bye [preauth]
Apr  5 12:42:25 cls sshd[1416965]: Disconnected from invalid user myappuser 129.226.157.18 port 54218 [preauth]
Apr  5 12:42:30 cls sshd[1416986]: pam_unix(sshd:auth): authentication failure; logname= uid=0 euid=0 tty=ssh ruser= rhost=132.145.122.251  user=root
Apr  5 12:42:31 cls sshd[1416967]: Invalid user ramiro from 130.12.181.101 port 58404
Apr  5 12:42:33 cls sshd[1416986]: Failed password for root from 132.145.122.251 port 39490 ssh2
Apr  5 12:42:33 cls sshd[1416986]: Received disconnect from 132.145.122.251 port 39490:11: Bye Bye [preauth]
Apr  5 12:42:33 cls sshd[1416986]: Disconnected from authenticating user root 132.145.122.251 port 39490 [preauth]
Apr  5 12:42:34 cls sshd[1416967]: pam_unix(sshd:auth): check pass; user unknown
Apr  5 12:42:34 cls sshd[1416967]: pam_unix(sshd:auth): authentication failure; logname= uid=0 euid=0 tty=ssh ruser= rhost=130.12.181.101 
Apr  5 12:42:35 cls sshd[1416975]: Invalid user skdev from 206.123.145.76 port 53328
Apr  5 12:42:36 cls sshd[1416967]: Failed password for invalid user ramiro from 130.12.181.101 port 58404 ssh2
Apr  5 12:42:36 cls sshd[1416975]: pam_unix(sshd:auth): check pass; user unknown
Apr  5 12:42:36 cls sshd[1416975]: pam_unix(sshd:auth): authentication failure; logname= uid=0 euid=0 tty=ssh ruser= rhost=206.123.145.76 
Apr  5 12:42:37 cls sshd[1416993]: pam_unix(sshd:auth): authentication failure; logname= uid=0 euid=0 tty=ssh ruser= rhost=146.190.79.63  user=root
Apr  5 12:42:38 cls sshd[1416995]: Invalid user n8n from 199.195.254.215 port 52284
Apr  5 12:42:38 cls sshd[1416995]: pam_unix(sshd:auth): check pass; user unknown
Apr  5 12:42:38 cls sshd[1416995]: pam_unix(sshd:auth): authentication failure; logname= uid=0 euid=0 tty=ssh ruser= rhost=199.195.254.215 
Apr  5 12:42:39 cls sshd[1416967]: Connection closed by invalid user ramiro 130.12.181.101 port 58404 [preauth]
Apr  5 12:42:39 cls sshd[1416975]: Failed password for invalid user skdev from 206.123.145.76 port 53328 ssh2
Apr  5 12:42:39 cls sshd[1416993]: Failed password for root from 146.190.79.63 port 39430 ssh2
Apr  5 12:42:40 cls sshd[1416993]: Received disconnect from 146.190.79.63 port 39430:11: Bye Bye [preauth]
Apr  5 12:42:40 cls sshd[1416993]: Disconnected from authenticating user root 146.190.79.63 port 39430 [preauth]
Apr  5 12:42:40 cls sshd[1416995]: Failed password for invalid user n8n from 199.195.254.215 port 52284 ssh2
Apr  5 12:42:41 cls sshd[1416995]: Received disconnect from 199.195.254.215 port 52284:11: Bye Bye [preauth]
Apr  5 12:42:41 cls sshd[1416995]: Disconnected from invalid user n8n 199.195.254.215 port 52284 [preauth]
Apr  5 12:42:41 cls sshd[1416975]: Connection closed by invalid user skdev 206.123.145.76 port 53328 [preauth]
Apr  5 12:42:41 cls sshd[1416990]: Invalid user huoyin-sw.release.com from 130.12.181.98 port 44650
Apr  5 12:42:41 cls sshd[1416985]: pam_unix(sshd:auth): authentication failure; logname= uid=0 euid=0 tty=ssh ruser= rhost=130.12.181.106  user=www-data
Apr  5 12:42:41 cls sshd[1417000]: Invalid user test from 118.193.34.157 port 50230
Apr  5 12:42:41 cls sshd[1417000]: pam_unix(sshd:auth): check pass; user unknown
Apr  5 12:42:41 cls sshd[1417000]: pam_unix(sshd:auth): authentication failure; logname= uid=0 euid=0 tty=ssh ruser= rhost=118.193.34.157 
Apr  5 12:42:42 cls sshd[1416990]: pam_unix(sshd:auth): check pass; user unknown
Apr  5 12:42:42 cls sshd[1416990]: pam_unix(sshd:auth): authentication failure; logname= uid=0 euid=0 tty=ssh ruser= rhost=130.12.181.98 
Apr  5 12:42:43 cls sshd[1416985]: Failed password for www-data from 130.12.181.106 port 53416 ssh2
Apr  5 12:42:43 cls sshd[1416989]: pam_unix(sshd:auth): authentication failure; logname= uid=0 euid=0 tty=ssh ruser= rhost=206.123.145.73  user=root
Apr  5 12:42:44 cls sshd[1417000]: Failed password for invalid user test from 118.193.34.157 port 50230 ssh2
Apr  5 12:42:44 cls sshd[1416990]: Failed password for invalid user huoyin-sw.release.com from 130.12.181.98 port 44650 ssh2
Apr  5 12:42:45 cls sshd[1417000]: Received disconnect from 118.193.34.157 port 50230:11: Bye Bye [preauth]
Apr  5 12:42:45 cls sshd[1417000]: Disconnected from invalid user test 118.193.34.157 port 50230 [preauth]
Apr  5 12:42:45 cls sshd[1416989]: Failed password for root from 206.123.145.73 port 20282 ssh2
Apr  5 12:42:47 cls sshd[1416989]: Connection closed by authenticating user root 206.123.145.73 port 20282 [preauth]
Apr  5 12:42:47 cls sshd[1416985]: Connection closed by authenticating user www-data 130.12.181.106 port 53416 [preauth]
Apr  5 12:42:48 cls sshd[1416990]: Connection closed by invalid user huoyin-sw.release.com 130.12.181.98 port 44650 [preauth]
Apr  5 12:43:01 cls sshd[1417005]: Invalid user hilda.oktavianni from 206.123.145.74 port 17760
Apr  5 12:43:03 cls sshd[1417005]: pam_unix(sshd:auth): check pass; user unknown
Apr  5 12:43:03 cls sshd[1417005]: pam_unix(sshd:auth): authentication failure; logname= uid=0 euid=0 tty=ssh ruser= rhost=206.123.145.74 
Apr  5 12:43:06 cls sshd[1417005]: Failed password for invalid user hilda.oktavianni from 206.123.145.74 port 17760 ssh2
Apr  5 12:43:07 cls sshd[1417005]: Connection closed by invalid user hilda.oktavianni 206.123.145.74 port 17760 [preauth]
Apr  5 12:43:09 cls sshd[1417037]: Invalid user liby from 130.12.181.104 port 46618
Apr  5 12:43:12 cls sshd[1417037]: pam_unix(sshd:auth): check pass; user unknown
Apr  5 12:43:12 cls sshd[1417037]: pam_unix(sshd:auth): authentication failure; logname= uid=0 euid=0 tty=ssh ruser= rhost=130.12.181.104 
Apr  5 12:43:15 cls sshd[1417037]: Failed password for invalid user liby from 130.12.181.104 port 46618 ssh2
Apr  5 12:43:17 cls sshd[1417037]: Connection closed by invalid user liby 130.12.181.104 port 46618 [preauth]
Apr  5 12:43:18 cls sshd[1417047]: Invalid user ftptest2 from 152.32.191.75 port 37814
Apr  5 12:43:18 cls sshd[1417047]: pam_unix(sshd:auth): check pass; user unknown
Apr  5 12:43:18 cls sshd[1417047]: pam_unix(sshd:auth): authentication failure; logname= uid=0 euid=0 tty=ssh ruser= rhost=152.32.191.75 
Apr  5 12:43:19 cls sshd[1417049]: Invalid user frappe from 192.3.130.87 port 34180
Apr  5 12:43:19 cls sshd[1417049]: pam_unix(sshd:auth): check pass; user unknown
Apr  5 12:43:19 cls sshd[1417049]: pam_unix(sshd:auth): authentication failure; logname= uid=0 euid=0 tty=ssh ruser= rhost=192.3.130.87 
Apr  5 12:43:20 cls sshd[1417047]: Failed password for invalid user ftptest2 from 152.32.191.75 port 37814 ssh2
Apr  5 12:43:22 cls sshd[1417049]: Failed password for invalid user frappe from 192.3.130.87 port 34180 ssh2
Apr  5 12:43:22 cls sshd[1417047]: Received disconnect from 152.32.191.75 port 37814:11: Bye Bye [preauth]
Apr  5 12:43:22 cls sshd[1417047]: Disconnected from invalid user ftptest2 152.32.191.75 port 37814 [preauth]
Apr  5 12:43:22 cls sshd[1417049]: Received disconnect from 192.3.130.87 port 34180:11: Bye Bye [preauth]
Apr  5 12:43:22 cls sshd[1417049]: Disconnected from invalid user frappe 192.3.130.87 port 34180 [preauth]
Apr  5 12:43:26 cls sshd[1417046]: Invalid user bagyo from 130.12.181.109 port 25666
Apr  5 12:43:28 cls sshd[1417046]: pam_unix(sshd:auth): check pass; user unknown
Apr  5 12:43:28 cls sshd[1417046]: pam_unix(sshd:auth): authentication failure; logname= uid=0 euid=0 tty=ssh ruser= rhost=130.12.181.109 
Apr  5 12:43:30 cls sshd[1417046]: Failed password for invalid user bagyo from 130.12.181.109 port 25666 ssh2
Apr  5 12:43:33 cls sshd[1417046]: Connection closed by invalid user bagyo 130.12.181.109 port 25666 [preauth]
Apr  5 12:43:37 cls sshd[1417052]: pam_unix(sshd:auth): authentication failure; logname= uid=0 euid=0 tty=ssh ruser= rhost=206.123.145.55  user=root
Apr  5 12:43:39 cls sshd[1417052]: Failed password for root from 206.123.145.55 port 32644 ssh2
Apr  5 12:43:42 cls sshd[1417052]: Connection closed by authenticating user root 206.123.145.55 port 32644 [preauth]
Apr  5 12:43:44 cls sshd[1417054]: pam_unix(sshd:auth): authentication failure; logname= uid=0 euid=0 tty=ssh ruser= rhost=130.12.181.107  user=root
Apr  5 12:43:45 cls sshd[1417056]: Invalid user wangjia from 206.123.145.49 port 51328
Apr  5 12:43:46 cls sshd[1417056]: pam_unix(sshd:auth): check pass; user unknown
Apr  5 12:43:46 cls sshd[1417056]: pam_unix(sshd:auth): authentication failure; logname= uid=0 euid=0 tty=ssh ruser= rhost=206.123.145.49 
Apr  5 12:43:46 cls sshd[1417058]: Invalid user hp from 199.195.254.215 port 45478
Apr  5 12:43:46 cls sshd[1417058]: pam_unix(sshd:auth): check pass; user unknown
Apr  5 12:43:46 cls sshd[1417058]: pam_unix(sshd:auth): authentication failure; logname= uid=0 euid=0 tty=ssh ruser= rhost=199.195.254.215 
Apr  5 12:43:46 cls sshd[1417054]: Failed password for root from 130.12.181.107 port 40836 ssh2
Apr  5 12:43:48 cls sshd[1417056]: Failed password for invalid user wangjia from 206.123.145.49 port 51328 ssh2
Apr  5 12:43:48 cls sshd[1417058]: Failed password for invalid user hp from 199.195.254.215 port 45478 ssh2
Apr  5 12:43:49 cls sshd[1417054]: Connection closed by authenticating user root 130.12.181.107 port 40836 [preauth]
Apr  5 12:43:49 cls sshd[1417058]: Received disconnect from 199.195.254.215 port 45478:11: Bye Bye [preauth]
Apr  5 12:43:49 cls sshd[1417058]: Disconnected from invalid user hp 199.195.254.215 port 45478 [preauth]
Apr  5 12:43:50 cls sshd[1417056]: Connection closed by invalid user wangjia 206.123.145.49 port 51328 [preauth]
Apr  5 12:43:51 cls sshd[1417060]: Invalid user bot from 201.71.192.108 port 57224
Apr  5 12:43:51 cls sshd[1417060]: pam_unix(sshd:auth): check pass; user unknown
Apr  5 12:43:51 cls sshd[1417060]: pam_unix(sshd:auth): authentication failure; logname= uid=0 euid=0 tty=ssh ruser= rhost=201.71.192.108 
Apr  5 12:43:53 cls sshd[1417060]: Failed password for invalid user bot from 201.71.192.108 port 57224 ssh2
Apr  5 12:43:53 cls sshd[1417060]: Received disconnect from 201.71.192.108 port 57224:11: Bye Bye [preauth]
Apr  5 12:43:53 cls sshd[1417060]: Disconnected from invalid user bot 201.71.192.108 port 57224 [preauth]
Apr  5 12:44:11 cls sshd[1417073]: Invalid user diaojm from 130.12.181.105 port 16534
Apr  5 12:44:14 cls sshd[1417073]: pam_unix(sshd:auth): check pass; user unknown
Apr  5 12:44:14 cls sshd[1417073]: pam_unix(sshd:auth): authentication failure; logname= uid=0 euid=0 tty=ssh ruser= rhost=130.12.181.105 
Apr  5 12:44:16 cls sshd[1417073]: Failed password for invalid user diaojm from 130.12.181.105 port 16534 ssh2
Apr  5 12:44:17 cls sshd[1417075]: Invalid user sky from 206.42.14.196 port 43462
Apr  5 12:44:17 cls sshd[1417075]: pam_unix(sshd:auth): check pass; user unknown
Apr  5 12:44:17 cls sshd[1417075]: pam_unix(sshd:auth): authentication failure; logname= uid=0 euid=0 tty=ssh ruser= rhost=206.42.14.196 
Apr  5 12:44:18 cls sshd[1417073]: Connection closed by invalid user diaojm 130.12.181.105 port 16534 [preauth]
Apr  5 12:44:19 cls sshd[1417075]: Failed password for invalid user sky from 206.42.14.196 port 43462 ssh2
Apr  5 12:44:19 cls sshd[1417075]: Received disconnect from 206.42.14.196 port 43462:11: Bye Bye [preauth]
Apr  5 12:44:19 cls sshd[1417075]: Disconnected from invalid user sky 206.42.14.196 port 43462 [preauth]
Apr  5 12:44:33 cls sshd[1417077]: Invalid user zkc from 206.123.145.75 port 64442
Apr  5 12:44:34 cls sshd[1417086]: Invalid user ftpuser from 103.158.40.65 port 37340
Apr  5 12:44:34 cls sshd[1417086]: pam_unix(sshd:auth): check pass; user unknown
Apr  5 12:44:34 cls sshd[1417086]: pam_unix(sshd:auth): authentication failure; logname= uid=0 euid=0 tty=ssh ruser= rhost=103.158.40.65 
Apr  5 12:44:35 cls sshd[1417077]: pam_unix(sshd:auth): check pass; user unknown
Apr  5 12:44:35 cls sshd[1417077]: pam_unix(sshd:auth): authentication failure; logname= uid=0 euid=0 tty=ssh ruser= rhost=206.123.145.75 
Apr  5 12:44:37 cls sshd[1417086]: Failed password for invalid user ftpuser from 103.158.40.65 port 37340 ssh2
Apr  5 12:44:37 cls sshd[1417077]: Failed password for invalid user zkc from 206.123.145.75 port 64442 ssh2
Apr  5 12:44:38 cls sshd[1417086]: Received disconnect from 103.158.40.65 port 37340:11: Bye Bye [preauth]
Apr  5 12:44:38 cls sshd[1417086]: Disconnected from invalid user ftpuser 103.158.40.65 port 37340 [preauth]
Apr  5 12:44:40 cls sshd[1417079]: Invalid user storm from 206.123.145.79 port 6372
Apr  5 12:44:40 cls sshd[1417077]: Connection closed by invalid user zkc 206.123.145.75 port 64442 [preauth]
Apr  5 12:44:42 cls sshd[1417079]: pam_unix(sshd:auth): check pass; user unknown
Apr  5 12:44:42 cls sshd[1417079]: pam_unix(sshd:auth): authentication failure; logname= uid=0 euid=0 tty=ssh ruser= rhost=206.123.145.79 
Apr  5 12:44:44 cls sshd[1417079]: Failed password for invalid user storm from 206.123.145.79 port 6372 ssh2
Apr  5 12:44:47 cls sshd[1417088]: Invalid user sftpuser04 from 206.123.145.50 port 9140
Apr  5 12:44:48 cls sshd[1417079]: Connection closed by invalid user storm 206.123.145.79 port 6372 [preauth]
Apr  5 12:44:48 cls sshd[1417088]: pam_unix(sshd:auth): check pass; user unknown
Apr  5 12:44:48 cls sshd[1417088]: pam_unix(sshd:auth): authentication failure; logname= uid=0 euid=0 tty=ssh ruser= rhost=206.123.145.50 
Apr  5 12:44:51 cls sshd[1417088]: Failed password for invalid user sftpuser04 from 206.123.145.50 port 9140 ssh2
Apr  5 12:44:51 cls sshd[1417090]: Invalid user spark from 194.107.115.2 port 14522
Apr  5 12:44:51 cls sshd[1417090]: pam_unix(sshd:auth): check pass; user unknown
Apr  5 12:44:51 cls sshd[1417090]: pam_unix(sshd:auth): authentication failure; logname= uid=0 euid=0 tty=ssh ruser= rhost=194.107.115.2 
Apr  5 12:44:53 cls sshd[1417090]: Failed password for invalid user spark from 194.107.115.2 port 14522 ssh2
Apr  5 12:44:54 cls sshd[1417090]: Received disconnect from 194.107.115.2 port 14522:11: Bye Bye [preauth]
Apr  5 12:44:54 cls sshd[1417090]: Disconnected from invalid user spark 194.107.115.2 port 14522 [preauth]
Apr  5 12:44:55 cls sshd[1417088]: Connection closed by invalid user sftpuser04 206.123.145.50 port 9140 [preauth]
Apr  5 12:44:58 cls sshd[1417092]: Invalid user aitical from 206.123.145.48 port 49876
Apr  5 12:45:00 cls sshd[1417092]: pam_unix(sshd:auth): check pass; user unknown
Apr  5 12:45:00 cls sshd[1417092]: pam_unix(sshd:auth): authentication failure; logname= uid=0 euid=0 tty=ssh ruser= rhost=206.123.145.48 
Apr  5 12:45:01 cls sshd[1417101]: pam_unix(sshd:auth): authentication failure; logname= uid=0 euid=0 tty=ssh ruser= rhost=118.193.34.157  user=root
Apr  5 12:45:02 cls sshd[1417092]: Failed password for invalid user aitical from 206.123.145.48 port 49876 ssh2
Apr  5 12:45:02 cls sshd[1417101]: Failed password for root from 118.193.34.157 port 35876 ssh2
Apr  5 12:45:03 cls sshd[1417101]: Received disconnect from 118.193.34.157 port 35876:11: Bye Bye [preauth]
Apr  5 12:45:03 cls sshd[1417101]: Disconnected from authenticating user root 118.193.34.157 port 35876 [preauth]
Apr  5 12:45:06 cls sshd[1417092]: Connection closed by invalid user aitical 206.123.145.48 port 49876 [preauth]
Apr  5 12:45:07 cls sshd[1417099]: Invalid user qcubic from 130.12.181.100 port 60996
Apr  5 12:45:08 cls sshd[1417103]: Invalid user front-user from 146.190.79.63 port 42678
Apr  5 12:45:08 cls sshd[1417103]: pam_unix(sshd:auth): check pass; user unknown
Apr  5 12:45:08 cls sshd[1417103]: pam_unix(sshd:auth): authentication failure; logname= uid=0 euid=0 tty=ssh ruser= rhost=146.190.79.63 
Apr  5 12:45:09 cls sshd[1417099]: pam_unix(sshd:auth): check pass; user unknown
Apr  5 12:45:09 cls sshd[1417099]: pam_unix(sshd:auth): authentication failure; logname= uid=0 euid=0 tty=ssh ruser= rhost=130.12.181.100 
Apr  5 12:45:10 cls sshd[1417103]: Failed password for invalid user front-user from 146.190.79.63 port 42678 ssh2
Apr  5 12:45:11 cls sshd[1417099]: Failed password for invalid user qcubic from 130.12.181.100 port 60996 ssh2
Apr  5 12:45:11 cls sshd[1417103]: Received disconnect from 146.190.79.63 port 42678:11: Bye Bye [preauth]
Apr  5 12:45:11 cls sshd[1417103]: Disconnected from invalid user front-user 146.190.79.63 port 42678 [preauth]
Apr  5 12:45:15 cls sshd[1417099]: Connection closed by invalid user qcubic 130.12.181.100 port 60996 [preauth]
Apr  5 12:45:19 cls sshd[1417105]: Invalid user zhangsan from 206.123.145.71 port 30852
Apr  5 12:45:22 cls sshd[1417105]: pam_unix(sshd:auth): check pass; user unknown
Apr  5 12:45:22 cls sshd[1417105]: pam_unix(sshd:auth): authentication failure; logname= uid=0 euid=0 tty=ssh ruser= rhost=206.123.145.71 
Apr  5 12:45:24 cls sshd[1417105]: Failed password for invalid user zhangsan from 206.123.145.71 port 30852 ssh2
Apr  5 12:45:28 cls sshd[1417105]: Connection closed by invalid user zhangsan 206.123.145.71 port 30852 [preauth]
Apr  5 12:45:31 cls sshd[1417107]: pam_unix(sshd:auth): authentication failure; logname= uid=0 euid=0 tty=ssh ruser= rhost=206.123.145.69  user=root
Apr  5 12:45:33 cls sshd[1417109]: Connection closed by 129.226.157.18 port 40844 [preauth]
Apr  5 12:45:34 cls sshd[1417107]: Failed password for root from 206.123.145.69 port 52946 ssh2
Apr  5 12:45:36 cls sshd[1417107]: Connection closed by authenticating user root 206.123.145.69 port 52946 [preauth]
Apr  5 12:45:38 cls sshd[1417114]: Invalid user ftptest from 192.3.130.87 port 51960
Apr  5 12:45:38 cls sshd[1417114]: pam_unix(sshd:auth): check pass; user unknown
Apr  5 12:45:38 cls sshd[1417114]: pam_unix(sshd:auth): authentication failure; logname= uid=0 euid=0 tty=ssh ruser= rhost=192.3.130.87 
Apr  5 12:45:39 cls sshd[1417114]: Failed password for invalid user ftptest from 192.3.130.87 port 51960 ssh2
Apr  5 12:45:40 cls sshd[1417114]: Received disconnect from 192.3.130.87 port 51960:11: Bye Bye [preauth]
Apr  5 12:45:40 cls sshd[1417114]: Disconnected from invalid user ftptest 192.3.130.87 port 51960 [preauth]
Apr  5 12:45:41 cls sshd[1417110]: Invalid user db2inst1 from 206.123.145.52 port 26436
Apr  5 12:45:42 cls sshd[1417110]: pam_unix(sshd:auth): check pass; user unknown
Apr  5 12:45:42 cls sshd[1417110]: pam_unix(sshd:auth): authentication failure; logname= uid=0 euid=0 tty=ssh ruser= rhost=206.123.145.52 
Apr  5 12:45:45 cls sshd[1417110]: Failed password for invalid user db2inst1 from 206.123.145.52 port 26436 ssh2
Apr  5 12:45:46 cls sshd[1417117]: Invalid user deploy from 152.32.191.75 port 43728
Apr  5 12:45:46 cls sshd[1417117]: pam_unix(sshd:auth): check pass; user unknown
Apr  5 12:45:46 cls sshd[1417117]: pam_unix(sshd:auth): authentication failure; logname= uid=0 euid=0 tty=ssh ruser= rhost=152.32.191.75 
Apr  5 12:45:47 cls sshd[1417110]: Connection closed by invalid user db2inst1 206.123.145.52 port 26436 [preauth]
Apr  5 12:45:47 cls sshd[1417113]: Invalid user dell from 206.123.145.46 port 42840
Apr  5 12:45:48 cls sshd[1417117]: Failed password for invalid user deploy from 152.32.191.75 port 43728 ssh2
Apr  5 12:45:49 cls sshd[1417113]: pam_unix(sshd:auth): check pass; user unknown
Apr  5 12:45:49 cls sshd[1417113]: pam_unix(sshd:auth): authentication failure; logname= uid=0 euid=0 tty=ssh ruser= rhost=206.123.145.46 
Apr  5 12:45:50 cls sshd[1417117]: Received disconnect from 152.32.191.75 port 43728:11: Bye Bye [preauth]
Apr  5 12:45:50 cls sshd[1417117]: Disconnected from invalid user deploy 152.32.191.75 port 43728 [preauth]
Apr  5 12:45:51 cls sshd[1417113]: Failed password for invalid user dell from 206.123.145.46 port 42840 ssh2
Apr  5 12:45:57 cls sshd[1417113]: Connection closed by invalid user dell 206.123.145.46 port 42840 [preauth]
Apr  5 12:46:26 cls sshd[1417119]: pam_unix(sshd:auth): authentication failure; logname= uid=0 euid=0 tty=ssh ruser= rhost=206.123.145.77  user=root
Apr  5 12:46:27 cls sshd[1417119]: Failed password for root from 206.123.145.77 port 18932 ssh2
Apr  5 12:46:29 cls sshd[1417119]: Connection closed by authenticating user root 206.123.145.77 port 18932 [preauth]
Apr  5 12:46:33 cls sshd[1417186]: Invalid user dmp from 206.42.14.196 port 33672
Apr  5 12:46:33 cls sshd[1417186]: pam_unix(sshd:auth): check pass; user unknown
Apr  5 12:46:33 cls sshd[1417186]: pam_unix(sshd:auth): authentication failure; logname= uid=0 euid=0 tty=ssh ruser= rhost=206.42.14.196 
Apr  5 12:46:34 cls sshd[1417183]: Invalid user mit from 206.123.145.20 port 43258
Apr  5 12:46:35 cls sshd[1417186]: Failed password for invalid user dmp from 206.42.14.196 port 33672 ssh2
Apr  5 12:46:35 cls sshd[1417186]: Received disconnect from 206.42.14.196 port 33672:11: Bye Bye [preauth]
Apr  5 12:46:35 cls sshd[1417186]: Disconnected from invalid user dmp 206.42.14.196 port 33672 [preauth]
Apr  5 12:46:36 cls sshd[1417183]: pam_unix(sshd:auth): check pass; user unknown
Apr  5 12:46:36 cls sshd[1417183]: pam_unix(sshd:auth): authentication failure; logname= uid=0 euid=0 tty=ssh ruser= rhost=206.123.145.20 
Apr  5 12:46:38 cls sshd[1417189]: Invalid user n8n from 201.71.192.108 port 58848
Apr  5 12:46:38 cls sshd[1417189]: pam_unix(sshd:auth): check pass; user unknown
Apr  5 12:46:38 cls sshd[1417189]: pam_unix(sshd:auth): authentication failure; logname= uid=0 euid=0 tty=ssh ruser= rhost=201.71.192.108 
Apr  5 12:46:38 cls sshd[1417183]: Failed password for invalid user mit from 206.123.145.20 port 43258 ssh2
Apr  5 12:46:39 cls sshd[1417189]: Failed password for invalid user n8n from 201.71.192.108 port 58848 ssh2
Apr  5 12:46:40 cls sshd[1417189]: Received disconnect from 201.71.192.108 port 58848:11: Bye Bye [preauth]
Apr  5 12:46:40 cls sshd[1417189]: Disconnected from invalid user n8n 201.71.192.108 port 58848 [preauth]
Apr  5 12:46:42 cls sshd[1417183]: Connection closed by invalid user mit 206.123.145.20 port 43258 [preauth]
Apr  5 12:46:45 cls sshd[1417185]: pam_unix(sshd:auth): authentication failure; logname= uid=0 euid=0 tty=ssh ruser= rhost=130.12.181.103  user=root
Apr  5 12:46:46 cls sshd[1417185]: Failed password for root from 130.12.181.103 port 8762 ssh2
Apr  5 12:46:49 cls sshd[1417185]: Connection closed by authenticating user root 130.12.181.103 port 8762 [preauth]
Apr  5 12:46:50 cls sshd[1417191]: Invalid user user01 from 130.12.181.99 port 37056
Apr  5 12:46:53 cls sshd[1417191]: pam_unix(sshd:auth): check pass; user unknown
Apr  5 12:46:53 cls sshd[1417191]: pam_unix(sshd:auth): authentication failure; logname= uid=0 euid=0 tty=ssh ruser= rhost=130.12.181.99 
Apr  5 12:46:55 cls sshd[1417191]: Failed password for invalid user user01 from 130.12.181.99 port 37056 ssh2
Apr  5 12:46:59 cls sshd[1417191]: Connection closed by invalid user user01 130.12.181.99 port 37056 [preauth]
Apr  5 12:47:04 cls sshd[1417193]: Invalid user weiyih from 206.123.145.70 port 4390
Apr  5 12:47:06 cls sshd[1417193]: pam_unix(sshd:auth): check pass; user unknown
Apr  5 12:47:06 cls sshd[1417193]: pam_unix(sshd:auth): authentication failure; logname= uid=0 euid=0 tty=ssh ruser= rhost=206.123.145.70 
Apr  5 12:47:08 cls sshd[1417193]: Failed password for invalid user weiyih from 206.123.145.70 port 4390 ssh2
Apr  5 12:47:12 cls sshd[1417193]: Connection closed by invalid user weiyih 206.123.145.70 port 4390 [preauth]
Apr  5 12:47:14 cls sshd[1417200]: Invalid user test0 from 118.193.34.157 port 35394
Apr  5 12:47:14 cls sshd[1417200]: pam_unix(sshd:auth): check pass; user unknown
Apr  5 12:47:14 cls sshd[1417200]: pam_unix(sshd:auth): authentication failure; logname= uid=0 euid=0 tty=ssh ruser= rhost=118.193.34.157 
Apr  5 12:47:15 cls sshd[1417200]: Failed password for invalid user test0 from 118.193.34.157 port 35394 ssh2
Apr  5 12:47:16 cls sshd[1417196]: pam_unix(sshd:auth): authentication failure; logname= uid=0 euid=0 tty=ssh ruser= rhost=206.123.145.53  user=root
Apr  5 12:47:16 cls sshd[1417198]: Invalid user gpec from 206.123.145.57 port 15190
Apr  5 12:47:16 cls sshd[1417200]: Received disconnect from 118.193.34.157 port 35394:11: Bye Bye [preauth]
Apr  5 12:47:16 cls sshd[1417200]: Disconnected from invalid user test0 118.193.34.157 port 35394 [preauth]
Apr  5 12:47:17 cls sshd[1417196]: Failed password for root from 206.123.145.53 port 34770 ssh2
Apr  5 12:47:18 cls sshd[1417198]: pam_unix(sshd:auth): check pass; user unknown
Apr  5 12:47:18 cls sshd[1417198]: pam_unix(sshd:auth): authentication failure; logname= uid=0 euid=0 tty=ssh ruser= rhost=206.123.145.57 
Apr  5 12:47:20 cls sshd[1417196]: Connection closed by authenticating user root 206.123.145.53 port 34770 [preauth]
Apr  5 12:47:20 cls sshd[1417198]: Failed password for invalid user gpec from 206.123.145.57 port 15190 ssh2
Apr  5 12:47:24 cls sshd[1417198]: Connection closed by invalid user gpec 206.123.145.57 port 15190 [preauth]
Apr  5 12:47:24 cls sshd[1417202]: Invalid user haoyuan from 130.12.181.108 port 2734
Apr  5 12:47:26 cls sshd[1417202]: pam_unix(sshd:auth): check pass; user unknown
Apr  5 12:47:26 cls sshd[1417202]: pam_unix(sshd:auth): authentication failure; logname= uid=0 euid=0 tty=ssh ruser= rhost=130.12.181.108 
Apr  5 12:47:28 cls sshd[1417202]: Failed password for invalid user haoyuan from 130.12.181.108 port 2734 ssh2
Apr  5 12:47:31 cls sshd[1417204]: pam_unix(sshd:auth): authentication failure; logname= uid=0 euid=0 tty=ssh ruser= rhost=103.158.40.65  user=root
Apr  5 12:47:32 cls sshd[1417202]: Connection closed by invalid user haoyuan 130.12.181.108 port 2734 [preauth]
Apr  5 12:47:33 cls sshd[1417204]: Failed password for root from 103.158.40.65 port 54134 ssh2
Apr  5 12:47:33 cls sshd[1417204]: Received disconnect from 103.158.40.65 port 54134:11: Bye Bye [preauth]
Apr  5 12:47:33 cls sshd[1417204]: Disconnected from authenticating user root 103.158.40.65 port 54134 [preauth]
Apr  5 12:47:36 cls sshd[1417209]: Invalid user testmail from 146.190.79.63 port 40376
Apr  5 12:47:36 cls sshd[1417209]: pam_unix(sshd:auth): check pass; user unknown
Apr  5 12:47:36 cls sshd[1417209]: pam_unix(sshd:auth): authentication failure; logname= uid=0 euid=0 tty=ssh ruser= rhost=146.190.79.63 
Apr  5 12:47:38 cls sshd[1417209]: Failed password for invalid user testmail from 146.190.79.63 port 40376 ssh2
Apr  5 12:47:39 cls sshd[1417209]: Received disconnect from 146.190.79.63 port 40376:11: Bye Bye [preauth]
Apr  5 12:47:39 cls sshd[1417209]: Disconnected from invalid user testmail 146.190.79.63 port 40376 [preauth]
Apr  5 12:47:51 cls sshd[1417216]: Invalid user postgres from 192.3.130.87 port 52604
Apr  5 12:47:51 cls sshd[1417216]: pam_unix(sshd:auth): check pass; user unknown
Apr  5 12:47:51 cls sshd[1417216]: pam_unix(sshd:auth): authentication failure; logname= uid=0 euid=0 tty=ssh ruser= rhost=192.3.130.87 
Apr  5 12:47:52 cls sshd[1417216]: Failed password for invalid user postgres from 192.3.130.87 port 52604 ssh2
Apr  5 12:47:53 cls sshd[1417216]: Received disconnect from 192.3.130.87 port 52604:11: Bye Bye [preauth]
Apr  5 12:47:53 cls sshd[1417216]: Disconnected from invalid user postgres 192.3.130.87 port 52604 [preauth]
Apr  5 12:48:03 cls sshd[1417224]: pam_unix(sshd:auth): authentication failure; logname= uid=0 euid=0 tty=ssh ruser= rhost=152.32.191.75  user=root
Apr  5 12:48:04 cls sshd[1417221]: Invalid user epmd from 130.12.181.97 port 7016
Apr  5 12:48:05 cls sshd[1417224]: Failed password for root from 152.32.191.75 port 36754 ssh2
Apr  5 12:48:06 cls sshd[1417224]: Received disconnect from 152.32.191.75 port 36754:11: Bye Bye [preauth]
Apr  5 12:48:06 cls sshd[1417224]: Disconnected from authenticating user root 152.32.191.75 port 36754 [preauth]
Apr  5 12:48:06 cls sshd[1417221]: pam_unix(sshd:auth): check pass; user unknown
Apr  5 12:48:06 cls sshd[1417221]: pam_unix(sshd:auth): authentication failure; logname= uid=0 euid=0 tty=ssh ruser= rhost=130.12.181.97 
Apr  5 12:48:09 cls sshd[1417221]: Failed password for invalid user epmd from 130.12.181.97 port 7016 ssh2
Apr  5 12:48:11 cls sshd[1417221]: Connection closed by invalid user epmd 130.12.181.97 port 7016 [preauth]
Apr  5 12:48:30 cls sshd[1417234]: pam_unix(sshd:auth): authentication failure; logname= uid=0 euid=0 tty=ssh ruser= rhost=129.226.157.18  user=root
Apr  5 12:48:32 cls sshd[1417234]: Failed password for root from 129.226.157.18 port 58242 ssh2
Apr  5 12:48:32 cls sshd[1417234]: Received disconnect from 129.226.157.18 port 58242:11: Bye Bye [preauth]
Apr  5 12:48:32 cls sshd[1417234]: Disconnected from authenticating user root 129.226.157.18 port 58242 [preauth]
Apr  5 12:48:35 cls sshd[1417232]: Invalid user bad from 206.123.145.54 port 25820
Apr  5 12:48:37 cls sshd[1417232]: pam_unix(sshd:auth): check pass; user unknown
Apr  5 12:48:37 cls sshd[1417232]: pam_unix(sshd:auth): authentication failure; logname= uid=0 euid=0 tty=ssh ruser= rhost=206.123.145.54 
Apr  5 12:48:39 cls sshd[1417232]: Failed password for invalid user bad from 206.123.145.54 port 25820 ssh2
Apr  5 12:48:42 cls sshd[1417232]: Connection closed by invalid user bad 206.123.145.54 port 25820 [preauth]
Apr  5 12:48:45 cls sshd[1417236]: Invalid user test from 206.42.14.196 port 38648
Apr  5 12:48:45 cls sshd[1417236]: pam_unix(sshd:auth): check pass; user unknown
Apr  5 12:48:45 cls sshd[1417236]: pam_unix(sshd:auth): authentication failure; logname= uid=0 euid=0 tty=ssh ruser= rhost=206.42.14.196 
Apr  5 12:48:47 cls sshd[1417236]: Failed password for invalid user test from 206.42.14.196 port 38648 ssh2
Apr  5 12:48:49 cls sshd[1417236]: Received disconnect from 206.42.14.196 port 38648:11: Bye Bye [preauth]
Apr  5 12:48:49 cls sshd[1417236]: Disconnected from invalid user test 206.42.14.196 port 38648 [preauth]
Apr  5 12:49:15 cls sshd[1417271]: Invalid user jinxinn from 206.123.145.78 port 6906
Apr  5 12:49:17 cls sshd[1417271]: pam_unix(sshd:auth): check pass; user unknown
Apr  5 12:49:17 cls sshd[1417271]: pam_unix(sshd:auth): authentication failure; logname= uid=0 euid=0 tty=ssh ruser= rhost=206.123.145.78 
Apr  5 12:49:20 cls sshd[1417271]: Failed password for invalid user jinxinn from 206.123.145.78 port 6906 ssh2
Apr  5 12:49:23 cls sshd[1417271]: Connection closed by invalid user jinxinn 206.123.145.78 port 6906 [preauth]
Apr  5 12:49:26 cls sshd[1417275]: pam_unix(sshd:auth): authentication failure; logname= uid=0 euid=0 tty=ssh ruser= rhost=201.71.192.108  user=root
Apr  5 12:49:28 cls sshd[1417275]: Failed password for root from 201.71.192.108 port 46316 ssh2
Apr  5 12:49:29 cls sshd[1417275]: Received disconnect from 201.71.192.108 port 46316:11: Bye Bye [preauth]
Apr  5 12:49:29 cls sshd[1417275]: Disconnected from authenticating user root 201.71.192.108 port 46316 [preauth]
Apr  5 12:49:34 cls sshd[1417273]: pam_unix(sshd:auth): authentication failure; logname= uid=0 euid=0 tty=ssh ruser= rhost=206.123.145.51  user=root
Apr  5 12:49:35 cls sshd[1417278]: Invalid user vpn from 118.193.34.157 port 50358
Apr  5 12:49:35 cls sshd[1417278]: pam_unix(sshd:auth): check pass; user unknown
Apr  5 12:49:35 cls sshd[1417278]: pam_unix(sshd:auth): authentication failure; logname= uid=0 euid=0 tty=ssh ruser= rhost=118.193.34.157 
Apr  5 12:49:36 cls sshd[1417273]: Failed password for root from 206.123.145.51 port 26030 ssh2
Apr  5 12:49:37 cls sshd[1417278]: Failed password for invalid user vpn from 118.193.34.157 port 50358 ssh2
Apr  5 12:49:39 cls sshd[1417278]: Received disconnect from 118.193.34.157 port 50358:11: Bye Bye [preauth]
Apr  5 12:49:39 cls sshd[1417278]: Disconnected from invalid user vpn 118.193.34.157 port 50358 [preauth]
Apr  5 12:49:40 cls sshd[1417273]: Connection closed by authenticating user root 206.123.145.51 port 26030 [preauth]
Apr  5 12:49:41 cls sshd[1417277]: Invalid user syx from 130.12.181.98 port 2348
Apr  5 12:49:42 cls sshd[1417277]: pam_unix(sshd:auth): check pass; user unknown
Apr  5 12:49:42 cls sshd[1417277]: pam_unix(sshd:auth): authentication failure; logname= uid=0 euid=0 tty=ssh ruser= rhost=130.12.181.98 
Apr  5 12:49:44 cls sshd[1417277]: Failed password for invalid user syx from 130.12.181.98 port 2348 ssh2
Apr  5 12:49:46 cls sshd[1417277]: Connection closed by invalid user syx 130.12.181.98 port 2348 [preauth]
Apr  5 12:50:09 cls sshd[1417285]: pam_unix(sshd:auth): authentication failure; logname= uid=0 euid=0 tty=ssh ruser= rhost=192.3.130.87  user=root
Apr  5 12:50:11 cls sshd[1417285]: Failed password for root from 192.3.130.87 port 50698 ssh2
Apr  5 12:50:12 cls sshd[1417285]: Received disconnect from 192.3.130.87 port 50698:11: Bye Bye [preauth]
Apr  5 12:50:12 cls sshd[1417285]: Disconnected from authenticating user root 192.3.130.87 port 50698 [preauth]
Apr  5 12:50:17 cls sshd[1417284]: Invalid user cbsr from 130.12.181.102 port 21398
Apr  5 12:50:19 cls sshd[1417288]: Invalid user wangna from 206.123.145.56 port 3598
Apr  5 12:50:20 cls sshd[1417284]: pam_unix(sshd:auth): check pass; user unknown
Apr  5 12:50:20 cls sshd[1417284]: pam_unix(sshd:auth): authentication failure; logname= uid=0 euid=0 tty=ssh ruser= rhost=130.12.181.102 
Apr  5 12:50:20 cls sshd[1417288]: pam_unix(sshd:auth): check pass; user unknown
Apr  5 12:50:20 cls sshd[1417288]: pam_unix(sshd:auth): authentication failure; logname= uid=0 euid=0 tty=ssh ruser= rhost=206.123.145.56 
Apr  5 12:50:21 cls sshd[1417284]: Failed password for invalid user cbsr from 130.12.181.102 port 21398 ssh2
Apr  5 12:50:21 cls sshd[1417288]: Failed password for invalid user wangna from 206.123.145.56 port 3598 ssh2
Apr  5 12:50:23 cls sshd[1417288]: Connection closed by invalid user wangna 206.123.145.56 port 3598 [preauth]
Apr  5 12:50:24 cls sshd[1417290]: Invalid user wduser from 152.32.191.75 port 49634
Apr  5 12:50:24 cls sshd[1417290]: pam_unix(sshd:auth): check pass; user unknown
Apr  5 12:50:24 cls sshd[1417290]: pam_unix(sshd:auth): authentication failure; logname= uid=0 euid=0 tty=ssh ruser= rhost=152.32.191.75 
Apr  5 12:50:25 cls sshd[1417284]: Connection closed by invalid user cbsr 130.12.181.102 port 21398 [preauth]
Apr  5 12:50:26 cls sshd[1417290]: Failed password for invalid user wduser from 152.32.191.75 port 49634 ssh2
Apr  5 12:50:26 cls sshd[1417292]: pam_unix(sshd:auth): authentication failure; logname= uid=0 euid=0 tty=ssh ruser= rhost=103.158.40.65  user=root
Apr  5 12:50:26 cls sshd[1417290]: Received disconnect from 152.32.191.75 port 49634:11: Bye Bye [preauth]
Apr  5 12:50:26 cls sshd[1417290]: Disconnected from invalid user wduser 152.32.191.75 port 49634 [preauth]
Apr  5 12:50:28 cls sshd[1417292]: Failed password for root from 103.158.40.65 port 42696 ssh2
Apr  5 12:50:29 cls sshd[1417292]: Received disconnect from 103.158.40.65 port 42696:11: Bye Bye [preauth]
Apr  5 12:50:29 cls sshd[1417292]: Disconnected from authenticating user root 103.158.40.65 port 42696 [preauth]
Apr  5 12:50:42 cls sshd[1417296]: pam_unix(sshd:auth): authentication failure; logname= uid=0 euid=0 tty=ssh ruser= rhost=132.145.122.251  user=root
Apr  5 12:50:42 cls sshd[1417294]: Invalid user zhangdanchun from 206.123.145.72 port 21482
Apr  5 12:50:43 cls sshd[1417296]: Failed password for root from 132.145.122.251 port 37420 ssh2
Apr  5 12:50:44 cls sshd[1417294]: pam_unix(sshd:auth): check pass; user unknown
Apr  5 12:50:44 cls sshd[1417294]: pam_unix(sshd:auth): authentication failure; logname= uid=0 euid=0 tty=ssh ruser= rhost=206.123.145.72 
Apr  5 12:50:44 cls sshd[1417296]: Received disconnect from 132.145.122.251 port 37420:11: Bye Bye [preauth]
Apr  5 12:50:44 cls sshd[1417296]: Disconnected from authenticating user root 132.145.122.251 port 37420 [preauth]
Apr  5 12:50:46 cls sshd[1417294]: Failed password for invalid user zhangdanchun from 206.123.145.72 port 21482 ssh2
Apr  5 12:50:50 cls sshd[1417294]: Connection closed by invalid user zhangdanchun 206.123.145.72 port 21482 [preauth]
Apr  5 12:51:03 cls sshd[1417298]: pam_unix(sshd:auth): authentication failure; logname= uid=0 euid=0 tty=ssh ruser= rhost=206.42.14.196  user=root
Apr  5 12:51:05 cls sshd[1417298]: Failed password for root from 206.42.14.196 port 60920 ssh2
Apr  5 12:51:06 cls sshd[1417298]: Received disconnect from 206.42.14.196 port 60920:11: Bye Bye [preauth]
Apr  5 12:51:06 cls sshd[1417298]: Disconnected from authenticating user root 206.42.14.196 port 60920 [preauth]
Apr  5 12:51:23 cls sshd[1417300]: Invalid user zyy from 130.12.181.101 port 28178
Apr  5 12:51:26 cls sshd[1417300]: pam_unix(sshd:auth): check pass; user unknown
