Apr  5 00:48:11 cls sshd[1373197]: Invalid user horal from 206.123.145.49 port 43154
Apr  5 00:48:12 cls sshd[1373200]: Invalid user arslan from 206.123.145.53 port 5074
Apr  5 00:48:13 cls sshd[1373195]: Connection closed by invalid user chang 206.123.145.52 port 7880 [preauth]
Apr  5 00:48:14 cls sshd[1373197]: pam_unix(sshd:auth): check pass; user unknown
Apr  5 00:48:14 cls sshd[1373197]: pam_unix(sshd:auth): authentication failure; logname= uid=0 euid=0 tty=ssh ruser= rhost=206.123.145.49 
Apr  5 00:48:15 cls sshd[1373199]: Invalid user amit from 206.123.145.75 port 45560
Apr  5 00:48:15 cls sshd[1373200]: pam_unix(sshd:auth): check pass; user unknown
Apr  5 00:48:15 cls sshd[1373200]: pam_unix(sshd:auth): authentication failure; logname= uid=0 euid=0 tty=ssh ruser= rhost=206.123.145.53 
Apr  5 00:48:16 cls sshd[1373197]: Failed password for invalid user horal from 206.123.145.49 port 43154 ssh2
Apr  5 00:48:18 cls sshd[1373200]: Failed password for invalid user arslan from 206.123.145.53 port 5074 ssh2
Apr  5 00:48:18 cls sshd[1373197]: Connection closed by invalid user horal 206.123.145.49 port 43154 [preauth]
Apr  5 00:48:18 cls sshd[1373199]: pam_unix(sshd:auth): check pass; user unknown
Apr  5 00:48:18 cls sshd[1373199]: pam_unix(sshd:auth): authentication failure; logname= uid=0 euid=0 tty=ssh ruser= rhost=206.123.145.75 
Apr  5 00:48:19 cls sshd[1373203]: pam_unix(sshd:auth): authentication failure; logname= uid=0 euid=0 tty=ssh ruser= rhost=206.123.145.50  user=root
Apr  5 00:48:20 cls sshd[1373199]: Failed password for invalid user amit from 206.123.145.75 port 45560 ssh2
Apr  5 00:48:21 cls sshd[1373199]: Connection closed by invalid user amit 206.123.145.75 port 45560 [preauth]
Apr  5 00:48:21 cls sshd[1373203]: Failed password for root from 206.123.145.50 port 24684 ssh2
Apr  5 00:48:23 cls sshd[1373200]: Connection closed by invalid user arslan 206.123.145.53 port 5074 [preauth]
Apr  5 00:48:25 cls sshd[1373203]: Connection closed by authenticating user root 206.123.145.50 port 24684 [preauth]
Apr  5 00:48:34 cls sshd[1373205]: Invalid user lcb from 206.123.145.79 port 3660
Apr  5 00:48:37 cls sshd[1373205]: pam_unix(sshd:auth): check pass; user unknown
Apr  5 00:48:37 cls sshd[1373205]: pam_unix(sshd:auth): authentication failure; logname= uid=0 euid=0 tty=ssh ruser= rhost=206.123.145.79 
Apr  5 00:48:39 cls sshd[1373205]: Failed password for invalid user lcb from 206.123.145.79 port 3660 ssh2
Apr  5 00:48:41 cls sshd[1373209]: Invalid user ycx from 206.123.145.46 port 43876
Apr  5 00:48:41 cls sshd[1373205]: Connection closed by invalid user lcb 206.123.145.79 port 3660 [preauth]
Apr  5 00:48:42 cls sshd[1373209]: pam_unix(sshd:auth): check pass; user unknown
Apr  5 00:48:42 cls sshd[1373209]: pam_unix(sshd:auth): authentication failure; logname= uid=0 euid=0 tty=ssh ruser= rhost=206.123.145.46 
Apr  5 00:48:44 cls sshd[1373209]: Failed password for invalid user ycx from 206.123.145.46 port 43876 ssh2
Apr  5 00:48:46 cls sshd[1373209]: Connection closed by invalid user ycx 206.123.145.46 port 43876 [preauth]
Apr  5 00:49:26 cls sshd[1373250]: Invalid user home from 206.123.145.48 port 29628
Apr  5 00:49:26 cls sshd[1373249]: pam_unix(sshd:auth): authentication failure; logname= uid=0 euid=0 tty=ssh ruser= rhost=130.12.181.105  user=root
Apr  5 00:49:28 cls sshd[1373250]: pam_unix(sshd:auth): check pass; user unknown
Apr  5 00:49:28 cls sshd[1373250]: pam_unix(sshd:auth): authentication failure; logname= uid=0 euid=0 tty=ssh ruser= rhost=206.123.145.48 
Apr  5 00:49:28 cls sshd[1373249]: Failed password for root from 130.12.181.105 port 39890 ssh2
Apr  5 00:49:29 cls sshd[1373250]: Failed password for invalid user home from 206.123.145.48 port 29628 ssh2
Apr  5 00:49:31 cls sshd[1373249]: Connection closed by authenticating user root 130.12.181.105 port 39890 [preauth]
Apr  5 00:49:35 cls sshd[1373250]: Connection closed by invalid user home 206.123.145.48 port 29628 [preauth]
Apr  5 00:50:24 cls sshd[1373296]: Invalid user chuqianyun from 130.12.181.106 port 30172
Apr  5 00:50:26 cls sshd[1373296]: pam_unix(sshd:auth): check pass; user unknown
Apr  5 00:50:26 cls sshd[1373296]: pam_unix(sshd:auth): authentication failure; logname= uid=0 euid=0 tty=ssh ruser= rhost=130.12.181.106 
Apr  5 00:50:28 cls sshd[1373296]: Failed password for invalid user chuqianyun from 130.12.181.106 port 30172 ssh2
Apr  5 00:50:28 cls sshd[1373298]: Invalid user amax from 206.123.145.74 port 32052
Apr  5 00:50:31 cls sshd[1373296]: Connection closed by invalid user chuqianyun 130.12.181.106 port 30172 [preauth]
Apr  5 00:50:31 cls sshd[1373298]: pam_unix(sshd:auth): check pass; user unknown
Apr  5 00:50:31 cls sshd[1373298]: pam_unix(sshd:auth): authentication failure; logname= uid=0 euid=0 tty=ssh ruser= rhost=206.123.145.74 
Apr  5 00:50:33 cls sshd[1373298]: Failed password for invalid user amax from 206.123.145.74 port 32052 ssh2
Apr  5 00:50:36 cls sshd[1373298]: Connection closed by invalid user amax 206.123.145.74 port 32052 [preauth]
Apr  5 00:50:43 cls sshd[1373312]: Invalid user zoupeng from 130.12.181.109 port 47240
Apr  5 00:50:45 cls sshd[1373312]: pam_unix(sshd:auth): check pass; user unknown
Apr  5 00:50:45 cls sshd[1373312]: pam_unix(sshd:auth): authentication failure; logname= uid=0 euid=0 tty=ssh ruser= rhost=130.12.181.109 
Apr  5 00:50:47 cls sshd[1373312]: Failed password for invalid user zoupeng from 130.12.181.109 port 47240 ssh2
Apr  5 00:50:48 cls sshd[1373312]: Connection closed by invalid user zoupeng 130.12.181.109 port 47240 [preauth]
Apr  5 00:51:43 cls sshd[1373355]: Invalid user rot from 130.12.181.100 port 9152
Apr  5 00:51:44 cls sshd[1373356]: pam_unix(sshd:auth): authentication failure; logname= uid=0 euid=0 tty=ssh ruser= rhost=206.123.145.70  user=root
Apr  5 00:51:45 cls sshd[1373355]: pam_unix(sshd:auth): check pass; user unknown
Apr  5 00:51:45 cls sshd[1373355]: pam_unix(sshd:auth): authentication failure; logname= uid=0 euid=0 tty=ssh ruser= rhost=130.12.181.100 
Apr  5 00:51:46 cls sshd[1373356]: Failed password for root from 206.123.145.70 port 26928 ssh2
Apr  5 00:51:48 cls sshd[1373355]: Failed password for invalid user rot from 130.12.181.100 port 9152 ssh2
Apr  5 00:51:50 cls sshd[1373356]: Connection closed by authenticating user root 206.123.145.70 port 26928 [preauth]
Apr  5 00:51:52 cls sshd[1373355]: Connection closed by invalid user rot 130.12.181.100 port 9152 [preauth]
Apr  5 00:51:53 cls sshd[1373385]: Invalid user deploy from 130.12.181.101 port 57186
Apr  5 00:51:53 cls sshd[1373386]: Invalid user imdb from 130.12.181.98 port 48284
Apr  5 00:51:55 cls sshd[1373386]: pam_unix(sshd:auth): check pass; user unknown
Apr  5 00:51:55 cls sshd[1373386]: pam_unix(sshd:auth): authentication failure; logname= uid=0 euid=0 tty=ssh ruser= rhost=130.12.181.98 
Apr  5 00:51:55 cls sshd[1373385]: pam_unix(sshd:auth): check pass; user unknown
Apr  5 00:51:55 cls sshd[1373385]: pam_unix(sshd:auth): authentication failure; logname= uid=0 euid=0 tty=ssh ruser= rhost=130.12.181.101 
Apr  5 00:51:57 cls sshd[1373386]: Failed password for invalid user imdb from 130.12.181.98 port 48284 ssh2
Apr  5 00:51:57 cls sshd[1373385]: Failed password for invalid user deploy from 130.12.181.101 port 57186 ssh2
Apr  5 00:51:59 cls sshd[1373386]: Connection closed by invalid user imdb 130.12.181.98 port 48284 [preauth]
Apr  5 00:52:00 cls sshd[1373385]: Connection closed by invalid user deploy 130.12.181.101 port 57186 [preauth]
Apr  5 00:52:25 cls sshd[1373389]: Invalid user taobao from 130.12.181.99 port 19852
Apr  5 00:52:27 cls sshd[1373389]: pam_unix(sshd:auth): check pass; user unknown
Apr  5 00:52:27 cls sshd[1373389]: pam_unix(sshd:auth): authentication failure; logname= uid=0 euid=0 tty=ssh ruser= rhost=130.12.181.99 
Apr  5 00:52:29 cls sshd[1373389]: Failed password for invalid user taobao from 130.12.181.99 port 19852 ssh2
Apr  5 00:52:32 cls sshd[1373391]: Invalid user aosp from 206.123.145.51 port 25590
Apr  5 00:52:33 cls sshd[1373389]: Connection closed by invalid user taobao 130.12.181.99 port 19852 [preauth]
Apr  5 00:52:35 cls sshd[1373391]: pam_unix(sshd:auth): check pass; user unknown
Apr  5 00:52:35 cls sshd[1373391]: pam_unix(sshd:auth): authentication failure; logname= uid=0 euid=0 tty=ssh ruser= rhost=206.123.145.51 
Apr  5 00:52:37 cls sshd[1373391]: Failed password for invalid user aosp from 206.123.145.51 port 25590 ssh2
Apr  5 00:52:38 cls sshd[1373393]: Invalid user yongan from 130.12.181.97 port 53296
Apr  5 00:52:38 cls sshd[1373397]: Invalid user daaf from 130.12.181.103 port 5998
Apr  5 00:52:39 cls sshd[1373391]: Connection closed by invalid user aosp 206.123.145.51 port 25590 [preauth]
Apr  5 00:52:40 cls sshd[1373397]: pam_unix(sshd:auth): check pass; user unknown
Apr  5 00:52:40 cls sshd[1373397]: pam_unix(sshd:auth): authentication failure; logname= uid=0 euid=0 tty=ssh ruser= rhost=130.12.181.103 
Apr  5 00:52:41 cls sshd[1373393]: pam_unix(sshd:auth): check pass; user unknown
Apr  5 00:52:41 cls sshd[1373393]: pam_unix(sshd:auth): authentication failure; logname= uid=0 euid=0 tty=ssh ruser= rhost=130.12.181.97 
Apr  5 00:52:42 cls sshd[1373397]: Failed password for invalid user daaf from 130.12.181.103 port 5998 ssh2
Apr  5 00:52:42 cls sshd[1373393]: Failed password for invalid user yongan from 130.12.181.97 port 53296 ssh2
Apr  5 00:52:45 cls sshd[1373393]: Connection closed by invalid user yongan 130.12.181.97 port 53296 [preauth]
Apr  5 00:52:45 cls sshd[1373397]: Connection closed by invalid user daaf 130.12.181.103 port 5998 [preauth]
Apr  5 00:52:59 cls sshd[1373440]: pam_unix(sshd:auth): authentication failure; logname= uid=0 euid=0 tty=ssh ruser= rhost=206.123.145.77  user=root
Apr  5 00:53:00 cls sshd[1373440]: Failed password for root from 206.123.145.77 port 28242 ssh2
Apr  5 00:53:05 cls sshd[1373440]: Connection closed by authenticating user root 206.123.145.77 port 28242 [preauth]
Apr  5 00:53:18 cls sshd[1373442]: Invalid user test_0 from 206.123.145.57 port 53214
Apr  5 00:53:22 cls sshd[1373442]: pam_unix(sshd:auth): check pass; user unknown
Apr  5 00:53:22 cls sshd[1373442]: pam_unix(sshd:auth): authentication failure; logname= uid=0 euid=0 tty=ssh ruser= rhost=206.123.145.57 
Apr  5 00:53:23 cls sshd[1373442]: Failed password for invalid user test_0 from 206.123.145.57 port 53214 ssh2
Apr  5 00:53:25 cls sshd[1373445]: Invalid user www from 206.123.145.54 port 18066
Apr  5 00:53:26 cls sshd[1373442]: Connection closed by invalid user test_0 206.123.145.57 port 53214 [preauth]
Apr  5 00:53:27 cls sshd[1373445]: pam_unix(sshd:auth): check pass; user unknown
Apr  5 00:53:27 cls sshd[1373445]: pam_unix(sshd:auth): authentication failure; logname= uid=0 euid=0 tty=ssh ruser= rhost=206.123.145.54 
Apr  5 00:53:28 cls sshd[1373444]: Invalid user vincent from 206.123.145.73 port 12682
Apr  5 00:53:29 cls sshd[1373445]: Failed password for invalid user www from 206.123.145.54 port 18066 ssh2
Apr  5 00:53:32 cls sshd[1373444]: pam_unix(sshd:auth): check pass; user unknown
Apr  5 00:53:32 cls sshd[1373444]: pam_unix(sshd:auth): authentication failure; logname= uid=0 euid=0 tty=ssh ruser= rhost=206.123.145.73 
Apr  5 00:53:33 cls sshd[1373448]: Invalid user airloft from 206.123.145.71 port 2138
Apr  5 00:53:34 cls sshd[1373448]: pam_unix(sshd:auth): check pass; user unknown
Apr  5 00:53:34 cls sshd[1373448]: pam_unix(sshd:auth): authentication failure; logname= uid=0 euid=0 tty=ssh ruser= rhost=206.123.145.71 
Apr  5 00:53:34 cls sshd[1373445]: Connection closed by invalid user www 206.123.145.54 port 18066 [preauth]
Apr  5 00:53:34 cls sshd[1373444]: Failed password for invalid user vincent from 206.123.145.73 port 12682 ssh2
Apr  5 00:53:35 cls sshd[1373448]: Failed password for invalid user airloft from 206.123.145.71 port 2138 ssh2
Apr  5 00:53:38 cls sshd[1373444]: Connection closed by invalid user vincent 206.123.145.73 port 12682 [preauth]
Apr  5 00:53:40 cls sshd[1373448]: Connection closed by invalid user airloft 206.123.145.71 port 2138 [preauth]
Apr  5 00:54:27 cls sshd[1373482]: Invalid user dasuser from 130.12.181.108 port 39382
Apr  5 00:54:29 cls sshd[1373482]: pam_unix(sshd:auth): check pass; user unknown
Apr  5 00:54:29 cls sshd[1373482]: pam_unix(sshd:auth): authentication failure; logname= uid=0 euid=0 tty=ssh ruser= rhost=130.12.181.108 
Apr  5 00:54:31 cls sshd[1373482]: Failed password for invalid user dasuser from 130.12.181.108 port 39382 ssh2
Apr  5 00:54:31 cls sshd[1373484]: Invalid user jumpadmin from 130.12.181.102 port 2122
Apr  5 00:54:33 cls sshd[1373484]: pam_unix(sshd:auth): check pass; user unknown
Apr  5 00:54:33 cls sshd[1373484]: pam_unix(sshd:auth): authentication failure; logname= uid=0 euid=0 tty=ssh ruser= rhost=130.12.181.102 
Apr  5 00:54:35 cls sshd[1373482]: Connection closed by invalid user dasuser 130.12.181.108 port 39382 [preauth]
Apr  5 00:54:36 cls sshd[1373484]: Failed password for invalid user jumpadmin from 130.12.181.102 port 2122 ssh2
Apr  5 00:54:39 cls sshd[1373484]: Connection closed by invalid user jumpadmin 130.12.181.102 port 2122 [preauth]
Apr  5 00:55:05 cls sshd[1373521]: Invalid user lupeng from 130.12.181.107 port 47324
Apr  5 00:55:07 cls sshd[1373521]: pam_unix(sshd:auth): check pass; user unknown
Apr  5 00:55:07 cls sshd[1373521]: pam_unix(sshd:auth): authentication failure; logname= uid=0 euid=0 tty=ssh ruser= rhost=130.12.181.107 
Apr  5 00:55:10 cls sshd[1373521]: Failed password for invalid user lupeng from 130.12.181.107 port 47324 ssh2
Apr  5 00:55:12 cls sshd[1373521]: Connection closed by invalid user lupeng 130.12.181.107 port 47324 [preauth]
Apr  5 00:55:17 cls sshd[1373523]: Invalid user dcsp from 206.123.145.56 port 29172
Apr  5 00:55:21 cls sshd[1373523]: pam_unix(sshd:auth): check pass; user unknown
Apr  5 00:55:21 cls sshd[1373523]: pam_unix(sshd:auth): authentication failure; logname= uid=0 euid=0 tty=ssh ruser= rhost=206.123.145.56 
Apr  5 00:55:23 cls sshd[1373523]: Failed password for invalid user dcsp from 206.123.145.56 port 29172 ssh2
Apr  5 00:55:26 cls sshd[1373525]: pam_unix(sshd:auth): authentication failure; logname= uid=0 euid=0 tty=ssh ruser= rhost=206.123.145.20  user=root
Apr  5 00:55:26 cls sshd[1373523]: Connection closed by invalid user dcsp 206.123.145.56 port 29172 [preauth]
Apr  5 00:55:28 cls sshd[1373525]: Failed password for root from 206.123.145.20 port 4570 ssh2
Apr  5 00:55:32 cls sshd[1373525]: Connection closed by authenticating user root 206.123.145.20 port 4570 [preauth]
Apr  5 00:55:58 cls sshd[1373562]: Invalid user ioc from 130.12.181.104 port 2332
Apr  5 00:56:00 cls sshd[1373562]: pam_unix(sshd:auth): check pass; user unknown
Apr  5 00:56:00 cls sshd[1373562]: pam_unix(sshd:auth): authentication failure; logname= uid=0 euid=0 tty=ssh ruser= rhost=130.12.181.104 
Apr  5 00:56:01 cls sshd[1373562]: Failed password for invalid user ioc from 130.12.181.104 port 2332 ssh2
Apr  5 00:56:03 cls sshd[1373562]: Connection closed by invalid user ioc 130.12.181.104 port 2332 [preauth]
Apr  5 00:56:40 cls sshd[1373568]: Invalid user kibana from 206.123.145.72 port 58110
Apr  5 00:56:41 cls sshd[1373568]: pam_unix(sshd:auth): check pass; user unknown
Apr  5 00:56:41 cls sshd[1373568]: pam_unix(sshd:auth): authentication failure; logname= uid=0 euid=0 tty=ssh ruser= rhost=206.123.145.72 
Apr  5 00:56:43 cls sshd[1373568]: Failed password for invalid user kibana from 206.123.145.72 port 58110 ssh2
Apr  5 00:56:47 cls sshd[1373568]: Connection closed by invalid user kibana 206.123.145.72 port 58110 [preauth]
Apr  5 00:56:57 cls sshd[1373595]: Invalid user cig from 206.123.145.76 port 39568
Apr  5 00:57:00 cls sshd[1373595]: pam_unix(sshd:auth): check pass; user unknown
Apr  5 00:57:00 cls sshd[1373595]: pam_unix(sshd:auth): authentication failure; logname= uid=0 euid=0 tty=ssh ruser= rhost=206.123.145.76 
Apr  5 00:57:03 cls sshd[1373595]: Failed password for invalid user cig from 206.123.145.76 port 39568 ssh2
Apr  5 00:57:06 cls sshd[1373595]: Connection closed by invalid user cig 206.123.145.76 port 39568 [preauth]
Apr  5 00:57:17 cls sshd[1373597]: Invalid user test8 from 206.123.145.69 port 28574
Apr  5 00:57:21 cls sshd[1373597]: pam_unix(sshd:auth): check pass; user unknown
Apr  5 00:57:21 cls sshd[1373597]: pam_unix(sshd:auth): authentication failure; logname= uid=0 euid=0 tty=ssh ruser= rhost=206.123.145.69 
Apr  5 00:57:23 cls sshd[1373597]: Failed password for invalid user test8 from 206.123.145.69 port 28574 ssh2
Apr  5 00:57:25 cls sshd[1373597]: Connection closed by invalid user test8 206.123.145.69 port 28574 [preauth]
Apr  5 00:57:27 cls sshd[1373599]: Invalid user armaserver from 206.123.145.78 port 24834
Apr  5 00:57:28 cls sshd[1373599]: pam_unix(sshd:auth): check pass; user unknown
Apr  5 00:57:28 cls sshd[1373599]: pam_unix(sshd:auth): authentication failure; logname= uid=0 euid=0 tty=ssh ruser= rhost=206.123.145.78 
Apr  5 00:57:30 cls sshd[1373601]: Invalid user airloft from 206.123.145.55 port 35992
Apr  5 00:57:30 cls sshd[1373599]: Failed password for invalid user armaserver from 206.123.145.78 port 24834 ssh2
Apr  5 00:57:32 cls sshd[1373601]: pam_unix(sshd:auth): check pass; user unknown
Apr  5 00:57:32 cls sshd[1373601]: pam_unix(sshd:auth): authentication failure; logname= uid=0 euid=0 tty=ssh ruser= rhost=206.123.145.55 
Apr  5 00:57:32 cls sshd[1373599]: Connection closed by invalid user armaserver 206.123.145.78 port 24834 [preauth]
Apr  5 00:57:33 cls sshd[1373604]: Invalid user steamsrv from 206.123.145.75 port 28088
Apr  5 00:57:34 cls sshd[1373601]: Failed password for invalid user airloft from 206.123.145.55 port 35992 ssh2
Apr  5 00:57:34 cls sshd[1373604]: pam_unix(sshd:auth): check pass; user unknown
Apr  5 00:57:34 cls sshd[1373604]: pam_unix(sshd:auth): authentication failure; logname= uid=0 euid=0 tty=ssh ruser= rhost=206.123.145.75 
Apr  5 00:57:36 cls sshd[1373603]: Invalid user liyq from 206.123.145.50 port 13450
Apr  5 00:57:36 cls sshd[1373604]: Failed password for invalid user steamsrv from 206.123.145.75 port 28088 ssh2
Apr  5 00:57:36 cls sshd[1373601]: Connection closed by invalid user airloft 206.123.145.55 port 35992 [preauth]
Apr  5 00:57:37 cls sshd[1373603]: pam_unix(sshd:auth): check pass; user unknown
Apr  5 00:57:37 cls sshd[1373603]: pam_unix(sshd:auth): authentication failure; logname= uid=0 euid=0 tty=ssh ruser= rhost=206.123.145.50 
Apr  5 00:57:39 cls sshd[1373603]: Failed password for invalid user liyq from 206.123.145.50 port 13450 ssh2
Apr  5 00:57:39 cls sshd[1373604]: Connection closed by invalid user steamsrv 206.123.145.75 port 28088 [preauth]
Apr  5 00:57:41 cls sshd[1373607]: Invalid user fax from 206.123.145.49 port 37490
Apr  5 00:57:42 cls sshd[1373603]: Connection closed by invalid user liyq 206.123.145.50 port 13450 [preauth]
Apr  5 00:57:43 cls sshd[1373610]: Invalid user git from 206.123.145.52 port 60586
Apr  5 00:57:43 cls sshd[1373607]: pam_unix(sshd:auth): check pass; user unknown
Apr  5 00:57:43 cls sshd[1373607]: pam_unix(sshd:auth): authentication failure; logname= uid=0 euid=0 tty=ssh ruser= rhost=206.123.145.49 
Apr  5 00:57:44 cls sshd[1373610]: pam_unix(sshd:auth): check pass; user unknown
Apr  5 00:57:44 cls sshd[1373610]: pam_unix(sshd:auth): authentication failure; logname= uid=0 euid=0 tty=ssh ruser= rhost=206.123.145.52 
Apr  5 00:57:45 cls sshd[1373607]: Failed password for invalid user fax from 206.123.145.49 port 37490 ssh2
Apr  5 00:57:45 cls sshd[1373610]: Failed password for invalid user git from 206.123.145.52 port 60586 ssh2
Apr  5 00:57:47 cls sshd[1373612]: Invalid user lfu from 206.123.145.53 port 12694
Apr  5 00:57:47 cls sshd[1373643]: Invalid user dl from 130.12.181.105 port 44456
Apr  5 00:57:48 cls sshd[1373610]: Connection closed by invalid user git 206.123.145.52 port 60586 [preauth]
Apr  5 00:57:48 cls sshd[1373607]: Connection closed by invalid user fax 206.123.145.49 port 37490 [preauth]
Apr  5 00:57:49 cls sshd[1373643]: pam_unix(sshd:auth): check pass; user unknown
Apr  5 00:57:49 cls sshd[1373643]: pam_unix(sshd:auth): authentication failure; logname= uid=0 euid=0 tty=ssh ruser= rhost=130.12.181.105 
Apr  5 00:57:50 cls sshd[1373612]: pam_unix(sshd:auth): check pass; user unknown
Apr  5 00:57:50 cls sshd[1373612]: pam_unix(sshd:auth): authentication failure; logname= uid=0 euid=0 tty=ssh ruser= rhost=206.123.145.53 
Apr  5 00:57:51 cls sshd[1373643]: Failed password for invalid user dl from 130.12.181.105 port 44456 ssh2
Apr  5 00:57:52 cls sshd[1373612]: Failed password for invalid user lfu from 206.123.145.53 port 12694 ssh2
Apr  5 00:57:53 cls sshd[1373643]: Connection closed by invalid user dl 130.12.181.105 port 44456 [preauth]
Apr  5 00:57:55 cls sshd[1373612]: Connection closed by invalid user lfu 206.123.145.53 port 12694 [preauth]
Apr  5 00:58:11 cls sshd[1373645]: pam_unix(sshd:auth): authentication failure; logname= uid=0 euid=0 tty=ssh ruser= rhost=206.123.145.46  user=root
Apr  5 00:58:13 cls sshd[1373645]: Failed password for root from 206.123.145.46 port 15042 ssh2
Apr  5 00:58:16 cls sshd[1373647]: pam_unix(sshd:auth): authentication failure; logname= uid=0 euid=0 tty=ssh ruser= rhost=206.123.145.79  user=ubuntu
Apr  5 00:58:18 cls sshd[1373647]: Failed password for ubuntu from 206.123.145.79 port 17930 ssh2
Apr  5 00:58:20 cls sshd[1373645]: Connection closed by authenticating user root 206.123.145.46 port 15042 [preauth]
Apr  5 00:58:22 cls sshd[1373647]: Connection closed by authenticating user ubuntu 206.123.145.79 port 17930 [preauth]
Apr  5 00:58:42 cls sshd[1373649]: Invalid user cmz from 130.12.181.106 port 14510
Apr  5 00:58:44 cls sshd[1373649]: pam_unix(sshd:auth): check pass; user unknown
Apr  5 00:58:44 cls sshd[1373649]: pam_unix(sshd:auth): authentication failure; logname= uid=0 euid=0 tty=ssh ruser= rhost=130.12.181.106 
Apr  5 00:58:45 cls sshd[1373649]: Failed password for invalid user cmz from 130.12.181.106 port 14510 ssh2
Apr  5 00:58:46 cls sshd[1373651]: Invalid user zhengxm from 130.12.181.98 port 65230
Apr  5 00:58:48 cls sshd[1373651]: pam_unix(sshd:auth): check pass; user unknown
Apr  5 00:58:48 cls sshd[1373651]: pam_unix(sshd:auth): authentication failure; logname= uid=0 euid=0 tty=ssh ruser= rhost=130.12.181.98 
Apr  5 00:58:49 cls sshd[1373649]: Connection closed by invalid user cmz 130.12.181.106 port 14510 [preauth]
Apr  5 00:58:50 cls sshd[1373651]: Failed password for invalid user zhengxm from 130.12.181.98 port 65230 ssh2
Apr  5 00:58:51 cls sshd[1373659]: Invalid user jiankong from 206.123.145.48 port 60186
Apr  5 00:58:53 cls sshd[1373651]: Connection closed by invalid user zhengxm 130.12.181.98 port 65230 [preauth]
Apr  5 00:58:53 cls sshd[1373659]: pam_unix(sshd:auth): check pass; user unknown
Apr  5 00:58:53 cls sshd[1373659]: pam_unix(sshd:auth): authentication failure; logname= uid=0 euid=0 tty=ssh ruser= rhost=206.123.145.48 
Apr  5 00:58:54 cls sshd[1373659]: Failed password for invalid user jiankong from 206.123.145.48 port 60186 ssh2
Apr  5 00:58:56 cls sshd[1373659]: Connection closed by invalid user jiankong 206.123.145.48 port 60186 [preauth]
Apr  5 00:59:06 cls sshd[1373683]: Invalid user zhangfen from 130.12.181.109 port 7830
Apr  5 00:59:08 cls sshd[1373683]: pam_unix(sshd:auth): check pass; user unknown
Apr  5 00:59:08 cls sshd[1373683]: pam_unix(sshd:auth): authentication failure; logname= uid=0 euid=0 tty=ssh ruser= rhost=130.12.181.109 
Apr  5 00:59:09 cls sshd[1373683]: Failed password for invalid user zhangfen from 130.12.181.109 port 7830 ssh2
Apr  5 00:59:13 cls sshd[1373683]: Connection closed by invalid user zhangfen 130.12.181.109 port 7830 [preauth]
Apr  5 01:00:01 cls CRON[1373720]: pam_unix(cron:session): session opened for user akriveia by (uid=0)
Apr  5 01:00:01 cls CRON[1373719]: pam_unix(cron:session): session opened for user akriveia by (uid=0)
Apr  5 01:00:01 cls CRON[1373721]: pam_unix(cron:session): session opened for user akriveia by (uid=0)
Apr  5 01:00:01 cls CRON[1373721]: pam_unix(cron:session): session closed for user akriveia
Apr  5 01:00:01 cls CRON[1373719]: pam_unix(cron:session): session closed for user akriveia
Apr  5 01:00:01 cls CRON[1373720]: pam_unix(cron:session): session closed for user akriveia
Apr  5 01:00:05 cls sshd[1373715]: Invalid user ous from 130.12.181.100 port 15202
Apr  5 01:00:07 cls sshd[1373715]: pam_unix(sshd:auth): check pass; user unknown
Apr  5 01:00:07 cls sshd[1373715]: pam_unix(sshd:auth): authentication failure; logname= uid=0 euid=0 tty=ssh ruser= rhost=130.12.181.100 
Apr  5 01:00:07 cls sshd[1373716]: Invalid user python from 206.123.145.74 port 54670
Apr  5 01:00:10 cls sshd[1373715]: Failed password for invalid user ous from 130.12.181.100 port 15202 ssh2
Apr  5 01:00:10 cls sshd[1373716]: pam_unix(sshd:auth): check pass; user unknown
Apr  5 01:00:10 cls sshd[1373716]: pam_unix(sshd:auth): authentication failure; logname= uid=0 euid=0 tty=ssh ruser= rhost=206.123.145.74 
Apr  5 01:00:12 cls sshd[1373716]: Failed password for invalid user python from 206.123.145.74 port 54670 ssh2
Apr  5 01:00:13 cls sshd[1373716]: Connection closed by invalid user python 206.123.145.74 port 54670 [preauth]
Apr  5 01:00:14 cls sshd[1373715]: Connection closed by invalid user ous 130.12.181.100 port 15202 [preauth]
Apr  5 01:00:17 cls sshd[1373737]: Invalid user harrison from 130.12.181.101 port 1182
Apr  5 01:00:19 cls sshd[1373737]: pam_unix(sshd:auth): check pass; user unknown
Apr  5 01:00:19 cls sshd[1373737]: pam_unix(sshd:auth): authentication failure; logname= uid=0 euid=0 tty=ssh ruser= rhost=130.12.181.101 
Apr  5 01:00:22 cls sshd[1373737]: Failed password for invalid user harrison from 130.12.181.101 port 1182 ssh2
Apr  5 01:00:26 cls sshd[1373737]: Connection closed by invalid user harrison 130.12.181.101 port 1182 [preauth]
Apr  5 01:00:44 cls sshd[1373740]: Invalid user roque from 130.12.181.99 port 57370
Apr  5 01:00:46 cls sshd[1373740]: pam_unix(sshd:auth): check pass; user unknown
Apr  5 01:00:46 cls sshd[1373740]: pam_unix(sshd:auth): authentication failure; logname= uid=0 euid=0 tty=ssh ruser= rhost=130.12.181.99 
Apr  5 01:00:48 cls sshd[1373740]: Failed password for invalid user roque from 130.12.181.99 port 57370 ssh2
Apr  5 01:00:52 cls sshd[1373740]: Connection closed by invalid user roque 130.12.181.99 port 57370 [preauth]
Apr  5 01:00:58 cls sshd[1373778]: Invalid user frenzy from 130.12.181.103 port 15182
Apr  5 01:01:00 cls sshd[1373778]: pam_unix(sshd:auth): check pass; user unknown
Apr  5 01:01:00 cls sshd[1373778]: pam_unix(sshd:auth): authentication failure; logname= uid=0 euid=0 tty=ssh ruser= rhost=130.12.181.103 
Apr  5 01:01:02 cls sshd[1373778]: Failed password for invalid user frenzy from 130.12.181.103 port 15182 ssh2
Apr  5 01:01:04 cls sshd[1373778]: Connection closed by invalid user frenzy 130.12.181.103 port 15182 [preauth]
Apr  5 01:01:07 cls sshd[1373780]: Invalid user gitserver from 130.12.181.97 port 2680
Apr  5 01:01:09 cls sshd[1373780]: pam_unix(sshd:auth): check pass; user unknown
Apr  5 01:01:09 cls sshd[1373780]: pam_unix(sshd:auth): authentication failure; logname= uid=0 euid=0 tty=ssh ruser= rhost=130.12.181.97 
Apr  5 01:01:11 cls sshd[1373780]: Failed password for invalid user gitserver from 130.12.181.97 port 2680 ssh2
Apr  5 01:01:14 cls sshd[1373780]: Connection closed by invalid user gitserver 130.12.181.97 port 2680 [preauth]
Apr  5 01:01:39 cls sshd[1373788]: Invalid user dxl from 206.123.145.51 port 39024
Apr  5 01:01:40 cls sshd[1373790]: Invalid user alluxio from 206.123.145.70 port 37552
Apr  5 01:01:41 cls sshd[1373788]: pam_unix(sshd:auth): check pass; user unknown
Apr  5 01:01:41 cls sshd[1373788]: pam_unix(sshd:auth): authentication failure; logname= uid=0 euid=0 tty=ssh ruser= rhost=206.123.145.51 
Apr  5 01:01:41 cls sshd[1373790]: pam_unix(sshd:auth): check pass; user unknown
Apr  5 01:01:41 cls sshd[1373790]: pam_unix(sshd:auth): authentication failure; logname= uid=0 euid=0 tty=ssh ruser= rhost=206.123.145.70 
Apr  5 01:01:43 cls sshd[1373788]: Failed password for invalid user dxl from 206.123.145.51 port 39024 ssh2
Apr  5 01:01:43 cls sshd[1373790]: Failed password for invalid user alluxio from 206.123.145.70 port 37552 ssh2
Apr  5 01:01:47 cls sshd[1373790]: Connection closed by invalid user alluxio 206.123.145.70 port 37552 [preauth]
Apr  5 01:01:47 cls sshd[1373788]: Connection closed by invalid user dxl 206.123.145.51 port 39024 [preauth]
Apr  5 01:02:28 cls sshd[1373816]: Invalid user xcat from 206.123.145.77 port 8810
Apr  5 01:02:30 cls sshd[1373816]: pam_unix(sshd:auth): check pass; user unknown
Apr  5 01:02:30 cls sshd[1373816]: pam_unix(sshd:auth): authentication failure; logname= uid=0 euid=0 tty=ssh ruser= rhost=206.123.145.77 
Apr  5 01:02:32 cls sshd[1373816]: Failed password for invalid user xcat from 206.123.145.77 port 8810 ssh2
Apr  5 01:02:37 cls sshd[1373816]: Connection closed by invalid user xcat 206.123.145.77 port 8810 [preauth]
Apr  5 01:02:44 cls sshd[1373818]: Invalid user pccs from 206.123.145.57 port 15566
Apr  5 01:02:45 cls sshd[1373818]: pam_unix(sshd:auth): check pass; user unknown
Apr  5 01:02:45 cls sshd[1373818]: pam_unix(sshd:auth): authentication failure; logname= uid=0 euid=0 tty=ssh ruser= rhost=206.123.145.57 
Apr  5 01:02:47 cls sshd[1373818]: Failed password for invalid user pccs from 206.123.145.57 port 15566 ssh2
Apr  5 01:02:50 cls sshd[1373826]: Invalid user xzhao from 130.12.181.108 port 11824
Apr  5 01:02:51 cls sshd[1373818]: Connection closed by invalid user pccs 206.123.145.57 port 15566 [preauth]
Apr  5 01:02:51 cls sshd[1373827]: Invalid user lsierrab from 206.123.145.54 port 62046
Apr  5 01:02:52 cls sshd[1373826]: pam_unix(sshd:auth): check pass; user unknown
Apr  5 01:02:52 cls sshd[1373826]: pam_unix(sshd:auth): authentication failure; logname= uid=0 euid=0 tty=ssh ruser= rhost=130.12.181.108 
Apr  5 01:02:52 cls sshd[1373836]: Invalid user xushusong from 130.12.181.102 port 31122
Apr  5 01:02:53 cls sshd[1373827]: pam_unix(sshd:auth): check pass; user unknown
Apr  5 01:02:53 cls sshd[1373827]: pam_unix(sshd:auth): authentication failure; logname= uid=0 euid=0 tty=ssh ruser= rhost=206.123.145.54 
Apr  5 01:02:54 cls sshd[1373826]: Failed password for invalid user xzhao from 130.12.181.108 port 11824 ssh2
Apr  5 01:02:55 cls sshd[1373836]: pam_unix(sshd:auth): check pass; user unknown
Apr  5 01:02:55 cls sshd[1373836]: pam_unix(sshd:auth): authentication failure; logname= uid=0 euid=0 tty=ssh ruser= rhost=130.12.181.102 
Apr  5 01:02:55 cls sshd[1373827]: Failed password for invalid user lsierrab from 206.123.145.54 port 62046 ssh2
Apr  5 01:02:57 cls sshd[1373854]: Invalid user rwshi from 206.123.145.73 port 3056
Apr  5 01:02:57 cls sshd[1373836]: Failed password for invalid user xushusong from 130.12.181.102 port 31122 ssh2
Apr  5 01:02:58 cls sshd[1373826]: Connection closed by invalid user xzhao 130.12.181.108 port 11824 [preauth]
Apr  5 01:02:59 cls sshd[1373854]: pam_unix(sshd:auth): check pass; user unknown
Apr  5 01:02:59 cls sshd[1373854]: pam_unix(sshd:auth): authentication failure; logname= uid=0 euid=0 tty=ssh ruser= rhost=206.123.145.73 
Apr  5 01:02:59 cls sshd[1373827]: Connection closed by invalid user lsierrab 206.123.145.54 port 62046 [preauth]
Apr  5 01:03:01 cls sshd[1373854]: Failed password for invalid user rwshi from 206.123.145.73 port 3056 ssh2
Apr  5 01:03:02 cls sshd[1373836]: Connection closed by invalid user xushusong 130.12.181.102 port 31122 [preauth]
Apr  5 01:03:02 cls sshd[1373854]: Connection closed by invalid user rwshi 206.123.145.73 port 3056 [preauth]
Apr  5 01:03:20 cls sshd[1373856]: Invalid user sale3-001 from 130.12.181.107 port 38706
Apr  5 01:03:22 cls sshd[1373856]: pam_unix(sshd:auth): check pass; user unknown
Apr  5 01:03:22 cls sshd[1373856]: pam_unix(sshd:auth): authentication failure; logname= uid=0 euid=0 tty=ssh ruser= rhost=130.12.181.107 
Apr  5 01:03:24 cls sshd[1373856]: Failed password for invalid user sale3-001 from 130.12.181.107 port 38706 ssh2
Apr  5 01:03:26 cls sshd[1373856]: Connection closed by invalid user sale3-001 130.12.181.107 port 38706 [preauth]
Apr  5 01:03:28 cls sshd[1373858]: Invalid user achmad from 206.123.145.71 port 2806
Apr  5 01:03:30 cls sshd[1373858]: pam_unix(sshd:auth): check pass; user unknown
Apr  5 01:03:30 cls sshd[1373858]: pam_unix(sshd:auth): authentication failure; logname= uid=0 euid=0 tty=ssh ruser= rhost=206.123.145.71 
Apr  5 01:03:32 cls sshd[1373858]: Failed password for invalid user achmad from 206.123.145.71 port 2806 ssh2
Apr  5 01:03:34 cls sshd[1373858]: Connection closed by invalid user achmad 206.123.145.71 port 2806 [preauth]
Apr  5 01:04:13 cls sshd[1373900]: Invalid user shaobenchi from 206.123.145.56 port 48156
Apr  5 01:04:15 cls sshd[1373900]: pam_unix(sshd:auth): check pass; user unknown
Apr  5 01:04:15 cls sshd[1373900]: pam_unix(sshd:auth): authentication failure; logname= uid=0 euid=0 tty=ssh ruser= rhost=206.123.145.56 
Apr  5 01:04:17 cls sshd[1373900]: Failed password for invalid user shaobenchi from 206.123.145.56 port 48156 ssh2
Apr  5 01:04:19 cls sshd[1373900]: Connection closed by invalid user shaobenchi 206.123.145.56 port 48156 [preauth]
Apr  5 01:04:25 cls sshd[1373902]: Invalid user djw from 130.12.181.104 port 1048
Apr  5 01:04:27 cls sshd[1373902]: pam_unix(sshd:auth): check pass; user unknown
Apr  5 01:04:27 cls sshd[1373902]: pam_unix(sshd:auth): authentication failure; logname= uid=0 euid=0 tty=ssh ruser= rhost=130.12.181.104 
Apr  5 01:04:29 cls sshd[1373902]: Failed password for invalid user djw from 130.12.181.104 port 1048 ssh2
Apr  5 01:04:33 cls sshd[1373902]: Connection closed by invalid user djw 130.12.181.104 port 1048 [preauth]
Apr  5 01:04:56 cls sshd[1373904]: Invalid user memcached from 206.123.145.20 port 2534
Apr  5 01:04:57 cls sshd[1373904]: pam_unix(sshd:auth): check pass; user unknown
Apr  5 01:04:57 cls sshd[1373904]: pam_unix(sshd:auth): authentication failure; logname= uid=0 euid=0 tty=ssh ruser= rhost=206.123.145.20 
Apr  5 01:04:59 cls sshd[1373904]: Failed password for invalid user memcached from 206.123.145.20 port 2534 ssh2
Apr  5 01:05:02 cls sshd[1373904]: Connection closed by invalid user memcached 206.123.145.20 port 2534 [preauth]
Apr  5 01:05:45 cls sshd[1373939]: Invalid user gogs from 130.12.181.98 port 52710
Apr  5 01:05:48 cls sshd[1373939]: pam_unix(sshd:auth): check pass; user unknown
Apr  5 01:05:48 cls sshd[1373939]: pam_unix(sshd:auth): authentication failure; logname= uid=0 euid=0 tty=ssh ruser= rhost=130.12.181.98 
Apr  5 01:05:50 cls sshd[1373939]: Failed password for invalid user gogs from 130.12.181.98 port 52710 ssh2
Apr  5 01:05:53 cls sshd[1373939]: Connection closed by invalid user gogs 130.12.181.98 port 52710 [preauth]
Apr  5 01:06:07 cls sshd[1373970]: Invalid user craig from 206.123.145.72 port 43816
Apr  5 01:06:09 cls sshd[1373970]: pam_unix(sshd:auth): check pass; user unknown
Apr  5 01:06:09 cls sshd[1373970]: pam_unix(sshd:auth): authentication failure; logname= uid=0 euid=0 tty=ssh ruser= rhost=206.123.145.72 
Apr  5 01:06:10 cls sshd[1373970]: Failed password for invalid user craig from 206.123.145.72 port 43816 ssh2
Apr  5 01:06:14 cls sshd[1373970]: Connection closed by invalid user craig 206.123.145.72 port 43816 [preauth]
Apr  5 01:06:14 cls sshd[1373972]: Invalid user jeffrey from 206.123.145.76 port 29930
Apr  5 01:06:16 cls sshd[1373972]: pam_unix(sshd:auth): check pass; user unknown
Apr  5 01:06:16 cls sshd[1373972]: pam_unix(sshd:auth): authentication failure; logname= uid=0 euid=0 tty=ssh ruser= rhost=206.123.145.76 
Apr  5 01:06:18 cls sshd[1373972]: Failed password for invalid user jeffrey from 206.123.145.76 port 29930 ssh2
Apr  5 01:06:21 cls sshd[1373972]: Connection closed by invalid user jeffrey 206.123.145.76 port 29930 [preauth]
Apr  5 01:06:21 cls sshd[1373974]: pam_unix(sshd:auth): authentication failure; logname= uid=0 euid=0 tty=ssh ruser= rhost=130.12.181.105  user=root
Apr  5 01:06:22 cls sshd[1373974]: Failed password for root from 130.12.181.105 port 47518 ssh2
Apr  5 01:06:25 cls sshd[1373974]: Connection closed by authenticating user root 130.12.181.105 port 47518 [preauth]
Apr  5 01:06:45 cls sshd[1373976]: Invalid user ere from 206.123.145.78 port 54526
Apr  5 01:06:47 cls sshd[1373976]: pam_unix(sshd:auth): check pass; user unknown
Apr  5 01:06:47 cls sshd[1373976]: pam_unix(sshd:auth): authentication failure; logname= uid=0 euid=0 tty=ssh ruser= rhost=206.123.145.78 
Apr  5 01:06:49 cls sshd[1373976]: Failed password for invalid user ere from 206.123.145.78 port 54526 ssh2
Apr  5 01:06:52 cls sshd[1373976]: Connection closed by invalid user ere 206.123.145.78 port 54526 [preauth]
Apr  5 01:06:54 cls sshd[1373985]: Invalid user linyisheng from 206.123.145.55 port 12766
Apr  5 01:06:55 cls sshd[1373978]: Invalid user flo from 206.123.145.49 port 16736
Apr  5 01:06:56 cls sshd[1373985]: pam_unix(sshd:auth): check pass; user unknown
Apr  5 01:06:56 cls sshd[1373985]: pam_unix(sshd:auth): authentication failure; logname= uid=0 euid=0 tty=ssh ruser= rhost=206.123.145.55 
Apr  5 01:06:58 cls sshd[1373985]: Failed password for invalid user linyisheng from 206.123.145.55 port 12766 ssh2
Apr  5 01:06:58 cls sshd[1373978]: pam_unix(sshd:auth): check pass; user unknown
Apr  5 01:06:58 cls sshd[1373978]: pam_unix(sshd:auth): authentication failure; logname= uid=0 euid=0 tty=ssh ruser= rhost=206.123.145.49 
Apr  5 01:06:59 cls sshd[1373987]: Invalid user hdmei from 206.123.145.69 port 23350
Apr  5 01:07:00 cls sshd[1373978]: Failed password for invalid user flo from 206.123.145.49 port 16736 ssh2
Apr  5 01:07:02 cls sshd[1373987]: pam_unix(sshd:auth): check pass; user unknown
Apr  5 01:07:02 cls sshd[1373987]: pam_unix(sshd:auth): authentication failure; logname= uid=0 euid=0 tty=ssh ruser= rhost=206.123.145.69 
Apr  5 01:07:02 cls sshd[1374014]: Invalid user yeokhe from 206.123.145.52 port 55702
Apr  5 01:07:03 cls sshd[1373996]: Invalid user vijayk from 206.123.145.50 port 18832
Apr  5 01:07:03 cls sshd[1373985]: Connection closed by invalid user linyisheng 206.123.145.55 port 12766 [preauth]
Apr  5 01:07:03 cls sshd[1373978]: Connection closed by invalid user flo 206.123.145.49 port 16736 [preauth]
Apr  5 01:07:03 cls sshd[1373987]: Failed password for invalid user hdmei from 206.123.145.69 port 23350 ssh2
Apr  5 01:07:05 cls sshd[1374014]: pam_unix(sshd:auth): check pass; user unknown
Apr  5 01:07:05 cls sshd[1374014]: pam_unix(sshd:auth): authentication failure; logname= uid=0 euid=0 tty=ssh ruser= rhost=206.123.145.52 
Apr  5 01:07:06 cls sshd[1374014]: Failed password for invalid user yeokhe from 206.123.145.52 port 55702 ssh2
Apr  5 01:07:07 cls sshd[1373987]: Connection closed by invalid user hdmei 206.123.145.69 port 23350 [preauth]
Apr  5 01:07:07 cls sshd[1373996]: pam_unix(sshd:auth): check pass; user unknown
Apr  5 01:07:07 cls sshd[1373996]: pam_unix(sshd:auth): authentication failure; logname= uid=0 euid=0 tty=ssh ruser= rhost=206.123.145.50 
Apr  5 01:07:09 cls sshd[1374014]: Connection closed by invalid user yeokhe 206.123.145.52 port 55702 [preauth]
Apr  5 01:07:09 cls sshd[1373996]: Failed password for invalid user vijayk from 206.123.145.50 port 18832 ssh2
Apr  5 01:07:11 cls sshd[1374017]: Invalid user app from 130.12.181.106 port 53244
Apr  5 01:07:11 cls sshd[1374016]: Invalid user xy from 206.123.145.75 port 63132
Apr  5 01:07:13 cls sshd[1374016]: pam_unix(sshd:auth): check pass; user unknown
Apr  5 01:07:13 cls sshd[1374016]: pam_unix(sshd:auth): authentication failure; logname= uid=0 euid=0 tty=ssh ruser= rhost=206.123.145.75 
Apr  5 01:07:13 cls sshd[1374017]: pam_unix(sshd:auth): check pass; user unknown
Apr  5 01:07:13 cls sshd[1374017]: pam_unix(sshd:auth): authentication failure; logname= uid=0 euid=0 tty=ssh ruser= rhost=130.12.181.106 
Apr  5 01:07:15 cls sshd[1374020]: pam_unix(sshd:auth): authentication failure; logname= uid=0 euid=0 tty=ssh ruser= rhost=206.123.145.46  user=mysql
Apr  5 01:07:15 cls sshd[1374016]: Failed password for invalid user xy from 206.123.145.75 port 63132 ssh2
Apr  5 01:07:16 cls sshd[1374017]: Failed password for invalid user app from 130.12.181.106 port 53244 ssh2
Apr  5 01:07:16 cls sshd[1373996]: Connection closed by invalid user vijayk 206.123.145.50 port 18832 [preauth]
Apr  5 01:07:16 cls sshd[1374021]: Invalid user fedex from 206.123.145.53 port 49154
Apr  5 01:07:17 cls sshd[1374020]: Failed password for mysql from 206.123.145.46 port 17336 ssh2
Apr  5 01:07:18 cls sshd[1374021]: pam_unix(sshd:auth): check pass; user unknown
Apr  5 01:07:18 cls sshd[1374021]: pam_unix(sshd:auth): authentication failure; logname= uid=0 euid=0 tty=ssh ruser= rhost=206.123.145.53 
Apr  5 01:07:18 cls sshd[1374017]: Connection closed by invalid user app 130.12.181.106 port 53244 [preauth]
Apr  5 01:07:20 cls sshd[1374021]: Failed password for invalid user fedex from 206.123.145.53 port 49154 ssh2
Apr  5 01:07:21 cls sshd[1374020]: Connection closed by authenticating user mysql 206.123.145.46 port 17336 [preauth]
Apr  5 01:07:23 cls sshd[1374016]: Connection closed by invalid user xy 206.123.145.75 port 63132 [preauth]
Apr  5 01:07:24 cls sshd[1374021]: Connection closed by invalid user fedex 206.123.145.53 port 49154 [preauth]
Apr  5 01:07:25 cls sshd[1374024]: Invalid user yabo from 130.12.181.109 port 11766
Apr  5 01:07:28 cls sshd[1374024]: pam_unix(sshd:auth): check pass; user unknown
Apr  5 01:07:28 cls sshd[1374024]: pam_unix(sshd:auth): authentication failure; logname= uid=0 euid=0 tty=ssh ruser= rhost=130.12.181.109 
Apr  5 01:07:30 cls sshd[1374024]: Failed password for invalid user yabo from 130.12.181.109 port 11766 ssh2
Apr  5 01:07:32 cls sshd[1374024]: Connection closed by invalid user yabo 130.12.181.109 port 11766 [preauth]
Apr  5 01:07:53 cls sshd[1374026]: Invalid user confluence from 206.123.145.79 port 18178
Apr  5 01:07:54 cls sshd[1374026]: pam_unix(sshd:auth): check pass; user unknown
Apr  5 01:07:54 cls sshd[1374026]: pam_unix(sshd:auth): authentication failure; logname= uid=0 euid=0 tty=ssh ruser= rhost=206.123.145.79 
Apr  5 01:07:56 cls sshd[1374026]: Failed password for invalid user confluence from 206.123.145.79 port 18178 ssh2
Apr  5 01:07:59 cls sshd[1374026]: Connection closed by invalid user confluence 206.123.145.79 port 18178 [preauth]
Apr  5 01:08:09 cls sshd[1374058]: pam_unix(sshd:auth): authentication failure; logname= uid=0 euid=0 tty=ssh ruser= rhost=206.123.145.48  user=root
Apr  5 01:08:10 cls sshd[1374058]: Failed password for root from 206.123.145.48 port 57970 ssh2
Apr  5 01:08:14 cls sshd[1374058]: Connection closed by authenticating user root 206.123.145.48 port 57970 [preauth]
Apr  5 01:08:26 cls sshd[1374063]: pam_unix(sshd:auth): authentication failure; logname= uid=0 euid=0 tty=ssh ruser= rhost=130.12.181.100  user=root
Apr  5 01:08:27 cls sshd[1374065]: Invalid user rrc from 130.12.181.101 port 31292
Apr  5 01:08:28 cls sshd[1374063]: Failed password for root from 130.12.181.100 port 3748 ssh2
Apr  5 01:08:30 cls sshd[1374065]: pam_unix(sshd:auth): check pass; user unknown
Apr  5 01:08:30 cls sshd[1374065]: pam_unix(sshd:auth): authentication failure; logname= uid=0 euid=0 tty=ssh ruser= rhost=130.12.181.101 
Apr  5 01:08:31 cls sshd[1374063]: Connection closed by authenticating user root 130.12.181.100 port 3748 [preauth]
Apr  5 01:08:32 cls sshd[1374065]: Failed password for invalid user rrc from 130.12.181.101 port 31292 ssh2
Apr  5 01:08:34 cls sshd[1374065]: Connection closed by invalid user rrc 130.12.181.101 port 31292 [preauth]
Apr  5 01:09:01 cls CRON[1374097]: pam_unix(cron:session): session opened for user root by (uid=0)
Apr  5 01:09:01 cls CRON[1374097]: pam_unix(cron:session): session closed for user root
Apr  5 01:09:05 cls sshd[1374095]: Invalid user varun from 130.12.181.99 port 29466
Apr  5 01:09:07 cls sshd[1374095]: pam_unix(sshd:auth): check pass; user unknown
Apr  5 01:09:07 cls sshd[1374095]: pam_unix(sshd:auth): authentication failure; logname= uid=0 euid=0 tty=ssh ruser= rhost=130.12.181.99 
Apr  5 01:09:10 cls sshd[1374095]: Failed password for invalid user varun from 130.12.181.99 port 29466 ssh2
Apr  5 01:09:13 cls sshd[1374095]: Connection closed by invalid user varun 130.12.181.99 port 29466 [preauth]
Apr  5 01:09:18 cls sshd[1374485]: Invalid user camelia from 130.12.181.103 port 42900
Apr  5 01:09:20 cls sshd[1374485]: pam_unix(sshd:auth): check pass; user unknown
Apr  5 01:09:20 cls sshd[1374485]: pam_unix(sshd:auth): authentication failure; logname= uid=0 euid=0 tty=ssh ruser= rhost=130.12.181.103 
Apr  5 01:09:22 cls sshd[1374485]: Failed password for invalid user camelia from 130.12.181.103 port 42900 ssh2
Apr  5 01:09:25 cls sshd[1374485]: Connection closed by invalid user camelia 130.12.181.103 port 42900 [preauth]
Apr  5 01:09:29 cls sshd[1374487]: Invalid user baofei from 130.12.181.97 port 42432
Apr  5 01:09:30 cls sshd[1374487]: pam_unix(sshd:auth): check pass; user unknown
Apr  5 01:09:30 cls sshd[1374487]: pam_unix(sshd:auth): authentication failure; logname= uid=0 euid=0 tty=ssh ruser= rhost=130.12.181.97 
Apr  5 01:09:33 cls sshd[1374487]: Failed password for invalid user baofei from 130.12.181.97 port 42432 ssh2
Apr  5 01:09:36 cls sshd[1374487]: Connection closed by invalid user baofei 130.12.181.97 port 42432 [preauth]
Apr  5 01:09:52 cls sshd[1374489]: Invalid user casia from 206.123.145.74 port 59788
Apr  5 01:09:54 cls sshd[1374489]: pam_unix(sshd:auth): check pass; user unknown
Apr  5 01:09:54 cls sshd[1374489]: pam_unix(sshd:auth): authentication failure; logname= uid=0 euid=0 tty=ssh ruser= rhost=206.123.145.74 
Apr  5 01:09:56 cls sshd[1374489]: Failed password for invalid user casia from 206.123.145.74 port 59788 ssh2
Apr  5 01:10:00 cls sshd[1374489]: Connection closed by invalid user casia 206.123.145.74 port 59788 [preauth]
Apr  5 01:10:58 cls sshd[1374520]: Invalid user lz5 from 206.123.145.51 port 15350
Apr  5 01:10:59 cls sshd[1374520]: pam_unix(sshd:auth): check pass; user unknown
Apr  5 01:10:59 cls sshd[1374520]: pam_unix(sshd:auth): authentication failure; logname= uid=0 euid=0 tty=ssh ruser= rhost=206.123.145.51 
Apr  5 01:11:01 cls sshd[1374520]: Failed password for invalid user lz5 from 206.123.145.51 port 15350 ssh2
Apr  5 01:11:04 cls sshd[1374520]: Connection closed by invalid user lz5 206.123.145.51 port 15350 [preauth]
Apr  5 01:11:07 cls sshd[1374542]: Invalid user guao from 130.12.181.108 port 42672
Apr  5 01:11:10 cls sshd[1374542]: pam_unix(sshd:auth): check pass; user unknown
Apr  5 01:11:10 cls sshd[1374542]: pam_unix(sshd:auth): authentication failure; logname= uid=0 euid=0 tty=ssh ruser= rhost=130.12.181.108 
Apr  5 01:11:10 cls sshd[1374543]: Invalid user desliga from 206.123.145.70 port 19452
Apr  5 01:11:11 cls sshd[1374542]: Failed password for invalid user guao from 130.12.181.108 port 42672 ssh2
Apr  5 01:11:11 cls sshd[1374543]: pam_unix(sshd:auth): check pass; user unknown
Apr  5 01:11:11 cls sshd[1374543]: pam_unix(sshd:auth): authentication failure; logname= uid=0 euid=0 tty=ssh ruser= rhost=206.123.145.70 
Apr  5 01:11:13 cls sshd[1374543]: Failed password for invalid user desliga from 206.123.145.70 port 19452 ssh2
Apr  5 01:11:14 cls sshd[1374542]: Connection closed by invalid user guao 130.12.181.108 port 42672 [preauth]
Apr  5 01:11:18 cls sshd[1374543]: Connection closed by invalid user desliga 206.123.145.70 port 19452 [preauth]
Apr  5 01:11:21 cls sshd[1374550]: Invalid user vyos from 130.12.181.102 port 44616
Apr  5 01:11:23 cls sshd[1374550]: pam_unix(sshd:auth): check pass; user unknown
Apr  5 01:11:23 cls sshd[1374550]: pam_unix(sshd:auth): authentication failure; logname= uid=0 euid=0 tty=ssh ruser= rhost=130.12.181.102 
Apr  5 01:11:25 cls sshd[1374550]: Failed password for invalid user vyos from 130.12.181.102 port 44616 ssh2
Apr  5 01:11:29 cls sshd[1374550]: Connection closed by invalid user vyos 130.12.181.102 port 44616 [preauth]
Apr  5 01:11:33 cls sshd[1374552]: pam_unix(sshd:auth): authentication failure; logname= uid=0 euid=0 tty=ssh ruser= rhost=130.12.181.107  user=root
Apr  5 01:11:35 cls sshd[1374552]: Failed password for root from 130.12.181.107 port 59420 ssh2
Apr  5 01:11:38 cls sshd[1374552]: Connection closed by authenticating user root 130.12.181.107 port 59420 [preauth]
Apr  5 01:11:59 cls sshd[1374556]: Invalid user es from 206.123.145.57 port 24030
Apr  5 01:11:59 cls sshd[1374555]: Invalid user zbxyxy from 206.123.145.77 port 27598
Apr  5 01:12:00 cls sshd[1374556]: pam_unix(sshd:auth): check pass; user unknown
Apr  5 01:12:00 cls sshd[1374556]: pam_unix(sshd:auth): authentication failure; logname= uid=0 euid=0 tty=ssh ruser= rhost=206.123.145.57 
Apr  5 01:12:01 cls sshd[1374555]: pam_unix(sshd:auth): check pass; user unknown
Apr  5 01:12:01 cls sshd[1374555]: pam_unix(sshd:auth): authentication failure; logname= uid=0 euid=0 tty=ssh ruser= rhost=206.123.145.77 
Apr  5 01:12:02 cls sshd[1374556]: Failed password for invalid user es from 206.123.145.57 port 24030 ssh2
Apr  5 01:12:03 cls sshd[1374555]: Failed password for invalid user zbxyxy from 206.123.145.77 port 27598 ssh2
Apr  5 01:12:06 cls sshd[1374556]: Connection closed by invalid user es 206.123.145.57 port 24030 [preauth]
Apr  5 01:12:07 cls sshd[1374555]: Connection closed by invalid user zbxyxy 206.123.145.77 port 27598 [preauth]
Apr  5 01:12:20 cls sshd[1374583]: Invalid user h5qy1 from 206.123.145.54 port 41058
Apr  5 01:12:22 cls sshd[1374583]: pam_unix(sshd:auth): check pass; user unknown
Apr  5 01:12:22 cls sshd[1374583]: pam_unix(sshd:auth): authentication failure; logname= uid=0 euid=0 tty=ssh ruser= rhost=206.123.145.54 
Apr  5 01:12:24 cls sshd[1374583]: Failed password for invalid user h5qy1 from 206.123.145.54 port 41058 ssh2
Apr  5 01:12:26 cls sshd[1374583]: Connection closed by invalid user h5qy1 206.123.145.54 port 41058 [preauth]
