Apr  5 11:57:13 cls sshd[1415515]: Received disconnect from 211.106.133.202 port 37730:11: Bye Bye [preauth]
Apr  5 11:57:13 cls sshd[1415515]: Disconnected from authenticating user root 211.106.133.202 port 37730 [preauth]
Apr  5 11:57:26 cls sshd[1415519]: pam_unix(sshd:auth): authentication failure; logname= uid=0 euid=0 tty=ssh ruser= rhost=146.190.79.63  user=root
Apr  5 11:57:27 cls sshd[1415517]: Invalid user lijiahao from 130.12.181.101 port 52492
Apr  5 11:57:28 cls sshd[1415519]: Failed password for root from 146.190.79.63 port 57966 ssh2
Apr  5 11:57:29 cls sshd[1415517]: pam_unix(sshd:auth): check pass; user unknown
Apr  5 11:57:29 cls sshd[1415517]: pam_unix(sshd:auth): authentication failure; logname= uid=0 euid=0 tty=ssh ruser= rhost=130.12.181.101 
Apr  5 11:57:29 cls sshd[1415519]: Received disconnect from 146.190.79.63 port 57966:11: Bye Bye [preauth]
Apr  5 11:57:29 cls sshd[1415519]: Disconnected from authenticating user root 146.190.79.63 port 57966 [preauth]
Apr  5 11:57:31 cls sshd[1415517]: Failed password for invalid user lijiahao from 130.12.181.101 port 52492 ssh2
Apr  5 11:57:34 cls sshd[1415517]: Connection closed by invalid user lijiahao 130.12.181.101 port 52492 [preauth]
Apr  5 11:57:53 cls sshd[1415522]: pam_unix(sshd:auth): authentication failure; logname= uid=0 euid=0 tty=ssh ruser= rhost=130.12.181.106  user=root
Apr  5 11:57:56 cls sshd[1415522]: Failed password for root from 130.12.181.106 port 31888 ssh2
Apr  5 11:57:58 cls sshd[1415524]: Invalid user demo from 206.123.145.55 port 21472
Apr  5 11:57:59 cls sshd[1415522]: Connection closed by authenticating user root 130.12.181.106 port 31888 [preauth]
Apr  5 11:58:00 cls sshd[1415524]: pam_unix(sshd:auth): check pass; user unknown
Apr  5 11:58:00 cls sshd[1415524]: pam_unix(sshd:auth): authentication failure; logname= uid=0 euid=0 tty=ssh ruser= rhost=206.123.145.55 
Apr  5 11:58:02 cls sshd[1415524]: Failed password for invalid user demo from 206.123.145.55 port 21472 ssh2
Apr  5 11:58:05 cls sshd[1415524]: Connection closed by invalid user demo 206.123.145.55 port 21472 [preauth]
Apr  5 11:58:23 cls sshd[1415526]: Invalid user meng from 130.12.181.104 port 24726
Apr  5 11:58:24 cls sshd[1415527]: Invalid user amax from 206.123.145.71 port 7062
Apr  5 11:58:25 cls sshd[1415527]: pam_unix(sshd:auth): check pass; user unknown
Apr  5 11:58:25 cls sshd[1415527]: pam_unix(sshd:auth): authentication failure; logname= uid=0 euid=0 tty=ssh ruser= rhost=206.123.145.71 
Apr  5 11:58:25 cls sshd[1415526]: pam_unix(sshd:auth): check pass; user unknown
Apr  5 11:58:25 cls sshd[1415526]: pam_unix(sshd:auth): authentication failure; logname= uid=0 euid=0 tty=ssh ruser= rhost=130.12.181.104 
Apr  5 11:58:27 cls sshd[1415527]: Failed password for invalid user amax from 206.123.145.71 port 7062 ssh2
Apr  5 11:58:27 cls sshd[1415526]: Failed password for invalid user meng from 130.12.181.104 port 24726 ssh2
Apr  5 11:58:30 cls sshd[1415527]: Connection closed by invalid user amax 206.123.145.71 port 7062 [preauth]
Apr  5 11:58:30 cls sshd[1415530]: Invalid user wyyywh from 130.12.181.109 port 9230
Apr  5 11:58:31 cls sshd[1415526]: Connection closed by invalid user meng 130.12.181.104 port 24726 [preauth]
Apr  5 11:58:33 cls sshd[1415530]: pam_unix(sshd:auth): check pass; user unknown
Apr  5 11:58:33 cls sshd[1415530]: pam_unix(sshd:auth): authentication failure; logname= uid=0 euid=0 tty=ssh ruser= rhost=130.12.181.109 
Apr  5 11:58:35 cls sshd[1415530]: Failed password for invalid user wyyywh from 130.12.181.109 port 9230 ssh2
Apr  5 11:58:38 cls sshd[1415530]: Connection closed by invalid user wyyywh 130.12.181.109 port 9230 [preauth]
Apr  5 11:58:42 cls sshd[1415532]: pam_unix(sshd:auth): authentication failure; logname= uid=0 euid=0 tty=ssh ruser= rhost=206.123.145.79  user=root
Apr  5 11:58:44 cls sshd[1415532]: Failed password for root from 206.123.145.79 port 28832 ssh2
Apr  5 11:58:48 cls sshd[1415532]: Connection closed by authenticating user root 206.123.145.79 port 28832 [preauth]
Apr  5 11:58:49 cls sshd[1415534]: Invalid user szn from 206.123.145.75 port 26670
Apr  5 11:58:51 cls sshd[1415534]: pam_unix(sshd:auth): check pass; user unknown
Apr  5 11:58:51 cls sshd[1415534]: pam_unix(sshd:auth): authentication failure; logname= uid=0 euid=0 tty=ssh ruser= rhost=206.123.145.75 
Apr  5 11:58:53 cls sshd[1415534]: Failed password for invalid user szn from 206.123.145.75 port 26670 ssh2
Apr  5 11:58:54 cls sshd[1415540]: Invalid user wow from 93.39.209.147 port 40706
Apr  5 11:58:54 cls sshd[1415540]: pam_unix(sshd:auth): check pass; user unknown
Apr  5 11:58:54 cls sshd[1415540]: pam_unix(sshd:auth): authentication failure; logname= uid=0 euid=0 tty=ssh ruser= rhost=93.39.209.147 
Apr  5 11:58:56 cls sshd[1415534]: Connection closed by invalid user szn 206.123.145.75 port 26670 [preauth]
Apr  5 11:58:56 cls sshd[1415540]: Failed password for invalid user wow from 93.39.209.147 port 40706 ssh2
Apr  5 11:58:58 cls sshd[1415540]: Received disconnect from 93.39.209.147 port 40706:11: Bye Bye [preauth]
Apr  5 11:58:58 cls sshd[1415540]: Disconnected from invalid user wow 93.39.209.147 port 40706 [preauth]
Apr  5 11:58:58 cls sshd[1415536]: Invalid user nmj from 206.123.145.49 port 7848
Apr  5 11:58:58 cls sshd[1415537]: Invalid user hl from 130.12.181.107 port 60588
Apr  5 11:58:59 cls sshd[1415536]: pam_unix(sshd:auth): check pass; user unknown
Apr  5 11:58:59 cls sshd[1415536]: pam_unix(sshd:auth): authentication failure; logname= uid=0 euid=0 tty=ssh ruser= rhost=206.123.145.49 
Apr  5 11:59:00 cls sshd[1415537]: pam_unix(sshd:auth): check pass; user unknown
Apr  5 11:59:00 cls sshd[1415537]: pam_unix(sshd:auth): authentication failure; logname= uid=0 euid=0 tty=ssh ruser= rhost=130.12.181.107 
Apr  5 11:59:02 cls sshd[1415536]: Failed password for invalid user nmj from 206.123.145.49 port 7848 ssh2
Apr  5 11:59:03 cls sshd[1415537]: Failed password for invalid user hl from 130.12.181.107 port 60588 ssh2
Apr  5 11:59:04 cls sshd[1415536]: Connection closed by invalid user nmj 206.123.145.49 port 7848 [preauth]
Apr  5 11:59:05 cls sshd[1415547]: Invalid user gabriel from 206.123.145.69 port 19946
Apr  5 11:59:06 cls sshd[1415547]: pam_unix(sshd:auth): check pass; user unknown
Apr  5 11:59:06 cls sshd[1415547]: pam_unix(sshd:auth): authentication failure; logname= uid=0 euid=0 tty=ssh ruser= rhost=206.123.145.69 
Apr  5 11:59:07 cls sshd[1415537]: Connection closed by invalid user hl 130.12.181.107 port 60588 [preauth]
Apr  5 11:59:09 cls sshd[1415547]: Failed password for invalid user gabriel from 206.123.145.69 port 19946 ssh2
Apr  5 11:59:13 cls sshd[1415547]: Connection closed by invalid user gabriel 206.123.145.69 port 19946 [preauth]
Apr  5 11:59:31 cls sshd[1415551]: Invalid user itg from 206.123.145.50 port 33326
Apr  5 11:59:34 cls sshd[1415551]: pam_unix(sshd:auth): check pass; user unknown
Apr  5 11:59:34 cls sshd[1415551]: pam_unix(sshd:auth): authentication failure; logname= uid=0 euid=0 tty=ssh ruser= rhost=206.123.145.50 
Apr  5 11:59:36 cls sshd[1415551]: Failed password for invalid user itg from 206.123.145.50 port 33326 ssh2
Apr  5 11:59:38 cls sshd[1415551]: Connection closed by invalid user itg 206.123.145.50 port 33326 [preauth]
Apr  5 11:59:39 cls sshd[1415553]: pam_unix(sshd:auth): authentication failure; logname= uid=0 euid=0 tty=ssh ruser= rhost=206.123.145.70  user=gnats
Apr  5 11:59:41 cls sshd[1415553]: Failed password for gnats from 206.123.145.70 port 14302 ssh2
Apr  5 11:59:44 cls sshd[1415553]: Connection closed by authenticating user gnats 206.123.145.70 port 14302 [preauth]
Apr  5 11:59:48 cls sshd[1415557]: Invalid user alireza from 129.226.157.18 port 51276
Apr  5 11:59:48 cls sshd[1415557]: pam_unix(sshd:auth): check pass; user unknown
Apr  5 11:59:48 cls sshd[1415557]: pam_unix(sshd:auth): authentication failure; logname= uid=0 euid=0 tty=ssh ruser= rhost=129.226.157.18 
Apr  5 11:59:49 cls sshd[1415559]: pam_unix(sshd:auth): authentication failure; logname= uid=0 euid=0 tty=ssh ruser= rhost=146.190.79.63  user=root
Apr  5 11:59:50 cls sshd[1415557]: Failed password for invalid user alireza from 129.226.157.18 port 51276 ssh2
Apr  5 11:59:51 cls sshd[1415559]: Failed password for root from 146.190.79.63 port 42916 ssh2
Apr  5 11:59:52 cls sshd[1415557]: Received disconnect from 129.226.157.18 port 51276:11: Bye Bye [preauth]
Apr  5 11:59:52 cls sshd[1415557]: Disconnected from invalid user alireza 129.226.157.18 port 51276 [preauth]
Apr  5 11:59:52 cls sshd[1415559]: Received disconnect from 146.190.79.63 port 42916:11: Bye Bye [preauth]
Apr  5 11:59:52 cls sshd[1415559]: Disconnected from authenticating user root 146.190.79.63 port 42916 [preauth]
Apr  5 11:59:54 cls sshd[1415555]: pam_unix(sshd:auth): authentication failure; logname= uid=0 euid=0 tty=ssh ruser= rhost=130.12.181.105  user=root
Apr  5 11:59:56 cls sshd[1415555]: Failed password for root from 130.12.181.105 port 24130 ssh2
Apr  5 11:59:58 cls sshd[1415555]: Connection closed by authenticating user root 130.12.181.105 port 24130 [preauth]
Apr  5 11:59:59 cls sshd[1415561]: Invalid user guo from 130.12.181.100 port 29452
Apr  5 12:00:01 cls CRON[1415565]: pam_unix(cron:session): session opened for user root by (uid=0)
Apr  5 12:00:01 cls CRON[1415567]: pam_unix(cron:session): session opened for user akriveia by (uid=0)
Apr  5 12:00:01 cls CRON[1415568]: pam_unix(cron:session): session opened for user akriveia by (uid=0)
Apr  5 12:00:01 cls CRON[1415565]: pam_unix(cron:session): session closed for user root
Apr  5 12:00:01 cls CRON[1415566]: pam_unix(cron:session): session opened for user akriveia by (uid=0)
Apr  5 12:00:01 cls CRON[1415567]: pam_unix(cron:session): session closed for user akriveia
Apr  5 12:00:01 cls CRON[1415568]: pam_unix(cron:session): session closed for user akriveia
Apr  5 12:00:01 cls CRON[1415566]: pam_unix(cron:session): session closed for user akriveia
Apr  5 12:00:01 cls sshd[1415561]: pam_unix(sshd:auth): check pass; user unknown
Apr  5 12:00:01 cls sshd[1415561]: pam_unix(sshd:auth): authentication failure; logname= uid=0 euid=0 tty=ssh ruser= rhost=130.12.181.100 
Apr  5 12:00:02 cls sshd[1415585]: pam_unix(sshd:auth): authentication failure; logname= uid=0 euid=0 tty=ssh ruser= rhost=211.106.133.202  user=root
Apr  5 12:00:03 cls sshd[1415561]: Failed password for invalid user guo from 130.12.181.100 port 29452 ssh2
Apr  5 12:00:04 cls sshd[1415585]: Failed password for root from 211.106.133.202 port 36006 ssh2
Apr  5 12:00:04 cls sshd[1415585]: Received disconnect from 211.106.133.202 port 36006:11: Bye Bye [preauth]
Apr  5 12:00:04 cls sshd[1415585]: Disconnected from authenticating user root 211.106.133.202 port 36006 [preauth]
Apr  5 12:00:06 cls sshd[1415561]: Connection closed by invalid user guo 130.12.181.100 port 29452 [preauth]
Apr  5 12:00:17 cls sshd[1415587]: Invalid user skserver from 206.123.145.48 port 48496
Apr  5 12:00:17 cls sshd[1415589]: pam_unix(sshd:auth): authentication failure; logname= uid=0 euid=0 tty=ssh ruser= rhost=206.123.145.77  user=root
Apr  5 12:00:18 cls sshd[1415587]: pam_unix(sshd:auth): check pass; user unknown
Apr  5 12:00:18 cls sshd[1415587]: pam_unix(sshd:auth): authentication failure; logname= uid=0 euid=0 tty=ssh ruser= rhost=206.123.145.48 
Apr  5 12:00:20 cls sshd[1415589]: Failed password for root from 206.123.145.77 port 51850 ssh2
Apr  5 12:00:20 cls sshd[1415587]: Failed password for invalid user skserver from 206.123.145.48 port 48496 ssh2
Apr  5 12:00:23 cls sshd[1415587]: Connection closed by invalid user skserver 206.123.145.48 port 48496 [preauth]
Apr  5 12:00:24 cls sshd[1415589]: Connection closed by authenticating user root 206.123.145.77 port 51850 [preauth]
Apr  5 12:00:29 cls sshd[1415591]: Invalid user dyqd_app1 from 206.123.145.46 port 43080
Apr  5 12:00:29 cls sshd[1415591]: pam_unix(sshd:auth): check pass; user unknown
Apr  5 12:00:29 cls sshd[1415591]: pam_unix(sshd:auth): authentication failure; logname= uid=0 euid=0 tty=ssh ruser= rhost=206.123.145.46 
Apr  5 12:00:32 cls sshd[1415591]: Failed password for invalid user dyqd_app1 from 206.123.145.46 port 43080 ssh2
Apr  5 12:00:33 cls sshd[1415594]: Invalid user pygong from 206.123.145.52 port 60098
Apr  5 12:00:35 cls sshd[1415594]: pam_unix(sshd:auth): check pass; user unknown
Apr  5 12:00:35 cls sshd[1415594]: pam_unix(sshd:auth): authentication failure; logname= uid=0 euid=0 tty=ssh ruser= rhost=206.123.145.52 
Apr  5 12:00:37 cls sshd[1415594]: Failed password for invalid user pygong from 206.123.145.52 port 60098 ssh2
Apr  5 12:00:38 cls sshd[1415591]: Connection closed by invalid user dyqd_app1 206.123.145.46 port 43080 [preauth]
Apr  5 12:00:41 cls sshd[1415594]: Connection closed by invalid user pygong 206.123.145.52 port 60098 [preauth]
Apr  5 12:00:44 cls sshd[1415596]: Invalid user xqz from 130.12.181.98 port 40334
Apr  5 12:00:46 cls sshd[1415596]: pam_unix(sshd:auth): check pass; user unknown
Apr  5 12:00:46 cls sshd[1415596]: pam_unix(sshd:auth): authentication failure; logname= uid=0 euid=0 tty=ssh ruser= rhost=130.12.181.98 
Apr  5 12:00:48 cls sshd[1415596]: Failed password for invalid user xqz from 130.12.181.98 port 40334 ssh2
Apr  5 12:00:50 cls sshd[1415596]: Connection closed by invalid user xqz 130.12.181.98 port 40334 [preauth]
Apr  5 12:00:55 cls sshd[1415598]: Invalid user panfeng from 93.39.209.147 port 53754
Apr  5 12:00:55 cls sshd[1415598]: pam_unix(sshd:auth): check pass; user unknown
Apr  5 12:00:55 cls sshd[1415598]: pam_unix(sshd:auth): authentication failure; logname= uid=0 euid=0 tty=ssh ruser= rhost=93.39.209.147 
Apr  5 12:00:56 cls sshd[1415598]: Failed password for invalid user panfeng from 93.39.209.147 port 53754 ssh2
Apr  5 12:00:57 cls sshd[1415598]: Received disconnect from 93.39.209.147 port 53754:11: Bye Bye [preauth]
Apr  5 12:00:57 cls sshd[1415598]: Disconnected from invalid user panfeng 93.39.209.147 port 53754 [preauth]
Apr  5 12:01:15 cls sshd[1415600]: Invalid user bili from 206.123.145.20 port 51692
Apr  5 12:01:16 cls sshd[1415600]: pam_unix(sshd:auth): check pass; user unknown
Apr  5 12:01:16 cls sshd[1415600]: pam_unix(sshd:auth): authentication failure; logname= uid=0 euid=0 tty=ssh ruser= rhost=206.123.145.20 
Apr  5 12:01:18 cls sshd[1415600]: Failed password for invalid user bili from 206.123.145.20 port 51692 ssh2
Apr  5 12:01:21 cls sshd[1415600]: Connection closed by invalid user bili 206.123.145.20 port 51692 [preauth]
Apr  5 12:01:30 cls sshd[1415607]: Invalid user xiaopai from 130.12.181.103 port 7318
Apr  5 12:01:33 cls sshd[1415607]: pam_unix(sshd:auth): check pass; user unknown
Apr  5 12:01:33 cls sshd[1415607]: pam_unix(sshd:auth): authentication failure; logname= uid=0 euid=0 tty=ssh ruser= rhost=130.12.181.103 
Apr  5 12:01:34 cls sshd[1415607]: Failed password for invalid user xiaopai from 130.12.181.103 port 7318 ssh2
Apr  5 12:01:39 cls sshd[1415607]: Connection closed by invalid user xiaopai 130.12.181.103 port 7318 [preauth]
Apr  5 12:01:53 cls sshd[1415609]: Invalid user family from 206.123.145.53 port 41480
Apr  5 12:01:55 cls sshd[1415609]: pam_unix(sshd:auth): check pass; user unknown
Apr  5 12:01:55 cls sshd[1415609]: pam_unix(sshd:auth): authentication failure; logname= uid=0 euid=0 tty=ssh ruser= rhost=206.123.145.53 
Apr  5 12:01:57 cls sshd[1415609]: Failed password for invalid user family from 206.123.145.53 port 41480 ssh2
Apr  5 12:02:00 cls sshd[1415609]: Connection closed by invalid user family 206.123.145.53 port 41480 [preauth]
Apr  5 12:02:08 cls sshd[1415633]: Invalid user administrator from 146.190.79.63 port 56972
Apr  5 12:02:08 cls sshd[1415633]: pam_unix(sshd:auth): check pass; user unknown
Apr  5 12:02:08 cls sshd[1415633]: pam_unix(sshd:auth): authentication failure; logname= uid=0 euid=0 tty=ssh ruser= rhost=146.190.79.63 
Apr  5 12:02:09 cls sshd[1415633]: Failed password for invalid user administrator from 146.190.79.63 port 56972 ssh2
Apr  5 12:02:10 cls sshd[1415633]: Received disconnect from 146.190.79.63 port 56972:11: Bye Bye [preauth]
Apr  5 12:02:10 cls sshd[1415633]: Disconnected from invalid user administrator 146.190.79.63 port 56972 [preauth]
Apr  5 12:02:29 cls sshd[1415635]: Invalid user soutec from 206.123.145.57 port 17022
Apr  5 12:02:31 cls sshd[1415635]: pam_unix(sshd:auth): check pass; user unknown
Apr  5 12:02:31 cls sshd[1415635]: pam_unix(sshd:auth): authentication failure; logname= uid=0 euid=0 tty=ssh ruser= rhost=206.123.145.57 
Apr  5 12:02:33 cls sshd[1415635]: Failed password for invalid user soutec from 206.123.145.57 port 17022 ssh2
Apr  5 12:02:37 cls sshd[1415635]: Connection closed by invalid user soutec 206.123.145.57 port 17022 [preauth]
Apr  5 12:02:46 cls sshd[1415637]: Invalid user cbsr from 130.12.181.99 port 17468
Apr  5 12:02:47 cls sshd[1415638]: Invalid user wangyuheng from 130.12.181.108 port 30714
Apr  5 12:02:49 cls sshd[1415637]: pam_unix(sshd:auth): check pass; user unknown
Apr  5 12:02:49 cls sshd[1415637]: pam_unix(sshd:auth): authentication failure; logname= uid=0 euid=0 tty=ssh ruser= rhost=130.12.181.99 
Apr  5 12:02:50 cls sshd[1415638]: pam_unix(sshd:auth): check pass; user unknown
Apr  5 12:02:50 cls sshd[1415638]: pam_unix(sshd:auth): authentication failure; logname= uid=0 euid=0 tty=ssh ruser= rhost=130.12.181.108 
Apr  5 12:02:50 cls sshd[1415654]: pam_unix(sshd:auth): authentication failure; logname= uid=0 euid=0 tty=ssh ruser= rhost=93.39.209.147  user=root
Apr  5 12:02:51 cls sshd[1415637]: Failed password for invalid user cbsr from 130.12.181.99 port 17468 ssh2
Apr  5 12:02:52 cls sshd[1415638]: Failed password for invalid user wangyuheng from 130.12.181.108 port 30714 ssh2
Apr  5 12:02:52 cls sshd[1415654]: Failed password for root from 93.39.209.147 port 38566 ssh2
Apr  5 12:02:53 cls sshd[1415637]: Connection closed by invalid user cbsr 130.12.181.99 port 17468 [preauth]
Apr  5 12:02:53 cls sshd[1415654]: Received disconnect from 93.39.209.147 port 38566:11: Bye Bye [preauth]
Apr  5 12:02:53 cls sshd[1415654]: Disconnected from authenticating user root 93.39.209.147 port 38566 [preauth]
Apr  5 12:02:54 cls sshd[1415660]: pam_unix(sshd:auth): authentication failure; logname= uid=0 euid=0 tty=ssh ruser= rhost=211.106.133.202  user=root
Apr  5 12:02:55 cls sshd[1415638]: Connection closed by invalid user wangyuheng 130.12.181.108 port 30714 [preauth]
Apr  5 12:02:55 cls sshd[1415656]: Connection closed by 129.226.157.18 port 39054 [preauth]
Apr  5 12:02:56 cls sshd[1415660]: Failed password for root from 211.106.133.202 port 51490 ssh2
Apr  5 12:02:57 cls sshd[1415660]: Received disconnect from 211.106.133.202 port 51490:11: Bye Bye [preauth]
Apr  5 12:02:57 cls sshd[1415660]: Disconnected from authenticating user root 211.106.133.202 port 51490 [preauth]
Apr  5 12:03:18 cls sshd[1415678]: Invalid user kwl from 206.123.145.72 port 47894
Apr  5 12:03:20 cls sshd[1415682]: Invalid user ppp from 130.12.181.97 port 42260
Apr  5 12:03:20 cls sshd[1415678]: pam_unix(sshd:auth): check pass; user unknown
Apr  5 12:03:20 cls sshd[1415678]: pam_unix(sshd:auth): authentication failure; logname= uid=0 euid=0 tty=ssh ruser= rhost=206.123.145.72 
Apr  5 12:03:22 cls sshd[1415678]: Failed password for invalid user kwl from 206.123.145.72 port 47894 ssh2
Apr  5 12:03:22 cls sshd[1415682]: pam_unix(sshd:auth): check pass; user unknown
Apr  5 12:03:22 cls sshd[1415682]: pam_unix(sshd:auth): authentication failure; logname= uid=0 euid=0 tty=ssh ruser= rhost=130.12.181.97 
Apr  5 12:03:23 cls sshd[1415682]: Failed password for invalid user ppp from 130.12.181.97 port 42260 ssh2
Apr  5 12:03:25 cls sshd[1415678]: Connection closed by invalid user kwl 206.123.145.72 port 47894 [preauth]
Apr  5 12:03:26 cls sshd[1415682]: Connection closed by invalid user ppp 130.12.181.97 port 42260 [preauth]
Apr  5 12:03:34 cls sshd[1415696]: Invalid user wangmt from 206.123.145.54 port 47148
Apr  5 12:03:37 cls sshd[1415696]: pam_unix(sshd:auth): check pass; user unknown
Apr  5 12:03:37 cls sshd[1415696]: pam_unix(sshd:auth): authentication failure; logname= uid=0 euid=0 tty=ssh ruser= rhost=206.123.145.54 
Apr  5 12:03:38 cls sshd[1415696]: Failed password for invalid user wangmt from 206.123.145.54 port 47148 ssh2
Apr  5 12:03:41 cls sshd[1415696]: Connection closed by invalid user wangmt 206.123.145.54 port 47148 [preauth]
Apr  5 12:04:18 cls sshd[1415738]: Invalid user derick from 206.123.145.78 port 16076
Apr  5 12:04:21 cls sshd[1415738]: pam_unix(sshd:auth): check pass; user unknown
Apr  5 12:04:21 cls sshd[1415738]: pam_unix(sshd:auth): authentication failure; logname= uid=0 euid=0 tty=ssh ruser= rhost=206.123.145.78 
Apr  5 12:04:23 cls sshd[1415738]: Failed password for invalid user derick from 206.123.145.78 port 16076 ssh2
Apr  5 12:04:26 cls sshd[1415758]: Invalid user deploy from 146.190.79.63 port 36070
Apr  5 12:04:26 cls sshd[1415758]: pam_unix(sshd:auth): check pass; user unknown
Apr  5 12:04:26 cls sshd[1415758]: pam_unix(sshd:auth): authentication failure; logname= uid=0 euid=0 tty=ssh ruser= rhost=146.190.79.63 
Apr  5 12:04:27 cls sshd[1415738]: Connection closed by invalid user derick 206.123.145.78 port 16076 [preauth]
Apr  5 12:04:28 cls sshd[1415758]: Failed password for invalid user deploy from 146.190.79.63 port 36070 ssh2
Apr  5 12:04:29 cls sshd[1415758]: Received disconnect from 146.190.79.63 port 36070:11: Bye Bye [preauth]
Apr  5 12:04:29 cls sshd[1415758]: Disconnected from invalid user deploy 146.190.79.63 port 36070 [preauth]
Apr  5 12:04:29 cls sshd[1415754]: Invalid user king from 206.123.145.51 port 63828
Apr  5 12:04:32 cls sshd[1415754]: pam_unix(sshd:auth): check pass; user unknown
Apr  5 12:04:32 cls sshd[1415754]: pam_unix(sshd:auth): authentication failure; logname= uid=0 euid=0 tty=ssh ruser= rhost=206.123.145.51 
Apr  5 12:04:34 cls sshd[1415754]: Failed password for invalid user king from 206.123.145.51 port 63828 ssh2
Apr  5 12:04:37 cls sshd[1415754]: Connection closed by invalid user king 206.123.145.51 port 63828 [preauth]
Apr  5 12:04:53 cls sshd[1415783]: pam_unix(sshd:auth): authentication failure; logname= uid=0 euid=0 tty=ssh ruser= rhost=93.39.209.147  user=root
Apr  5 12:04:56 cls sshd[1415783]: Failed password for root from 93.39.209.147 port 51686 ssh2
Apr  5 12:04:56 cls sshd[1415783]: Received disconnect from 93.39.209.147 port 51686:11: Bye Bye [preauth]
Apr  5 12:04:56 cls sshd[1415783]: Disconnected from authenticating user root 93.39.209.147 port 51686 [preauth]
Apr  5 12:05:02 cls sshd[1415781]: pam_unix(sshd:auth): authentication failure; logname= uid=0 euid=0 tty=ssh ruser= rhost=130.12.181.102  user=root
Apr  5 12:05:04 cls sshd[1415781]: Failed password for root from 130.12.181.102 port 60160 ssh2
Apr  5 12:05:07 cls sshd[1415781]: Connection closed by authenticating user root 130.12.181.102 port 60160 [preauth]
Apr  5 12:05:21 cls sshd[1415788]: Invalid user hebmu from 206.123.145.56 port 58916
Apr  5 12:05:24 cls sshd[1415788]: pam_unix(sshd:auth): check pass; user unknown
Apr  5 12:05:24 cls sshd[1415788]: pam_unix(sshd:auth): authentication failure; logname= uid=0 euid=0 tty=ssh ruser= rhost=206.123.145.56 
Apr  5 12:05:26 cls sshd[1415788]: Failed password for invalid user hebmu from 206.123.145.56 port 58916 ssh2
Apr  5 12:05:29 cls sshd[1415788]: Connection closed by invalid user hebmu 206.123.145.56 port 58916 [preauth]
Apr  5 12:05:41 cls sshd[1415790]: Invalid user vpn from 129.226.157.18 port 53608
Apr  5 12:05:41 cls sshd[1415790]: pam_unix(sshd:auth): check pass; user unknown
Apr  5 12:05:41 cls sshd[1415790]: pam_unix(sshd:auth): authentication failure; logname= uid=0 euid=0 tty=ssh ruser= rhost=129.226.157.18 
Apr  5 12:05:42 cls sshd[1415790]: Failed password for invalid user vpn from 129.226.157.18 port 53608 ssh2
Apr  5 12:05:43 cls sshd[1415790]: Received disconnect from 129.226.157.18 port 53608:11: Bye Bye [preauth]
Apr  5 12:05:43 cls sshd[1415790]: Disconnected from invalid user vpn 129.226.157.18 port 53608 [preauth]
Apr  5 12:05:52 cls sshd[1415792]: Invalid user developer from 206.123.145.74 port 13498
Apr  5 12:05:55 cls sshd[1415792]: pam_unix(sshd:auth): check pass; user unknown
Apr  5 12:05:55 cls sshd[1415792]: pam_unix(sshd:auth): authentication failure; logname= uid=0 euid=0 tty=ssh ruser= rhost=206.123.145.74 
Apr  5 12:05:57 cls sshd[1415794]: Invalid user steam from 211.106.133.202 port 50690
Apr  5 12:05:57 cls sshd[1415794]: pam_unix(sshd:auth): check pass; user unknown
Apr  5 12:05:57 cls sshd[1415794]: pam_unix(sshd:auth): authentication failure; logname= uid=0 euid=0 tty=ssh ruser= rhost=211.106.133.202 
Apr  5 12:05:58 cls sshd[1415792]: Failed password for invalid user developer from 206.123.145.74 port 13498 ssh2
Apr  5 12:05:59 cls sshd[1415794]: Failed password for invalid user steam from 211.106.133.202 port 50690 ssh2
Apr  5 12:06:02 cls sshd[1415794]: Received disconnect from 211.106.133.202 port 50690:11: Bye Bye [preauth]
Apr  5 12:06:02 cls sshd[1415794]: Disconnected from invalid user steam 211.106.133.202 port 50690 [preauth]
Apr  5 12:06:02 cls sshd[1415792]: Connection closed by invalid user developer 206.123.145.74 port 13498 [preauth]
Apr  5 12:06:06 cls sshd[1415796]: Invalid user jz from 206.123.145.73 port 56034
Apr  5 12:06:08 cls sshd[1415796]: pam_unix(sshd:auth): check pass; user unknown
Apr  5 12:06:08 cls sshd[1415796]: pam_unix(sshd:auth): authentication failure; logname= uid=0 euid=0 tty=ssh ruser= rhost=206.123.145.73 
Apr  5 12:06:10 cls sshd[1415796]: Failed password for invalid user jz from 206.123.145.73 port 56034 ssh2
Apr  5 12:06:12 cls sshd[1415796]: Connection closed by invalid user jz 206.123.145.73 port 56034 [preauth]
Apr  5 12:06:18 cls sshd[1415798]: Invalid user sunshuo from 130.12.181.101 port 35286
Apr  5 12:06:20 cls sshd[1415798]: pam_unix(sshd:auth): check pass; user unknown
Apr  5 12:06:20 cls sshd[1415798]: pam_unix(sshd:auth): authentication failure; logname= uid=0 euid=0 tty=ssh ruser= rhost=130.12.181.101 
Apr  5 12:06:22 cls sshd[1415800]: Invalid user elastic from 206.123.145.76 port 63426
Apr  5 12:06:22 cls sshd[1415798]: Failed password for invalid user sunshuo from 130.12.181.101 port 35286 ssh2
Apr  5 12:06:23 cls sshd[1415800]: pam_unix(sshd:auth): check pass; user unknown
Apr  5 12:06:23 cls sshd[1415800]: pam_unix(sshd:auth): authentication failure; logname= uid=0 euid=0 tty=ssh ruser= rhost=206.123.145.76 
Apr  5 12:06:25 cls sshd[1415798]: Connection closed by invalid user sunshuo 130.12.181.101 port 35286 [preauth]
Apr  5 12:06:25 cls sshd[1415800]: Failed password for invalid user elastic from 206.123.145.76 port 63426 ssh2
Apr  5 12:06:28 cls sshd[1415800]: Connection closed by invalid user elastic 206.123.145.76 port 63426 [preauth]
Apr  5 12:06:52 cls sshd[1415805]: pam_unix(sshd:auth): authentication failure; logname= uid=0 euid=0 tty=ssh ruser= rhost=146.190.79.63  user=root
Apr  5 12:06:55 cls sshd[1415805]: Failed password for root from 146.190.79.63 port 52416 ssh2
Apr  5 12:06:55 cls sshd[1415805]: Received disconnect from 146.190.79.63 port 52416:11: Bye Bye [preauth]
Apr  5 12:06:55 cls sshd[1415805]: Disconnected from authenticating user root 146.190.79.63 port 52416 [preauth]
Apr  5 12:06:58 cls sshd[1415807]: pam_unix(sshd:auth): authentication failure; logname= uid=0 euid=0 tty=ssh ruser= rhost=93.39.209.147  user=root
Apr  5 12:07:00 cls sshd[1415807]: Failed password for root from 93.39.209.147 port 36500 ssh2
Apr  5 12:07:01 cls sshd[1415807]: Received disconnect from 93.39.209.147 port 36500:11: Bye Bye [preauth]
Apr  5 12:07:01 cls sshd[1415807]: Disconnected from authenticating user root 93.39.209.147 port 36500 [preauth]
Apr  5 12:07:06 cls sshd[1415808]: Invalid user misc from 130.12.181.106 port 2122
Apr  5 12:07:08 cls sshd[1415808]: pam_unix(sshd:auth): check pass; user unknown
Apr  5 12:07:08 cls sshd[1415808]: pam_unix(sshd:auth): authentication failure; logname= uid=0 euid=0 tty=ssh ruser= rhost=130.12.181.106 
Apr  5 12:07:09 cls sshd[1415811]: Invalid user vi from 206.123.145.55 port 3356
Apr  5 12:07:10 cls sshd[1415808]: Failed password for invalid user misc from 130.12.181.106 port 2122 ssh2
Apr  5 12:07:12 cls sshd[1415811]: pam_unix(sshd:auth): check pass; user unknown
Apr  5 12:07:12 cls sshd[1415811]: pam_unix(sshd:auth): authentication failure; logname= uid=0 euid=0 tty=ssh ruser= rhost=206.123.145.55 
Apr  5 12:07:13 cls sshd[1415808]: Connection closed by invalid user misc 130.12.181.106 port 2122 [preauth]
Apr  5 12:07:14 cls sshd[1415811]: Failed password for invalid user vi from 206.123.145.55 port 3356 ssh2
Apr  5 12:07:15 cls sshd[1415811]: Connection closed by invalid user vi 206.123.145.55 port 3356 [preauth]
Apr  5 12:07:22 cls sshd[1415813]: Invalid user nanopi from 130.12.181.109 port 3934
Apr  5 12:07:24 cls sshd[1415813]: pam_unix(sshd:auth): check pass; user unknown
Apr  5 12:07:24 cls sshd[1415813]: pam_unix(sshd:auth): authentication failure; logname= uid=0 euid=0 tty=ssh ruser= rhost=130.12.181.109 
Apr  5 12:07:26 cls sshd[1415813]: Failed password for invalid user nanopi from 130.12.181.109 port 3934 ssh2
Apr  5 12:07:29 cls sshd[1415815]: Invalid user cdb from 130.12.181.104 port 49784
Apr  5 12:07:29 cls sshd[1415813]: Connection closed by invalid user nanopi 130.12.181.109 port 3934 [preauth]
Apr  5 12:07:31 cls sshd[1415815]: pam_unix(sshd:auth): check pass; user unknown
Apr  5 12:07:31 cls sshd[1415815]: pam_unix(sshd:auth): authentication failure; logname= uid=0 euid=0 tty=ssh ruser= rhost=130.12.181.104 
Apr  5 12:07:33 cls sshd[1415815]: Failed password for invalid user cdb from 130.12.181.104 port 49784 ssh2
Apr  5 12:07:36 cls sshd[1415815]: Connection closed by invalid user cdb 130.12.181.104 port 49784 [preauth]
Apr  5 12:07:37 cls sshd[1415817]: Invalid user zhangnr from 206.123.145.75 port 22522
Apr  5 12:07:38 cls sshd[1415817]: pam_unix(sshd:auth): check pass; user unknown
Apr  5 12:07:38 cls sshd[1415817]: pam_unix(sshd:auth): authentication failure; logname= uid=0 euid=0 tty=ssh ruser= rhost=206.123.145.75 
Apr  5 12:07:39 cls sshd[1415817]: Failed password for invalid user zhangnr from 206.123.145.75 port 22522 ssh2
Apr  5 12:07:41 cls sshd[1415817]: Connection closed by invalid user zhangnr 206.123.145.75 port 22522 [preauth]
Apr  5 12:07:43 cls sshd[1415819]: Invalid user nnd from 130.12.181.98 port 14236
Apr  5 12:07:44 cls sshd[1415820]: Invalid user gitlab from 206.123.145.71 port 42940
Apr  5 12:07:45 cls sshd[1415819]: pam_unix(sshd:auth): check pass; user unknown
Apr  5 12:07:45 cls sshd[1415819]: pam_unix(sshd:auth): authentication failure; logname= uid=0 euid=0 tty=ssh ruser= rhost=130.12.181.98 
Apr  5 12:07:46 cls sshd[1415823]: Invalid user jiweidong from 206.123.145.79 port 45548
Apr  5 12:07:46 cls sshd[1415820]: pam_unix(sshd:auth): check pass; user unknown
Apr  5 12:07:46 cls sshd[1415820]: pam_unix(sshd:auth): authentication failure; logname= uid=0 euid=0 tty=ssh ruser= rhost=206.123.145.71 
Apr  5 12:07:46 cls sshd[1415823]: pam_unix(sshd:auth): check pass; user unknown
Apr  5 12:07:46 cls sshd[1415823]: pam_unix(sshd:auth): authentication failure; logname= uid=0 euid=0 tty=ssh ruser= rhost=206.123.145.79 
Apr  5 12:07:47 cls sshd[1415819]: Failed password for invalid user nnd from 130.12.181.98 port 14236 ssh2
Apr  5 12:07:48 cls sshd[1415820]: Failed password for invalid user gitlab from 206.123.145.71 port 42940 ssh2
Apr  5 12:07:48 cls sshd[1415823]: Failed password for invalid user jiweidong from 206.123.145.79 port 45548 ssh2
Apr  5 12:07:49 cls sshd[1415819]: Connection closed by invalid user nnd 130.12.181.98 port 14236 [preauth]
Apr  5 12:07:51 cls sshd[1415820]: Connection closed by invalid user gitlab 206.123.145.71 port 42940 [preauth]
Apr  5 12:07:52 cls sshd[1415823]: Connection closed by invalid user jiweidong 206.123.145.79 port 45548 [preauth]
Apr  5 12:07:54 cls sshd[1415826]: Invalid user bitrix from 130.12.181.107 port 45308
Apr  5 12:07:57 cls sshd[1415826]: pam_unix(sshd:auth): check pass; user unknown
Apr  5 12:07:57 cls sshd[1415826]: pam_unix(sshd:auth): authentication failure; logname= uid=0 euid=0 tty=ssh ruser= rhost=130.12.181.107 
Apr  5 12:07:58 cls sshd[1415826]: Failed password for invalid user bitrix from 130.12.181.107 port 45308 ssh2
Apr  5 12:08:01 cls sshd[1415826]: Connection closed by invalid user bitrix 130.12.181.107 port 45308 [preauth]
Apr  5 12:08:02 cls sshd[1415828]: Invalid user junjie from 206.123.145.49 port 62198
Apr  5 12:08:05 cls sshd[1415828]: pam_unix(sshd:auth): check pass; user unknown
Apr  5 12:08:05 cls sshd[1415828]: pam_unix(sshd:auth): authentication failure; logname= uid=0 euid=0 tty=ssh ruser= rhost=206.123.145.49 
Apr  5 12:08:06 cls sshd[1415828]: Failed password for invalid user junjie from 206.123.145.49 port 62198 ssh2
Apr  5 12:08:10 cls sshd[1415828]: Connection closed by invalid user junjie 206.123.145.49 port 62198 [preauth]
Apr  5 12:08:13 cls sshd[1415830]: Invalid user pix from 206.123.145.69 port 65192
Apr  5 12:08:15 cls sshd[1415830]: pam_unix(sshd:auth): check pass; user unknown
Apr  5 12:08:15 cls sshd[1415830]: pam_unix(sshd:auth): authentication failure; logname= uid=0 euid=0 tty=ssh ruser= rhost=206.123.145.69 
Apr  5 12:08:15 cls sshd[1415832]: Invalid user sxia from 206.123.145.50 port 34646
Apr  5 12:08:17 cls sshd[1415832]: pam_unix(sshd:auth): check pass; user unknown
Apr  5 12:08:17 cls sshd[1415832]: pam_unix(sshd:auth): authentication failure; logname= uid=0 euid=0 tty=ssh ruser= rhost=206.123.145.50 
Apr  5 12:08:17 cls sshd[1415830]: Failed password for invalid user pix from 206.123.145.69 port 65192 ssh2
Apr  5 12:08:19 cls sshd[1415832]: Failed password for invalid user sxia from 206.123.145.50 port 34646 ssh2
Apr  5 12:08:20 cls sshd[1415832]: Connection closed by invalid user sxia 206.123.145.50 port 34646 [preauth]
Apr  5 12:08:22 cls sshd[1415830]: Connection closed by invalid user pix 206.123.145.69 port 65192 [preauth]
Apr  5 12:08:39 cls sshd[1415834]: pam_unix(sshd:auth): authentication failure; logname= uid=0 euid=0 tty=ssh ruser= rhost=129.226.157.18  user=root
Apr  5 12:08:40 cls sshd[1415834]: Failed password for root from 129.226.157.18 port 39776 ssh2
Apr  5 12:08:41 cls sshd[1415834]: Received disconnect from 129.226.157.18 port 39776:11: Bye Bye [preauth]
Apr  5 12:08:41 cls sshd[1415834]: Disconnected from authenticating user root 129.226.157.18 port 39776 [preauth]
Apr  5 12:08:59 cls sshd[1415836]: Invalid user hhchung from 130.12.181.100 port 35978
Apr  5 12:09:00 cls sshd[1415840]: pam_unix(sshd:auth): authentication failure; logname= uid=0 euid=0 tty=ssh ruser= rhost=211.106.133.202  user=root
Apr  5 12:09:01 cls CRON[1415843]: pam_unix(cron:session): session opened for user root by (uid=0)
Apr  5 12:09:01 cls CRON[1415843]: pam_unix(cron:session): session closed for user root
Apr  5 12:09:02 cls sshd[1415836]: pam_unix(sshd:auth): check pass; user unknown
Apr  5 12:09:02 cls sshd[1415836]: pam_unix(sshd:auth): authentication failure; logname= uid=0 euid=0 tty=ssh ruser= rhost=130.12.181.100 
Apr  5 12:09:02 cls sshd[1415840]: Failed password for root from 211.106.133.202 port 37904 ssh2
Apr  5 12:09:02 cls sshd[1415840]: Received disconnect from 211.106.133.202 port 37904:11: Bye Bye [preauth]
Apr  5 12:09:02 cls sshd[1415840]: Disconnected from authenticating user root 211.106.133.202 port 37904 [preauth]
Apr  5 12:09:03 cls sshd[1415836]: Failed password for invalid user hhchung from 130.12.181.100 port 35978 ssh2
Apr  5 12:09:05 cls sshd[1415838]: Invalid user szx from 130.12.181.105 port 33170
Apr  5 12:09:06 cls sshd[1415964]: pam_unix(sshd:auth): authentication failure; logname= uid=0 euid=0 tty=ssh ruser= rhost=93.39.209.147  user=root
Apr  5 12:09:07 cls sshd[1415838]: pam_unix(sshd:auth): check pass; user unknown
Apr  5 12:09:07 cls sshd[1415838]: pam_unix(sshd:auth): authentication failure; logname= uid=0 euid=0 tty=ssh ruser= rhost=130.12.181.105 
Apr  5 12:09:07 cls sshd[1415836]: Connection closed by invalid user hhchung 130.12.181.100 port 35978 [preauth]
Apr  5 12:09:08 cls sshd[1415964]: Failed password for root from 93.39.209.147 port 49522 ssh2
Apr  5 12:09:09 cls sshd[1415838]: Failed password for invalid user szx from 130.12.181.105 port 33170 ssh2
Apr  5 12:09:09 cls sshd[1415964]: Received disconnect from 93.39.209.147 port 49522:11: Bye Bye [preauth]
Apr  5 12:09:09 cls sshd[1415964]: Disconnected from authenticating user root 93.39.209.147 port 49522 [preauth]
Apr  5 12:09:09 cls sshd[1415842]: Invalid user jonathon123 from 206.123.145.70 port 61122
Apr  5 12:09:10 cls sshd[1415845]: Invalid user xm from 206.123.145.48 port 46886
Apr  5 12:09:11 cls sshd[1415842]: pam_unix(sshd:auth): check pass; user unknown
Apr  5 12:09:11 cls sshd[1415842]: pam_unix(sshd:auth): authentication failure; logname= uid=0 euid=0 tty=ssh ruser= rhost=206.123.145.70 
Apr  5 12:09:12 cls sshd[1415845]: pam_unix(sshd:auth): check pass; user unknown
Apr  5 12:09:12 cls sshd[1415845]: pam_unix(sshd:auth): authentication failure; logname= uid=0 euid=0 tty=ssh ruser= rhost=206.123.145.48 
Apr  5 12:09:12 cls sshd[1415838]: Connection closed by invalid user szx 130.12.181.105 port 33170 [preauth]
Apr  5 12:09:13 cls sshd[1415842]: Failed password for invalid user jonathon123 from 206.123.145.70 port 61122 ssh2
Apr  5 12:09:14 cls sshd[1415845]: Failed password for invalid user xm from 206.123.145.48 port 46886 ssh2
Apr  5 12:09:15 cls sshd[1415968]: Invalid user joel from 146.190.79.63 port 45892
Apr  5 12:09:15 cls sshd[1415968]: pam_unix(sshd:auth): check pass; user unknown
Apr  5 12:09:15 cls sshd[1415968]: pam_unix(sshd:auth): authentication failure; logname= uid=0 euid=0 tty=ssh ruser= rhost=146.190.79.63 
Apr  5 12:09:15 cls sshd[1415842]: Connection closed by invalid user jonathon123 206.123.145.70 port 61122 [preauth]
Apr  5 12:09:16 cls sshd[1415968]: Failed password for invalid user joel from 146.190.79.63 port 45892 ssh2
Apr  5 12:09:17 cls sshd[1415968]: Received disconnect from 146.190.79.63 port 45892:11: Bye Bye [preauth]
Apr  5 12:09:17 cls sshd[1415968]: Disconnected from invalid user joel 146.190.79.63 port 45892 [preauth]
Apr  5 12:09:18 cls sshd[1415845]: Connection closed by invalid user xm 206.123.145.48 port 46886 [preauth]
Apr  5 12:09:23 cls sshd[1415970]: Invalid user lcy from 206.123.145.52 port 9456
Apr  5 12:09:25 cls sshd[1415970]: pam_unix(sshd:auth): check pass; user unknown
Apr  5 12:09:25 cls sshd[1415970]: pam_unix(sshd:auth): authentication failure; logname= uid=0 euid=0 tty=ssh ruser= rhost=206.123.145.52 
Apr  5 12:09:27 cls sshd[1415970]: Failed password for invalid user lcy from 206.123.145.52 port 9456 ssh2
Apr  5 12:09:30 cls sshd[1415970]: Connection closed by invalid user lcy 206.123.145.52 port 9456 [preauth]
Apr  5 12:09:37 cls sshd[1415972]: Invalid user ytliang from 206.123.145.77 port 35380
Apr  5 12:09:39 cls sshd[1415972]: pam_unix(sshd:auth): check pass; user unknown
Apr  5 12:09:39 cls sshd[1415972]: pam_unix(sshd:auth): authentication failure; logname= uid=0 euid=0 tty=ssh ruser= rhost=206.123.145.77 
Apr  5 12:09:40 cls sshd[1415972]: Failed password for invalid user ytliang from 206.123.145.77 port 35380 ssh2
Apr  5 12:09:44 cls sshd[1415972]: Connection closed by invalid user ytliang 206.123.145.77 port 35380 [preauth]
Apr  5 12:09:47 cls sshd[1415974]: Invalid user op from 206.123.145.46 port 35164
Apr  5 12:09:50 cls sshd[1415974]: pam_unix(sshd:auth): check pass; user unknown
Apr  5 12:09:50 cls sshd[1415974]: pam_unix(sshd:auth): authentication failure; logname= uid=0 euid=0 tty=ssh ruser= rhost=206.123.145.46 
Apr  5 12:09:51 cls sshd[1415974]: Failed password for invalid user op from 206.123.145.46 port 35164 ssh2
Apr  5 12:09:54 cls sshd[1415974]: Connection closed by invalid user op 206.123.145.46 port 35164 [preauth]
Apr  5 12:10:27 cls sshd[1415976]: Invalid user test from 206.123.145.20 port 6982
Apr  5 12:10:29 cls sshd[1415976]: pam_unix(sshd:auth): check pass; user unknown
Apr  5 12:10:29 cls sshd[1415976]: pam_unix(sshd:auth): authentication failure; logname= uid=0 euid=0 tty=ssh ruser= rhost=206.123.145.20 
Apr  5 12:10:31 cls sshd[1415976]: Failed password for invalid user test from 206.123.145.20 port 6982 ssh2
Apr  5 12:10:35 cls sshd[1415976]: Connection closed by invalid user test 206.123.145.20 port 6982 [preauth]
Apr  5 12:10:46 cls sshd[1415978]: Invalid user admin from 130.12.181.103 port 17908
Apr  5 12:10:48 cls sshd[1415978]: pam_unix(sshd:auth): check pass; user unknown
Apr  5 12:10:48 cls sshd[1415978]: pam_unix(sshd:auth): authentication failure; logname= uid=0 euid=0 tty=ssh ruser= rhost=130.12.181.103 
Apr  5 12:10:50 cls sshd[1415978]: Failed password for invalid user admin from 130.12.181.103 port 17908 ssh2
Apr  5 12:10:53 cls sshd[1415978]: Connection closed by invalid user admin 130.12.181.103 port 17908 [preauth]
Apr  5 12:11:04 cls sshd[1415982]: pam_unix(sshd:auth): authentication failure; logname= uid=0 euid=0 tty=ssh ruser= rhost=206.123.145.53  user=root
Apr  5 12:11:06 cls sshd[1415982]: Failed password for root from 206.123.145.53 port 5224 ssh2
Apr  5 12:11:08 cls sshd[1415982]: Connection closed by authenticating user root 206.123.145.53 port 5224 [preauth]
Apr  5 12:11:12 cls sshd[1415986]: Invalid user anil from 93.39.209.147 port 34400
Apr  5 12:11:12 cls sshd[1415986]: pam_unix(sshd:auth): check pass; user unknown
Apr  5 12:11:12 cls sshd[1415986]: pam_unix(sshd:auth): authentication failure; logname= uid=0 euid=0 tty=ssh ruser= rhost=93.39.209.147 
Apr  5 12:11:15 cls sshd[1415986]: Failed password for invalid user anil from 93.39.209.147 port 34400 ssh2
Apr  5 12:11:15 cls sshd[1415986]: Received disconnect from 93.39.209.147 port 34400:11: Bye Bye [preauth]
Apr  5 12:11:15 cls sshd[1415986]: Disconnected from invalid user anil 93.39.209.147 port 34400 [preauth]
Apr  5 12:11:34 cls sshd[1416008]: Invalid user wxt from 206.123.145.57 port 35648
Apr  5 12:11:38 cls sshd[1416008]: pam_unix(sshd:auth): check pass; user unknown
Apr  5 12:11:38 cls sshd[1416008]: pam_unix(sshd:auth): authentication failure; logname= uid=0 euid=0 tty=ssh ruser= rhost=206.123.145.57 
Apr  5 12:11:40 cls sshd[1416012]: Invalid user halts from 130.12.181.99 port 42788
Apr  5 12:11:40 cls sshd[1416008]: Failed password for invalid user wxt from 206.123.145.57 port 35648 ssh2
Apr  5 12:11:41 cls sshd[1416044]: Invalid user oracle from 129.226.157.18 port 37096
Apr  5 12:11:41 cls sshd[1416044]: pam_unix(sshd:auth): check pass; user unknown
Apr  5 12:11:41 cls sshd[1416044]: pam_unix(sshd:auth): authentication failure; logname= uid=0 euid=0 tty=ssh ruser= rhost=129.226.157.18 
Apr  5 12:11:42 cls sshd[1416012]: pam_unix(sshd:auth): check pass; user unknown
Apr  5 12:11:42 cls sshd[1416012]: pam_unix(sshd:auth): authentication failure; logname= uid=0 euid=0 tty=ssh ruser= rhost=130.12.181.99 
Apr  5 12:11:42 cls sshd[1416078]: Invalid user abc from 146.190.79.63 port 34482
Apr  5 12:11:42 cls sshd[1416078]: pam_unix(sshd:auth): check pass; user unknown
Apr  5 12:11:42 cls sshd[1416078]: pam_unix(sshd:auth): authentication failure; logname= uid=0 euid=0 tty=ssh ruser= rhost=146.190.79.63 
Apr  5 12:11:43 cls sshd[1416044]: Failed password for invalid user oracle from 129.226.157.18 port 37096 ssh2
Apr  5 12:11:43 cls sshd[1416044]: Received disconnect from 129.226.157.18 port 37096:11: Bye Bye [preauth]
Apr  5 12:11:43 cls sshd[1416044]: Disconnected from invalid user oracle 129.226.157.18 port 37096 [preauth]
Apr  5 12:11:44 cls sshd[1416012]: Failed password for invalid user halts from 130.12.181.99 port 42788 ssh2
Apr  5 12:11:44 cls sshd[1416078]: Failed password for invalid user abc from 146.190.79.63 port 34482 ssh2
Apr  5 12:11:45 cls sshd[1416078]: Received disconnect from 146.190.79.63 port 34482:11: Bye Bye [preauth]
Apr  5 12:11:45 cls sshd[1416078]: Disconnected from invalid user abc 146.190.79.63 port 34482 [preauth]
Apr  5 12:11:45 cls sshd[1416008]: Connection closed by invalid user wxt 206.123.145.57 port 35648 [preauth]
Apr  5 12:11:47 cls sshd[1416012]: Connection closed by invalid user halts 130.12.181.99 port 42788 [preauth]
Apr  5 12:11:50 cls sshd[1416092]: Invalid user odoo from 211.106.133.202 port 47422
Apr  5 12:11:50 cls sshd[1416092]: pam_unix(sshd:auth): check pass; user unknown
Apr  5 12:11:50 cls sshd[1416092]: pam_unix(sshd:auth): authentication failure; logname= uid=0 euid=0 tty=ssh ruser= rhost=211.106.133.202 
Apr  5 12:11:52 cls sshd[1416083]: Invalid user burninuser from 130.12.181.108 port 47456
Apr  5 12:11:52 cls sshd[1416092]: Failed password for invalid user odoo from 211.106.133.202 port 47422 ssh2
Apr  5 12:11:53 cls sshd[1416092]: Received disconnect from 211.106.133.202 port 47422:11: Bye Bye [preauth]
Apr  5 12:11:53 cls sshd[1416092]: Disconnected from invalid user odoo 211.106.133.202 port 47422 [preauth]
Apr  5 12:11:54 cls sshd[1416083]: pam_unix(sshd:auth): check pass; user unknown
Apr  5 12:11:54 cls sshd[1416083]: pam_unix(sshd:auth): authentication failure; logname= uid=0 euid=0 tty=ssh ruser= rhost=130.12.181.108 
Apr  5 12:11:56 cls sshd[1416083]: Failed password for invalid user burninuser from 130.12.181.108 port 47456 ssh2
Apr  5 12:11:59 cls sshd[1416083]: Connection closed by invalid user burninuser 130.12.181.108 port 47456 [preauth]
Apr  5 12:12:17 cls sshd[1416094]: Invalid user winccconnect from 130.12.181.97 port 8752
Apr  5 12:12:19 cls sshd[1416094]: pam_unix(sshd:auth): check pass; user unknown
Apr  5 12:12:19 cls sshd[1416094]: pam_unix(sshd:auth): authentication failure; logname= uid=0 euid=0 tty=ssh ruser= rhost=130.12.181.97 
Apr  5 12:12:22 cls sshd[1416094]: Failed password for invalid user winccconnect from 130.12.181.97 port 8752 ssh2
Apr  5 12:12:25 cls sshd[1416094]: Connection closed by invalid user winccconnect 130.12.181.97 port 8752 [preauth]
Apr  5 12:12:26 cls sshd[1416096]: Invalid user cpatino from 206.123.145.54 port 51792
Apr  5 12:12:29 cls sshd[1416096]: pam_unix(sshd:auth): check pass; user unknown
Apr  5 12:12:29 cls sshd[1416096]: pam_unix(sshd:auth): authentication failure; logname= uid=0 euid=0 tty=ssh ruser= rhost=206.123.145.54 
Apr  5 12:12:30 cls sshd[1416096]: Failed password for invalid user cpatino from 206.123.145.54 port 51792 ssh2
Apr  5 12:12:33 cls sshd[1416096]: Connection closed by invalid user cpatino 206.123.145.54 port 51792 [preauth]
Apr  5 12:12:57 cls sshd[1416099]: Invalid user sade from 206.123.145.72 port 31650
Apr  5 12:12:59 cls sshd[1416099]: pam_unix(sshd:auth): check pass; user unknown
Apr  5 12:12:59 cls sshd[1416099]: pam_unix(sshd:auth): authentication failure; logname= uid=0 euid=0 tty=ssh ruser= rhost=206.123.145.72 
Apr  5 12:13:01 cls sshd[1416099]: Failed password for invalid user sade from 206.123.145.72 port 31650 ssh2
Apr  5 12:13:04 cls sshd[1416099]: Connection closed by invalid user sade 206.123.145.72 port 31650 [preauth]
Apr  5 12:13:10 cls sshd[1416101]: Invalid user xuekaiwen from 206.123.145.78 port 49190
Apr  5 12:13:13 cls sshd[1416101]: pam_unix(sshd:auth): check pass; user unknown
Apr  5 12:13:13 cls sshd[1416101]: pam_unix(sshd:auth): authentication failure; logname= uid=0 euid=0 tty=ssh ruser= rhost=206.123.145.78 
Apr  5 12:13:15 cls sshd[1416101]: Failed password for invalid user xuekaiwen from 206.123.145.78 port 49190 ssh2
Apr  5 12:13:18 cls sshd[1416101]: Connection closed by invalid user xuekaiwen 206.123.145.78 port 49190 [preauth]
Apr  5 12:13:19 cls sshd[1416105]: Invalid user joel from 93.39.209.147 port 47412
Apr  5 12:13:19 cls sshd[1416105]: pam_unix(sshd:auth): check pass; user unknown
Apr  5 12:13:19 cls sshd[1416105]: pam_unix(sshd:auth): authentication failure; logname= uid=0 euid=0 tty=ssh ruser= rhost=93.39.209.147 
Apr  5 12:13:21 cls sshd[1416105]: Failed password for invalid user joel from 93.39.209.147 port 47412 ssh2
Apr  5 12:13:23 cls sshd[1416105]: Received disconnect from 93.39.209.147 port 47412:11: Bye Bye [preauth]
Apr  5 12:13:23 cls sshd[1416105]: Disconnected from invalid user joel 93.39.209.147 port 47412 [preauth]
Apr  5 12:13:37 cls sshd[1416110]: Invalid user lijinglun from 206.123.145.51 port 20382
Apr  5 12:13:39 cls sshd[1416110]: pam_unix(sshd:auth): check pass; user unknown
Apr  5 12:13:39 cls sshd[1416110]: pam_unix(sshd:auth): authentication failure; logname= uid=0 euid=0 tty=ssh ruser= rhost=206.123.145.51 
Apr  5 12:13:41 cls sshd[1416110]: Failed password for invalid user lijinglun from 206.123.145.51 port 20382 ssh2
Apr  5 12:13:43 cls sshd[1416110]: Connection closed by invalid user lijinglun 206.123.145.51 port 20382 [preauth]
Apr  5 12:13:56 cls sshd[1416112]: Invalid user ycorrea from 130.12.181.102 port 12148
Apr  5 12:13:59 cls sshd[1416112]: pam_unix(sshd:auth): check pass; user unknown
Apr  5 12:13:59 cls sshd[1416112]: pam_unix(sshd:auth): authentication failure; logname= uid=0 euid=0 tty=ssh ruser= rhost=130.12.181.102 
Apr  5 12:14:01 cls sshd[1416112]: Failed password for invalid user ycorrea from 130.12.181.102 port 12148 ssh2
Apr  5 12:14:04 cls sshd[1416112]: Connection closed by invalid user ycorrea 130.12.181.102 port 12148 [preauth]
Apr  5 12:14:05 cls sshd[1416114]: pam_unix(sshd:auth): authentication failure; logname= uid=0 euid=0 tty=ssh ruser= rhost=146.190.79.63  user=root
Apr  5 12:14:07 cls sshd[1416114]: Failed password for root from 146.190.79.63 port 56386 ssh2
Apr  5 12:14:08 cls sshd[1416114]: Received disconnect from 146.190.79.63 port 56386:11: Bye Bye [preauth]
Apr  5 12:14:08 cls sshd[1416114]: Disconnected from authenticating user root 146.190.79.63 port 56386 [preauth]
Apr  5 12:14:23 cls sshd[1416119]: pam_unix(sshd:auth): authentication failure; logname= uid=0 euid=0 tty=ssh ruser= rhost=152.32.191.75  user=root
Apr  5 12:14:25 cls sshd[1416119]: Failed password for root from 152.32.191.75 port 47614 ssh2
