Apr  5 06:33:05 cls sshd[1392938]: pam_unix(sshd:auth): authentication failure; logname= uid=0 euid=0 tty=ssh ruser= rhost=130.12.181.100 
Apr  5 06:33:06 cls sshd[1392937]: Connection closed by invalid user panh 206.123.145.77 port 11524 [preauth]
Apr  5 06:33:06 cls sshd[1392943]: pam_unix(sshd:auth): check pass; user unknown
Apr  5 06:33:06 cls sshd[1392943]: pam_unix(sshd:auth): authentication failure; logname= uid=0 euid=0 tty=ssh ruser= rhost=206.123.145.76 
Apr  5 06:33:07 cls sshd[1392938]: Failed password for invalid user duxiaopeng from 130.12.181.100 port 59044 ssh2
Apr  5 06:33:08 cls sshd[1392943]: Failed password for invalid user shengfei from 206.123.145.76 port 46874 ssh2
Apr  5 06:33:10 cls sshd[1392943]: Connection closed by invalid user shengfei 206.123.145.76 port 46874 [preauth]
Apr  5 06:33:12 cls sshd[1392950]: Invalid user echo from 206.123.145.78 port 50950
Apr  5 06:33:12 cls sshd[1392938]: Connection closed by invalid user duxiaopeng 130.12.181.100 port 59044 [preauth]
Apr  5 06:33:15 cls sshd[1392950]: pam_unix(sshd:auth): check pass; user unknown
Apr  5 06:33:15 cls sshd[1392950]: pam_unix(sshd:auth): authentication failure; logname= uid=0 euid=0 tty=ssh ruser= rhost=206.123.145.78 
Apr  5 06:33:18 cls sshd[1392950]: Failed password for invalid user echo from 206.123.145.78 port 50950 ssh2
Apr  5 06:33:22 cls sshd[1392950]: Connection closed by invalid user echo 206.123.145.78 port 50950 [preauth]
Apr  5 06:33:30 cls sshd[1392952]: pam_unix(sshd:auth): authentication failure; logname= uid=0 euid=0 tty=ssh ruser= rhost=130.12.181.103  user=root
Apr  5 06:33:31 cls sshd[1392953]: Invalid user oracle from 206.123.145.57 port 15912
Apr  5 06:33:31 cls sshd[1392952]: Failed password for root from 130.12.181.103 port 34864 ssh2
Apr  5 06:33:33 cls sshd[1392953]: pam_unix(sshd:auth): check pass; user unknown
Apr  5 06:33:33 cls sshd[1392953]: pam_unix(sshd:auth): authentication failure; logname= uid=0 euid=0 tty=ssh ruser= rhost=206.123.145.57 
Apr  5 06:33:35 cls sshd[1392952]: Connection closed by authenticating user root 130.12.181.103 port 34864 [preauth]
Apr  5 06:33:35 cls sshd[1392953]: Failed password for invalid user oracle from 206.123.145.57 port 15912 ssh2
Apr  5 06:33:39 cls sshd[1392953]: Connection closed by invalid user oracle 206.123.145.57 port 15912 [preauth]
Apr  5 06:33:39 cls sshd[1392958]: pam_unix(sshd:auth): authentication failure; logname= uid=0 euid=0 tty=ssh ruser= rhost=221.229.218.50  user=root
Apr  5 06:33:42 cls sshd[1392958]: Failed password for root from 221.229.218.50 port 60626 ssh2
Apr  5 06:33:42 cls sshd[1392958]: Received disconnect from 221.229.218.50 port 60626:11: Bye Bye [preauth]
Apr  5 06:33:42 cls sshd[1392958]: Disconnected from authenticating user root 221.229.218.50 port 60626 [preauth]
Apr  5 06:33:54 cls sshd[1392961]: Invalid user ljy from 82.64.38.234 port 36596
Apr  5 06:33:54 cls sshd[1392961]: pam_unix(sshd:auth): check pass; user unknown
Apr  5 06:33:54 cls sshd[1392961]: pam_unix(sshd:auth): authentication failure; logname= uid=0 euid=0 tty=ssh ruser= rhost=82.64.38.234 
Apr  5 06:33:56 cls sshd[1392961]: Failed password for invalid user ljy from 82.64.38.234 port 36596 ssh2
Apr  5 06:33:56 cls sshd[1392961]: Received disconnect from 82.64.38.234 port 36596:11: Bye Bye [preauth]
Apr  5 06:33:56 cls sshd[1392961]: Disconnected from invalid user ljy 82.64.38.234 port 36596 [preauth]
Apr  5 06:34:03 cls sshd[1392963]: Invalid user selfstrong from 130.12.181.107 port 7114
Apr  5 06:34:05 cls sshd[1392963]: pam_unix(sshd:auth): check pass; user unknown
Apr  5 06:34:05 cls sshd[1392963]: pam_unix(sshd:auth): authentication failure; logname= uid=0 euid=0 tty=ssh ruser= rhost=130.12.181.107 
Apr  5 06:34:07 cls sshd[1392963]: Failed password for invalid user selfstrong from 130.12.181.107 port 7114 ssh2
Apr  5 06:34:12 cls sshd[1392963]: Connection closed by invalid user selfstrong 130.12.181.107 port 7114 [preauth]
Apr  5 06:34:15 cls sshd[1392968]: Invalid user spotlight from 206.123.145.75 port 52668
Apr  5 06:34:17 cls sshd[1392968]: pam_unix(sshd:auth): check pass; user unknown
Apr  5 06:34:17 cls sshd[1392968]: pam_unix(sshd:auth): authentication failure; logname= uid=0 euid=0 tty=ssh ruser= rhost=206.123.145.75 
Apr  5 06:34:19 cls sshd[1392968]: Failed password for invalid user spotlight from 206.123.145.75 port 52668 ssh2
Apr  5 06:34:22 cls sshd[1392968]: Connection closed by invalid user spotlight 206.123.145.75 port 52668 [preauth]
Apr  5 06:34:36 cls sshd[1392970]: pam_unix(sshd:auth): authentication failure; logname= uid=0 euid=0 tty=ssh ruser= rhost=34.78.29.97  user=root
Apr  5 06:34:38 cls sshd[1392970]: Failed password for root from 34.78.29.97 port 52720 ssh2
Apr  5 06:34:39 cls sshd[1392970]: Received disconnect from 34.78.29.97 port 52720:11: Bye Bye [preauth]
Apr  5 06:34:39 cls sshd[1392970]: Disconnected from authenticating user root 34.78.29.97 port 52720 [preauth]
Apr  5 06:34:50 cls sshd[1392972]: Invalid user huangjianxiang from 206.123.145.74 port 21900
Apr  5 06:34:51 cls sshd[1392972]: pam_unix(sshd:auth): check pass; user unknown
Apr  5 06:34:51 cls sshd[1392972]: pam_unix(sshd:auth): authentication failure; logname= uid=0 euid=0 tty=ssh ruser= rhost=206.123.145.74 
Apr  5 06:34:54 cls sshd[1392972]: Failed password for invalid user huangjianxiang from 206.123.145.74 port 21900 ssh2
Apr  5 06:34:54 cls sshd[1392974]: Invalid user jzcrm000 from 130.12.181.108 port 1700
Apr  5 06:34:56 cls sshd[1392974]: pam_unix(sshd:auth): check pass; user unknown
Apr  5 06:34:56 cls sshd[1392974]: pam_unix(sshd:auth): authentication failure; logname= uid=0 euid=0 tty=ssh ruser= rhost=130.12.181.108 
Apr  5 06:34:57 cls sshd[1392974]: Failed password for invalid user jzcrm000 from 130.12.181.108 port 1700 ssh2
Apr  5 06:35:00 cls sshd[1392974]: Connection closed by invalid user jzcrm000 130.12.181.108 port 1700 [preauth]
Apr  5 06:35:01 cls sshd[1392972]: Connection closed by invalid user huangjianxiang 206.123.145.74 port 21900 [preauth]
Apr  5 06:35:03 cls sshd[1392978]: Invalid user testftp from 206.123.145.51 port 4730
Apr  5 06:35:05 cls sshd[1392978]: pam_unix(sshd:auth): check pass; user unknown
Apr  5 06:35:05 cls sshd[1392978]: pam_unix(sshd:auth): authentication failure; logname= uid=0 euid=0 tty=ssh ruser= rhost=206.123.145.51 
Apr  5 06:35:07 cls sshd[1392982]: pam_unix(sshd:auth): authentication failure; logname= uid=0 euid=0 tty=ssh ruser= rhost=187.45.95.66  user=root
Apr  5 06:35:07 cls sshd[1392978]: Failed password for invalid user testftp from 206.123.145.51 port 4730 ssh2
Apr  5 06:35:08 cls sshd[1392982]: Failed password for root from 187.45.95.66 port 2356 ssh2
Apr  5 06:35:10 cls sshd[1392982]: Received disconnect from 187.45.95.66 port 2356:11: Bye Bye [preauth]
Apr  5 06:35:10 cls sshd[1392982]: Disconnected from authenticating user root 187.45.95.66 port 2356 [preauth]
Apr  5 06:35:10 cls sshd[1392978]: Connection closed by invalid user testftp 206.123.145.51 port 4730 [preauth]
Apr  5 06:35:34 cls sshd[1392997]: Invalid user bijoy from 206.123.145.54 port 33932
Apr  5 06:35:35 cls sshd[1392997]: pam_unix(sshd:auth): check pass; user unknown
Apr  5 06:35:35 cls sshd[1392997]: pam_unix(sshd:auth): authentication failure; logname= uid=0 euid=0 tty=ssh ruser= rhost=206.123.145.54 
Apr  5 06:35:37 cls sshd[1392997]: Failed password for invalid user bijoy from 206.123.145.54 port 33932 ssh2
Apr  5 06:35:41 cls sshd[1392997]: Connection closed by invalid user bijoy 206.123.145.54 port 33932 [preauth]
Apr  5 06:35:41 cls sshd[1392999]: pam_unix(sshd:auth): authentication failure; logname= uid=0 euid=0 tty=ssh ruser= rhost=130.12.181.97  user=root
Apr  5 06:35:44 cls sshd[1392999]: Failed password for root from 130.12.181.97 port 60972 ssh2
Apr  5 06:35:46 cls sshd[1392999]: Connection closed by authenticating user root 130.12.181.97 port 60972 [preauth]
Apr  5 06:36:00 cls sshd[1393001]: pam_unix(sshd:auth): authentication failure; logname= uid=0 euid=0 tty=ssh ruser= rhost=206.123.145.56  user=root
Apr  5 06:36:02 cls sshd[1393001]: Failed password for root from 206.123.145.56 port 48908 ssh2
Apr  5 06:36:05 cls sshd[1393001]: Connection closed by authenticating user root 206.123.145.56 port 48908 [preauth]
Apr  5 06:36:07 cls sshd[1393007]: Invalid user mariadb from 82.64.38.234 port 36732
Apr  5 06:36:07 cls sshd[1393007]: pam_unix(sshd:auth): check pass; user unknown
Apr  5 06:36:07 cls sshd[1393007]: pam_unix(sshd:auth): authentication failure; logname= uid=0 euid=0 tty=ssh ruser= rhost=82.64.38.234 
Apr  5 06:36:08 cls sshd[1393007]: Failed password for invalid user mariadb from 82.64.38.234 port 36732 ssh2
Apr  5 06:36:08 cls sshd[1393007]: Received disconnect from 82.64.38.234 port 36732:11: Bye Bye [preauth]
Apr  5 06:36:08 cls sshd[1393007]: Disconnected from invalid user mariadb 82.64.38.234 port 36732 [preauth]
Apr  5 06:36:20 cls sshd[1393017]: Invalid user fox from 130.12.181.102 port 27840
Apr  5 06:36:23 cls sshd[1393017]: pam_unix(sshd:auth): check pass; user unknown
Apr  5 06:36:23 cls sshd[1393017]: pam_unix(sshd:auth): authentication failure; logname= uid=0 euid=0 tty=ssh ruser= rhost=130.12.181.102 
Apr  5 06:36:25 cls sshd[1393017]: Failed password for invalid user fox from 130.12.181.102 port 27840 ssh2
Apr  5 06:36:28 cls sshd[1393025]: Invalid user test from 34.78.29.97 port 43882
Apr  5 06:36:28 cls sshd[1393025]: pam_unix(sshd:auth): check pass; user unknown
Apr  5 06:36:28 cls sshd[1393025]: pam_unix(sshd:auth): authentication failure; logname= uid=0 euid=0 tty=ssh ruser= rhost=34.78.29.97 
Apr  5 06:36:30 cls sshd[1393017]: Connection closed by invalid user fox 130.12.181.102 port 27840 [preauth]
Apr  5 06:36:30 cls sshd[1393025]: Failed password for invalid user test from 34.78.29.97 port 43882 ssh2
Apr  5 06:36:32 cls sshd[1393025]: Received disconnect from 34.78.29.97 port 43882:11: Bye Bye [preauth]
Apr  5 06:36:32 cls sshd[1393025]: Disconnected from invalid user test 34.78.29.97 port 43882 [preauth]
Apr  5 06:36:43 cls sshd[1393030]: Invalid user haobowen from 206.123.145.72 port 54796
Apr  5 06:36:44 cls sshd[1393030]: pam_unix(sshd:auth): check pass; user unknown
Apr  5 06:36:44 cls sshd[1393030]: pam_unix(sshd:auth): authentication failure; logname= uid=0 euid=0 tty=ssh ruser= rhost=206.123.145.72 
Apr  5 06:36:47 cls sshd[1393030]: Failed password for invalid user haobowen from 206.123.145.72 port 54796 ssh2
Apr  5 06:36:50 cls sshd[1393030]: Connection closed by invalid user haobowen 206.123.145.72 port 54796 [preauth]
Apr  5 06:37:07 cls sshd[1393038]: pam_unix(sshd:auth): authentication failure; logname= uid=0 euid=0 tty=ssh ruser= rhost=116.135.67.93  user=root
Apr  5 06:37:09 cls sshd[1393038]: Failed password for root from 116.135.67.93 port 58180 ssh2
Apr  5 06:37:10 cls sshd[1393038]: Received disconnect from 116.135.67.93 port 58180:11: Bye Bye [preauth]
Apr  5 06:37:10 cls sshd[1393038]: Disconnected from authenticating user root 116.135.67.93 port 58180 [preauth]
Apr  5 06:37:32 cls sshd[1393050]: pam_unix(sshd:auth): authentication failure; logname= uid=0 euid=0 tty=ssh ruser= rhost=187.45.95.66  user=root
Apr  5 06:37:34 cls sshd[1393050]: Failed password for root from 187.45.95.66 port 30096 ssh2
Apr  5 06:37:35 cls sshd[1393050]: Received disconnect from 187.45.95.66 port 30096:11: Bye Bye [preauth]
Apr  5 06:37:35 cls sshd[1393050]: Disconnected from authenticating user root 187.45.95.66 port 30096 [preauth]
Apr  5 06:37:55 cls sshd[1393052]: Invalid user admin from 181.23.114.57 port 50633
Apr  5 06:37:55 cls sshd[1393052]: pam_unix(sshd:auth): check pass; user unknown
Apr  5 06:37:55 cls sshd[1393052]: pam_unix(sshd:auth): authentication failure; logname= uid=0 euid=0 tty=ssh ruser= rhost=181.23.114.57 
Apr  5 06:37:57 cls sshd[1393052]: Failed password for invalid user admin from 181.23.114.57 port 50633 ssh2
Apr  5 06:37:59 cls sshd[1393052]: Received disconnect from 181.23.114.57 port 50633:11: Bye Bye [preauth]
Apr  5 06:37:59 cls sshd[1393052]: Disconnected from invalid user admin 181.23.114.57 port 50633 [preauth]
Apr  5 06:38:10 cls sshd[1393054]: Invalid user wiblum from 206.123.145.55 port 31158
Apr  5 06:38:11 cls sshd[1393054]: pam_unix(sshd:auth): check pass; user unknown
Apr  5 06:38:11 cls sshd[1393054]: pam_unix(sshd:auth): authentication failure; logname= uid=0 euid=0 tty=ssh ruser= rhost=206.123.145.55 
Apr  5 06:38:14 cls sshd[1393054]: Failed password for invalid user wiblum from 206.123.145.55 port 31158 ssh2
Apr  5 06:38:15 cls sshd[1393073]: pam_unix(sshd:auth): authentication failure; logname= uid=0 euid=0 tty=ssh ruser= rhost=82.64.38.234  user=root
Apr  5 06:38:17 cls sshd[1393054]: Connection closed by invalid user wiblum 206.123.145.55 port 31158 [preauth]
Apr  5 06:38:17 cls sshd[1393073]: Failed password for root from 82.64.38.234 port 37802 ssh2
Apr  5 06:38:18 cls sshd[1393073]: Received disconnect from 82.64.38.234 port 37802:11: Bye Bye [preauth]
Apr  5 06:38:18 cls sshd[1393073]: Disconnected from authenticating user root 82.64.38.234 port 37802 [preauth]
Apr  5 06:38:19 cls sshd[1393077]: pam_unix(sshd:auth): authentication failure; logname= uid=0 euid=0 tty=ssh ruser= rhost=34.78.29.97  user=root
Apr  5 06:38:21 cls sshd[1393077]: Failed password for root from 34.78.29.97 port 39734 ssh2
Apr  5 06:38:21 cls sshd[1393077]: Received disconnect from 34.78.29.97 port 39734:11: Bye Bye [preauth]
Apr  5 06:38:21 cls sshd[1393077]: Disconnected from authenticating user root 34.78.29.97 port 39734 [preauth]
Apr  5 06:38:25 cls sshd[1393075]: Invalid user dbuser from 206.123.145.70 port 42590
Apr  5 06:38:27 cls sshd[1393075]: pam_unix(sshd:auth): check pass; user unknown
Apr  5 06:38:27 cls sshd[1393075]: pam_unix(sshd:auth): authentication failure; logname= uid=0 euid=0 tty=ssh ruser= rhost=206.123.145.70 
Apr  5 06:38:29 cls sshd[1393075]: Failed password for invalid user dbuser from 206.123.145.70 port 42590 ssh2
Apr  5 06:38:31 cls sshd[1393079]: pam_unix(sshd:auth): authentication failure; logname= uid=0 euid=0 tty=ssh ruser= rhost=130.12.181.104  user=root
Apr  5 06:38:32 cls sshd[1393075]: Connection closed by invalid user dbuser 206.123.145.70 port 42590 [preauth]
Apr  5 06:38:33 cls sshd[1393079]: Failed password for root from 130.12.181.104 port 64808 ssh2
Apr  5 06:38:37 cls sshd[1393079]: Connection closed by authenticating user root 130.12.181.104 port 64808 [preauth]
Apr  5 06:38:53 cls sshd[1393082]: Invalid user joomla from 130.12.181.99 port 32578
Apr  5 06:38:55 cls sshd[1393082]: pam_unix(sshd:auth): check pass; user unknown
Apr  5 06:38:55 cls sshd[1393082]: pam_unix(sshd:auth): authentication failure; logname= uid=0 euid=0 tty=ssh ruser= rhost=130.12.181.99 
Apr  5 06:38:57 cls sshd[1393082]: Failed password for invalid user joomla from 130.12.181.99 port 32578 ssh2
Apr  5 06:39:00 cls sshd[1393082]: Connection closed by invalid user joomla 130.12.181.99 port 32578 [preauth]
Apr  5 06:39:01 cls CRON[1393468]: pam_unix(cron:session): session opened for user root by (uid=0)
Apr  5 06:39:01 cls CRON[1393468]: pam_unix(cron:session): session closed for user root
Apr  5 06:39:19 cls sshd[1393482]: Invalid user ql from 206.123.145.20 port 59312
Apr  5 06:39:21 cls sshd[1393482]: pam_unix(sshd:auth): check pass; user unknown
Apr  5 06:39:21 cls sshd[1393482]: pam_unix(sshd:auth): authentication failure; logname= uid=0 euid=0 tty=ssh ruser= rhost=206.123.145.20 
Apr  5 06:39:23 cls sshd[1393482]: Failed password for invalid user ql from 206.123.145.20 port 59312 ssh2
Apr  5 06:39:27 cls sshd[1393482]: Connection closed by invalid user ql 206.123.145.20 port 59312 [preauth]
Apr  5 06:39:33 cls sshd[1393490]: Invalid user zhengyujia from 206.123.145.79 port 61404
Apr  5 06:39:35 cls sshd[1393498]: Invalid user admin from 130.12.181.98 port 59082
Apr  5 06:39:36 cls sshd[1393490]: pam_unix(sshd:auth): check pass; user unknown
Apr  5 06:39:36 cls sshd[1393490]: pam_unix(sshd:auth): authentication failure; logname= uid=0 euid=0 tty=ssh ruser= rhost=206.123.145.79 
Apr  5 06:39:37 cls sshd[1393498]: pam_unix(sshd:auth): check pass; user unknown
Apr  5 06:39:37 cls sshd[1393498]: pam_unix(sshd:auth): authentication failure; logname= uid=0 euid=0 tty=ssh ruser= rhost=130.12.181.98 
Apr  5 06:39:37 cls sshd[1393504]: Invalid user wildfly from 206.123.145.69 port 51140
Apr  5 06:39:39 cls sshd[1393498]: Failed password for invalid user admin from 130.12.181.98 port 59082 ssh2
Apr  5 06:39:39 cls sshd[1393490]: Failed password for invalid user zhengyujia from 206.123.145.79 port 61404 ssh2
Apr  5 06:39:40 cls sshd[1393504]: pam_unix(sshd:auth): check pass; user unknown
Apr  5 06:39:40 cls sshd[1393504]: pam_unix(sshd:auth): authentication failure; logname= uid=0 euid=0 tty=ssh ruser= rhost=206.123.145.69 
Apr  5 06:39:40 cls sshd[1393490]: Connection closed by invalid user zhengyujia 206.123.145.79 port 61404 [preauth]
Apr  5 06:39:42 cls sshd[1393498]: Connection closed by invalid user admin 130.12.181.98 port 59082 [preauth]
Apr  5 06:39:42 cls sshd[1393504]: Failed password for invalid user wildfly from 206.123.145.69 port 51140 ssh2
Apr  5 06:39:46 cls sshd[1393504]: Connection closed by invalid user wildfly 206.123.145.69 port 51140 [preauth]
Apr  5 06:39:48 cls sshd[1393522]: Invalid user user7 from 116.135.67.93 port 36452
Apr  5 06:39:48 cls sshd[1393522]: pam_unix(sshd:auth): check pass; user unknown
Apr  5 06:39:48 cls sshd[1393522]: pam_unix(sshd:auth): authentication failure; logname= uid=0 euid=0 tty=ssh ruser= rhost=116.135.67.93 
Apr  5 06:39:50 cls sshd[1393522]: Failed password for invalid user user7 from 116.135.67.93 port 36452 ssh2
Apr  5 06:39:50 cls sshd[1393522]: Received disconnect from 116.135.67.93 port 36452:11: Bye Bye [preauth]
Apr  5 06:39:50 cls sshd[1393522]: Disconnected from invalid user user7 116.135.67.93 port 36452 [preauth]
Apr  5 06:39:52 cls sshd[1393529]: pam_unix(sshd:auth): authentication failure; logname= uid=0 euid=0 tty=ssh ruser= rhost=187.45.95.66  user=root
Apr  5 06:39:54 cls sshd[1393529]: Failed password for root from 187.45.95.66 port 42817 ssh2
Apr  5 06:39:55 cls sshd[1393529]: Received disconnect from 187.45.95.66 port 42817:11: Bye Bye [preauth]
Apr  5 06:39:55 cls sshd[1393529]: Disconnected from authenticating user root 187.45.95.66 port 42817 [preauth]
Apr  5 06:39:57 cls sshd[1393518]: Invalid user zzs from 206.123.145.50 port 58334
Apr  5 06:39:58 cls sshd[1393528]: Invalid user bitrix from 130.12.181.105 port 61718
Apr  5 06:40:00 cls sshd[1393518]: pam_unix(sshd:auth): check pass; user unknown
Apr  5 06:40:00 cls sshd[1393518]: pam_unix(sshd:auth): authentication failure; logname= uid=0 euid=0 tty=ssh ruser= rhost=206.123.145.50 
Apr  5 06:40:00 cls sshd[1393528]: pam_unix(sshd:auth): check pass; user unknown
Apr  5 06:40:00 cls sshd[1393528]: pam_unix(sshd:auth): authentication failure; logname= uid=0 euid=0 tty=ssh ruser= rhost=130.12.181.105 
Apr  5 06:40:02 cls sshd[1393518]: Failed password for invalid user zzs from 206.123.145.50 port 58334 ssh2
Apr  5 06:40:02 cls sshd[1393528]: Failed password for invalid user bitrix from 130.12.181.105 port 61718 ssh2
Apr  5 06:40:06 cls sshd[1393528]: Connection closed by invalid user bitrix 130.12.181.105 port 61718 [preauth]
Apr  5 06:40:07 cls sshd[1393518]: Connection closed by invalid user zzs 206.123.145.50 port 58334 [preauth]
Apr  5 06:40:08 cls sshd[1393547]: Invalid user toor from 130.12.181.101 port 30800
Apr  5 06:40:11 cls sshd[1393547]: pam_unix(sshd:auth): check pass; user unknown
Apr  5 06:40:11 cls sshd[1393547]: pam_unix(sshd:auth): authentication failure; logname= uid=0 euid=0 tty=ssh ruser= rhost=130.12.181.101 
Apr  5 06:40:13 cls sshd[1393547]: Failed password for invalid user toor from 130.12.181.101 port 30800 ssh2
Apr  5 06:40:16 cls sshd[1393551]: Invalid user lyy from 206.123.145.49 port 25474
Apr  5 06:40:16 cls sshd[1393547]: Connection closed by invalid user toor 130.12.181.101 port 30800 [preauth]
Apr  5 06:40:18 cls sshd[1393553]: Invalid user admin from 61.151.249.194 port 33590
Apr  5 06:40:18 cls sshd[1393553]: pam_unix(sshd:auth): check pass; user unknown
Apr  5 06:40:18 cls sshd[1393553]: pam_unix(sshd:auth): authentication failure; logname= uid=0 euid=0 tty=ssh ruser= rhost=61.151.249.194 
Apr  5 06:40:18 cls sshd[1393551]: pam_unix(sshd:auth): check pass; user unknown
Apr  5 06:40:18 cls sshd[1393551]: pam_unix(sshd:auth): authentication failure; logname= uid=0 euid=0 tty=ssh ruser= rhost=206.123.145.49 
Apr  5 06:40:20 cls sshd[1393553]: Failed password for invalid user admin from 61.151.249.194 port 33590 ssh2
Apr  5 06:40:21 cls sshd[1393551]: Failed password for invalid user lyy from 206.123.145.49 port 25474 ssh2
Apr  5 06:40:21 cls sshd[1393553]: Received disconnect from 61.151.249.194 port 33590:11: Bye Bye [preauth]
Apr  5 06:40:21 cls sshd[1393553]: Disconnected from invalid user admin 61.151.249.194 port 33590 [preauth]
Apr  5 06:40:23 cls sshd[1393551]: Connection closed by invalid user lyy 206.123.145.49 port 25474 [preauth]
Apr  5 06:40:26 cls sshd[1393557]: Invalid user ftpuser from 82.64.38.234 port 53418
Apr  5 06:40:26 cls sshd[1393557]: pam_unix(sshd:auth): check pass; user unknown
Apr  5 06:40:26 cls sshd[1393557]: pam_unix(sshd:auth): authentication failure; logname= uid=0 euid=0 tty=ssh ruser= rhost=82.64.38.234 
Apr  5 06:40:28 cls sshd[1393557]: Failed password for invalid user ftpuser from 82.64.38.234 port 53418 ssh2
Apr  5 06:40:30 cls sshd[1393557]: Received disconnect from 82.64.38.234 port 53418:11: Bye Bye [preauth]
Apr  5 06:40:30 cls sshd[1393557]: Disconnected from invalid user ftpuser 82.64.38.234 port 53418 [preauth]
Apr  5 06:40:33 cls sshd[1393555]: Invalid user qingjie from 130.12.181.106 port 53324
Apr  5 06:40:35 cls sshd[1393555]: pam_unix(sshd:auth): check pass; user unknown
Apr  5 06:40:35 cls sshd[1393555]: pam_unix(sshd:auth): authentication failure; logname= uid=0 euid=0 tty=ssh ruser= rhost=130.12.181.106 
Apr  5 06:40:37 cls sshd[1393555]: Failed password for invalid user qingjie from 130.12.181.106 port 53324 ssh2
Apr  5 06:40:41 cls sshd[1393555]: Connection closed by invalid user qingjie 130.12.181.106 port 53324 [preauth]
Apr  5 06:40:46 cls sshd[1393562]: pam_unix(sshd:auth): authentication failure; logname= uid=0 euid=0 tty=ssh ruser= rhost=206.123.145.52  user=root
Apr  5 06:40:48 cls sshd[1393562]: Failed password for root from 206.123.145.52 port 2588 ssh2
Apr  5 06:40:51 cls sshd[1393562]: Connection closed by authenticating user root 206.123.145.52 port 2588 [preauth]
Apr  5 06:40:53 cls sshd[1393564]: pam_unix(sshd:auth): authentication failure; logname= uid=0 euid=0 tty=ssh ruser= rhost=130.12.181.109  user=root
Apr  5 06:40:55 cls sshd[1393564]: Failed password for root from 130.12.181.109 port 22064 ssh2
Apr  5 06:40:57 cls sshd[1393564]: Connection closed by authenticating user root 130.12.181.109 port 22064 [preauth]
Apr  5 06:41:04 cls sshd[1393568]: Invalid user jongjit from 206.123.145.46 port 58280
Apr  5 06:41:06 cls sshd[1393568]: pam_unix(sshd:auth): check pass; user unknown
Apr  5 06:41:06 cls sshd[1393568]: pam_unix(sshd:auth): authentication failure; logname= uid=0 euid=0 tty=ssh ruser= rhost=206.123.145.46 
Apr  5 06:41:08 cls sshd[1393568]: Failed password for invalid user jongjit from 206.123.145.46 port 58280 ssh2
Apr  5 06:41:12 cls sshd[1393576]: pam_unix(sshd:auth): authentication failure; logname= uid=0 euid=0 tty=ssh ruser= rhost=206.123.145.73  user=root
Apr  5 06:41:12 cls sshd[1393568]: Connection closed by invalid user jongjit 206.123.145.46 port 58280 [preauth]
Apr  5 06:41:14 cls sshd[1393576]: Failed password for root from 206.123.145.73 port 9678 ssh2
Apr  5 06:41:17 cls sshd[1393576]: Connection closed by authenticating user root 206.123.145.73 port 9678 [preauth]
Apr  5 06:41:42 cls sshd[1393626]: Invalid user zpn from 206.123.145.53 port 51758
Apr  5 06:41:46 cls sshd[1393626]: pam_unix(sshd:auth): check pass; user unknown
Apr  5 06:41:46 cls sshd[1393626]: pam_unix(sshd:auth): authentication failure; logname= uid=0 euid=0 tty=ssh ruser= rhost=206.123.145.53 
Apr  5 06:41:47 cls sshd[1393626]: Failed password for invalid user zpn from 206.123.145.53 port 51758 ssh2
Apr  5 06:41:53 cls sshd[1393626]: Connection closed by invalid user zpn 206.123.145.53 port 51758 [preauth]
Apr  5 06:41:55 cls sshd[1393628]: Invalid user Que from 206.123.145.48 port 38416
Apr  5 06:41:56 cls sshd[1393628]: pam_unix(sshd:auth): check pass; user unknown
Apr  5 06:41:56 cls sshd[1393628]: pam_unix(sshd:auth): authentication failure; logname= uid=0 euid=0 tty=ssh ruser= rhost=206.123.145.48 
Apr  5 06:41:58 cls sshd[1393628]: Failed password for invalid user Que from 206.123.145.48 port 38416 ssh2
Apr  5 06:42:02 cls sshd[1393628]: Connection closed by invalid user Que 206.123.145.48 port 38416 [preauth]
Apr  5 06:42:09 cls sshd[1393644]: Invalid user zc from 130.12.181.100 port 18646
Apr  5 06:42:11 cls sshd[1393644]: pam_unix(sshd:auth): check pass; user unknown
Apr  5 06:42:11 cls sshd[1393644]: pam_unix(sshd:auth): authentication failure; logname= uid=0 euid=0 tty=ssh ruser= rhost=130.12.181.100 
Apr  5 06:42:13 cls sshd[1393644]: Failed password for invalid user zc from 130.12.181.100 port 18646 ssh2
Apr  5 06:42:15 cls sshd[1393660]: Invalid user kafka from 187.45.95.66 port 11019
Apr  5 06:42:15 cls sshd[1393660]: pam_unix(sshd:auth): check pass; user unknown
Apr  5 06:42:15 cls sshd[1393660]: pam_unix(sshd:auth): authentication failure; logname= uid=0 euid=0 tty=ssh ruser= rhost=187.45.95.66 
Apr  5 06:42:16 cls sshd[1393644]: Connection closed by invalid user zc 130.12.181.100 port 18646 [preauth]
Apr  5 06:42:17 cls sshd[1393660]: Failed password for invalid user kafka from 187.45.95.66 port 11019 ssh2
Apr  5 06:42:19 cls sshd[1393660]: Received disconnect from 187.45.95.66 port 11019:11: Bye Bye [preauth]
Apr  5 06:42:19 cls sshd[1393660]: Disconnected from invalid user kafka 187.45.95.66 port 11019 [preauth]
Apr  5 06:42:31 cls sshd[1393684]: Invalid user user from 82.64.38.234 port 36672
Apr  5 06:42:31 cls sshd[1393684]: pam_unix(sshd:auth): check pass; user unknown
Apr  5 06:42:31 cls sshd[1393684]: pam_unix(sshd:auth): authentication failure; logname= uid=0 euid=0 tty=ssh ruser= rhost=82.64.38.234 
Apr  5 06:42:32 cls sshd[1393684]: Failed password for invalid user user from 82.64.38.234 port 36672 ssh2
Apr  5 06:42:32 cls sshd[1393684]: Received disconnect from 82.64.38.234 port 36672:11: Bye Bye [preauth]
Apr  5 06:42:32 cls sshd[1393684]: Disconnected from invalid user user 82.64.38.234 port 36672 [preauth]
Apr  5 06:42:37 cls sshd[1393668]: Invalid user ridex from 130.12.181.103 port 31634
Apr  5 06:42:39 cls sshd[1393668]: pam_unix(sshd:auth): check pass; user unknown
Apr  5 06:42:39 cls sshd[1393668]: pam_unix(sshd:auth): authentication failure; logname= uid=0 euid=0 tty=ssh ruser= rhost=130.12.181.103 
Apr  5 06:42:41 cls sshd[1393668]: Failed password for invalid user ridex from 130.12.181.103 port 31634 ssh2
Apr  5 06:42:42 cls sshd[1393673]: Invalid user guolei from 206.123.145.71 port 55256
Apr  5 06:42:42 cls sshd[1393673]: pam_unix(sshd:auth): check pass; user unknown
Apr  5 06:42:42 cls sshd[1393673]: pam_unix(sshd:auth): authentication failure; logname= uid=0 euid=0 tty=ssh ruser= rhost=206.123.145.71 
Apr  5 06:42:44 cls sshd[1393673]: Failed password for invalid user guolei from 206.123.145.71 port 55256 ssh2
Apr  5 06:42:44 cls sshd[1393668]: Connection closed by invalid user ridex 130.12.181.103 port 31634 [preauth]
Apr  5 06:42:46 cls sshd[1393728]: pam_unix(sshd:auth): authentication failure; logname= uid=0 euid=0 tty=ssh ruser= rhost=181.23.114.57  user=root
Apr  5 06:42:47 cls sshd[1393673]: Connection closed by invalid user guolei 206.123.145.71 port 55256 [preauth]
Apr  5 06:42:48 cls sshd[1393728]: Failed password for root from 181.23.114.57 port 59139 ssh2
Apr  5 06:42:50 cls sshd[1393728]: Received disconnect from 181.23.114.57 port 59139:11: Bye Bye [preauth]
Apr  5 06:42:50 cls sshd[1393728]: Disconnected from authenticating user root 181.23.114.57 port 59139 [preauth]
Apr  5 06:42:56 cls sshd[1393731]: Invalid user casia from 206.123.145.76 port 38674
Apr  5 06:42:57 cls sshd[1393730]: Invalid user ftptest from 206.123.145.78 port 39666
Apr  5 06:42:57 cls sshd[1393731]: pam_unix(sshd:auth): check pass; user unknown
Apr  5 06:42:57 cls sshd[1393731]: pam_unix(sshd:auth): authentication failure; logname= uid=0 euid=0 tty=ssh ruser= rhost=206.123.145.76 
Apr  5 06:42:59 cls sshd[1393730]: pam_unix(sshd:auth): check pass; user unknown
Apr  5 06:42:59 cls sshd[1393730]: pam_unix(sshd:auth): authentication failure; logname= uid=0 euid=0 tty=ssh ruser= rhost=206.123.145.78 
Apr  5 06:43:00 cls sshd[1393731]: Failed password for invalid user casia from 206.123.145.76 port 38674 ssh2
Apr  5 06:43:02 cls sshd[1393730]: Failed password for invalid user ftptest from 206.123.145.78 port 39666 ssh2
Apr  5 06:43:04 cls sshd[1393731]: Connection closed by invalid user casia 206.123.145.76 port 38674 [preauth]
Apr  5 06:43:04 cls sshd[1393730]: Connection closed by invalid user ftptest 206.123.145.78 port 39666 [preauth]
Apr  5 06:43:06 cls sshd[1393734]: Invalid user fytang from 130.12.181.107 port 8708
Apr  5 06:43:08 cls sshd[1393734]: pam_unix(sshd:auth): check pass; user unknown
Apr  5 06:43:08 cls sshd[1393734]: pam_unix(sshd:auth): authentication failure; logname= uid=0 euid=0 tty=ssh ruser= rhost=130.12.181.107 
Apr  5 06:43:10 cls sshd[1393741]: Invalid user dimmy from 206.123.145.57 port 8204
Apr  5 06:43:10 cls sshd[1393734]: Failed password for invalid user fytang from 130.12.181.107 port 8708 ssh2
Apr  5 06:43:13 cls sshd[1393741]: pam_unix(sshd:auth): check pass; user unknown
Apr  5 06:43:13 cls sshd[1393741]: pam_unix(sshd:auth): authentication failure; logname= uid=0 euid=0 tty=ssh ruser= rhost=206.123.145.57 
Apr  5 06:43:14 cls sshd[1393734]: Connection closed by invalid user fytang 130.12.181.107 port 8708 [preauth]
Apr  5 06:43:15 cls sshd[1393741]: Failed password for invalid user dimmy from 206.123.145.57 port 8204 ssh2
Apr  5 06:43:16 cls sshd[1393741]: Connection closed by invalid user dimmy 206.123.145.57 port 8204 [preauth]
Apr  5 06:43:20 cls sshd[1393743]: Invalid user webapp from 206.123.145.77 port 41212
Apr  5 06:43:21 cls sshd[1393743]: pam_unix(sshd:auth): check pass; user unknown
Apr  5 06:43:21 cls sshd[1393743]: pam_unix(sshd:auth): authentication failure; logname= uid=0 euid=0 tty=ssh ruser= rhost=206.123.145.77 
Apr  5 06:43:24 cls sshd[1393743]: Failed password for invalid user webapp from 206.123.145.77 port 41212 ssh2
Apr  5 06:43:30 cls sshd[1393743]: Connection closed by invalid user webapp 206.123.145.77 port 41212 [preauth]
Apr  5 06:43:51 cls sshd[1393801]: Invalid user dell from 206.123.145.75 port 30558
Apr  5 06:43:54 cls sshd[1393801]: pam_unix(sshd:auth): check pass; user unknown
Apr  5 06:43:54 cls sshd[1393801]: pam_unix(sshd:auth): authentication failure; logname= uid=0 euid=0 tty=ssh ruser= rhost=206.123.145.75 
Apr  5 06:43:56 cls sshd[1393801]: Failed password for invalid user dell from 206.123.145.75 port 30558 ssh2
Apr  5 06:43:56 cls sshd[1393805]: Invalid user qtech from 130.12.181.108 port 28660
Apr  5 06:43:59 cls sshd[1393805]: pam_unix(sshd:auth): check pass; user unknown
Apr  5 06:43:59 cls sshd[1393805]: pam_unix(sshd:auth): authentication failure; logname= uid=0 euid=0 tty=ssh ruser= rhost=130.12.181.108 
Apr  5 06:44:00 cls sshd[1393805]: Failed password for invalid user qtech from 130.12.181.108 port 28660 ssh2
Apr  5 06:44:01 cls sshd[1393801]: Connection closed by invalid user dell 206.123.145.75 port 30558 [preauth]
Apr  5 06:44:03 cls sshd[1393805]: Connection closed by invalid user qtech 130.12.181.108 port 28660 [preauth]
Apr  5 06:44:26 cls sshd[1393820]: pam_unix(sshd:auth): authentication failure; logname= uid=0 euid=0 tty=ssh ruser= rhost=82.64.38.234  user=root
Apr  5 06:44:28 cls sshd[1393818]: Invalid user stacey from 206.123.145.74 port 33250
Apr  5 06:44:28 cls sshd[1393820]: Failed password for root from 82.64.38.234 port 48080 ssh2
Apr  5 06:44:29 cls sshd[1393820]: Received disconnect from 82.64.38.234 port 48080:11: Bye Bye [preauth]
Apr  5 06:44:29 cls sshd[1393820]: Disconnected from authenticating user root 82.64.38.234 port 48080 [preauth]
Apr  5 06:44:29 cls sshd[1393818]: pam_unix(sshd:auth): check pass; user unknown
Apr  5 06:44:29 cls sshd[1393818]: pam_unix(sshd:auth): authentication failure; logname= uid=0 euid=0 tty=ssh ruser= rhost=206.123.145.74 
Apr  5 06:44:32 cls sshd[1393818]: Failed password for invalid user stacey from 206.123.145.74 port 33250 ssh2
Apr  5 06:44:32 cls sshd[1393854]: Invalid user saeid from 187.45.95.66 port 55492
Apr  5 06:44:32 cls sshd[1393854]: pam_unix(sshd:auth): check pass; user unknown
Apr  5 06:44:32 cls sshd[1393854]: pam_unix(sshd:auth): authentication failure; logname= uid=0 euid=0 tty=ssh ruser= rhost=187.45.95.66 
Apr  5 06:44:34 cls sshd[1393854]: Failed password for invalid user saeid from 187.45.95.66 port 55492 ssh2
Apr  5 06:44:34 cls sshd[1393854]: Received disconnect from 187.45.95.66 port 55492:11: Bye Bye [preauth]
Apr  5 06:44:34 cls sshd[1393854]: Disconnected from invalid user saeid 187.45.95.66 port 55492 [preauth]
Apr  5 06:44:36 cls sshd[1393818]: Connection closed by invalid user stacey 206.123.145.74 port 33250 [preauth]
Apr  5 06:44:41 cls sshd[1393824]: Invalid user ftpadmin from 206.123.145.51 port 41278
Apr  5 06:44:42 cls sshd[1393874]: Invalid user shenbowen from 130.12.181.97 port 38178
Apr  5 06:44:44 cls sshd[1393824]: pam_unix(sshd:auth): check pass; user unknown
Apr  5 06:44:44 cls sshd[1393824]: pam_unix(sshd:auth): authentication failure; logname= uid=0 euid=0 tty=ssh ruser= rhost=206.123.145.51 
Apr  5 06:44:45 cls sshd[1393874]: pam_unix(sshd:auth): check pass; user unknown
Apr  5 06:44:45 cls sshd[1393874]: pam_unix(sshd:auth): authentication failure; logname= uid=0 euid=0 tty=ssh ruser= rhost=130.12.181.97 
Apr  5 06:44:46 cls sshd[1393824]: Failed password for invalid user ftpadmin from 206.123.145.51 port 41278 ssh2
Apr  5 06:44:47 cls sshd[1393874]: Failed password for invalid user shenbowen from 130.12.181.97 port 38178 ssh2
Apr  5 06:44:49 cls sshd[1393824]: Connection closed by invalid user ftpadmin 206.123.145.51 port 41278 [preauth]
Apr  5 06:44:51 cls sshd[1393874]: Connection closed by invalid user shenbowen 130.12.181.97 port 38178 [preauth]
Apr  5 06:45:05 cls sshd[1393882]: Invalid user openstack from 206.123.145.54 port 49318
Apr  5 06:45:07 cls sshd[1393882]: pam_unix(sshd:auth): check pass; user unknown
Apr  5 06:45:07 cls sshd[1393882]: pam_unix(sshd:auth): authentication failure; logname= uid=0 euid=0 tty=ssh ruser= rhost=206.123.145.54 
Apr  5 06:45:09 cls sshd[1393882]: Failed password for invalid user openstack from 206.123.145.54 port 49318 ssh2
Apr  5 06:45:13 cls sshd[1393882]: Connection closed by invalid user openstack 206.123.145.54 port 49318 [preauth]
Apr  5 06:45:25 cls sshd[1393888]: Invalid user gmlab from 130.12.181.102 port 48540
Apr  5 06:45:28 cls sshd[1393888]: pam_unix(sshd:auth): check pass; user unknown
Apr  5 06:45:28 cls sshd[1393888]: pam_unix(sshd:auth): authentication failure; logname= uid=0 euid=0 tty=ssh ruser= rhost=130.12.181.102 
Apr  5 06:45:30 cls sshd[1393888]: Failed password for invalid user gmlab from 130.12.181.102 port 48540 ssh2
Apr  5 06:45:33 cls sshd[1393888]: Connection closed by invalid user gmlab 130.12.181.102 port 48540 [preauth]
Apr  5 06:45:58 cls sshd[1393938]: Invalid user tsinghua from 206.123.145.56 port 52490
Apr  5 06:46:00 cls sshd[1393938]: pam_unix(sshd:auth): check pass; user unknown
Apr  5 06:46:00 cls sshd[1393938]: pam_unix(sshd:auth): authentication failure; logname= uid=0 euid=0 tty=ssh ruser= rhost=206.123.145.56 
Apr  5 06:46:02 cls sshd[1393938]: Failed password for invalid user tsinghua from 206.123.145.56 port 52490 ssh2
Apr  5 06:46:05 cls sshd[1393938]: Connection closed by invalid user tsinghua 206.123.145.56 port 52490 [preauth]
Apr  5 06:46:29 cls sshd[1393952]: Invalid user 8 from 130.12.181.98 port 29218
Apr  5 06:46:31 cls sshd[1393952]: pam_unix(sshd:auth): check pass; user unknown
Apr  5 06:46:31 cls sshd[1393952]: pam_unix(sshd:auth): authentication failure; logname= uid=0 euid=0 tty=ssh ruser= rhost=130.12.181.98 
Apr  5 06:46:34 cls sshd[1393952]: Failed password for invalid user 8 from 130.12.181.98 port 29218 ssh2
Apr  5 06:46:38 cls sshd[1393952]: Connection closed by invalid user 8 130.12.181.98 port 29218 [preauth]
Apr  5 06:47:01 cls CRON[1394066]: pam_unix(cron:session): session opened for user root by (uid=0)
Apr  5 06:47:01 cls CRON[1394066]: pam_unix(cron:session): session closed for user root
Apr  5 06:47:02 cls sshd[1394016]: Invalid user saas from 187.45.95.66 port 16894
Apr  5 06:47:02 cls sshd[1394016]: pam_unix(sshd:auth): check pass; user unknown
Apr  5 06:47:02 cls sshd[1394016]: pam_unix(sshd:auth): authentication failure; logname= uid=0 euid=0 tty=ssh ruser= rhost=187.45.95.66 
Apr  5 06:47:04 cls sshd[1394016]: Failed password for invalid user saas from 187.45.95.66 port 16894 ssh2
Apr  5 06:47:05 cls sshd[1394016]: Received disconnect from 187.45.95.66 port 16894:11: Bye Bye [preauth]
Apr  5 06:47:05 cls sshd[1394016]: Disconnected from invalid user saas 187.45.95.66 port 16894 [preauth]
Apr  5 06:47:06 cls sshd[1394014]: Invalid user sevastopol from 206.123.145.72 port 64122
Apr  5 06:47:08 cls sshd[1394014]: pam_unix(sshd:auth): check pass; user unknown
Apr  5 06:47:08 cls sshd[1394014]: pam_unix(sshd:auth): authentication failure; logname= uid=0 euid=0 tty=ssh ruser= rhost=206.123.145.72 
Apr  5 06:47:10 cls sshd[1394014]: Failed password for invalid user sevastopol from 206.123.145.72 port 64122 ssh2
Apr  5 06:47:13 cls sshd[1394014]: Connection closed by invalid user sevastopol 206.123.145.72 port 64122 [preauth]
Apr  5 06:47:33 cls sshd[1394215]: pam_unix(sshd:auth): authentication failure; logname= uid=0 euid=0 tty=ssh ruser= rhost=130.12.181.104  user=bin
Apr  5 06:47:34 cls sshd[1394247]: pam_unix(sshd:auth): authentication failure; logname= uid=0 euid=0 tty=ssh ruser= rhost=181.23.114.57  user=ubuntu
Apr  5 06:47:35 cls sshd[1394247]: Failed password for ubuntu from 181.23.114.57 port 41435 ssh2
Apr  5 06:47:36 cls sshd[1394215]: Failed password for bin from 130.12.181.104 port 20442 ssh2
Apr  5 06:47:36 cls sshd[1394247]: Received disconnect from 181.23.114.57 port 41435:11: Bye Bye [preauth]
Apr  5 06:47:36 cls sshd[1394247]: Disconnected from authenticating user ubuntu 181.23.114.57 port 41435 [preauth]
Apr  5 06:47:40 cls sshd[1394215]: Connection closed by authenticating user bin 130.12.181.104 port 20442 [preauth]
Apr  5 06:47:49 cls sshd[1394253]: Invalid user meitu from 130.12.181.99 port 3482
Apr  5 06:47:51 cls sshd[1394253]: pam_unix(sshd:auth): check pass; user unknown
Apr  5 06:47:51 cls sshd[1394253]: pam_unix(sshd:auth): authentication failure; logname= uid=0 euid=0 tty=ssh ruser= rhost=130.12.181.99 
Apr  5 06:47:54 cls sshd[1394253]: Failed password for invalid user meitu from 130.12.181.99 port 3482 ssh2
Apr  5 06:47:55 cls sshd[1394263]: Invalid user chengxb from 206.123.145.55 port 36814
Apr  5 06:47:56 cls sshd[1394263]: pam_unix(sshd:auth): check pass; user unknown
Apr  5 06:47:56 cls sshd[1394263]: pam_unix(sshd:auth): authentication failure; logname= uid=0 euid=0 tty=ssh ruser= rhost=206.123.145.55 
Apr  5 06:47:59 cls sshd[1394263]: Failed password for invalid user chengxb from 206.123.145.55 port 36814 ssh2
Apr  5 06:47:59 cls sshd[1394253]: Connection closed by invalid user meitu 130.12.181.99 port 3482 [preauth]
Apr  5 06:48:03 cls sshd[1394263]: Connection closed by invalid user chengxb 206.123.145.55 port 36814 [preauth]
Apr  5 06:48:19 cls sshd[1394271]: Invalid user kepo2843 from 206.123.145.70 port 16660
Apr  5 06:48:21 cls sshd[1394271]: pam_unix(sshd:auth): check pass; user unknown
Apr  5 06:48:21 cls sshd[1394271]: pam_unix(sshd:auth): authentication failure; logname= uid=0 euid=0 tty=ssh ruser= rhost=206.123.145.70 
Apr  5 06:48:23 cls sshd[1394271]: Failed password for invalid user kepo2843 from 206.123.145.70 port 16660 ssh2
Apr  5 06:48:27 cls sshd[1394271]: Connection closed by invalid user kepo2843 206.123.145.70 port 16660 [preauth]
Apr  5 06:48:56 cls sshd[1394317]: Invalid user jtang from 130.12.181.105 port 41368
Apr  5 06:48:58 cls sshd[1394317]: pam_unix(sshd:auth): check pass; user unknown
Apr  5 06:48:58 cls sshd[1394317]: pam_unix(sshd:auth): authentication failure; logname= uid=0 euid=0 tty=ssh ruser= rhost=130.12.181.105 
Apr  5 06:48:59 cls sshd[1394317]: Failed password for invalid user jtang from 130.12.181.105 port 41368 ssh2
Apr  5 06:49:03 cls sshd[1394317]: Connection closed by invalid user jtang 130.12.181.105 port 41368 [preauth]
Apr  5 06:49:12 cls sshd[1394329]: Invalid user test1 from 130.12.181.101 port 3844
Apr  5 06:49:14 cls sshd[1394329]: pam_unix(sshd:auth): check pass; user unknown
Apr  5 06:49:14 cls sshd[1394329]: pam_unix(sshd:auth): authentication failure; logname= uid=0 euid=0 tty=ssh ruser= rhost=130.12.181.101 
Apr  5 06:49:16 cls sshd[1394329]: Failed password for invalid user test1 from 130.12.181.101 port 3844 ssh2
Apr  5 06:49:18 cls sshd[1394330]: pam_unix(sshd:auth): authentication failure; logname= uid=0 euid=0 tty=ssh ruser= rhost=206.123.145.20  user=root
Apr  5 06:49:19 cls sshd[1394329]: Connection closed by invalid user test1 130.12.181.101 port 3844 [preauth]
Apr  5 06:49:20 cls sshd[1394330]: Failed password for root from 206.123.145.20 port 28502 ssh2
Apr  5 06:49:22 cls sshd[1394330]: Connection closed by authenticating user root 206.123.145.20 port 28502 [preauth]
Apr  5 06:49:23 cls sshd[1394343]: Invalid user oracle from 187.45.95.66 port 62042
Apr  5 06:49:23 cls sshd[1394343]: pam_unix(sshd:auth): check pass; user unknown
Apr  5 06:49:23 cls sshd[1394343]: pam_unix(sshd:auth): authentication failure; logname= uid=0 euid=0 tty=ssh ruser= rhost=187.45.95.66 
Apr  5 06:49:25 cls sshd[1394339]: Invalid user xiaozhen01 from 206.123.145.79 port 47332
Apr  5 06:49:25 cls sshd[1394343]: Failed password for invalid user oracle from 187.45.95.66 port 62042 ssh2
Apr  5 06:49:26 cls sshd[1394343]: Received disconnect from 187.45.95.66 port 62042:11: Bye Bye [preauth]
Apr  5 06:49:26 cls sshd[1394343]: Disconnected from invalid user oracle 187.45.95.66 port 62042 [preauth]
Apr  5 06:49:27 cls sshd[1394339]: pam_unix(sshd:auth): check pass; user unknown
Apr  5 06:49:27 cls sshd[1394339]: pam_unix(sshd:auth): authentication failure; logname= uid=0 euid=0 tty=ssh ruser= rhost=206.123.145.79 
Apr  5 06:49:29 cls sshd[1394339]: Failed password for invalid user xiaozhen01 from 206.123.145.79 port 47332 ssh2
Apr  5 06:49:30 cls sshd[1394340]: Invalid user qqwang from 206.123.145.50 port 26080
Apr  5 06:49:32 cls sshd[1394340]: pam_unix(sshd:auth): check pass; user unknown
Apr  5 06:49:32 cls sshd[1394340]: pam_unix(sshd:auth): authentication failure; logname= uid=0 euid=0 tty=ssh ruser= rhost=206.123.145.50 
Apr  5 06:49:32 cls sshd[1394339]: Connection closed by invalid user xiaozhen01 206.123.145.79 port 47332 [preauth]
Apr  5 06:49:34 cls sshd[1394340]: Failed password for invalid user qqwang from 206.123.145.50 port 26080 ssh2
Apr  5 06:49:37 cls sshd[1394340]: Connection closed by invalid user qqwang 206.123.145.50 port 26080 [preauth]
Apr  5 06:49:44 cls sshd[1394359]: Invalid user user from 130.12.181.109 port 30978
Apr  5 06:49:46 cls sshd[1394352]: pam_unix(sshd:auth): authentication failure; logname= uid=0 euid=0 tty=ssh ruser= rhost=130.12.181.106  user=root
Apr  5 06:49:46 cls sshd[1394359]: pam_unix(sshd:auth): check pass; user unknown
Apr  5 06:49:46 cls sshd[1394359]: pam_unix(sshd:auth): authentication failure; logname= uid=0 euid=0 tty=ssh ruser= rhost=130.12.181.109 
Apr  5 06:49:47 cls sshd[1394352]: Failed password for root from 130.12.181.106 port 19344 ssh2
Apr  5 06:49:48 cls sshd[1394359]: Failed password for invalid user user from 130.12.181.109 port 30978 ssh2
Apr  5 06:49:49 cls sshd[1394352]: Connection closed by authenticating user root 130.12.181.106 port 19344 [preauth]
Apr  5 06:49:51 cls sshd[1394359]: Connection closed by invalid user user 130.12.181.109 port 30978 [preauth]
Apr  5 06:49:56 cls sshd[1394396]: Invalid user gox from 206.123.145.69 port 21820
Apr  5 06:49:59 cls sshd[1394396]: pam_unix(sshd:auth): check pass; user unknown
Apr  5 06:49:59 cls sshd[1394396]: pam_unix(sshd:auth): authentication failure; logname= uid=0 euid=0 tty=ssh ruser= rhost=206.123.145.69 
Apr  5 06:50:01 cls sshd[1394396]: Failed password for invalid user gox from 206.123.145.69 port 21820 ssh2
Apr  5 06:50:05 cls sshd[1394396]: Connection closed by invalid user gox 206.123.145.69 port 21820 [preauth]
Apr  5 06:50:15 cls sshd[1394398]: Invalid user user97 from 206.123.145.49 port 52946
Apr  5 06:50:17 cls sshd[1394398]: pam_unix(sshd:auth): check pass; user unknown
Apr  5 06:50:17 cls sshd[1394398]: pam_unix(sshd:auth): authentication failure; logname= uid=0 euid=0 tty=ssh ruser= rhost=206.123.145.49 
Apr  5 06:50:19 cls sshd[1394398]: Failed password for invalid user user97 from 206.123.145.49 port 52946 ssh2
Apr  5 06:50:23 cls sshd[1394398]: Connection closed by invalid user user97 206.123.145.49 port 52946 [preauth]
Apr  5 06:50:43 cls sshd[1394419]: Invalid user user from 206.123.145.52 port 53948
Apr  5 06:50:45 cls sshd[1394419]: pam_unix(sshd:auth): check pass; user unknown
Apr  5 06:50:45 cls sshd[1394419]: pam_unix(sshd:auth): authentication failure; logname= uid=0 euid=0 tty=ssh ruser= rhost=206.123.145.52 
Apr  5 06:50:47 cls sshd[1394419]: Failed password for invalid user user from 206.123.145.52 port 53948 ssh2
Apr  5 06:50:51 cls sshd[1394419]: Connection closed by invalid user user 206.123.145.52 port 53948 [preauth]
Apr  5 06:50:57 cls sshd[1394457]: pam_unix(sshd:auth): authentication failure; logname= uid=0 euid=0 tty=ssh ruser= rhost=206.123.145.46  user=root
Apr  5 06:50:58 cls sshd[1394459]: Invalid user minecraft from 130.12.181.100 port 38154
Apr  5 06:50:59 cls sshd[1394457]: Failed password for root from 206.123.145.46 port 13720 ssh2
Apr  5 06:51:01 cls sshd[1394459]: pam_unix(sshd:auth): check pass; user unknown
Apr  5 06:51:01 cls sshd[1394459]: pam_unix(sshd:auth): authentication failure; logname= uid=0 euid=0 tty=ssh ruser= rhost=130.12.181.100 
Apr  5 06:51:01 cls sshd[1394461]: Invalid user p2p from 206.123.145.73 port 9050
Apr  5 06:51:02 cls sshd[1394461]: pam_unix(sshd:auth): check pass; user unknown
Apr  5 06:51:02 cls sshd[1394461]: pam_unix(sshd:auth): authentication failure; logname= uid=0 euid=0 tty=ssh ruser= rhost=206.123.145.73 
Apr  5 06:51:03 cls sshd[1394459]: Failed password for invalid user minecraft from 130.12.181.100 port 38154 ssh2
Apr  5 06:51:03 cls sshd[1394457]: Connection closed by authenticating user root 206.123.145.46 port 13720 [preauth]
Apr  5 06:51:04 cls sshd[1394461]: Failed password for invalid user p2p from 206.123.145.73 port 9050 ssh2
Apr  5 06:51:05 cls sshd[1394459]: Connection closed by invalid user minecraft 130.12.181.100 port 38154 [preauth]
Apr  5 06:51:08 cls sshd[1394461]: Connection closed by invalid user p2p 206.123.145.73 port 9050 [preauth]
Apr  5 06:51:24 cls sshd[1394465]: Invalid user backuper from 206.123.145.53 port 12708
Apr  5 06:51:27 cls sshd[1394465]: pam_unix(sshd:auth): check pass; user unknown
Apr  5 06:51:27 cls sshd[1394465]: pam_unix(sshd:auth): authentication failure; logname= uid=0 euid=0 tty=ssh ruser= rhost=206.123.145.53 
Apr  5 06:51:29 cls sshd[1394465]: Failed password for invalid user backuper from 206.123.145.53 port 12708 ssh2
Apr  5 06:51:33 cls sshd[1394465]: Connection closed by invalid user backuper 206.123.145.53 port 12708 [preauth]
Apr  5 06:51:45 cls sshd[1394475]: Invalid user shirl from 130.12.181.103 port 40922
Apr  5 06:51:48 cls sshd[1394475]: pam_unix(sshd:auth): check pass; user unknown
Apr  5 06:51:48 cls sshd[1394475]: pam_unix(sshd:auth): authentication failure; logname= uid=0 euid=0 tty=ssh ruser= rhost=130.12.181.103 
Apr  5 06:51:49 cls sshd[1394475]: Failed password for invalid user shirl from 130.12.181.103 port 40922 ssh2
Apr  5 06:51:53 cls sshd[1394475]: Connection closed by invalid user shirl 130.12.181.103 port 40922 [preauth]
Apr  5 06:52:03 cls sshd[1394529]: Invalid user chenjq from 206.123.145.48 port 33128
Apr  5 06:52:03 cls sshd[1394525]: pam_unix(sshd:auth): authentication failure; logname= uid=0 euid=0 tty=ssh ruser= rhost=130.12.181.107  user=root
Apr  5 06:52:04 cls sshd[1394529]: pam_unix(sshd:auth): check pass; user unknown
Apr  5 06:52:04 cls sshd[1394529]: pam_unix(sshd:auth): authentication failure; logname= uid=0 euid=0 tty=ssh ruser= rhost=206.123.145.48 
Apr  5 06:52:05 cls sshd[1394525]: Failed password for root from 130.12.181.107 port 11378 ssh2
Apr  5 06:52:07 cls sshd[1394529]: Failed password for invalid user chenjq from 206.123.145.48 port 33128 ssh2
Apr  5 06:52:07 cls sshd[1394525]: Connection closed by authenticating user root 130.12.181.107 port 11378 [preauth]
Apr  5 06:52:10 cls sshd[1394529]: Connection closed by invalid user chenjq 206.123.145.48 port 33128 [preauth]
Apr  5 06:52:18 cls sshd[1394539]: Invalid user postgres from 181.23.114.57 port 52308
Apr  5 06:52:18 cls sshd[1394539]: pam_unix(sshd:auth): check pass; user unknown
Apr  5 06:52:18 cls sshd[1394539]: pam_unix(sshd:auth): authentication failure; logname= uid=0 euid=0 tty=ssh ruser= rhost=181.23.114.57 
Apr  5 06:52:20 cls sshd[1394539]: Failed password for invalid user postgres from 181.23.114.57 port 52308 ssh2
Apr  5 06:52:21 cls sshd[1394539]: Received disconnect from 181.23.114.57 port 52308:11: Bye Bye [preauth]
Apr  5 06:52:21 cls sshd[1394539]: Disconnected from invalid user postgres 181.23.114.57 port 52308 [preauth]
