Apr  5 08:10:04 cls sshd[1399342]: pam_unix(sshd:auth): check pass; user unknown
Apr  5 08:10:04 cls sshd[1399342]: pam_unix(sshd:auth): authentication failure; logname= uid=0 euid=0 tty=ssh ruser= rhost=130.12.181.98 
Apr  5 08:10:06 cls sshd[1399342]: Failed password for invalid user rkh from 130.12.181.98 port 20064 ssh2
Apr  5 08:10:09 cls sshd[1399342]: Connection closed by invalid user rkh 130.12.181.98 port 20064 [preauth]
Apr  5 08:10:24 cls sshd[1399375]: Invalid user zhaohui from 206.123.145.78 port 25680
Apr  5 08:10:25 cls sshd[1399381]: pam_unix(sshd:auth): authentication failure; logname= uid=0 euid=0 tty=ssh ruser= rhost=119.209.12.20  user=root
Apr  5 08:10:27 cls sshd[1399381]: Failed password for root from 119.209.12.20 port 51454 ssh2
Apr  5 08:10:28 cls sshd[1399381]: Received disconnect from 119.209.12.20 port 51454:11: Bye Bye [preauth]
Apr  5 08:10:28 cls sshd[1399381]: Disconnected from authenticating user root 119.209.12.20 port 51454 [preauth]
Apr  5 08:10:29 cls sshd[1399375]: pam_unix(sshd:auth): check pass; user unknown
Apr  5 08:10:29 cls sshd[1399375]: pam_unix(sshd:auth): authentication failure; logname= uid=0 euid=0 tty=ssh ruser= rhost=206.123.145.78 
Apr  5 08:10:30 cls sshd[1399375]: Failed password for invalid user zhaohui from 206.123.145.78 port 25680 ssh2
Apr  5 08:10:32 cls sshd[1399379]: Invalid user mfr from 206.123.145.76 port 32356
Apr  5 08:10:33 cls sshd[1399379]: pam_unix(sshd:auth): check pass; user unknown
Apr  5 08:10:33 cls sshd[1399379]: pam_unix(sshd:auth): authentication failure; logname= uid=0 euid=0 tty=ssh ruser= rhost=206.123.145.76 
Apr  5 08:10:35 cls sshd[1399375]: Connection closed by invalid user zhaohui 206.123.145.78 port 25680 [preauth]
Apr  5 08:10:36 cls sshd[1399379]: Failed password for invalid user mfr from 206.123.145.76 port 32356 ssh2
Apr  5 08:10:40 cls sshd[1399379]: Connection closed by invalid user mfr 206.123.145.76 port 32356 [preauth]
Apr  5 08:10:43 cls sshd[1399384]: pam_unix(sshd:auth): authentication failure; logname= uid=0 euid=0 tty=ssh ruser= rhost=130.162.132.75  user=root
Apr  5 08:10:45 cls sshd[1399384]: Failed password for root from 130.162.132.75 port 52182 ssh2
Apr  5 08:10:46 cls sshd[1399384]: Received disconnect from 130.162.132.75 port 52182:11: Bye Bye [preauth]
Apr  5 08:10:46 cls sshd[1399384]: Disconnected from authenticating user root 130.162.132.75 port 52182 [preauth]
Apr  5 08:10:50 cls sshd[1399383]: Invalid user administrator from 130.12.181.101 port 39232
Apr  5 08:10:53 cls sshd[1399383]: pam_unix(sshd:auth): check pass; user unknown
Apr  5 08:10:53 cls sshd[1399383]: pam_unix(sshd:auth): authentication failure; logname= uid=0 euid=0 tty=ssh ruser= rhost=130.12.181.101 
Apr  5 08:10:55 cls sshd[1399383]: Failed password for invalid user administrator from 130.12.181.101 port 39232 ssh2
Apr  5 08:10:58 cls sshd[1399383]: Connection closed by invalid user administrator 130.12.181.101 port 39232 [preauth]
Apr  5 08:11:02 cls sshd[1399406]: Invalid user student4 from 206.123.145.57 port 22072
Apr  5 08:11:03 cls sshd[1399405]: Invalid user kfcxm from 130.12.181.106 port 13078
Apr  5 08:11:04 cls sshd[1399406]: pam_unix(sshd:auth): check pass; user unknown
Apr  5 08:11:04 cls sshd[1399406]: pam_unix(sshd:auth): authentication failure; logname= uid=0 euid=0 tty=ssh ruser= rhost=206.123.145.57 
Apr  5 08:11:06 cls sshd[1399405]: pam_unix(sshd:auth): check pass; user unknown
Apr  5 08:11:06 cls sshd[1399405]: pam_unix(sshd:auth): authentication failure; logname= uid=0 euid=0 tty=ssh ruser= rhost=130.12.181.106 
Apr  5 08:11:06 cls sshd[1399406]: Failed password for invalid user student4 from 206.123.145.57 port 22072 ssh2
Apr  5 08:11:08 cls sshd[1399405]: Failed password for invalid user kfcxm from 130.12.181.106 port 13078 ssh2
Apr  5 08:11:10 cls sshd[1399405]: Connection closed by invalid user kfcxm 130.12.181.106 port 13078 [preauth]
Apr  5 08:11:11 cls sshd[1399427]: Invalid user jmoralee from 130.12.181.105 port 39106
Apr  5 08:11:11 cls sshd[1399406]: Connection closed by invalid user student4 206.123.145.57 port 22072 [preauth]
Apr  5 08:11:13 cls sshd[1399427]: pam_unix(sshd:auth): check pass; user unknown
Apr  5 08:11:13 cls sshd[1399427]: pam_unix(sshd:auth): authentication failure; logname= uid=0 euid=0 tty=ssh ruser= rhost=130.12.181.105 
Apr  5 08:11:15 cls sshd[1399427]: Failed password for invalid user jmoralee from 130.12.181.105 port 39106 ssh2
Apr  5 08:11:18 cls sshd[1399427]: Connection closed by invalid user jmoralee 130.12.181.105 port 39106 [preauth]
Apr  5 08:11:22 cls sshd[1399446]: pam_unix(sshd:auth): authentication failure; logname= uid=0 euid=0 tty=ssh ruser= rhost=103.239.252.132  user=root
Apr  5 08:11:24 cls sshd[1399446]: Failed password for root from 103.239.252.132 port 45261 ssh2
Apr  5 08:11:24 cls sshd[1399446]: Received disconnect from 103.239.252.132 port 45261:11: Bye Bye [preauth]
Apr  5 08:11:24 cls sshd[1399446]: Disconnected from authenticating user root 103.239.252.132 port 45261 [preauth]
Apr  5 08:11:31 cls sshd[1399450]: Invalid user leroy from 206.123.145.54 port 3020
Apr  5 08:11:32 cls sshd[1399448]: Invalid user wyz from 206.123.145.77 port 64740
Apr  5 08:11:32 cls sshd[1399450]: pam_unix(sshd:auth): check pass; user unknown
Apr  5 08:11:32 cls sshd[1399450]: pam_unix(sshd:auth): authentication failure; logname= uid=0 euid=0 tty=ssh ruser= rhost=206.123.145.54 
Apr  5 08:11:34 cls sshd[1399450]: Failed password for invalid user leroy from 206.123.145.54 port 3020 ssh2
Apr  5 08:11:34 cls sshd[1399451]: Invalid user sprixin from 130.12.181.109 port 50414
Apr  5 08:11:35 cls sshd[1399448]: pam_unix(sshd:auth): check pass; user unknown
Apr  5 08:11:35 cls sshd[1399448]: pam_unix(sshd:auth): authentication failure; logname= uid=0 euid=0 tty=ssh ruser= rhost=206.123.145.77 
Apr  5 08:11:36 cls sshd[1399451]: pam_unix(sshd:auth): check pass; user unknown
Apr  5 08:11:36 cls sshd[1399451]: pam_unix(sshd:auth): authentication failure; logname= uid=0 euid=0 tty=ssh ruser= rhost=130.12.181.109 
Apr  5 08:11:36 cls sshd[1399448]: Failed password for invalid user wyz from 206.123.145.77 port 64740 ssh2
Apr  5 08:11:37 cls sshd[1399450]: Connection closed by invalid user leroy 206.123.145.54 port 3020 [preauth]
Apr  5 08:11:38 cls sshd[1399451]: Failed password for invalid user sprixin from 130.12.181.109 port 50414 ssh2
Apr  5 08:11:40 cls sshd[1399448]: Connection closed by invalid user wyz 206.123.145.77 port 64740 [preauth]
Apr  5 08:11:40 cls sshd[1399451]: Connection closed by invalid user sprixin 130.12.181.109 port 50414 [preauth]
Apr  5 08:11:44 cls sshd[1399454]: Invalid user admin from 206.123.145.51 port 38372
Apr  5 08:11:46 cls sshd[1399454]: pam_unix(sshd:auth): check pass; user unknown
Apr  5 08:11:46 cls sshd[1399454]: pam_unix(sshd:auth): authentication failure; logname= uid=0 euid=0 tty=ssh ruser= rhost=206.123.145.51 
Apr  5 08:11:48 cls sshd[1399454]: Failed password for invalid user admin from 206.123.145.51 port 38372 ssh2
Apr  5 08:11:53 cls sshd[1399454]: Connection closed by invalid user admin 206.123.145.51 port 38372 [preauth]
Apr  5 08:12:19 cls sshd[1399488]: Invalid user oracle32 from 206.123.145.75 port 6320
Apr  5 08:12:20 cls sshd[1399488]: pam_unix(sshd:auth): check pass; user unknown
Apr  5 08:12:20 cls sshd[1399488]: pam_unix(sshd:auth): authentication failure; logname= uid=0 euid=0 tty=ssh ruser= rhost=206.123.145.75 
Apr  5 08:12:22 cls sshd[1399488]: Failed password for invalid user oracle32 from 206.123.145.75 port 6320 ssh2
Apr  5 08:12:25 cls sshd[1399488]: Connection closed by invalid user oracle32 206.123.145.75 port 6320 [preauth]
Apr  5 08:12:29 cls sshd[1399490]: Invalid user ftp from 130.12.181.100 port 42560
Apr  5 08:12:30 cls sshd[1399491]: Invalid user cayuga from 206.123.145.56 port 19458
Apr  5 08:12:32 cls sshd[1399490]: pam_unix(sshd:auth): check pass; user unknown
Apr  5 08:12:32 cls sshd[1399490]: pam_unix(sshd:auth): authentication failure; logname= uid=0 euid=0 tty=ssh ruser= rhost=130.12.181.100 
Apr  5 08:12:33 cls sshd[1399491]: pam_unix(sshd:auth): check pass; user unknown
Apr  5 08:12:33 cls sshd[1399491]: pam_unix(sshd:auth): authentication failure; logname= uid=0 euid=0 tty=ssh ruser= rhost=206.123.145.56 
Apr  5 08:12:34 cls sshd[1399490]: Failed password for invalid user ftp from 130.12.181.100 port 42560 ssh2
Apr  5 08:12:35 cls sshd[1399491]: Failed password for invalid user cayuga from 206.123.145.56 port 19458 ssh2
Apr  5 08:12:38 cls sshd[1399490]: Connection closed by invalid user ftp 130.12.181.100 port 42560 [preauth]
Apr  5 08:12:39 cls sshd[1399491]: Connection closed by invalid user cayuga 206.123.145.56 port 19458 [preauth]
Apr  5 08:12:46 cls sshd[1399494]: pam_unix(sshd:auth): authentication failure; logname= uid=0 euid=0 tty=ssh ruser= rhost=119.209.12.20  user=root
Apr  5 08:12:48 cls sshd[1399494]: Failed password for root from 119.209.12.20 port 35922 ssh2
Apr  5 08:12:49 cls sshd[1399494]: Received disconnect from 119.209.12.20 port 35922:11: Bye Bye [preauth]
Apr  5 08:12:49 cls sshd[1399494]: Disconnected from authenticating user root 119.209.12.20 port 35922 [preauth]
Apr  5 08:13:29 cls sshd[1399527]: Invalid user sonny from 206.123.145.71 port 60604
Apr  5 08:13:31 cls sshd[1399527]: pam_unix(sshd:auth): check pass; user unknown
Apr  5 08:13:31 cls sshd[1399527]: pam_unix(sshd:auth): authentication failure; logname= uid=0 euid=0 tty=ssh ruser= rhost=206.123.145.71 
Apr  5 08:13:34 cls sshd[1399527]: Failed password for invalid user sonny from 206.123.145.71 port 60604 ssh2
Apr  5 08:13:39 cls sshd[1399527]: Connection closed by invalid user sonny 206.123.145.71 port 60604 [preauth]
Apr  5 08:13:40 cls sshd[1399529]: Invalid user luiza from 130.12.181.107 port 12960
Apr  5 08:13:42 cls sshd[1399529]: pam_unix(sshd:auth): check pass; user unknown
Apr  5 08:13:42 cls sshd[1399529]: pam_unix(sshd:auth): authentication failure; logname= uid=0 euid=0 tty=ssh ruser= rhost=130.12.181.107 
Apr  5 08:13:44 cls sshd[1399529]: Failed password for invalid user luiza from 130.12.181.107 port 12960 ssh2
Apr  5 08:13:47 cls sshd[1399533]: pam_unix(sshd:auth): authentication failure; logname= uid=0 euid=0 tty=ssh ruser= rhost=103.239.252.132  user=root
Apr  5 08:13:48 cls sshd[1399529]: Connection closed by invalid user luiza 130.12.181.107 port 12960 [preauth]
Apr  5 08:13:49 cls sshd[1399533]: Failed password for root from 103.239.252.132 port 37430 ssh2
Apr  5 08:13:49 cls sshd[1399533]: Received disconnect from 103.239.252.132 port 37430:11: Bye Bye [preauth]
Apr  5 08:13:49 cls sshd[1399533]: Disconnected from authenticating user root 103.239.252.132 port 37430 [preauth]
Apr  5 08:14:23 cls sshd[1399571]: pam_unix(sshd:auth): authentication failure; logname= uid=0 euid=0 tty=ssh ruser= rhost=130.12.181.103  user=root
Apr  5 08:14:25 cls sshd[1399571]: Failed password for root from 130.12.181.103 port 62168 ssh2
Apr  5 08:14:27 cls sshd[1399573]: Invalid user richard from 130.162.132.75 port 51880
Apr  5 08:14:27 cls sshd[1399573]: pam_unix(sshd:auth): check pass; user unknown
Apr  5 08:14:27 cls sshd[1399573]: pam_unix(sshd:auth): authentication failure; logname= uid=0 euid=0 tty=ssh ruser= rhost=130.162.132.75 
Apr  5 08:14:28 cls sshd[1399571]: Connection closed by authenticating user root 130.12.181.103 port 62168 [preauth]
Apr  5 08:14:29 cls sshd[1399573]: Failed password for invalid user richard from 130.162.132.75 port 51880 ssh2
Apr  5 08:14:31 cls sshd[1399573]: Received disconnect from 130.162.132.75 port 51880:11: Bye Bye [preauth]
Apr  5 08:14:31 cls sshd[1399573]: Disconnected from invalid user richard 130.162.132.75 port 51880 [preauth]
Apr  5 08:14:47 cls sshd[1399575]: pam_unix(sshd:auth): authentication failure; logname= uid=0 euid=0 tty=ssh ruser= rhost=206.123.145.74  user=root
Apr  5 08:14:48 cls sshd[1399575]: Failed password for root from 206.123.145.74 port 45452 ssh2
Apr  5 08:14:51 cls sshd[1399579]: Invalid user ghost from 206.123.145.55 port 59922
Apr  5 08:14:52 cls sshd[1399585]: Invalid user develop from 95.215.8.165 port 41162
Apr  5 08:14:52 cls sshd[1399585]: pam_unix(sshd:auth): check pass; user unknown
Apr  5 08:14:52 cls sshd[1399585]: pam_unix(sshd:auth): authentication failure; logname= uid=0 euid=0 tty=ssh ruser= rhost=95.215.8.165 
Apr  5 08:14:53 cls sshd[1399579]: pam_unix(sshd:auth): check pass; user unknown
Apr  5 08:14:53 cls sshd[1399579]: pam_unix(sshd:auth): authentication failure; logname= uid=0 euid=0 tty=ssh ruser= rhost=206.123.145.55 
Apr  5 08:14:53 cls sshd[1399575]: Connection closed by authenticating user root 206.123.145.74 port 45452 [preauth]
Apr  5 08:14:54 cls sshd[1399585]: Failed password for invalid user develop from 95.215.8.165 port 41162 ssh2
Apr  5 08:14:55 cls sshd[1399579]: Failed password for invalid user ghost from 206.123.145.55 port 59922 ssh2
Apr  5 08:14:56 cls sshd[1399585]: Received disconnect from 95.215.8.165 port 41162:11: Bye Bye [preauth]
Apr  5 08:14:56 cls sshd[1399585]: Disconnected from invalid user develop 95.215.8.165 port 41162 [preauth]
Apr  5 08:14:59 cls sshd[1399579]: Connection closed by invalid user ghost 206.123.145.55 port 59922 [preauth]
Apr  5 08:15:06 cls sshd[1399612]: pam_unix(sshd:auth): authentication failure; logname= uid=0 euid=0 tty=ssh ruser= rhost=119.209.12.20  user=root
Apr  5 08:15:08 cls sshd[1399612]: Failed password for root from 119.209.12.20 port 48622 ssh2
Apr  5 08:15:09 cls sshd[1399612]: Received disconnect from 119.209.12.20 port 48622:11: Bye Bye [preauth]
Apr  5 08:15:09 cls sshd[1399612]: Disconnected from authenticating user root 119.209.12.20 port 48622 [preauth]
Apr  5 08:15:11 cls sshd[1399610]: Invalid user dell_emotion from 130.12.181.108 port 20866
Apr  5 08:15:14 cls sshd[1399610]: pam_unix(sshd:auth): check pass; user unknown
Apr  5 08:15:14 cls sshd[1399610]: pam_unix(sshd:auth): authentication failure; logname= uid=0 euid=0 tty=ssh ruser= rhost=130.12.181.108 
Apr  5 08:15:17 cls sshd[1399610]: Failed password for invalid user dell_emotion from 130.12.181.108 port 20866 ssh2
Apr  5 08:15:19 cls sshd[1399610]: Connection closed by invalid user dell_emotion 130.12.181.108 port 20866 [preauth]
Apr  5 08:15:29 cls sshd[1399624]: Invalid user ymhcwap from 130.12.181.97 port 57940
Apr  5 08:15:31 cls sshd[1399624]: pam_unix(sshd:auth): check pass; user unknown
Apr  5 08:15:31 cls sshd[1399624]: pam_unix(sshd:auth): authentication failure; logname= uid=0 euid=0 tty=ssh ruser= rhost=130.12.181.97 
Apr  5 08:15:33 cls sshd[1399624]: Failed password for invalid user ymhcwap from 130.12.181.97 port 57940 ssh2
Apr  5 08:15:37 cls sshd[1399624]: Connection closed by invalid user ymhcwap 130.12.181.97 port 57940 [preauth]
Apr  5 08:16:14 cls sshd[1399652]: pam_unix(sshd:auth): authentication failure; logname= uid=0 euid=0 tty=ssh ruser= rhost=103.239.252.132  user=root
Apr  5 08:16:16 cls sshd[1399652]: Failed password for root from 103.239.252.132 port 57832 ssh2
Apr  5 08:16:16 cls sshd[1399652]: Received disconnect from 103.239.252.132 port 57832:11: Bye Bye [preauth]
Apr  5 08:16:16 cls sshd[1399652]: Disconnected from authenticating user root 103.239.252.132 port 57832 [preauth]
Apr  5 08:16:26 cls sshd[1399659]: Invalid user dev_lins from 206.123.145.50 port 3326
Apr  5 08:16:27 cls sshd[1399660]: Invalid user kuangyongcui from 206.123.145.20 port 53022
Apr  5 08:16:28 cls sshd[1399659]: pam_unix(sshd:auth): check pass; user unknown
Apr  5 08:16:28 cls sshd[1399659]: pam_unix(sshd:auth): authentication failure; logname= uid=0 euid=0 tty=ssh ruser= rhost=206.123.145.50 
Apr  5 08:16:28 cls sshd[1399660]: pam_unix(sshd:auth): check pass; user unknown
Apr  5 08:16:28 cls sshd[1399660]: pam_unix(sshd:auth): authentication failure; logname= uid=0 euid=0 tty=ssh ruser= rhost=206.123.145.20 
Apr  5 08:16:30 cls sshd[1399659]: Failed password for invalid user dev_lins from 206.123.145.50 port 3326 ssh2
Apr  5 08:16:30 cls sshd[1399660]: Failed password for invalid user kuangyongcui from 206.123.145.20 port 53022 ssh2
Apr  5 08:16:35 cls sshd[1399660]: Connection closed by invalid user kuangyongcui 206.123.145.20 port 53022 [preauth]
Apr  5 08:16:35 cls sshd[1399659]: Connection closed by invalid user dev_lins 206.123.145.50 port 3326 [preauth]
Apr  5 08:16:46 cls sshd[1399663]: Invalid user home2 from 130.12.181.102 port 64622
Apr  5 08:16:48 cls sshd[1399663]: pam_unix(sshd:auth): check pass; user unknown
Apr  5 08:16:48 cls sshd[1399663]: pam_unix(sshd:auth): authentication failure; logname= uid=0 euid=0 tty=ssh ruser= rhost=130.12.181.102 
Apr  5 08:16:50 cls sshd[1399663]: Failed password for invalid user home2 from 130.12.181.102 port 64622 ssh2
Apr  5 08:16:55 cls sshd[1399663]: Connection closed by invalid user home2 130.12.181.102 port 64622 [preauth]
Apr  5 08:16:56 cls sshd[1399665]: Invalid user zhupeng from 206.123.145.49 port 28494
Apr  5 08:16:59 cls sshd[1399665]: pam_unix(sshd:auth): check pass; user unknown
Apr  5 08:16:59 cls sshd[1399665]: pam_unix(sshd:auth): authentication failure; logname= uid=0 euid=0 tty=ssh ruser= rhost=206.123.145.49 
Apr  5 08:17:01 cls sshd[1399665]: Failed password for invalid user zhupeng from 206.123.145.49 port 28494 ssh2
Apr  5 08:17:01 cls CRON[1399701]: pam_unix(cron:session): session opened for user root by (uid=0)
Apr  5 08:17:01 cls CRON[1399701]: pam_unix(cron:session): session closed for user root
Apr  5 08:17:04 cls sshd[1399665]: Connection closed by invalid user zhupeng 206.123.145.49 port 28494 [preauth]
Apr  5 08:17:18 cls sshd[1399710]: pam_unix(sshd:auth): authentication failure; logname= uid=0 euid=0 tty=ssh ruser= rhost=130.12.181.98  user=list
Apr  5 08:17:19 cls sshd[1399710]: Failed password for list from 130.12.181.98 port 4246 ssh2
Apr  5 08:17:22 cls sshd[1399710]: Connection closed by authenticating user list 130.12.181.98 port 4246 [preauth]
Apr  5 08:17:28 cls sshd[1399720]: pam_unix(sshd:auth): authentication failure; logname= uid=0 euid=0 tty=ssh ruser= rhost=119.209.12.20  user=root
Apr  5 08:17:29 cls sshd[1399716]: pam_unix(sshd:auth): authentication failure; logname= uid=0 euid=0 tty=ssh ruser= rhost=206.123.145.46  user=ubuntu
Apr  5 08:17:29 cls sshd[1399720]: Failed password for root from 119.209.12.20 port 33094 ssh2
Apr  5 08:17:30 cls sshd[1399720]: Received disconnect from 119.209.12.20 port 33094:11: Bye Bye [preauth]
Apr  5 08:17:30 cls sshd[1399720]: Disconnected from authenticating user root 119.209.12.20 port 33094 [preauth]
Apr  5 08:17:30 cls sshd[1399716]: Failed password for ubuntu from 206.123.145.46 port 49424 ssh2
Apr  5 08:17:31 cls sshd[1399718]: Invalid user joana from 206.123.145.48 port 61178
Apr  5 08:17:33 cls sshd[1399716]: Connection closed by authenticating user ubuntu 206.123.145.46 port 49424 [preauth]
Apr  5 08:17:34 cls sshd[1399718]: pam_unix(sshd:auth): check pass; user unknown
Apr  5 08:17:34 cls sshd[1399718]: pam_unix(sshd:auth): authentication failure; logname= uid=0 euid=0 tty=ssh ruser= rhost=206.123.145.48 
Apr  5 08:17:37 cls sshd[1399718]: Failed password for invalid user joana from 206.123.145.48 port 61178 ssh2
Apr  5 08:17:41 cls sshd[1399718]: Connection closed by invalid user joana 206.123.145.48 port 61178 [preauth]
Apr  5 08:18:05 cls sshd[1399728]: pam_unix(sshd:auth): authentication failure; logname= uid=0 euid=0 tty=ssh ruser= rhost=95.215.8.165  user=root
Apr  5 08:18:06 cls sshd[1399728]: Failed password for root from 95.215.8.165 port 49946 ssh2
Apr  5 08:18:07 cls sshd[1399728]: Received disconnect from 95.215.8.165 port 49946:11: Bye Bye [preauth]
Apr  5 08:18:07 cls sshd[1399728]: Disconnected from authenticating user root 95.215.8.165 port 49946 [preauth]
Apr  5 08:18:17 cls sshd[1399732]: Invalid user peter from 206.123.145.52 port 46176
Apr  5 08:18:18 cls sshd[1399732]: pam_unix(sshd:auth): check pass; user unknown
Apr  5 08:18:18 cls sshd[1399732]: pam_unix(sshd:auth): authentication failure; logname= uid=0 euid=0 tty=ssh ruser= rhost=206.123.145.52 
Apr  5 08:18:19 cls sshd[1399737]: Invalid user lymumc from 206.123.145.79 port 57134
Apr  5 08:18:20 cls sshd[1399732]: Failed password for invalid user peter from 206.123.145.52 port 46176 ssh2
Apr  5 08:18:22 cls sshd[1399737]: pam_unix(sshd:auth): check pass; user unknown
Apr  5 08:18:22 cls sshd[1399737]: pam_unix(sshd:auth): authentication failure; logname= uid=0 euid=0 tty=ssh ruser= rhost=206.123.145.79 
Apr  5 08:18:24 cls sshd[1399737]: Failed password for invalid user lymumc from 206.123.145.79 port 57134 ssh2
Apr  5 08:18:24 cls sshd[1399767]: Invalid user puteri from 130.12.181.99 port 51874
Apr  5 08:18:24 cls sshd[1399732]: Connection closed by invalid user peter 206.123.145.52 port 46176 [preauth]
Apr  5 08:18:25 cls sshd[1399767]: pam_unix(sshd:auth): check pass; user unknown
Apr  5 08:18:25 cls sshd[1399767]: pam_unix(sshd:auth): authentication failure; logname= uid=0 euid=0 tty=ssh ruser= rhost=130.12.181.99 
Apr  5 08:18:27 cls sshd[1399766]: Invalid user yangdaoyao from 206.123.145.53 port 3854
Apr  5 08:18:27 cls sshd[1399767]: Failed password for invalid user puteri from 130.12.181.99 port 51874 ssh2
Apr  5 08:18:28 cls sshd[1399737]: Connection closed by invalid user lymumc 206.123.145.79 port 57134 [preauth]
Apr  5 08:18:29 cls sshd[1399766]: pam_unix(sshd:auth): check pass; user unknown
Apr  5 08:18:29 cls sshd[1399766]: pam_unix(sshd:auth): authentication failure; logname= uid=0 euid=0 tty=ssh ruser= rhost=206.123.145.53 
Apr  5 08:18:30 cls sshd[1399766]: Failed password for invalid user yangdaoyao from 206.123.145.53 port 3854 ssh2
Apr  5 08:18:31 cls sshd[1399767]: Connection closed by invalid user puteri 130.12.181.99 port 51874 [preauth]
Apr  5 08:18:33 cls sshd[1399766]: Connection closed by invalid user yangdaoyao 206.123.145.53 port 3854 [preauth]
Apr  5 08:18:39 cls sshd[1399774]: Invalid user admin from 103.239.252.132 port 50006
Apr  5 08:18:39 cls sshd[1399774]: pam_unix(sshd:auth): check pass; user unknown
Apr  5 08:18:39 cls sshd[1399774]: pam_unix(sshd:auth): authentication failure; logname= uid=0 euid=0 tty=ssh ruser= rhost=103.239.252.132 
Apr  5 08:18:41 cls sshd[1399774]: Failed password for invalid user admin from 103.239.252.132 port 50006 ssh2
Apr  5 08:18:42 cls sshd[1399774]: Received disconnect from 103.239.252.132 port 50006:11: Bye Bye [preauth]
Apr  5 08:18:42 cls sshd[1399774]: Disconnected from invalid user admin 103.239.252.132 port 50006 [preauth]
Apr  5 08:18:43 cls sshd[1399771]: Invalid user rob from 206.123.145.72 port 45182
Apr  5 08:18:44 cls sshd[1399770]: Invalid user shaiann from 206.123.145.70 port 50632
Apr  5 08:18:45 cls sshd[1399771]: pam_unix(sshd:auth): check pass; user unknown
Apr  5 08:18:45 cls sshd[1399771]: pam_unix(sshd:auth): authentication failure; logname= uid=0 euid=0 tty=ssh ruser= rhost=206.123.145.72 
Apr  5 08:18:46 cls sshd[1399770]: pam_unix(sshd:auth): check pass; user unknown
Apr  5 08:18:46 cls sshd[1399770]: pam_unix(sshd:auth): authentication failure; logname= uid=0 euid=0 tty=ssh ruser= rhost=206.123.145.70 
Apr  5 08:18:47 cls sshd[1399771]: Failed password for invalid user rob from 206.123.145.72 port 45182 ssh2
Apr  5 08:18:48 cls sshd[1399770]: Failed password for invalid user shaiann from 206.123.145.70 port 50632 ssh2
Apr  5 08:18:50 cls sshd[1399771]: Connection closed by invalid user rob 206.123.145.72 port 45182 [preauth]
Apr  5 08:18:53 cls sshd[1399770]: Connection closed by invalid user shaiann 206.123.145.70 port 50632 [preauth]
Apr  5 08:18:56 cls sshd[1399779]: Invalid user jk_1917000259 from 130.12.181.104 port 36558
Apr  5 08:18:59 cls sshd[1399779]: pam_unix(sshd:auth): check pass; user unknown
Apr  5 08:18:59 cls sshd[1399779]: pam_unix(sshd:auth): authentication failure; logname= uid=0 euid=0 tty=ssh ruser= rhost=130.12.181.104 
Apr  5 08:19:01 cls sshd[1399779]: Failed password for invalid user jk_1917000259 from 130.12.181.104 port 36558 ssh2
Apr  5 08:19:03 cls sshd[1399779]: Connection closed by invalid user jk_1917000259 130.12.181.104 port 36558 [preauth]
Apr  5 08:19:37 cls sshd[1399831]: pam_unix(sshd:auth): authentication failure; logname= uid=0 euid=0 tty=ssh ruser= rhost=206.123.145.73  user=root
Apr  5 08:19:38 cls sshd[1399831]: Failed password for root from 206.123.145.73 port 50692 ssh2
Apr  5 08:19:40 cls sshd[1399835]: Invalid user bot from 119.209.12.20 port 45784
Apr  5 08:19:40 cls sshd[1399835]: pam_unix(sshd:auth): check pass; user unknown
Apr  5 08:19:40 cls sshd[1399835]: pam_unix(sshd:auth): authentication failure; logname= uid=0 euid=0 tty=ssh ruser= rhost=119.209.12.20 
Apr  5 08:19:42 cls sshd[1399835]: Failed password for invalid user bot from 119.209.12.20 port 45784 ssh2
Apr  5 08:19:43 cls sshd[1399831]: Connection closed by authenticating user root 206.123.145.73 port 50692 [preauth]
Apr  5 08:19:44 cls sshd[1399835]: Received disconnect from 119.209.12.20 port 45784:11: Bye Bye [preauth]
Apr  5 08:19:44 cls sshd[1399835]: Disconnected from invalid user bot 119.209.12.20 port 45784 [preauth]
Apr  5 08:19:44 cls sshd[1399833]: pam_unix(sshd:auth): authentication failure; logname= uid=0 euid=0 tty=ssh ruser= rhost=206.123.145.69  user=root
Apr  5 08:19:46 cls sshd[1399833]: Failed password for root from 206.123.145.69 port 59462 ssh2
Apr  5 08:19:49 cls sshd[1399833]: Connection closed by authenticating user root 206.123.145.69 port 59462 [preauth]
Apr  5 08:19:53 cls sshd[1399837]: Invalid user zzqiang from 130.12.181.101 port 8810
Apr  5 08:19:55 cls sshd[1399837]: pam_unix(sshd:auth): check pass; user unknown
Apr  5 08:19:55 cls sshd[1399837]: pam_unix(sshd:auth): authentication failure; logname= uid=0 euid=0 tty=ssh ruser= rhost=130.12.181.101 
Apr  5 08:19:57 cls sshd[1399837]: Failed password for invalid user zzqiang from 130.12.181.101 port 8810 ssh2
Apr  5 08:20:00 cls sshd[1399837]: Connection closed by invalid user zzqiang 130.12.181.101 port 8810 [preauth]
Apr  5 08:20:04 cls sshd[1399851]: Invalid user kb from 206.123.145.78 port 59222
Apr  5 08:20:05 cls sshd[1399853]: pam_unix(sshd:auth): authentication failure; logname= uid=0 euid=0 tty=ssh ruser= rhost=130.12.181.106  user=root
Apr  5 08:20:06 cls sshd[1399851]: pam_unix(sshd:auth): check pass; user unknown
Apr  5 08:20:06 cls sshd[1399851]: pam_unix(sshd:auth): authentication failure; logname= uid=0 euid=0 tty=ssh ruser= rhost=206.123.145.78 
Apr  5 08:20:06 cls sshd[1399853]: Failed password for root from 130.12.181.106 port 55338 ssh2
Apr  5 08:20:08 cls sshd[1399851]: Failed password for invalid user kb from 206.123.145.78 port 59222 ssh2
Apr  5 08:20:09 cls sshd[1399856]: pam_unix(sshd:auth): authentication failure; logname= uid=0 euid=0 tty=ssh ruser= rhost=206.123.145.76  user=root
Apr  5 08:20:10 cls sshd[1399853]: Connection closed by authenticating user root 130.12.181.106 port 55338 [preauth]
Apr  5 08:20:11 cls sshd[1399856]: Failed password for root from 206.123.145.76 port 8644 ssh2
Apr  5 08:20:12 cls sshd[1399851]: Connection closed by invalid user kb 206.123.145.78 port 59222 [preauth]
Apr  5 08:20:13 cls sshd[1399856]: Connection closed by authenticating user root 206.123.145.76 port 8644 [preauth]
Apr  5 08:20:30 cls sshd[1399890]: Invalid user gaosh from 130.12.181.105 port 33812
Apr  5 08:20:33 cls sshd[1399890]: pam_unix(sshd:auth): check pass; user unknown
Apr  5 08:20:33 cls sshd[1399890]: pam_unix(sshd:auth): authentication failure; logname= uid=0 euid=0 tty=ssh ruser= rhost=130.12.181.105 
Apr  5 08:20:35 cls sshd[1399890]: Failed password for invalid user gaosh from 130.12.181.105 port 33812 ssh2
Apr  5 08:20:35 cls sshd[1399892]: Invalid user hu from 206.123.145.57 port 7680
Apr  5 08:20:37 cls sshd[1399892]: pam_unix(sshd:auth): check pass; user unknown
Apr  5 08:20:37 cls sshd[1399892]: pam_unix(sshd:auth): authentication failure; logname= uid=0 euid=0 tty=ssh ruser= rhost=206.123.145.57 
Apr  5 08:20:37 cls sshd[1399890]: Connection closed by invalid user gaosh 130.12.181.105 port 33812 [preauth]
Apr  5 08:20:38 cls sshd[1399892]: Failed password for invalid user hu from 206.123.145.57 port 7680 ssh2
Apr  5 08:20:43 cls sshd[1399892]: Connection closed by invalid user hu 206.123.145.57 port 7680 [preauth]
Apr  5 08:20:46 cls sshd[1399894]: Invalid user songful from 130.12.181.109 port 10506
Apr  5 08:20:49 cls sshd[1399894]: pam_unix(sshd:auth): check pass; user unknown
Apr  5 08:20:49 cls sshd[1399894]: pam_unix(sshd:auth): authentication failure; logname= uid=0 euid=0 tty=ssh ruser= rhost=130.12.181.109 
Apr  5 08:20:51 cls sshd[1399894]: Failed password for invalid user songful from 130.12.181.109 port 10506 ssh2
Apr  5 08:20:55 cls sshd[1399894]: Connection closed by invalid user songful 130.12.181.109 port 10506 [preauth]
Apr  5 08:21:03 cls sshd[1399909]: pam_unix(sshd:auth): authentication failure; logname= uid=0 euid=0 tty=ssh ruser= rhost=103.239.252.132  user=root
Apr  5 08:21:05 cls sshd[1399909]: Failed password for root from 103.239.252.132 port 42177 ssh2
Apr  5 08:21:06 cls sshd[1399909]: Received disconnect from 103.239.252.132 port 42177:11: Bye Bye [preauth]
Apr  5 08:21:06 cls sshd[1399909]: Disconnected from authenticating user root 103.239.252.132 port 42177 [preauth]
Apr  5 08:21:12 cls sshd[1399911]: Invalid user plone from 206.123.145.54 port 45106
Apr  5 08:21:13 cls sshd[1399911]: pam_unix(sshd:auth): check pass; user unknown
Apr  5 08:21:13 cls sshd[1399911]: pam_unix(sshd:auth): authentication failure; logname= uid=0 euid=0 tty=ssh ruser= rhost=206.123.145.54 
Apr  5 08:21:15 cls sshd[1399911]: Failed password for invalid user plone from 206.123.145.54 port 45106 ssh2
Apr  5 08:21:17 cls sshd[1399911]: Connection closed by invalid user plone 206.123.145.54 port 45106 [preauth]
Apr  5 08:21:25 cls sshd[1399949]: Invalid user yanglikun from 206.123.145.51 port 27686
Apr  5 08:21:29 cls sshd[1399949]: pam_unix(sshd:auth): check pass; user unknown
Apr  5 08:21:29 cls sshd[1399949]: pam_unix(sshd:auth): authentication failure; logname= uid=0 euid=0 tty=ssh ruser= rhost=206.123.145.51 
Apr  5 08:21:31 cls sshd[1399949]: Failed password for invalid user yanglikun from 206.123.145.51 port 27686 ssh2
Apr  5 08:21:34 cls sshd[1399951]: Invalid user liaoxuejiao from 206.123.145.77 port 34904
Apr  5 08:21:34 cls sshd[1399949]: Connection closed by invalid user yanglikun 206.123.145.51 port 27686 [preauth]
Apr  5 08:21:35 cls sshd[1399951]: pam_unix(sshd:auth): check pass; user unknown
Apr  5 08:21:35 cls sshd[1399951]: pam_unix(sshd:auth): authentication failure; logname= uid=0 euid=0 tty=ssh ruser= rhost=206.123.145.77 
Apr  5 08:21:37 cls sshd[1399951]: Failed password for invalid user liaoxuejiao from 206.123.145.77 port 34904 ssh2
Apr  5 08:21:40 cls sshd[1399951]: Connection closed by invalid user liaoxuejiao 206.123.145.77 port 34904 [preauth]
Apr  5 08:21:50 cls sshd[1399953]: Invalid user jason from 130.12.181.100 port 8532
Apr  5 08:21:51 cls sshd[1399957]: pam_unix(sshd:auth): authentication failure; logname= uid=0 euid=0 tty=ssh ruser= rhost=119.209.12.20  user=root
Apr  5 08:21:53 cls sshd[1399953]: pam_unix(sshd:auth): check pass; user unknown
Apr  5 08:21:53 cls sshd[1399953]: pam_unix(sshd:auth): authentication failure; logname= uid=0 euid=0 tty=ssh ruser= rhost=130.12.181.100 
Apr  5 08:21:53 cls sshd[1399957]: Failed password for root from 119.209.12.20 port 58476 ssh2
Apr  5 08:21:54 cls sshd[1399957]: Received disconnect from 119.209.12.20 port 58476:11: Bye Bye [preauth]
Apr  5 08:21:54 cls sshd[1399957]: Disconnected from authenticating user root 119.209.12.20 port 58476 [preauth]
Apr  5 08:21:55 cls sshd[1399953]: Failed password for invalid user jason from 130.12.181.100 port 8532 ssh2
Apr  5 08:21:57 cls sshd[1399953]: Connection closed by invalid user jason 130.12.181.100 port 8532 [preauth]
Apr  5 08:22:13 cls sshd[1399967]: Invalid user lili from 206.123.145.56 port 55202
Apr  5 08:22:16 cls sshd[1399967]: pam_unix(sshd:auth): check pass; user unknown
Apr  5 08:22:16 cls sshd[1399967]: pam_unix(sshd:auth): authentication failure; logname= uid=0 euid=0 tty=ssh ruser= rhost=206.123.145.56 
Apr  5 08:22:18 cls sshd[1399967]: Failed password for invalid user lili from 206.123.145.56 port 55202 ssh2
Apr  5 08:22:20 cls sshd[1399966]: pam_unix(sshd:auth): authentication failure; logname= uid=0 euid=0 tty=ssh ruser= rhost=206.123.145.75  user=root
Apr  5 08:22:21 cls sshd[1399967]: Connection closed by invalid user lili 206.123.145.56 port 55202 [preauth]
Apr  5 08:22:23 cls sshd[1399966]: Failed password for root from 206.123.145.75 port 57954 ssh2
Apr  5 08:22:27 cls sshd[1399966]: Connection closed by authenticating user root 206.123.145.75 port 57954 [preauth]
Apr  5 08:22:40 cls sshd[1400004]: Invalid user yehao from 130.12.181.107 port 31678
Apr  5 08:22:42 cls sshd[1400004]: pam_unix(sshd:auth): check pass; user unknown
Apr  5 08:22:42 cls sshd[1400004]: pam_unix(sshd:auth): authentication failure; logname= uid=0 euid=0 tty=ssh ruser= rhost=130.12.181.107 
Apr  5 08:22:44 cls sshd[1400004]: Failed password for invalid user yehao from 130.12.181.107 port 31678 ssh2
Apr  5 08:22:48 cls sshd[1400004]: Connection closed by invalid user yehao 130.12.181.107 port 31678 [preauth]
Apr  5 08:23:32 cls sshd[1400006]: Invalid user spi from 130.12.181.103 port 64126
Apr  5 08:23:33 cls sshd[1400008]: pam_unix(sshd:auth): authentication failure; logname= uid=0 euid=0 tty=ssh ruser= rhost=103.239.252.132  user=root
Apr  5 08:23:34 cls sshd[1400008]: Failed password for root from 103.239.252.132 port 34348 ssh2
Apr  5 08:23:35 cls sshd[1400006]: pam_unix(sshd:auth): check pass; user unknown
Apr  5 08:23:35 cls sshd[1400006]: pam_unix(sshd:auth): authentication failure; logname= uid=0 euid=0 tty=ssh ruser= rhost=130.12.181.103 
Apr  5 08:23:35 cls sshd[1400008]: Received disconnect from 103.239.252.132 port 34348:11: Bye Bye [preauth]
Apr  5 08:23:35 cls sshd[1400008]: Disconnected from authenticating user root 103.239.252.132 port 34348 [preauth]
Apr  5 08:23:37 cls sshd[1400006]: Failed password for invalid user spi from 130.12.181.103 port 64126 ssh2
Apr  5 08:23:41 cls sshd[1400006]: Connection closed by invalid user spi 130.12.181.103 port 64126 [preauth]
Apr  5 08:23:47 cls sshd[1400010]: Invalid user user1 from 206.123.145.71 port 42632
Apr  5 08:23:51 cls sshd[1400010]: pam_unix(sshd:auth): check pass; user unknown
Apr  5 08:23:51 cls sshd[1400010]: pam_unix(sshd:auth): authentication failure; logname= uid=0 euid=0 tty=ssh ruser= rhost=206.123.145.71 
Apr  5 08:23:53 cls sshd[1400010]: Failed password for invalid user user1 from 206.123.145.71 port 42632 ssh2
Apr  5 08:23:57 cls sshd[1400010]: Connection closed by invalid user user1 206.123.145.71 port 42632 [preauth]
Apr  5 08:24:13 cls sshd[1400012]: Invalid user amax1 from 130.12.181.98 port 65220
Apr  5 08:24:15 cls sshd[1400012]: pam_unix(sshd:auth): check pass; user unknown
Apr  5 08:24:15 cls sshd[1400012]: pam_unix(sshd:auth): authentication failure; logname= uid=0 euid=0 tty=ssh ruser= rhost=130.12.181.98 
Apr  5 08:24:17 cls sshd[1400012]: Failed password for invalid user amax1 from 130.12.181.98 port 65220 ssh2
Apr  5 08:24:20 cls sshd[1400012]: Connection closed by invalid user amax1 130.12.181.98 port 65220 [preauth]
Apr  5 08:24:27 cls sshd[1400014]: Invalid user kf from 130.12.181.108 port 13180
Apr  5 08:24:29 cls sshd[1400014]: pam_unix(sshd:auth): check pass; user unknown
Apr  5 08:24:29 cls sshd[1400014]: pam_unix(sshd:auth): authentication failure; logname= uid=0 euid=0 tty=ssh ruser= rhost=130.12.181.108 
Apr  5 08:24:30 cls sshd[1400016]: Invalid user jianglinyue from 130.12.181.97 port 53784
Apr  5 08:24:31 cls sshd[1400014]: Failed password for invalid user kf from 130.12.181.108 port 13180 ssh2
Apr  5 08:24:33 cls sshd[1400017]: Invalid user changs from 206.123.145.55 port 54584
Apr  5 08:24:33 cls sshd[1400020]: Invalid user pbsworksuser from 95.215.8.165 port 52926
Apr  5 08:24:33 cls sshd[1400020]: pam_unix(sshd:auth): check pass; user unknown
Apr  5 08:24:33 cls sshd[1400020]: pam_unix(sshd:auth): authentication failure; logname= uid=0 euid=0 tty=ssh ruser= rhost=95.215.8.165 
Apr  5 08:24:34 cls sshd[1400016]: pam_unix(sshd:auth): check pass; user unknown
Apr  5 08:24:34 cls sshd[1400016]: pam_unix(sshd:auth): authentication failure; logname= uid=0 euid=0 tty=ssh ruser= rhost=130.12.181.97 
Apr  5 08:24:35 cls sshd[1400017]: pam_unix(sshd:auth): check pass; user unknown
Apr  5 08:24:35 cls sshd[1400017]: pam_unix(sshd:auth): authentication failure; logname= uid=0 euid=0 tty=ssh ruser= rhost=206.123.145.55 
Apr  5 08:24:36 cls sshd[1400014]: Connection closed by invalid user kf 130.12.181.108 port 13180 [preauth]
Apr  5 08:24:36 cls sshd[1400020]: Failed password for invalid user pbsworksuser from 95.215.8.165 port 52926 ssh2
Apr  5 08:24:37 cls sshd[1400020]: Received disconnect from 95.215.8.165 port 52926:11: Bye Bye [preauth]
Apr  5 08:24:37 cls sshd[1400020]: Disconnected from invalid user pbsworksuser 95.215.8.165 port 52926 [preauth]
Apr  5 08:24:37 cls sshd[1400016]: Failed password for invalid user jianglinyue from 130.12.181.97 port 53784 ssh2
Apr  5 08:24:38 cls sshd[1400017]: Failed password for invalid user changs from 206.123.145.55 port 54584 ssh2
Apr  5 08:24:42 cls sshd[1400016]: Connection closed by invalid user jianglinyue 130.12.181.97 port 53784 [preauth]
Apr  5 08:24:43 cls sshd[1400017]: Connection closed by invalid user changs 206.123.145.55 port 54584 [preauth]
Apr  5 08:24:46 cls sshd[1400022]: pam_unix(sshd:auth): authentication failure; logname= uid=0 euid=0 tty=ssh ruser= rhost=206.123.145.74  user=root
Apr  5 08:24:48 cls sshd[1400022]: Failed password for root from 206.123.145.74 port 52426 ssh2
Apr  5 08:24:49 cls sshd[1400022]: Connection closed by authenticating user root 206.123.145.74 port 52426 [preauth]
Apr  5 08:25:32 cls sshd[1400025]: pam_unix(sshd:auth): authentication failure; logname= uid=0 euid=0 tty=ssh ruser= rhost=130.162.132.75  user=root
Apr  5 08:25:34 cls sshd[1400025]: Failed password for root from 130.162.132.75 port 51246 ssh2
Apr  5 08:25:35 cls sshd[1400025]: Received disconnect from 130.162.132.75 port 51246:11: Bye Bye [preauth]
Apr  5 08:25:35 cls sshd[1400025]: Disconnected from authenticating user root 130.162.132.75 port 51246 [preauth]
Apr  5 08:25:57 cls sshd[1400027]: Invalid user lab from 206.123.145.20 port 11842
Apr  5 08:25:57 cls sshd[1400028]: Invalid user sxj from 206.123.145.50 port 15736
Apr  5 08:26:00 cls sshd[1400028]: pam_unix(sshd:auth): check pass; user unknown
Apr  5 08:26:00 cls sshd[1400028]: pam_unix(sshd:auth): authentication failure; logname= uid=0 euid=0 tty=ssh ruser= rhost=206.123.145.50 
Apr  5 08:26:01 cls sshd[1400027]: pam_unix(sshd:auth): check pass; user unknown
Apr  5 08:26:01 cls sshd[1400027]: pam_unix(sshd:auth): authentication failure; logname= uid=0 euid=0 tty=ssh ruser= rhost=206.123.145.20 
Apr  5 08:26:01 cls sshd[1400028]: Failed password for invalid user sxj from 206.123.145.50 port 15736 ssh2
Apr  5 08:26:03 cls sshd[1400027]: Failed password for invalid user lab from 206.123.145.20 port 11842 ssh2
Apr  5 08:26:03 cls sshd[1400028]: Connection closed by invalid user sxj 206.123.145.50 port 15736 [preauth]
Apr  5 08:26:05 cls sshd[1400027]: Connection closed by invalid user lab 206.123.145.20 port 11842 [preauth]
Apr  5 08:26:05 cls sshd[1400031]: pam_unix(sshd:auth): authentication failure; logname= uid=0 euid=0 tty=ssh ruser= rhost=130.12.181.102  user=root
Apr  5 08:26:08 cls sshd[1400031]: Failed password for root from 130.12.181.102 port 33878 ssh2
Apr  5 08:26:13 cls sshd[1400031]: Connection closed by authenticating user root 130.12.181.102 port 33878 [preauth]
Apr  5 08:26:27 cls sshd[1400033]: pam_unix(sshd:auth): authentication failure; logname= uid=0 euid=0 tty=ssh ruser= rhost=206.123.145.49  user=backup
Apr  5 08:26:29 cls sshd[1400033]: Failed password for backup from 206.123.145.49 port 59766 ssh2
Apr  5 08:26:32 cls sshd[1400033]: Connection closed by authenticating user backup 206.123.145.49 port 59766 [preauth]
Apr  5 08:26:39 cls sshd[1400038]: Invalid user user3 from 206.123.145.46 port 48320
Apr  5 08:26:41 cls sshd[1400038]: pam_unix(sshd:auth): check pass; user unknown
Apr  5 08:26:41 cls sshd[1400038]: pam_unix(sshd:auth): authentication failure; logname= uid=0 euid=0 tty=ssh ruser= rhost=206.123.145.46 
Apr  5 08:26:43 cls sshd[1400038]: Failed password for invalid user user3 from 206.123.145.46 port 48320 ssh2
Apr  5 08:26:48 cls sshd[1400038]: Connection closed by invalid user user3 206.123.145.46 port 48320 [preauth]
Apr  5 08:27:07 cls sshd[1400042]: pam_unix(sshd:auth): authentication failure; logname= uid=0 euid=0 tty=ssh ruser= rhost=206.123.145.48  user=root
Apr  5 08:27:09 cls sshd[1400042]: Failed password for root from 206.123.145.48 port 9268 ssh2
Apr  5 08:27:13 cls sshd[1400042]: Connection closed by authenticating user root 206.123.145.48 port 9268 [preauth]
Apr  5 08:27:26 cls sshd[1400088]: pam_unix(sshd:auth): authentication failure; logname= uid=0 euid=0 tty=ssh ruser= rhost=130.12.181.99  user=root
Apr  5 08:27:28 cls sshd[1400088]: Failed password for root from 130.12.181.99 port 13390 ssh2
Apr  5 08:27:31 cls sshd[1400088]: Connection closed by authenticating user root 130.12.181.99 port 13390 [preauth]
Apr  5 08:27:41 cls sshd[1400092]: Invalid user zsh from 206.123.145.52 port 50650
Apr  5 08:27:44 cls sshd[1400092]: pam_unix(sshd:auth): check pass; user unknown
Apr  5 08:27:44 cls sshd[1400092]: pam_unix(sshd:auth): authentication failure; logname= uid=0 euid=0 tty=ssh ruser= rhost=206.123.145.52 
Apr  5 08:27:46 cls sshd[1400092]: Failed password for invalid user zsh from 206.123.145.52 port 50650 ssh2
Apr  5 08:27:48 cls sshd[1400097]: pam_unix(sshd:auth): authentication failure; logname= uid=0 euid=0 tty=ssh ruser= rhost=95.215.8.165  user=root
Apr  5 08:27:49 cls sshd[1400092]: Connection closed by invalid user zsh 206.123.145.52 port 50650 [preauth]
Apr  5 08:27:50 cls sshd[1400097]: Failed password for root from 95.215.8.165 port 38248 ssh2
Apr  5 08:27:50 cls sshd[1400097]: Received disconnect from 95.215.8.165 port 38248:11: Bye Bye [preauth]
Apr  5 08:27:50 cls sshd[1400097]: Disconnected from authenticating user root 95.215.8.165 port 38248 [preauth]
Apr  5 08:27:56 cls sshd[1400096]: Invalid user liuhaibin from 206.123.145.53 port 15882
Apr  5 08:27:57 cls sshd[1400096]: pam_unix(sshd:auth): check pass; user unknown
Apr  5 08:27:57 cls sshd[1400096]: pam_unix(sshd:auth): authentication failure; logname= uid=0 euid=0 tty=ssh ruser= rhost=206.123.145.53 
Apr  5 08:27:59 cls sshd[1400096]: Failed password for invalid user liuhaibin from 206.123.145.53 port 15882 ssh2
Apr  5 08:28:01 cls sshd[1400099]: Invalid user lhr from 206.123.145.79 port 33488
Apr  5 08:28:03 cls sshd[1400096]: Connection closed by invalid user liuhaibin 206.123.145.53 port 15882 [preauth]
Apr  5 08:28:03 cls sshd[1400099]: pam_unix(sshd:auth): check pass; user unknown
Apr  5 08:28:03 cls sshd[1400099]: pam_unix(sshd:auth): authentication failure; logname= uid=0 euid=0 tty=ssh ruser= rhost=206.123.145.79 
Apr  5 08:28:05 cls sshd[1400099]: Failed password for invalid user lhr from 206.123.145.79 port 33488 ssh2
Apr  5 08:28:05 cls sshd[1400102]: Invalid user mongs from 130.12.181.104 port 17542
Apr  5 08:28:09 cls sshd[1400102]: pam_unix(sshd:auth): check pass; user unknown
Apr  5 08:28:09 cls sshd[1400102]: pam_unix(sshd:auth): authentication failure; logname= uid=0 euid=0 tty=ssh ruser= rhost=130.12.181.104 
Apr  5 08:28:10 cls sshd[1400099]: Connection closed by invalid user lhr 206.123.145.79 port 33488 [preauth]
Apr  5 08:28:11 cls sshd[1400102]: Failed password for invalid user mongs from 130.12.181.104 port 17542 ssh2
Apr  5 08:28:14 cls sshd[1400102]: Connection closed by invalid user mongs 130.12.181.104 port 17542 [preauth]
Apr  5 08:28:34 cls sshd[1400104]: Invalid user setroubleshoot from 206.123.145.72 port 46078
Apr  5 08:28:35 cls sshd[1400104]: pam_unix(sshd:auth): check pass; user unknown
Apr  5 08:28:35 cls sshd[1400104]: pam_unix(sshd:auth): authentication failure; logname= uid=0 euid=0 tty=ssh ruser= rhost=206.123.145.72 
Apr  5 08:28:38 cls sshd[1400104]: Failed password for invalid user setroubleshoot from 206.123.145.72 port 46078 ssh2
Apr  5 08:28:40 cls sshd[1400104]: Connection closed by invalid user setroubleshoot 206.123.145.72 port 46078 [preauth]
Apr  5 08:28:43 cls sshd[1400107]: Invalid user JingZhang_1 from 130.12.181.101 port 60610
Apr  5 08:28:44 cls sshd[1400106]: pam_unix(sshd:auth): authentication failure; logname= uid=0 euid=0 tty=ssh ruser= rhost=206.123.145.70  user=root
Apr  5 08:28:45 cls sshd[1400107]: pam_unix(sshd:auth): check pass; user unknown
Apr  5 08:28:45 cls sshd[1400107]: pam_unix(sshd:auth): authentication failure; logname= uid=0 euid=0 tty=ssh ruser= rhost=130.12.181.101 
Apr  5 08:28:47 cls sshd[1400106]: Failed password for root from 206.123.145.70 port 27146 ssh2
Apr  5 08:28:47 cls sshd[1400107]: Failed password for invalid user JingZhang_1 from 130.12.181.101 port 60610 ssh2
Apr  5 08:28:49 cls sshd[1400106]: Connection closed by authenticating user root 206.123.145.70 port 27146 [preauth]
Apr  5 08:28:50 cls sshd[1400107]: Connection closed by invalid user JingZhang_1 130.12.181.101 port 60610 [preauth]
Apr  5 08:28:58 cls sshd[1400115]: Invalid user informix from 130.12.181.106 port 10260
Apr  5 08:29:00 cls sshd[1400115]: pam_unix(sshd:auth): check pass; user unknown
Apr  5 08:29:00 cls sshd[1400115]: pam_unix(sshd:auth): authentication failure; logname= uid=0 euid=0 tty=ssh ruser= rhost=130.12.181.106 
Apr  5 08:29:02 cls sshd[1400115]: Failed password for invalid user informix from 130.12.181.106 port 10260 ssh2
Apr  5 08:29:05 cls sshd[1400115]: Connection closed by invalid user informix 130.12.181.106 port 10260 [preauth]
Apr  5 08:29:18 cls sshd[1400117]: Invalid user hxy19 from 206.123.145.73 port 18634
Apr  5 08:29:21 cls sshd[1400117]: pam_unix(sshd:auth): check pass; user unknown
Apr  5 08:29:21 cls sshd[1400117]: pam_unix(sshd:auth): authentication failure; logname= uid=0 euid=0 tty=ssh ruser= rhost=206.123.145.73 
Apr  5 08:29:23 cls sshd[1400117]: Failed password for invalid user hxy19 from 206.123.145.73 port 18634 ssh2
Apr  5 08:29:25 cls sshd[1400119]: Invalid user yjw from 206.123.145.78 port 54428
Apr  5 08:29:27 cls sshd[1400119]: pam_unix(sshd:auth): check pass; user unknown
Apr  5 08:29:27 cls sshd[1400119]: pam_unix(sshd:auth): authentication failure; logname= uid=0 euid=0 tty=ssh ruser= rhost=206.123.145.78 
Apr  5 08:29:27 cls sshd[1400117]: Connection closed by invalid user hxy19 206.123.145.73 port 18634 [preauth]
Apr  5 08:29:29 cls sshd[1400119]: Failed password for invalid user yjw from 206.123.145.78 port 54428 ssh2
Apr  5 08:29:29 cls sshd[1400121]: Invalid user scshcp from 206.123.145.69 port 52454
Apr  5 08:29:31 cls sshd[1400121]: pam_unix(sshd:auth): check pass; user unknown
Apr  5 08:29:31 cls sshd[1400121]: pam_unix(sshd:auth): authentication failure; logname= uid=0 euid=0 tty=ssh ruser= rhost=206.123.145.69 
Apr  5 08:29:32 cls sshd[1400119]: Connection closed by invalid user yjw 206.123.145.78 port 54428 [preauth]
Apr  5 08:29:33 cls sshd[1400121]: Failed password for invalid user scshcp from 206.123.145.69 port 52454 ssh2
Apr  5 08:29:37 cls sshd[1400121]: Connection closed by invalid user scshcp 206.123.145.69 port 52454 [preauth]
Apr  5 08:29:48 cls sshd[1400123]: Invalid user wangxj from 206.123.145.76 port 15542
Apr  5 08:29:50 cls sshd[1400123]: pam_unix(sshd:auth): check pass; user unknown
Apr  5 08:29:50 cls sshd[1400123]: pam_unix(sshd:auth): authentication failure; logname= uid=0 euid=0 tty=ssh ruser= rhost=206.123.145.76 
Apr  5 08:29:52 cls sshd[1400123]: Failed password for invalid user wangxj from 206.123.145.76 port 15542 ssh2
Apr  5 08:29:53 cls sshd[1400125]: Invalid user xzhao from 130.12.181.105 port 42894
Apr  5 08:29:54 cls sshd[1400127]: Invalid user qinjianfeng from 206.123.145.57 port 42100
Apr  5 08:29:55 cls sshd[1400125]: pam_unix(sshd:auth): check pass; user unknown
Apr  5 08:29:55 cls sshd[1400125]: pam_unix(sshd:auth): authentication failure; logname= uid=0 euid=0 tty=ssh ruser= rhost=130.12.181.105 
Apr  5 08:29:57 cls sshd[1400123]: Connection closed by invalid user wangxj 206.123.145.76 port 15542 [preauth]
Apr  5 08:29:57 cls sshd[1400127]: pam_unix(sshd:auth): check pass; user unknown
Apr  5 08:29:57 cls sshd[1400127]: pam_unix(sshd:auth): authentication failure; logname= uid=0 euid=0 tty=ssh ruser= rhost=206.123.145.57 
Apr  5 08:29:58 cls sshd[1400125]: Failed password for invalid user xzhao from 130.12.181.105 port 42894 ssh2
Apr  5 08:29:59 cls sshd[1400127]: Failed password for invalid user qinjianfeng from 206.123.145.57 port 42100 ssh2
Apr  5 08:30:00 cls sshd[1400127]: Connection closed by invalid user qinjianfeng 206.123.145.57 port 42100 [preauth]
Apr  5 08:30:00 cls sshd[1400129]: Invalid user wmq from 130.12.181.109 port 50072
Apr  5 08:30:01 cls sshd[1400125]: Connection closed by invalid user xzhao 130.12.181.105 port 42894 [preauth]
Apr  5 08:30:03 cls sshd[1400129]: pam_unix(sshd:auth): check pass; user unknown
Apr  5 08:30:03 cls sshd[1400129]: pam_unix(sshd:auth): authentication failure; logname= uid=0 euid=0 tty=ssh ruser= rhost=130.12.181.109 
Apr  5 08:30:05 cls sshd[1400129]: Failed password for invalid user wmq from 130.12.181.109 port 50072 ssh2
Apr  5 08:30:08 cls sshd[1400129]: Connection closed by invalid user wmq 130.12.181.109 port 50072 [preauth]
Apr  5 08:30:43 cls sshd[1400373]: pam_unix(sshd:auth): authentication failure; logname= uid=0 euid=0 tty=ssh ruser= rhost=206.123.145.54  user=root
Apr  5 08:30:45 cls sshd[1400373]: Failed password for root from 206.123.145.54 port 47200 ssh2
Apr  5 08:30:48 cls sshd[1400373]: Connection closed by authenticating user root 206.123.145.54 port 47200 [preauth]
