Apr  5 12:51:26 cls sshd[1417300]: pam_unix(sshd:auth): authentication failure; logname= uid=0 euid=0 tty=ssh ruser= rhost=130.12.181.101 
Apr  5 12:51:27 cls sshd[1417300]: Failed password for invalid user zyy from 130.12.181.101 port 28178 ssh2
Apr  5 12:51:31 cls sshd[1417300]: Connection closed by invalid user zyy 130.12.181.101 port 28178 [preauth]
Apr  5 12:51:31 cls sshd[1417305]: Invalid user frappe from 129.226.157.18 port 41966
Apr  5 12:51:31 cls sshd[1417305]: pam_unix(sshd:auth): check pass; user unknown
Apr  5 12:51:31 cls sshd[1417305]: pam_unix(sshd:auth): authentication failure; logname= uid=0 euid=0 tty=ssh ruser= rhost=129.226.157.18 
Apr  5 12:51:33 cls sshd[1417305]: Failed password for invalid user frappe from 129.226.157.18 port 41966 ssh2
Apr  5 12:51:34 cls sshd[1417305]: Received disconnect from 129.226.157.18 port 41966:11: Bye Bye [preauth]
Apr  5 12:51:34 cls sshd[1417305]: Disconnected from invalid user frappe 129.226.157.18 port 41966 [preauth]
Apr  5 12:51:40 cls sshd[1417307]: Invalid user user from 130.12.181.106 port 23626
Apr  5 12:51:42 cls sshd[1417307]: pam_unix(sshd:auth): check pass; user unknown
Apr  5 12:51:42 cls sshd[1417307]: pam_unix(sshd:auth): authentication failure; logname= uid=0 euid=0 tty=ssh ruser= rhost=130.12.181.106 
Apr  5 12:51:44 cls sshd[1417307]: Failed password for invalid user user from 130.12.181.106 port 23626 ssh2
Apr  5 12:51:46 cls sshd[1417309]: Invalid user xuyuqing from 206.123.145.76 port 38294
Apr  5 12:51:48 cls sshd[1417307]: Connection closed by invalid user user 130.12.181.106 port 23626 [preauth]
Apr  5 12:51:48 cls sshd[1417309]: pam_unix(sshd:auth): check pass; user unknown
Apr  5 12:51:48 cls sshd[1417309]: pam_unix(sshd:auth): authentication failure; logname= uid=0 euid=0 tty=ssh ruser= rhost=206.123.145.76 
Apr  5 12:51:50 cls sshd[1417309]: Failed password for invalid user xuyuqing from 206.123.145.76 port 38294 ssh2
Apr  5 12:51:54 cls sshd[1417309]: Connection closed by invalid user xuyuqing 206.123.145.76 port 38294 [preauth]
Apr  5 12:51:57 cls sshd[1417316]: pam_unix(sshd:auth): authentication failure; logname= uid=0 euid=0 tty=ssh ruser= rhost=118.193.34.157  user=root
Apr  5 12:52:00 cls sshd[1417316]: Failed password for root from 118.193.34.157 port 35794 ssh2
Apr  5 12:52:00 cls sshd[1417316]: Received disconnect from 118.193.34.157 port 35794:11: Bye Bye [preauth]
Apr  5 12:52:00 cls sshd[1417316]: Disconnected from authenticating user root 118.193.34.157 port 35794 [preauth]
Apr  5 12:52:02 cls sshd[1417312]: Invalid user mhx2 from 130.12.181.104 port 32182
Apr  5 12:52:04 cls sshd[1417312]: pam_unix(sshd:auth): check pass; user unknown
Apr  5 12:52:04 cls sshd[1417312]: pam_unix(sshd:auth): authentication failure; logname= uid=0 euid=0 tty=ssh ruser= rhost=130.12.181.104 
Apr  5 12:52:05 cls sshd[1417314]: Invalid user weblogic from 206.123.145.73 port 32244
Apr  5 12:52:06 cls sshd[1417312]: Failed password for invalid user mhx2 from 130.12.181.104 port 32182 ssh2
Apr  5 12:52:07 cls sshd[1417314]: pam_unix(sshd:auth): check pass; user unknown
Apr  5 12:52:07 cls sshd[1417314]: pam_unix(sshd:auth): authentication failure; logname= uid=0 euid=0 tty=ssh ruser= rhost=206.123.145.73 
Apr  5 12:52:10 cls sshd[1417314]: Failed password for invalid user weblogic from 206.123.145.73 port 32244 ssh2
Apr  5 12:52:10 cls sshd[1417312]: Connection closed by invalid user mhx2 130.12.181.104 port 32182 [preauth]
Apr  5 12:52:14 cls sshd[1417314]: Connection closed by invalid user weblogic 206.123.145.73 port 32244 [preauth]
Apr  5 12:52:21 cls sshd[1417324]: Invalid user loginuser from 201.71.192.108 port 59138
Apr  5 12:52:21 cls sshd[1417324]: pam_unix(sshd:auth): check pass; user unknown
Apr  5 12:52:21 cls sshd[1417324]: pam_unix(sshd:auth): authentication failure; logname= uid=0 euid=0 tty=ssh ruser= rhost=201.71.192.108 
Apr  5 12:52:23 cls sshd[1417324]: Failed password for invalid user loginuser from 201.71.192.108 port 59138 ssh2
Apr  5 12:52:23 cls sshd[1417324]: Received disconnect from 201.71.192.108 port 59138:11: Bye Bye [preauth]
Apr  5 12:52:23 cls sshd[1417324]: Disconnected from invalid user loginuser 201.71.192.108 port 59138 [preauth]
Apr  5 12:52:24 cls sshd[1417318]: Invalid user test from 130.12.181.109 port 62200
Apr  5 12:52:25 cls sshd[1417320]: Invalid user vtv from 206.123.145.55 port 1508
Apr  5 12:52:26 cls sshd[1417318]: pam_unix(sshd:auth): check pass; user unknown
Apr  5 12:52:26 cls sshd[1417318]: pam_unix(sshd:auth): authentication failure; logname= uid=0 euid=0 tty=ssh ruser= rhost=130.12.181.109 
Apr  5 12:52:27 cls sshd[1417320]: pam_unix(sshd:auth): check pass; user unknown
Apr  5 12:52:27 cls sshd[1417320]: pam_unix(sshd:auth): authentication failure; logname= uid=0 euid=0 tty=ssh ruser= rhost=206.123.145.55 
Apr  5 12:52:27 cls sshd[1417321]: Invalid user mchen from 206.123.145.74 port 2984
Apr  5 12:52:27 cls sshd[1417318]: Failed password for invalid user test from 130.12.181.109 port 62200 ssh2
Apr  5 12:52:28 cls sshd[1417321]: pam_unix(sshd:auth): check pass; user unknown
Apr  5 12:52:28 cls sshd[1417321]: pam_unix(sshd:auth): authentication failure; logname= uid=0 euid=0 tty=ssh ruser= rhost=206.123.145.74 
Apr  5 12:52:28 cls sshd[1417320]: Failed password for invalid user vtv from 206.123.145.55 port 1508 ssh2
Apr  5 12:52:30 cls sshd[1417318]: Connection closed by invalid user test 130.12.181.109 port 62200 [preauth]
Apr  5 12:52:30 cls sshd[1417360]: pam_unix(sshd:auth): authentication failure; logname= uid=0 euid=0 tty=ssh ruser= rhost=192.3.130.87  user=root
Apr  5 12:52:30 cls sshd[1417321]: Failed password for invalid user mchen from 206.123.145.74 port 2984 ssh2
Apr  5 12:52:30 cls sshd[1417320]: Connection closed by invalid user vtv 206.123.145.55 port 1508 [preauth]
Apr  5 12:52:32 cls sshd[1417360]: Failed password for root from 192.3.130.87 port 53628 ssh2
Apr  5 12:52:32 cls sshd[1417360]: Received disconnect from 192.3.130.87 port 53628:11: Bye Bye [preauth]
Apr  5 12:52:32 cls sshd[1417360]: Disconnected from authenticating user root 192.3.130.87 port 53628 [preauth]
Apr  5 12:52:34 cls sshd[1417321]: Connection closed by invalid user mchen 206.123.145.74 port 2984 [preauth]
Apr  5 12:52:35 cls sshd[1417359]: Invalid user wqs from 130.12.181.107 port 63016
Apr  5 12:52:37 cls sshd[1417359]: pam_unix(sshd:auth): check pass; user unknown
Apr  5 12:52:37 cls sshd[1417359]: pam_unix(sshd:auth): authentication failure; logname= uid=0 euid=0 tty=ssh ruser= rhost=130.12.181.107 
Apr  5 12:52:39 cls sshd[1417359]: Failed password for invalid user wqs from 130.12.181.107 port 63016 ssh2
Apr  5 12:52:40 cls sshd[1417370]: pam_unix(sshd:auth): authentication failure; logname= uid=0 euid=0 tty=ssh ruser= rhost=152.32.191.75  user=root
Apr  5 12:52:41 cls sshd[1417359]: Connection closed by invalid user wqs 130.12.181.107 port 63016 [preauth]
Apr  5 12:52:42 cls sshd[1417370]: Failed password for root from 152.32.191.75 port 45004 ssh2
Apr  5 12:52:43 cls sshd[1417370]: Received disconnect from 152.32.191.75 port 45004:11: Bye Bye [preauth]
Apr  5 12:52:43 cls sshd[1417370]: Disconnected from authenticating user root 152.32.191.75 port 45004 [preauth]
Apr  5 12:52:43 cls sshd[1417363]: Invalid user fxd from 206.123.145.49 port 51414
Apr  5 12:52:45 cls sshd[1417363]: pam_unix(sshd:auth): check pass; user unknown
Apr  5 12:52:45 cls sshd[1417363]: pam_unix(sshd:auth): authentication failure; logname= uid=0 euid=0 tty=ssh ruser= rhost=206.123.145.49 
Apr  5 12:52:46 cls sshd[1417363]: Failed password for invalid user fxd from 206.123.145.49 port 51414 ssh2
Apr  5 12:52:49 cls sshd[1417363]: Connection closed by invalid user fxd 206.123.145.49 port 51414 [preauth]
Apr  5 12:53:11 cls sshd[1417378]: pam_unix(sshd:auth): authentication failure; logname= uid=0 euid=0 tty=ssh ruser= rhost=103.158.40.65  user=root
Apr  5 12:53:13 cls sshd[1417378]: Failed password for root from 103.158.40.65 port 59482 ssh2
Apr  5 12:53:14 cls sshd[1417378]: Received disconnect from 103.158.40.65 port 59482:11: Bye Bye [preauth]
Apr  5 12:53:14 cls sshd[1417378]: Disconnected from authenticating user root 103.158.40.65 port 59482 [preauth]
Apr  5 12:53:17 cls sshd[1417384]: pam_unix(sshd:auth): authentication failure; logname= uid=0 euid=0 tty=ssh ruser= rhost=206.42.14.196  user=root
Apr  5 12:53:20 cls sshd[1417384]: Failed password for root from 206.42.14.196 port 57744 ssh2
Apr  5 12:53:20 cls sshd[1417384]: Received disconnect from 206.42.14.196 port 57744:11: Bye Bye [preauth]
Apr  5 12:53:20 cls sshd[1417384]: Disconnected from authenticating user root 206.42.14.196 port 57744 [preauth]
Apr  5 12:53:21 cls sshd[1417380]: Invalid user guest-u8f2ne from 206.123.145.75 port 43862
Apr  5 12:53:23 cls sshd[1417381]: Invalid user zhangdehan from 130.12.181.105 port 65234
Apr  5 12:53:24 cls sshd[1417380]: pam_unix(sshd:auth): check pass; user unknown
Apr  5 12:53:24 cls sshd[1417380]: pam_unix(sshd:auth): authentication failure; logname= uid=0 euid=0 tty=ssh ruser= rhost=206.123.145.75 
Apr  5 12:53:25 cls sshd[1417381]: pam_unix(sshd:auth): check pass; user unknown
Apr  5 12:53:25 cls sshd[1417381]: pam_unix(sshd:auth): authentication failure; logname= uid=0 euid=0 tty=ssh ruser= rhost=130.12.181.105 
Apr  5 12:53:26 cls sshd[1417380]: Failed password for invalid user guest-u8f2ne from 206.123.145.75 port 43862 ssh2
Apr  5 12:53:27 cls sshd[1417381]: Failed password for invalid user zhangdehan from 130.12.181.105 port 65234 ssh2
Apr  5 12:53:28 cls sshd[1417380]: Connection closed by invalid user guest-u8f2ne 206.123.145.75 port 43862 [preauth]
Apr  5 12:53:30 cls sshd[1417381]: Connection closed by invalid user zhangdehan 130.12.181.105 port 65234 [preauth]
Apr  5 12:53:38 cls sshd[1417386]: Invalid user rootbot from 206.123.145.50 port 8102
Apr  5 12:53:40 cls sshd[1417386]: pam_unix(sshd:auth): check pass; user unknown
Apr  5 12:53:40 cls sshd[1417386]: pam_unix(sshd:auth): authentication failure; logname= uid=0 euid=0 tty=ssh ruser= rhost=206.123.145.50 
Apr  5 12:53:42 cls sshd[1417386]: Failed password for invalid user rootbot from 206.123.145.50 port 8102 ssh2
Apr  5 12:53:44 cls sshd[1417388]: pam_unix(sshd:auth): authentication failure; logname= uid=0 euid=0 tty=ssh ruser= rhost=206.123.145.79  user=root
Apr  5 12:53:45 cls sshd[1417388]: Failed password for root from 206.123.145.79 port 37486 ssh2
Apr  5 12:53:45 cls sshd[1417386]: Connection closed by invalid user rootbot 206.123.145.50 port 8102 [preauth]
Apr  5 12:53:48 cls sshd[1417388]: Connection closed by authenticating user root 206.123.145.79 port 37486 [preauth]
Apr  5 12:53:49 cls sshd[1417390]: Invalid user maym from 206.123.145.48 port 59228
Apr  5 12:53:51 cls sshd[1417390]: pam_unix(sshd:auth): check pass; user unknown
Apr  5 12:53:51 cls sshd[1417390]: pam_unix(sshd:auth): authentication failure; logname= uid=0 euid=0 tty=ssh ruser= rhost=206.123.145.48 
Apr  5 12:53:53 cls sshd[1417390]: Failed password for invalid user maym from 206.123.145.48 port 59228 ssh2
Apr  5 12:53:58 cls sshd[1417390]: Connection closed by invalid user maym 206.123.145.48 port 59228 [preauth]
Apr  5 12:54:11 cls sshd[1417392]: Invalid user crm from 130.12.181.100 port 5388
Apr  5 12:54:13 cls sshd[1417392]: pam_unix(sshd:auth): check pass; user unknown
Apr  5 12:54:13 cls sshd[1417392]: pam_unix(sshd:auth): authentication failure; logname= uid=0 euid=0 tty=ssh ruser= rhost=130.12.181.100 
Apr  5 12:54:15 cls sshd[1417392]: Failed password for invalid user crm from 130.12.181.100 port 5388 ssh2
Apr  5 12:54:15 cls sshd[1417396]: Invalid user user from 118.193.34.157 port 46560
Apr  5 12:54:15 cls sshd[1417396]: pam_unix(sshd:auth): check pass; user unknown
Apr  5 12:54:15 cls sshd[1417396]: pam_unix(sshd:auth): authentication failure; logname= uid=0 euid=0 tty=ssh ruser= rhost=118.193.34.157 
Apr  5 12:54:17 cls sshd[1417396]: Failed password for invalid user user from 118.193.34.157 port 46560 ssh2
Apr  5 12:54:17 cls sshd[1417396]: Received disconnect from 118.193.34.157 port 46560:11: Bye Bye [preauth]
Apr  5 12:54:17 cls sshd[1417396]: Disconnected from invalid user user 118.193.34.157 port 46560 [preauth]
Apr  5 12:54:18 cls sshd[1417392]: Connection closed by invalid user crm 130.12.181.100 port 5388 [preauth]
Apr  5 12:54:23 cls sshd[1417394]: Invalid user odoo from 206.123.145.46 port 12412
Apr  5 12:54:24 cls sshd[1417398]: Invalid user liugroup from 206.123.145.69 port 30996
Apr  5 12:54:25 cls sshd[1417394]: pam_unix(sshd:auth): check pass; user unknown
Apr  5 12:54:25 cls sshd[1417394]: pam_unix(sshd:auth): authentication failure; logname= uid=0 euid=0 tty=ssh ruser= rhost=206.123.145.46 
Apr  5 12:54:25 cls sshd[1417398]: pam_unix(sshd:auth): check pass; user unknown
Apr  5 12:54:25 cls sshd[1417398]: pam_unix(sshd:auth): authentication failure; logname= uid=0 euid=0 tty=ssh ruser= rhost=206.123.145.69 
Apr  5 12:54:27 cls sshd[1417394]: Failed password for invalid user odoo from 206.123.145.46 port 12412 ssh2
Apr  5 12:54:27 cls sshd[1417398]: Failed password for invalid user liugroup from 206.123.145.69 port 30996 ssh2
Apr  5 12:54:30 cls sshd[1417394]: Connection closed by invalid user odoo 206.123.145.46 port 12412 [preauth]
Apr  5 12:54:31 cls sshd[1417400]: Invalid user user01 from 206.123.145.52 port 50560
Apr  5 12:54:31 cls sshd[1417398]: Connection closed by invalid user liugroup 206.123.145.69 port 30996 [preauth]
Apr  5 12:54:33 cls sshd[1417400]: pam_unix(sshd:auth): check pass; user unknown
Apr  5 12:54:33 cls sshd[1417400]: pam_unix(sshd:auth): authentication failure; logname= uid=0 euid=0 tty=ssh ruser= rhost=206.123.145.52 
Apr  5 12:54:35 cls sshd[1417400]: Failed password for invalid user user01 from 206.123.145.52 port 50560 ssh2
Apr  5 12:54:36 cls sshd[1417402]: pam_unix(sshd:auth): authentication failure; logname= uid=0 euid=0 tty=ssh ruser= rhost=206.123.145.71  user=root
Apr  5 12:54:37 cls sshd[1417400]: Connection closed by invalid user user01 206.123.145.52 port 50560 [preauth]
Apr  5 12:54:38 cls sshd[1417402]: Failed password for root from 206.123.145.71 port 57362 ssh2
Apr  5 12:54:38 cls sshd[1417404]: pam_unix(sshd:auth): authentication failure; logname= uid=0 euid=0 tty=ssh ruser= rhost=129.226.157.18  user=root
Apr  5 12:54:40 cls sshd[1417404]: Failed password for root from 129.226.157.18 port 49890 ssh2
Apr  5 12:54:41 cls sshd[1417402]: Connection closed by authenticating user root 206.123.145.71 port 57362 [preauth]
Apr  5 12:54:41 cls sshd[1417404]: Received disconnect from 129.226.157.18 port 49890:11: Bye Bye [preauth]
Apr  5 12:54:41 cls sshd[1417404]: Disconnected from authenticating user root 129.226.157.18 port 49890 [preauth]
Apr  5 12:54:43 cls sshd[1417406]: pam_unix(sshd:auth): authentication failure; logname= uid=0 euid=0 tty=ssh ruser= rhost=132.145.122.251  user=root
Apr  5 12:54:45 cls sshd[1417406]: Failed password for root from 132.145.122.251 port 45212 ssh2
Apr  5 12:54:45 cls sshd[1417406]: Received disconnect from 132.145.122.251 port 45212:11: Bye Bye [preauth]
Apr  5 12:54:45 cls sshd[1417406]: Disconnected from authenticating user root 132.145.122.251 port 45212 [preauth]
Apr  5 12:54:49 cls sshd[1417408]: pam_unix(sshd:auth): authentication failure; logname= uid=0 euid=0 tty=ssh ruser= rhost=192.3.130.87  user=root
Apr  5 12:54:52 cls sshd[1417408]: Failed password for root from 192.3.130.87 port 51430 ssh2
Apr  5 12:54:52 cls sshd[1417408]: Received disconnect from 192.3.130.87 port 51430:11: Bye Bye [preauth]
Apr  5 12:54:52 cls sshd[1417408]: Disconnected from authenticating user root 192.3.130.87 port 51430 [preauth]
Apr  5 12:54:57 cls sshd[1417415]: pam_unix(sshd:auth): authentication failure; logname= uid=0 euid=0 tty=ssh ruser= rhost=152.32.191.75  user=root
Apr  5 12:54:58 cls sshd[1417415]: Failed password for root from 152.32.191.75 port 34470 ssh2
Apr  5 12:54:59 cls sshd[1417415]: Received disconnect from 152.32.191.75 port 34470:11: Bye Bye [preauth]
Apr  5 12:54:59 cls sshd[1417415]: Disconnected from authenticating user root 152.32.191.75 port 34470 [preauth]
Apr  5 12:55:08 cls sshd[1417417]: Invalid user demo from 206.123.145.20 port 26782
Apr  5 12:55:10 cls sshd[1417417]: pam_unix(sshd:auth): check pass; user unknown
Apr  5 12:55:10 cls sshd[1417417]: pam_unix(sshd:auth): authentication failure; logname= uid=0 euid=0 tty=ssh ruser= rhost=206.123.145.20 
Apr  5 12:55:12 cls sshd[1417417]: Failed password for invalid user demo from 206.123.145.20 port 26782 ssh2
Apr  5 12:55:13 cls sshd[1417419]: Invalid user zhangdexin from 206.123.145.77 port 39942
Apr  5 12:55:15 cls sshd[1417421]: Invalid user steam from 201.71.192.108 port 50262
Apr  5 12:55:15 cls sshd[1417421]: pam_unix(sshd:auth): check pass; user unknown
Apr  5 12:55:15 cls sshd[1417421]: pam_unix(sshd:auth): authentication failure; logname= uid=0 euid=0 tty=ssh ruser= rhost=201.71.192.108 
Apr  5 12:55:16 cls sshd[1417419]: pam_unix(sshd:auth): check pass; user unknown
Apr  5 12:55:16 cls sshd[1417419]: pam_unix(sshd:auth): authentication failure; logname= uid=0 euid=0 tty=ssh ruser= rhost=206.123.145.77 
Apr  5 12:55:16 cls sshd[1417417]: Connection closed by invalid user demo 206.123.145.20 port 26782 [preauth]
Apr  5 12:55:17 cls sshd[1417421]: Failed password for invalid user steam from 201.71.192.108 port 50262 ssh2
Apr  5 12:55:18 cls sshd[1417421]: Received disconnect from 201.71.192.108 port 50262:11: Bye Bye [preauth]
Apr  5 12:55:18 cls sshd[1417421]: Disconnected from invalid user steam 201.71.192.108 port 50262 [preauth]
Apr  5 12:55:18 cls sshd[1417419]: Failed password for invalid user zhangdexin from 206.123.145.77 port 39942 ssh2
Apr  5 12:55:22 cls sshd[1417419]: Connection closed by invalid user zhangdexin 206.123.145.77 port 39942 [preauth]
Apr  5 12:55:38 cls sshd[1417425]: Invalid user botuser from 206.42.14.196 port 35306
Apr  5 12:55:38 cls sshd[1417425]: pam_unix(sshd:auth): check pass; user unknown
Apr  5 12:55:38 cls sshd[1417425]: pam_unix(sshd:auth): authentication failure; logname= uid=0 euid=0 tty=ssh ruser= rhost=206.42.14.196 
Apr  5 12:55:39 cls sshd[1417423]: Invalid user hyh19 from 130.12.181.99 port 32774
Apr  5 12:55:40 cls sshd[1417425]: Failed password for invalid user botuser from 206.42.14.196 port 35306 ssh2
Apr  5 12:55:41 cls sshd[1417423]: pam_unix(sshd:auth): check pass; user unknown
Apr  5 12:55:41 cls sshd[1417423]: pam_unix(sshd:auth): authentication failure; logname= uid=0 euid=0 tty=ssh ruser= rhost=130.12.181.99 
Apr  5 12:55:42 cls sshd[1417425]: Received disconnect from 206.42.14.196 port 35306:11: Bye Bye [preauth]
Apr  5 12:55:42 cls sshd[1417425]: Disconnected from invalid user botuser 206.42.14.196 port 35306 [preauth]
Apr  5 12:55:43 cls sshd[1417423]: Failed password for invalid user hyh19 from 130.12.181.99 port 32774 ssh2
Apr  5 12:55:47 cls sshd[1417423]: Connection closed by invalid user hyh19 130.12.181.99 port 32774 [preauth]
Apr  5 12:55:51 cls sshd[1417431]: Invalid user user1 from 206.123.145.53 port 24132
Apr  5 12:55:53 cls sshd[1417430]: Invalid user byuan from 130.12.181.103 port 41306
Apr  5 12:55:54 cls sshd[1417431]: pam_unix(sshd:auth): check pass; user unknown
Apr  5 12:55:54 cls sshd[1417431]: pam_unix(sshd:auth): authentication failure; logname= uid=0 euid=0 tty=ssh ruser= rhost=206.123.145.53 
Apr  5 12:55:56 cls sshd[1417430]: pam_unix(sshd:auth): check pass; user unknown
Apr  5 12:55:56 cls sshd[1417430]: pam_unix(sshd:auth): authentication failure; logname= uid=0 euid=0 tty=ssh ruser= rhost=130.12.181.103 
Apr  5 12:55:56 cls sshd[1417431]: Failed password for invalid user user1 from 206.123.145.53 port 24132 ssh2
Apr  5 12:55:58 cls sshd[1417430]: Failed password for invalid user byuan from 130.12.181.103 port 41306 ssh2
Apr  5 12:55:59 cls sshd[1417431]: Connection closed by invalid user user1 206.123.145.53 port 24132 [preauth]
Apr  5 12:56:01 cls sshd[1417430]: Connection closed by invalid user byuan 130.12.181.103 port 41306 [preauth]
Apr  5 12:56:03 cls sshd[1417438]: Invalid user wduser from 103.158.40.65 port 48040
Apr  5 12:56:03 cls sshd[1417438]: pam_unix(sshd:auth): check pass; user unknown
Apr  5 12:56:03 cls sshd[1417438]: pam_unix(sshd:auth): authentication failure; logname= uid=0 euid=0 tty=ssh ruser= rhost=103.158.40.65 
Apr  5 12:56:05 cls sshd[1417438]: Failed password for invalid user wduser from 103.158.40.65 port 48040 ssh2
Apr  5 12:56:08 cls sshd[1417438]: Received disconnect from 103.158.40.65 port 48040:11: Bye Bye [preauth]
Apr  5 12:56:08 cls sshd[1417438]: Disconnected from invalid user wduser 103.158.40.65 port 48040 [preauth]
Apr  5 12:56:08 cls sshd[1417434]: Invalid user hewb from 206.123.145.57 port 22934
Apr  5 12:56:09 cls sshd[1417435]: Invalid user qijn from 130.12.181.108 port 40282
Apr  5 12:56:09 cls sshd[1417434]: pam_unix(sshd:auth): check pass; user unknown
Apr  5 12:56:09 cls sshd[1417434]: pam_unix(sshd:auth): authentication failure; logname= uid=0 euid=0 tty=ssh ruser= rhost=206.123.145.57 
Apr  5 12:56:11 cls sshd[1417435]: pam_unix(sshd:auth): check pass; user unknown
Apr  5 12:56:11 cls sshd[1417435]: pam_unix(sshd:auth): authentication failure; logname= uid=0 euid=0 tty=ssh ruser= rhost=130.12.181.108 
Apr  5 12:56:11 cls sshd[1417434]: Failed password for invalid user hewb from 206.123.145.57 port 22934 ssh2
Apr  5 12:56:13 cls sshd[1417435]: Failed password for invalid user qijn from 130.12.181.108 port 40282 ssh2
Apr  5 12:56:15 cls sshd[1417435]: Connection closed by invalid user qijn 130.12.181.108 port 40282 [preauth]
Apr  5 12:56:16 cls sshd[1417434]: Connection closed by invalid user hewb 206.123.145.57 port 22934 [preauth]
Apr  5 12:56:23 cls sshd[1417440]: Invalid user shengbinwang from 206.123.145.70 port 45536
Apr  5 12:56:26 cls sshd[1417440]: pam_unix(sshd:auth): check pass; user unknown
Apr  5 12:56:26 cls sshd[1417440]: pam_unix(sshd:auth): authentication failure; logname= uid=0 euid=0 tty=ssh ruser= rhost=206.123.145.70 
Apr  5 12:56:29 cls sshd[1417440]: Failed password for invalid user shengbinwang from 206.123.145.70 port 45536 ssh2
Apr  5 12:56:33 cls sshd[1417440]: Connection closed by invalid user shengbinwang 206.123.145.70 port 45536 [preauth]
Apr  5 12:56:35 cls sshd[1417448]: pam_unix(sshd:auth): authentication failure; logname= uid=0 euid=0 tty=ssh ruser= rhost=118.193.34.157  user=root
Apr  5 12:56:37 cls sshd[1417448]: Failed password for root from 118.193.34.157 port 50950 ssh2
Apr  5 12:56:37 cls sshd[1417448]: Received disconnect from 118.193.34.157 port 50950:11: Bye Bye [preauth]
Apr  5 12:56:37 cls sshd[1417448]: Disconnected from authenticating user root 118.193.34.157 port 50950 [preauth]
Apr  5 12:56:40 cls sshd[1417447]: Invalid user zchuang from 130.12.181.98 port 63394
Apr  5 12:56:42 cls sshd[1417447]: pam_unix(sshd:auth): check pass; user unknown
Apr  5 12:56:42 cls sshd[1417447]: pam_unix(sshd:auth): authentication failure; logname= uid=0 euid=0 tty=ssh ruser= rhost=130.12.181.98 
Apr  5 12:56:44 cls sshd[1417447]: Failed password for invalid user zchuang from 130.12.181.98 port 63394 ssh2
Apr  5 12:56:48 cls sshd[1417447]: Connection closed by invalid user zchuang 130.12.181.98 port 63394 [preauth]
Apr  5 12:57:00 cls sshd[1417452]: Invalid user gc from 130.12.181.97 port 64320
Apr  5 12:57:03 cls sshd[1417452]: pam_unix(sshd:auth): check pass; user unknown
Apr  5 12:57:03 cls sshd[1417452]: pam_unix(sshd:auth): authentication failure; logname= uid=0 euid=0 tty=ssh ruser= rhost=130.12.181.97 
Apr  5 12:57:05 cls sshd[1417452]: Failed password for invalid user gc from 130.12.181.97 port 64320 ssh2
Apr  5 12:57:09 cls sshd[1417452]: Connection closed by invalid user gc 130.12.181.97 port 64320 [preauth]
Apr  5 12:57:21 cls sshd[1417455]: Invalid user sky from 192.3.130.87 port 54628
Apr  5 12:57:21 cls sshd[1417455]: pam_unix(sshd:auth): check pass; user unknown
Apr  5 12:57:21 cls sshd[1417455]: pam_unix(sshd:auth): authentication failure; logname= uid=0 euid=0 tty=ssh ruser= rhost=192.3.130.87 
Apr  5 12:57:22 cls sshd[1417455]: Failed password for invalid user sky from 192.3.130.87 port 54628 ssh2
Apr  5 12:57:23 cls sshd[1417455]: Received disconnect from 192.3.130.87 port 54628:11: Bye Bye [preauth]
Apr  5 12:57:23 cls sshd[1417455]: Disconnected from invalid user sky 192.3.130.87 port 54628 [preauth]
Apr  5 12:57:25 cls sshd[1417461]: Invalid user ftpuser from 152.32.191.75 port 53272
Apr  5 12:57:25 cls sshd[1417461]: pam_unix(sshd:auth): check pass; user unknown
Apr  5 12:57:25 cls sshd[1417461]: pam_unix(sshd:auth): authentication failure; logname= uid=0 euid=0 tty=ssh ruser= rhost=152.32.191.75 
Apr  5 12:57:25 cls sshd[1417454]: Invalid user knp from 206.123.145.54 port 54096
Apr  5 12:57:27 cls sshd[1417454]: pam_unix(sshd:auth): check pass; user unknown
Apr  5 12:57:27 cls sshd[1417454]: pam_unix(sshd:auth): authentication failure; logname= uid=0 euid=0 tty=ssh ruser= rhost=206.123.145.54 
Apr  5 12:57:28 cls sshd[1417461]: Failed password for invalid user ftpuser from 152.32.191.75 port 53272 ssh2
Apr  5 12:57:29 cls sshd[1417454]: Failed password for invalid user knp from 206.123.145.54 port 54096 ssh2
Apr  5 12:57:29 cls sshd[1417461]: Received disconnect from 152.32.191.75 port 53272:11: Bye Bye [preauth]
Apr  5 12:57:29 cls sshd[1417461]: Disconnected from invalid user ftpuser 152.32.191.75 port 53272 [preauth]
Apr  5 12:57:31 cls sshd[1417454]: Connection closed by invalid user knp 206.123.145.54 port 54096 [preauth]
Apr  5 12:57:44 cls sshd[1417471]: pam_unix(sshd:auth): authentication failure; logname= uid=0 euid=0 tty=ssh ruser= rhost=129.226.157.18  user=ubuntu
Apr  5 12:57:47 cls sshd[1417471]: Failed password for ubuntu from 129.226.157.18 port 54966 ssh2
Apr  5 12:57:48 cls sshd[1417471]: Received disconnect from 129.226.157.18 port 54966:11: Bye Bye [preauth]
Apr  5 12:57:48 cls sshd[1417471]: Disconnected from authenticating user ubuntu 129.226.157.18 port 54966 [preauth]
Apr  5 12:58:01 cls sshd[1417473]: Invalid user user from 206.42.14.196 port 48242
Apr  5 12:58:01 cls sshd[1417473]: pam_unix(sshd:auth): check pass; user unknown
Apr  5 12:58:01 cls sshd[1417473]: pam_unix(sshd:auth): authentication failure; logname= uid=0 euid=0 tty=ssh ruser= rhost=206.42.14.196 
Apr  5 12:58:03 cls sshd[1417473]: Failed password for invalid user user from 206.42.14.196 port 48242 ssh2
Apr  5 12:58:04 cls sshd[1417473]: Received disconnect from 206.42.14.196 port 48242:11: Bye Bye [preauth]
Apr  5 12:58:04 cls sshd[1417473]: Disconnected from invalid user user 206.42.14.196 port 48242 [preauth]
Apr  5 12:58:12 cls sshd[1417475]: pam_unix(sshd:auth): authentication failure; logname= uid=0 euid=0 tty=ssh ruser= rhost=206.123.145.78  user=root
Apr  5 12:58:14 cls sshd[1417475]: Failed password for root from 206.123.145.78 port 63200 ssh2
Apr  5 12:58:14 cls sshd[1417478]: Invalid user user2 from 201.71.192.108 port 45936
Apr  5 12:58:14 cls sshd[1417478]: pam_unix(sshd:auth): check pass; user unknown
Apr  5 12:58:14 cls sshd[1417478]: pam_unix(sshd:auth): authentication failure; logname= uid=0 euid=0 tty=ssh ruser= rhost=201.71.192.108 
Apr  5 12:58:17 cls sshd[1417478]: Failed password for invalid user user2 from 201.71.192.108 port 45936 ssh2
Apr  5 12:58:18 cls sshd[1417475]: Connection closed by authenticating user root 206.123.145.78 port 63200 [preauth]
Apr  5 12:58:18 cls sshd[1417478]: Received disconnect from 201.71.192.108 port 45936:11: Bye Bye [preauth]
Apr  5 12:58:18 cls sshd[1417478]: Disconnected from invalid user user2 201.71.192.108 port 45936 [preauth]
Apr  5 12:58:30 cls sshd[1417480]: Invalid user fengyunwen from 206.123.145.51 port 45952
Apr  5 12:58:32 cls sshd[1417480]: pam_unix(sshd:auth): check pass; user unknown
Apr  5 12:58:32 cls sshd[1417480]: pam_unix(sshd:auth): authentication failure; logname= uid=0 euid=0 tty=ssh ruser= rhost=206.123.145.51 
Apr  5 12:58:35 cls sshd[1417480]: Failed password for invalid user fengyunwen from 206.123.145.51 port 45952 ssh2
Apr  5 12:58:38 cls sshd[1417480]: Connection closed by invalid user fengyunwen 206.123.145.51 port 45952 [preauth]
Apr  5 12:58:50 cls sshd[1417484]: Invalid user ftptest from 118.193.34.157 port 37928
Apr  5 12:58:50 cls sshd[1417484]: pam_unix(sshd:auth): check pass; user unknown
Apr  5 12:58:50 cls sshd[1417484]: pam_unix(sshd:auth): authentication failure; logname= uid=0 euid=0 tty=ssh ruser= rhost=118.193.34.157 
Apr  5 12:58:52 cls sshd[1417484]: Failed password for invalid user ftptest from 118.193.34.157 port 37928 ssh2
Apr  5 12:58:53 cls sshd[1417484]: Received disconnect from 118.193.34.157 port 37928:11: Bye Bye [preauth]
Apr  5 12:58:53 cls sshd[1417484]: Disconnected from invalid user ftptest 118.193.34.157 port 37928 [preauth]
Apr  5 12:58:54 cls sshd[1417489]: Invalid user gituser from 103.158.40.65 port 36604
Apr  5 12:58:54 cls sshd[1417489]: pam_unix(sshd:auth): check pass; user unknown
Apr  5 12:58:54 cls sshd[1417489]: pam_unix(sshd:auth): authentication failure; logname= uid=0 euid=0 tty=ssh ruser= rhost=103.158.40.65 
Apr  5 12:58:56 cls sshd[1417489]: Failed password for invalid user gituser from 103.158.40.65 port 36604 ssh2
Apr  5 12:58:56 cls sshd[1417482]: Invalid user dsjnote from 206.123.145.56 port 62570
Apr  5 12:58:56 cls sshd[1417489]: Received disconnect from 103.158.40.65 port 36604:11: Bye Bye [preauth]
Apr  5 12:58:56 cls sshd[1417489]: Disconnected from invalid user gituser 103.158.40.65 port 36604 [preauth]
Apr  5 12:59:00 cls sshd[1417482]: pam_unix(sshd:auth): check pass; user unknown
Apr  5 12:59:00 cls sshd[1417482]: pam_unix(sshd:auth): authentication failure; logname= uid=0 euid=0 tty=ssh ruser= rhost=206.123.145.56 
Apr  5 12:59:02 cls sshd[1417482]: Failed password for invalid user dsjnote from 206.123.145.56 port 62570 ssh2
Apr  5 12:59:05 cls sshd[1417482]: Connection closed by invalid user dsjnote 206.123.145.56 port 62570 [preauth]
Apr  5 12:59:33 cls sshd[1417496]: Invalid user szy from 130.12.181.102 port 57236
Apr  5 12:59:35 cls sshd[1417496]: pam_unix(sshd:auth): check pass; user unknown
Apr  5 12:59:35 cls sshd[1417496]: pam_unix(sshd:auth): authentication failure; logname= uid=0 euid=0 tty=ssh ruser= rhost=130.12.181.102 
Apr  5 12:59:37 cls sshd[1417496]: Failed password for invalid user szy from 130.12.181.102 port 57236 ssh2
Apr  5 12:59:41 cls sshd[1417496]: Connection closed by invalid user szy 130.12.181.102 port 57236 [preauth]
Apr  5 12:59:47 cls sshd[1417498]: Invalid user adam from 192.3.130.87 port 46998
Apr  5 12:59:47 cls sshd[1417498]: pam_unix(sshd:auth): check pass; user unknown
Apr  5 12:59:47 cls sshd[1417498]: pam_unix(sshd:auth): authentication failure; logname= uid=0 euid=0 tty=ssh ruser= rhost=192.3.130.87 
Apr  5 12:59:48 cls sshd[1417502]: pam_unix(sshd:auth): authentication failure; logname= uid=0 euid=0 tty=ssh ruser= rhost=152.32.191.75  user=root
Apr  5 12:59:48 cls sshd[1417498]: Failed password for invalid user adam from 192.3.130.87 port 46998 ssh2
Apr  5 12:59:50 cls sshd[1417498]: Received disconnect from 192.3.130.87 port 46998:11: Bye Bye [preauth]
Apr  5 12:59:50 cls sshd[1417498]: Disconnected from invalid user adam 192.3.130.87 port 46998 [preauth]
Apr  5 12:59:50 cls sshd[1417502]: Failed password for root from 152.32.191.75 port 56982 ssh2
Apr  5 12:59:51 cls sshd[1417502]: Received disconnect from 152.32.191.75 port 56982:11: Bye Bye [preauth]
Apr  5 12:59:51 cls sshd[1417502]: Disconnected from authenticating user root 152.32.191.75 port 56982 [preauth]
Apr  5 12:59:54 cls sshd[1417500]: Invalid user chenjq from 206.123.145.72 port 59378
Apr  5 12:59:56 cls sshd[1417500]: pam_unix(sshd:auth): check pass; user unknown
Apr  5 12:59:56 cls sshd[1417500]: pam_unix(sshd:auth): authentication failure; logname= uid=0 euid=0 tty=ssh ruser= rhost=206.123.145.72 
Apr  5 12:59:58 cls sshd[1417500]: Failed password for invalid user chenjq from 206.123.145.72 port 59378 ssh2
Apr  5 13:00:01 cls CRON[1417512]: pam_unix(cron:session): session opened for user akriveia by (uid=0)
Apr  5 13:00:01 cls CRON[1417514]: pam_unix(cron:session): session opened for user akriveia by (uid=0)
Apr  5 13:00:01 cls CRON[1417513]: pam_unix(cron:session): session opened for user akriveia by (uid=0)
Apr  5 13:00:01 cls CRON[1417514]: pam_unix(cron:session): session closed for user akriveia
Apr  5 13:00:01 cls CRON[1417513]: pam_unix(cron:session): session closed for user akriveia
Apr  5 13:00:01 cls CRON[1417512]: pam_unix(cron:session): session closed for user akriveia
Apr  5 13:00:03 cls sshd[1417500]: Connection closed by invalid user chenjq 206.123.145.72 port 59378 [preauth]
Apr  5 13:00:16 cls sshd[1417534]: Invalid user vpn from 206.42.14.196 port 36428
Apr  5 13:00:16 cls sshd[1417534]: pam_unix(sshd:auth): check pass; user unknown
Apr  5 13:00:16 cls sshd[1417534]: pam_unix(sshd:auth): authentication failure; logname= uid=0 euid=0 tty=ssh ruser= rhost=206.42.14.196 
Apr  5 13:00:18 cls sshd[1417534]: Failed password for invalid user vpn from 206.42.14.196 port 36428 ssh2
Apr  5 13:00:20 cls sshd[1417534]: Received disconnect from 206.42.14.196 port 36428:11: Bye Bye [preauth]
Apr  5 13:00:20 cls sshd[1417534]: Disconnected from invalid user vpn 206.42.14.196 port 36428 [preauth]
Apr  5 13:00:30 cls sshd[1417536]: Invalid user myson from 130.12.181.101 port 20576
Apr  5 13:00:33 cls sshd[1417536]: pam_unix(sshd:auth): check pass; user unknown
Apr  5 13:00:33 cls sshd[1417536]: pam_unix(sshd:auth): authentication failure; logname= uid=0 euid=0 tty=ssh ruser= rhost=130.12.181.101 
Apr  5 13:00:34 cls sshd[1417538]: Invalid user vbv from 130.12.181.106 port 27258
Apr  5 13:00:35 cls sshd[1417536]: Failed password for invalid user myson from 130.12.181.101 port 20576 ssh2
Apr  5 13:00:35 cls sshd[1417538]: pam_unix(sshd:auth): check pass; user unknown
Apr  5 13:00:35 cls sshd[1417538]: pam_unix(sshd:auth): authentication failure; logname= uid=0 euid=0 tty=ssh ruser= rhost=130.12.181.106 
Apr  5 13:00:37 cls sshd[1417540]: Invalid user czonias from 206.123.145.76 port 21954
Apr  5 13:00:37 cls sshd[1417538]: Failed password for invalid user vbv from 130.12.181.106 port 27258 ssh2
Apr  5 13:00:38 cls sshd[1417536]: Connection closed by invalid user myson 130.12.181.101 port 20576 [preauth]
Apr  5 13:00:39 cls sshd[1417540]: pam_unix(sshd:auth): check pass; user unknown
Apr  5 13:00:39 cls sshd[1417540]: pam_unix(sshd:auth): authentication failure; logname= uid=0 euid=0 tty=ssh ruser= rhost=206.123.145.76 
Apr  5 13:00:40 cls sshd[1417540]: Failed password for invalid user czonias from 206.123.145.76 port 21954 ssh2
Apr  5 13:00:41 cls sshd[1417538]: Connection closed by invalid user vbv 130.12.181.106 port 27258 [preauth]
Apr  5 13:00:43 cls sshd[1417540]: Connection closed by invalid user czonias 206.123.145.76 port 21954 [preauth]
Apr  5 13:00:48 cls sshd[1417542]: pam_unix(sshd:auth): authentication failure; logname= uid=0 euid=0 tty=ssh ruser= rhost=129.226.157.18  user=ubuntu
Apr  5 13:00:50 cls sshd[1417542]: Failed password for ubuntu from 129.226.157.18 port 36420 ssh2
Apr  5 13:00:52 cls sshd[1417542]: Received disconnect from 129.226.157.18 port 36420:11: Bye Bye [preauth]
Apr  5 13:00:52 cls sshd[1417542]: Disconnected from authenticating user ubuntu 129.226.157.18 port 36420 [preauth]
Apr  5 13:01:01 cls sshd[1417552]: pam_unix(sshd:auth): authentication failure; logname= uid=0 euid=0 tty=ssh ruser= rhost=201.71.192.108  user=root
Apr  5 13:01:03 cls sshd[1417552]: Failed password for root from 201.71.192.108 port 44286 ssh2
Apr  5 13:01:03 cls sshd[1417557]: Invalid user teamspeak from 118.193.34.157 port 43938
Apr  5 13:01:03 cls sshd[1417557]: pam_unix(sshd:auth): check pass; user unknown
Apr  5 13:01:03 cls sshd[1417557]: pam_unix(sshd:auth): authentication failure; logname= uid=0 euid=0 tty=ssh ruser= rhost=118.193.34.157 
Apr  5 13:01:04 cls sshd[1417552]: Received disconnect from 201.71.192.108 port 44286:11: Bye Bye [preauth]
Apr  5 13:01:04 cls sshd[1417552]: Disconnected from authenticating user root 201.71.192.108 port 44286 [preauth]
Apr  5 13:01:05 cls sshd[1417557]: Failed password for invalid user teamspeak from 118.193.34.157 port 43938 ssh2
Apr  5 13:01:05 cls sshd[1417557]: Received disconnect from 118.193.34.157 port 43938:11: Bye Bye [preauth]
Apr  5 13:01:05 cls sshd[1417557]: Disconnected from invalid user teamspeak 118.193.34.157 port 43938 [preauth]
Apr  5 13:01:06 cls sshd[1417551]: Invalid user ara from 130.12.181.104 port 48390
Apr  5 13:01:07 cls sshd[1417549]: Invalid user user01 from 206.123.145.73 port 5122
Apr  5 13:01:08 cls sshd[1417554]: Invalid user airadmin from 206.123.145.55 port 45292
Apr  5 13:01:09 cls sshd[1417551]: pam_unix(sshd:auth): check pass; user unknown
Apr  5 13:01:09 cls sshd[1417551]: pam_unix(sshd:auth): authentication failure; logname= uid=0 euid=0 tty=ssh ruser= rhost=130.12.181.104 
Apr  5 13:01:09 cls sshd[1417549]: pam_unix(sshd:auth): check pass; user unknown
Apr  5 13:01:09 cls sshd[1417549]: pam_unix(sshd:auth): authentication failure; logname= uid=0 euid=0 tty=ssh ruser= rhost=206.123.145.73 
Apr  5 13:01:11 cls sshd[1417551]: Failed password for invalid user ara from 130.12.181.104 port 48390 ssh2
Apr  5 13:01:11 cls sshd[1417549]: Failed password for invalid user user01 from 206.123.145.73 port 5122 ssh2
Apr  5 13:01:11 cls sshd[1417554]: pam_unix(sshd:auth): check pass; user unknown
Apr  5 13:01:11 cls sshd[1417554]: pam_unix(sshd:auth): authentication failure; logname= uid=0 euid=0 tty=ssh ruser= rhost=206.123.145.55 
Apr  5 13:01:13 cls sshd[1417551]: Connection closed by invalid user ara 130.12.181.104 port 48390 [preauth]
Apr  5 13:01:14 cls sshd[1417554]: Failed password for invalid user airadmin from 206.123.145.55 port 45292 ssh2
Apr  5 13:01:14 cls sshd[1417549]: Connection closed by invalid user user01 206.123.145.73 port 5122 [preauth]
Apr  5 13:01:18 cls sshd[1417554]: Connection closed by invalid user airadmin 206.123.145.55 port 45292 [preauth]
Apr  5 13:01:27 cls sshd[1417562]: Invalid user dell from 130.12.181.109 port 21452
Apr  5 13:01:29 cls sshd[1417562]: pam_unix(sshd:auth): check pass; user unknown
Apr  5 13:01:29 cls sshd[1417562]: pam_unix(sshd:auth): authentication failure; logname= uid=0 euid=0 tty=ssh ruser= rhost=130.12.181.109 
Apr  5 13:01:31 cls sshd[1417562]: Failed password for invalid user dell from 130.12.181.109 port 21452 ssh2
Apr  5 13:01:33 cls sshd[1417562]: Connection closed by invalid user dell 130.12.181.109 port 21452 [preauth]
Apr  5 13:01:42 cls sshd[1417574]: Invalid user liuhao from 206.123.145.74 port 53060
Apr  5 13:01:43 cls sshd[1417572]: Invalid user zhangyan from 206.123.145.49 port 60808
Apr  5 13:01:44 cls sshd[1417572]: pam_unix(sshd:auth): check pass; user unknown
Apr  5 13:01:44 cls sshd[1417572]: pam_unix(sshd:auth): authentication failure; logname= uid=0 euid=0 tty=ssh ruser= rhost=206.123.145.49 
Apr  5 13:01:45 cls sshd[1417574]: pam_unix(sshd:auth): check pass; user unknown
Apr  5 13:01:45 cls sshd[1417574]: pam_unix(sshd:auth): authentication failure; logname= uid=0 euid=0 tty=ssh ruser= rhost=206.123.145.74 
Apr  5 13:01:45 cls sshd[1417573]: Invalid user shiqiu from 130.12.181.107 port 45516
Apr  5 13:01:46 cls sshd[1417574]: Failed password for invalid user liuhao from 206.123.145.74 port 53060 ssh2
Apr  5 13:01:47 cls sshd[1417572]: Failed password for invalid user zhangyan from 206.123.145.49 port 60808 ssh2
Apr  5 13:01:47 cls sshd[1417573]: pam_unix(sshd:auth): check pass; user unknown
Apr  5 13:01:47 cls sshd[1417573]: pam_unix(sshd:auth): authentication failure; logname= uid=0 euid=0 tty=ssh ruser= rhost=130.12.181.107 
Apr  5 13:01:48 cls sshd[1417594]: pam_unix(sshd:auth): authentication failure; logname= uid=0 euid=0 tty=ssh ruser= rhost=103.158.40.65  user=root
Apr  5 13:01:49 cls sshd[1417574]: Connection closed by invalid user liuhao 206.123.145.74 port 53060 [preauth]
Apr  5 13:01:49 cls sshd[1417573]: Failed password for invalid user shiqiu from 130.12.181.107 port 45516 ssh2
Apr  5 13:01:51 cls sshd[1417594]: Failed password for root from 103.158.40.65 port 53386 ssh2
Apr  5 13:01:51 cls sshd[1417594]: Received disconnect from 103.158.40.65 port 53386:11: Bye Bye [preauth]
Apr  5 13:01:51 cls sshd[1417594]: Disconnected from authenticating user root 103.158.40.65 port 53386 [preauth]
Apr  5 13:01:51 cls sshd[1417572]: Connection closed by invalid user zhangyan 206.123.145.49 port 60808 [preauth]
Apr  5 13:01:52 cls sshd[1417573]: Connection closed by invalid user shiqiu 130.12.181.107 port 45516 [preauth]
Apr  5 13:02:04 cls sshd[1417598]: pam_unix(sshd:auth): authentication failure; logname= uid=0 euid=0 tty=ssh ruser= rhost=192.3.130.87  user=root
Apr  5 13:02:06 cls sshd[1417598]: Failed password for root from 192.3.130.87 port 55128 ssh2
Apr  5 13:02:07 cls sshd[1417598]: Received disconnect from 192.3.130.87 port 55128:11: Bye Bye [preauth]
Apr  5 13:02:07 cls sshd[1417598]: Disconnected from authenticating user root 192.3.130.87 port 55128 [preauth]
Apr  5 13:02:17 cls sshd[1417604]: pam_unix(sshd:auth): authentication failure; logname= uid=0 euid=0 tty=ssh ruser= rhost=152.32.191.75  user=root
Apr  5 13:02:18 cls sshd[1417600]: pam_unix(sshd:auth): authentication failure; logname= uid=0 euid=0 tty=ssh ruser= rhost=130.12.181.105  user=root
Apr  5 13:02:19 cls sshd[1417604]: Failed password for root from 152.32.191.75 port 45862 ssh2
Apr  5 13:02:19 cls sshd[1417604]: Received disconnect from 152.32.191.75 port 45862:11: Bye Bye [preauth]
Apr  5 13:02:19 cls sshd[1417604]: Disconnected from authenticating user root 152.32.191.75 port 45862 [preauth]
Apr  5 13:02:20 cls sshd[1417600]: Failed password for root from 130.12.181.105 port 5344 ssh2
Apr  5 13:02:23 cls sshd[1417600]: Connection closed by authenticating user root 130.12.181.105 port 5344 [preauth]
Apr  5 13:02:31 cls sshd[1417614]: Invalid user postgres from 206.42.14.196 port 59576
Apr  5 13:02:31 cls sshd[1417614]: pam_unix(sshd:auth): check pass; user unknown
Apr  5 13:02:31 cls sshd[1417614]: pam_unix(sshd:auth): authentication failure; logname= uid=0 euid=0 tty=ssh ruser= rhost=206.42.14.196 
Apr  5 13:02:34 cls sshd[1417614]: Failed password for invalid user postgres from 206.42.14.196 port 59576 ssh2
Apr  5 13:02:36 cls sshd[1417614]: Received disconnect from 206.42.14.196 port 59576:11: Bye Bye [preauth]
Apr  5 13:02:36 cls sshd[1417614]: Disconnected from invalid user postgres 206.42.14.196 port 59576 [preauth]
Apr  5 13:02:37 cls sshd[1417616]: Invalid user FengTaoBo from 206.123.145.75 port 23028
Apr  5 13:02:40 cls sshd[1417616]: pam_unix(sshd:auth): check pass; user unknown
Apr  5 13:02:40 cls sshd[1417616]: pam_unix(sshd:auth): authentication failure; logname= uid=0 euid=0 tty=ssh ruser= rhost=206.123.145.75 
Apr  5 13:02:42 cls sshd[1417616]: Failed password for invalid user FengTaoBo from 206.123.145.75 port 23028 ssh2
Apr  5 13:02:44 cls sshd[1417616]: Connection closed by invalid user FengTaoBo 206.123.145.75 port 23028 [preauth]
Apr  5 13:02:51 cls sshd[1417623]: Invalid user ibcnuc from 206.123.145.48 port 20576
Apr  5 13:02:51 cls sshd[1417632]: pam_unix(sshd:auth): authentication failure; logname= uid=0 euid=0 tty=ssh ruser= rhost=132.145.122.251  user=root
Apr  5 13:02:52 cls sshd[1417621]: Invalid user doggiedog from 206.123.145.50 port 4774
Apr  5 13:02:53 cls sshd[1417632]: Failed password for root from 132.145.122.251 port 40202 ssh2
Apr  5 13:02:53 cls sshd[1417624]: pam_unix(sshd:auth): authentication failure; logname= uid=0 euid=0 tty=ssh ruser= rhost=206.123.145.79  user=root
Apr  5 13:02:53 cls sshd[1417623]: pam_unix(sshd:auth): check pass; user unknown
Apr  5 13:02:53 cls sshd[1417623]: pam_unix(sshd:auth): authentication failure; logname= uid=0 euid=0 tty=ssh ruser= rhost=206.123.145.48 
Apr  5 13:02:54 cls sshd[1417632]: Received disconnect from 132.145.122.251 port 40202:11: Bye Bye [preauth]
Apr  5 13:02:54 cls sshd[1417632]: Disconnected from authenticating user root 132.145.122.251 port 40202 [preauth]
Apr  5 13:02:54 cls sshd[1417621]: pam_unix(sshd:auth): check pass; user unknown
Apr  5 13:02:54 cls sshd[1417621]: pam_unix(sshd:auth): authentication failure; logname= uid=0 euid=0 tty=ssh ruser= rhost=206.123.145.50 
Apr  5 13:02:55 cls sshd[1417624]: Failed password for root from 206.123.145.79 port 44470 ssh2
Apr  5 13:02:55 cls sshd[1417623]: Failed password for invalid user ibcnuc from 206.123.145.48 port 20576 ssh2
Apr  5 13:02:56 cls sshd[1417621]: Failed password for invalid user doggiedog from 206.123.145.50 port 4774 ssh2
Apr  5 13:02:59 cls sshd[1417631]: Invalid user cwenhong from 130.12.181.100 port 5652
Apr  5 13:02:59 cls sshd[1417623]: Connection closed by invalid user ibcnuc 206.123.145.48 port 20576 [preauth]
Apr  5 13:02:59 cls sshd[1417624]: Connection closed by authenticating user root 206.123.145.79 port 44470 [preauth]
Apr  5 13:03:00 cls sshd[1417621]: Connection closed by invalid user doggiedog 206.123.145.50 port 4774 [preauth]
Apr  5 13:03:01 cls sshd[1417631]: pam_unix(sshd:auth): check pass; user unknown
Apr  5 13:03:01 cls sshd[1417631]: pam_unix(sshd:auth): authentication failure; logname= uid=0 euid=0 tty=ssh ruser= rhost=130.12.181.100 
Apr  5 13:03:02 cls sshd[1417631]: Failed password for invalid user cwenhong from 130.12.181.100 port 5652 ssh2
Apr  5 13:03:06 cls sshd[1417631]: Connection closed by invalid user cwenhong 130.12.181.100 port 5652 [preauth]
Apr  5 13:03:16 cls sshd[1417637]: Invalid user burgess from 206.123.145.46 port 40412
Apr  5 13:03:18 cls sshd[1417637]: pam_unix(sshd:auth): check pass; user unknown
Apr  5 13:03:18 cls sshd[1417637]: pam_unix(sshd:auth): authentication failure; logname= uid=0 euid=0 tty=ssh ruser= rhost=206.123.145.46 
Apr  5 13:03:19 cls sshd[1417643]: Invalid user satis from 118.193.34.157 port 55284
Apr  5 13:03:19 cls sshd[1417643]: pam_unix(sshd:auth): check pass; user unknown
Apr  5 13:03:19 cls sshd[1417643]: pam_unix(sshd:auth): authentication failure; logname= uid=0 euid=0 tty=ssh ruser= rhost=118.193.34.157 
Apr  5 13:03:20 cls sshd[1417637]: Failed password for invalid user burgess from 206.123.145.46 port 40412 ssh2
Apr  5 13:03:22 cls sshd[1417643]: Failed password for invalid user satis from 118.193.34.157 port 55284 ssh2
Apr  5 13:03:23 cls sshd[1417640]: Invalid user coduoserver from 206.123.145.69 port 17116
Apr  5 13:03:24 cls sshd[1417643]: Received disconnect from 118.193.34.157 port 55284:11: Bye Bye [preauth]
Apr  5 13:03:24 cls sshd[1417643]: Disconnected from invalid user satis 118.193.34.157 port 55284 [preauth]
Apr  5 13:03:24 cls sshd[1417637]: Connection closed by invalid user burgess 206.123.145.46 port 40412 [preauth]
Apr  5 13:03:24 cls sshd[1417641]: Invalid user www from 206.123.145.52 port 27562
Apr  5 13:03:26 cls sshd[1417640]: pam_unix(sshd:auth): check pass; user unknown
Apr  5 13:03:26 cls sshd[1417640]: pam_unix(sshd:auth): authentication failure; logname= uid=0 euid=0 tty=ssh ruser= rhost=206.123.145.69 
Apr  5 13:03:28 cls sshd[1417640]: Failed password for invalid user coduoserver from 206.123.145.69 port 17116 ssh2
Apr  5 13:03:29 cls sshd[1417641]: pam_unix(sshd:auth): check pass; user unknown
Apr  5 13:03:29 cls sshd[1417641]: pam_unix(sshd:auth): authentication failure; logname= uid=0 euid=0 tty=ssh ruser= rhost=206.123.145.52 
Apr  5 13:03:31 cls sshd[1417641]: Failed password for invalid user www from 206.123.145.52 port 27562 ssh2
Apr  5 13:03:33 cls sshd[1417640]: Connection closed by invalid user coduoserver 206.123.145.69 port 17116 [preauth]
Apr  5 13:03:35 cls sshd[1417641]: Connection closed by invalid user www 206.123.145.52 port 27562 [preauth]
Apr  5 13:03:37 cls sshd[1417653]: Invalid user songzhiyong from 130.12.181.98 port 38488
Apr  5 13:03:37 cls sshd[1417653]: pam_unix(sshd:auth): check pass; user unknown
Apr  5 13:03:37 cls sshd[1417653]: pam_unix(sshd:auth): authentication failure; logname= uid=0 euid=0 tty=ssh ruser= rhost=130.12.181.98 
Apr  5 13:03:40 cls sshd[1417653]: Failed password for invalid user songzhiyong from 130.12.181.98 port 38488 ssh2
Apr  5 13:03:43 cls sshd[1417653]: Connection closed by invalid user songzhiyong 130.12.181.98 port 38488 [preauth]
Apr  5 13:03:44 cls sshd[1417655]: Invalid user andrei from 206.123.145.71 port 35280
Apr  5 13:03:46 cls sshd[1417655]: pam_unix(sshd:auth): check pass; user unknown
Apr  5 13:03:46 cls sshd[1417655]: pam_unix(sshd:auth): authentication failure; logname= uid=0 euid=0 tty=ssh ruser= rhost=206.123.145.71 
Apr  5 13:03:48 cls sshd[1417655]: Failed password for invalid user andrei from 206.123.145.71 port 35280 ssh2
Apr  5 13:03:50 cls sshd[1417658]: Invalid user test1 from 201.71.192.108 port 55002
Apr  5 13:03:50 cls sshd[1417658]: pam_unix(sshd:auth): check pass; user unknown
Apr  5 13:03:50 cls sshd[1417658]: pam_unix(sshd:auth): authentication failure; logname= uid=0 euid=0 tty=ssh ruser= rhost=201.71.192.108 
Apr  5 13:03:51 cls sshd[1417655]: Connection closed by invalid user andrei 206.123.145.71 port 35280 [preauth]
Apr  5 13:03:53 cls sshd[1417658]: Failed password for invalid user test1 from 201.71.192.108 port 55002 ssh2
Apr  5 13:03:54 cls sshd[1417658]: Received disconnect from 201.71.192.108 port 55002:11: Bye Bye [preauth]
Apr  5 13:03:54 cls sshd[1417658]: Disconnected from invalid user test1 201.71.192.108 port 55002 [preauth]
Apr  5 13:03:54 cls sshd[1417657]: Invalid user nick from 206.123.145.20 port 40246
Apr  5 13:04:00 cls sshd[1417657]: pam_unix(sshd:auth): check pass; user unknown
Apr  5 13:04:00 cls sshd[1417657]: pam_unix(sshd:auth): authentication failure; logname= uid=0 euid=0 tty=ssh ruser= rhost=206.123.145.20 
Apr  5 13:04:03 cls sshd[1417657]: Failed password for invalid user nick from 206.123.145.20 port 40246 ssh2
Apr  5 13:04:06 cls sshd[1417657]: Connection closed by invalid user nick 206.123.145.20 port 40246 [preauth]
