Apr  5 05:59:31 cls sshd[1390051]: Failed password for invalid user kate from 206.123.145.70 port 47398 ssh2
Apr  5 05:59:31 cls sshd[1390053]: Failed password for root from 187.45.95.66 port 51022 ssh2
Apr  5 05:59:32 cls sshd[1390053]: Received disconnect from 187.45.95.66 port 51022:11: Bye Bye [preauth]
Apr  5 05:59:32 cls sshd[1390053]: Disconnected from authenticating user root 187.45.95.66 port 51022 [preauth]
Apr  5 05:59:32 cls sshd[1390048]: Connection closed by invalid user wpyan 130.12.181.97 port 32086 [preauth]
Apr  5 05:59:35 cls sshd[1390051]: Connection closed by invalid user kate 206.123.145.70 port 47398 [preauth]
Apr  5 06:00:02 cls CRON[1390097]: pam_unix(cron:session): session opened for user akriveia by (uid=0)
Apr  5 06:00:02 cls CRON[1390096]: pam_unix(cron:session): session opened for user akriveia by (uid=0)
Apr  5 06:00:02 cls CRON[1390095]: pam_unix(cron:session): session opened for user akriveia by (uid=0)
Apr  5 06:00:02 cls CRON[1390097]: pam_unix(cron:session): session closed for user akriveia
Apr  5 06:00:02 cls CRON[1390096]: pam_unix(cron:session): session closed for user akriveia
Apr  5 06:00:02 cls CRON[1390095]: pam_unix(cron:session): session closed for user akriveia
Apr  5 06:00:04 cls sshd[1390113]: pam_unix(sshd:auth): authentication failure; logname= uid=0 euid=0 tty=ssh ruser= rhost=34.78.29.97  user=root
Apr  5 06:00:06 cls sshd[1390113]: Failed password for root from 34.78.29.97 port 34800 ssh2
Apr  5 06:00:06 cls sshd[1390113]: Received disconnect from 34.78.29.97 port 34800:11: Bye Bye [preauth]
Apr  5 06:00:06 cls sshd[1390113]: Disconnected from authenticating user root 34.78.29.97 port 34800 [preauth]
Apr  5 06:00:19 cls sshd[1390115]: Invalid user tnq from 130.12.181.102 port 61562
Apr  5 06:00:22 cls sshd[1390117]: pam_unix(sshd:auth): authentication failure; logname= uid=0 euid=0 tty=ssh ruser= rhost=82.64.38.234  user=root
Apr  5 06:00:22 cls sshd[1390115]: pam_unix(sshd:auth): check pass; user unknown
Apr  5 06:00:22 cls sshd[1390115]: pam_unix(sshd:auth): authentication failure; logname= uid=0 euid=0 tty=ssh ruser= rhost=130.12.181.102 
Apr  5 06:00:24 cls sshd[1390117]: Failed password for root from 82.64.38.234 port 47736 ssh2
Apr  5 06:00:24 cls sshd[1390115]: Failed password for invalid user tnq from 130.12.181.102 port 61562 ssh2
Apr  5 06:00:25 cls sshd[1390117]: Received disconnect from 82.64.38.234 port 47736:11: Bye Bye [preauth]
Apr  5 06:00:25 cls sshd[1390117]: Disconnected from authenticating user root 82.64.38.234 port 47736 [preauth]
Apr  5 06:00:28 cls sshd[1390115]: Connection closed by invalid user tnq 130.12.181.102 port 61562 [preauth]
Apr  5 06:01:12 cls sshd[1390150]: Invalid user zfeng from 206.123.145.55 port 35298
Apr  5 06:01:13 cls sshd[1390150]: pam_unix(sshd:auth): check pass; user unknown
Apr  5 06:01:13 cls sshd[1390150]: pam_unix(sshd:auth): authentication failure; logname= uid=0 euid=0 tty=ssh ruser= rhost=206.123.145.55 
Apr  5 06:01:16 cls sshd[1390150]: Failed password for invalid user zfeng from 206.123.145.55 port 35298 ssh2
Apr  5 06:01:18 cls sshd[1390150]: Connection closed by invalid user zfeng 206.123.145.55 port 35298 [preauth]
Apr  5 06:01:23 cls sshd[1390175]: Invalid user invoker from 206.123.145.79 port 33068
Apr  5 06:01:25 cls sshd[1390175]: pam_unix(sshd:auth): check pass; user unknown
Apr  5 06:01:25 cls sshd[1390175]: pam_unix(sshd:auth): authentication failure; logname= uid=0 euid=0 tty=ssh ruser= rhost=206.123.145.79 
Apr  5 06:01:28 cls sshd[1390175]: Failed password for invalid user invoker from 206.123.145.79 port 33068 ssh2
Apr  5 06:01:33 cls sshd[1390175]: Connection closed by invalid user invoker 206.123.145.79 port 33068 [preauth]
Apr  5 06:01:47 cls sshd[1390188]: Invalid user grestrea from 206.123.145.69 port 4072
Apr  5 06:01:48 cls sshd[1390188]: pam_unix(sshd:auth): check pass; user unknown
Apr  5 06:01:48 cls sshd[1390188]: pam_unix(sshd:auth): authentication failure; logname= uid=0 euid=0 tty=ssh ruser= rhost=206.123.145.69 
Apr  5 06:01:50 cls sshd[1390188]: Failed password for invalid user grestrea from 206.123.145.69 port 4072 ssh2
Apr  5 06:01:51 cls sshd[1390711]: Invalid user teamspeak from 181.23.114.57 port 58480
Apr  5 06:01:51 cls sshd[1390711]: pam_unix(sshd:auth): check pass; user unknown
Apr  5 06:01:51 cls sshd[1390711]: pam_unix(sshd:auth): authentication failure; logname= uid=0 euid=0 tty=ssh ruser= rhost=181.23.114.57 
Apr  5 06:01:52 cls sshd[1390188]: Connection closed by invalid user grestrea 206.123.145.69 port 4072 [preauth]
Apr  5 06:01:53 cls sshd[1390711]: Failed password for invalid user teamspeak from 181.23.114.57 port 58480 ssh2
Apr  5 06:01:56 cls sshd[1390711]: Received disconnect from 181.23.114.57 port 58480:11: Bye Bye [preauth]
Apr  5 06:01:56 cls sshd[1390711]: Disconnected from invalid user teamspeak 181.23.114.57 port 58480 [preauth]
Apr  5 06:01:56 cls sshd[1390886]: pam_unix(sshd:auth): authentication failure; logname= uid=0 euid=0 tty=ssh ruser= rhost=34.78.29.97  user=ubuntu
Apr  5 06:01:56 cls sshd[1390713]: Invalid user chenyao from 130.12.181.104 port 38366
Apr  5 06:01:58 cls sshd[1390713]: pam_unix(sshd:auth): check pass; user unknown
Apr  5 06:01:58 cls sshd[1390713]: pam_unix(sshd:auth): authentication failure; logname= uid=0 euid=0 tty=ssh ruser= rhost=130.12.181.104 
Apr  5 06:01:58 cls sshd[1390783]: Invalid user tianshui from 206.123.145.20 port 28020
Apr  5 06:01:59 cls sshd[1390886]: Failed password for ubuntu from 34.78.29.97 port 36322 ssh2
Apr  5 06:02:00 cls sshd[1390713]: Failed password for invalid user chenyao from 130.12.181.104 port 38366 ssh2
Apr  5 06:02:00 cls sshd[1390886]: Received disconnect from 34.78.29.97 port 36322:11: Bye Bye [preauth]
Apr  5 06:02:00 cls sshd[1390886]: Disconnected from authenticating user ubuntu 34.78.29.97 port 36322 [preauth]
Apr  5 06:02:01 cls sshd[1390783]: pam_unix(sshd:auth): check pass; user unknown
Apr  5 06:02:01 cls sshd[1390783]: pam_unix(sshd:auth): authentication failure; logname= uid=0 euid=0 tty=ssh ruser= rhost=206.123.145.20 
Apr  5 06:02:03 cls sshd[1390713]: Connection closed by invalid user chenyao 130.12.181.104 port 38366 [preauth]
Apr  5 06:02:03 cls sshd[1390911]: Invalid user ali from 187.45.95.66 port 7467
Apr  5 06:02:03 cls sshd[1390911]: pam_unix(sshd:auth): check pass; user unknown
Apr  5 06:02:03 cls sshd[1390911]: pam_unix(sshd:auth): authentication failure; logname= uid=0 euid=0 tty=ssh ruser= rhost=187.45.95.66 
Apr  5 06:02:03 cls sshd[1390783]: Failed password for invalid user tianshui from 206.123.145.20 port 28020 ssh2
Apr  5 06:02:05 cls sshd[1390911]: Failed password for invalid user ali from 187.45.95.66 port 7467 ssh2
Apr  5 06:02:07 cls sshd[1390783]: Connection closed by invalid user tianshui 206.123.145.20 port 28020 [preauth]
Apr  5 06:02:07 cls sshd[1390911]: Received disconnect from 187.45.95.66 port 7467:11: Bye Bye [preauth]
Apr  5 06:02:07 cls sshd[1390911]: Disconnected from invalid user ali 187.45.95.66 port 7467 [preauth]
Apr  5 06:02:34 cls sshd[1390951]: Invalid user wujiaqi from 206.123.145.50 port 5144
Apr  5 06:02:38 cls sshd[1390951]: pam_unix(sshd:auth): check pass; user unknown
Apr  5 06:02:38 cls sshd[1390951]: pam_unix(sshd:auth): authentication failure; logname= uid=0 euid=0 tty=ssh ruser= rhost=206.123.145.50 
Apr  5 06:02:38 cls sshd[1390953]: Invalid user steam from 206.123.145.49 port 1216
Apr  5 06:02:39 cls sshd[1390956]: pam_unix(sshd:auth): authentication failure; logname= uid=0 euid=0 tty=ssh ruser= rhost=82.64.38.234  user=root
Apr  5 06:02:40 cls sshd[1390951]: Failed password for invalid user wujiaqi from 206.123.145.50 port 5144 ssh2
Apr  5 06:02:42 cls sshd[1390953]: pam_unix(sshd:auth): check pass; user unknown
Apr  5 06:02:42 cls sshd[1390953]: pam_unix(sshd:auth): authentication failure; logname= uid=0 euid=0 tty=ssh ruser= rhost=206.123.145.49 
Apr  5 06:02:42 cls sshd[1390956]: Failed password for root from 82.64.38.234 port 43586 ssh2
Apr  5 06:02:42 cls sshd[1390956]: Received disconnect from 82.64.38.234 port 43586:11: Bye Bye [preauth]
Apr  5 06:02:42 cls sshd[1390956]: Disconnected from authenticating user root 82.64.38.234 port 43586 [preauth]
Apr  5 06:02:42 cls sshd[1390951]: Connection closed by invalid user wujiaqi 206.123.145.50 port 5144 [preauth]
Apr  5 06:02:44 cls sshd[1390953]: Failed password for invalid user steam from 206.123.145.49 port 1216 ssh2
Apr  5 06:02:47 cls sshd[1390953]: Connection closed by invalid user steam 206.123.145.49 port 1216 [preauth]
Apr  5 06:02:48 cls sshd[1390955]: pam_unix(sshd:auth): authentication failure; logname= uid=0 euid=0 tty=ssh ruser= rhost=206.123.145.52  user=root
Apr  5 06:02:50 cls sshd[1390955]: Failed password for root from 206.123.145.52 port 63450 ssh2
Apr  5 06:02:54 cls sshd[1390955]: Connection closed by authenticating user root 206.123.145.52 port 63450 [preauth]
Apr  5 06:03:07 cls sshd[1390996]: Invalid user huanghao from 130.12.181.99 port 3876
Apr  5 06:03:10 cls sshd[1390996]: pam_unix(sshd:auth): check pass; user unknown
Apr  5 06:03:10 cls sshd[1390996]: pam_unix(sshd:auth): authentication failure; logname= uid=0 euid=0 tty=ssh ruser= rhost=130.12.181.99 
Apr  5 06:03:12 cls sshd[1390996]: Failed password for invalid user huanghao from 130.12.181.99 port 3876 ssh2
Apr  5 06:03:15 cls sshd[1390998]: pam_unix(sshd:auth): authentication failure; logname= uid=0 euid=0 tty=ssh ruser= rhost=206.123.145.71  user=root
Apr  5 06:03:16 cls sshd[1390996]: Connection closed by invalid user huanghao 130.12.181.99 port 3876 [preauth]
Apr  5 06:03:18 cls sshd[1390998]: Failed password for root from 206.123.145.71 port 24742 ssh2
Apr  5 06:03:20 cls sshd[1390998]: Connection closed by authenticating user root 206.123.145.71 port 24742 [preauth]
Apr  5 06:03:21 cls sshd[1391000]: Invalid user tranthi from 206.123.145.73 port 54474
Apr  5 06:03:24 cls sshd[1391000]: pam_unix(sshd:auth): check pass; user unknown
Apr  5 06:03:24 cls sshd[1391000]: pam_unix(sshd:auth): authentication failure; logname= uid=0 euid=0 tty=ssh ruser= rhost=206.123.145.73 
Apr  5 06:03:26 cls sshd[1391000]: Failed password for invalid user tranthi from 206.123.145.73 port 54474 ssh2
Apr  5 06:03:30 cls sshd[1391012]: Invalid user qiancheng from 206.123.145.46 port 35722
Apr  5 06:03:30 cls sshd[1391000]: Connection closed by invalid user tranthi 206.123.145.73 port 54474 [preauth]
Apr  5 06:03:32 cls sshd[1391012]: pam_unix(sshd:auth): check pass; user unknown
Apr  5 06:03:32 cls sshd[1391012]: pam_unix(sshd:auth): authentication failure; logname= uid=0 euid=0 tty=ssh ruser= rhost=206.123.145.46 
Apr  5 06:03:34 cls sshd[1391012]: Failed password for invalid user qiancheng from 206.123.145.46 port 35722 ssh2
Apr  5 06:03:37 cls sshd[1391012]: Connection closed by invalid user qiancheng 206.123.145.46 port 35722 [preauth]
Apr  5 06:03:49 cls sshd[1391017]: Invalid user yinj from 130.12.181.105 port 52686
Apr  5 06:03:51 cls sshd[1391017]: pam_unix(sshd:auth): check pass; user unknown
Apr  5 06:03:51 cls sshd[1391017]: pam_unix(sshd:auth): authentication failure; logname= uid=0 euid=0 tty=ssh ruser= rhost=130.12.181.105 
Apr  5 06:03:52 cls sshd[1391059]: pam_unix(sshd:auth): authentication failure; logname= uid=0 euid=0 tty=ssh ruser= rhost=34.78.29.97  user=root
Apr  5 06:03:53 cls sshd[1391059]: Failed password for root from 34.78.29.97 port 44318 ssh2
Apr  5 06:03:53 cls sshd[1391017]: Failed password for invalid user yinj from 130.12.181.105 port 52686 ssh2
Apr  5 06:03:54 cls sshd[1391059]: Received disconnect from 34.78.29.97 port 44318:11: Bye Bye [preauth]
Apr  5 06:03:54 cls sshd[1391059]: Disconnected from authenticating user root 34.78.29.97 port 44318 [preauth]
Apr  5 06:03:56 cls sshd[1391017]: Connection closed by invalid user yinj 130.12.181.105 port 52686 [preauth]
Apr  5 06:04:01 cls sshd[1391061]: Invalid user wenxu2 from 130.12.181.101 port 14428
Apr  5 06:04:03 cls sshd[1391061]: pam_unix(sshd:auth): check pass; user unknown
Apr  5 06:04:03 cls sshd[1391061]: pam_unix(sshd:auth): authentication failure; logname= uid=0 euid=0 tty=ssh ruser= rhost=130.12.181.101 
Apr  5 06:04:05 cls sshd[1391061]: Failed password for invalid user wenxu2 from 130.12.181.101 port 14428 ssh2
Apr  5 06:04:08 cls sshd[1391061]: Connection closed by invalid user wenxu2 130.12.181.101 port 14428 [preauth]
Apr  5 06:04:16 cls sshd[1391063]: Invalid user amax1 from 206.123.145.77 port 53142
Apr  5 06:04:18 cls sshd[1391063]: pam_unix(sshd:auth): check pass; user unknown
Apr  5 06:04:18 cls sshd[1391063]: pam_unix(sshd:auth): authentication failure; logname= uid=0 euid=0 tty=ssh ruser= rhost=206.123.145.77 
Apr  5 06:04:20 cls sshd[1391063]: Failed password for invalid user amax1 from 206.123.145.77 port 53142 ssh2
Apr  5 06:04:21 cls sshd[1391069]: Invalid user bruce from 130.12.181.106 port 23532
Apr  5 06:04:21 cls sshd[1391064]: Invalid user ljjtest from 206.123.145.53 port 13432
Apr  5 06:04:22 cls sshd[1391064]: pam_unix(sshd:auth): check pass; user unknown
Apr  5 06:04:22 cls sshd[1391064]: pam_unix(sshd:auth): authentication failure; logname= uid=0 euid=0 tty=ssh ruser= rhost=206.123.145.53 
Apr  5 06:04:23 cls sshd[1391063]: Connection closed by invalid user amax1 206.123.145.77 port 53142 [preauth]
Apr  5 06:04:24 cls sshd[1391069]: pam_unix(sshd:auth): check pass; user unknown
Apr  5 06:04:24 cls sshd[1391069]: pam_unix(sshd:auth): authentication failure; logname= uid=0 euid=0 tty=ssh ruser= rhost=130.12.181.106 
Apr  5 06:04:25 cls sshd[1391064]: Failed password for invalid user ljjtest from 206.123.145.53 port 13432 ssh2
Apr  5 06:04:25 cls sshd[1391075]: Invalid user logger from 187.45.95.66 port 28909
Apr  5 06:04:25 cls sshd[1391075]: pam_unix(sshd:auth): check pass; user unknown
Apr  5 06:04:25 cls sshd[1391075]: pam_unix(sshd:auth): authentication failure; logname= uid=0 euid=0 tty=ssh ruser= rhost=187.45.95.66 
Apr  5 06:04:26 cls sshd[1391069]: Failed password for invalid user bruce from 130.12.181.106 port 23532 ssh2
Apr  5 06:04:27 cls sshd[1391075]: Failed password for invalid user logger from 187.45.95.66 port 28909 ssh2
Apr  5 06:04:28 cls sshd[1391064]: Connection closed by invalid user ljjtest 206.123.145.53 port 13432 [preauth]
Apr  5 06:04:28 cls sshd[1391075]: Received disconnect from 187.45.95.66 port 28909:11: Bye Bye [preauth]
Apr  5 06:04:28 cls sshd[1391075]: Disconnected from invalid user logger 187.45.95.66 port 28909 [preauth]
Apr  5 06:04:28 cls sshd[1391069]: Connection closed by invalid user bruce 130.12.181.106 port 23532 [preauth]
Apr  5 06:04:30 cls sshd[1391073]: pam_unix(sshd:auth): authentication failure; logname= uid=0 euid=0 tty=ssh ruser= rhost=206.123.145.48  user=root
Apr  5 06:04:31 cls sshd[1391073]: Failed password for root from 206.123.145.48 port 6286 ssh2
Apr  5 06:04:36 cls sshd[1391073]: Connection closed by authenticating user root 206.123.145.48 port 6286 [preauth]
Apr  5 06:04:45 cls sshd[1391082]: Invalid user tzy from 130.12.181.109 port 3464
Apr  5 06:04:47 cls sshd[1391082]: pam_unix(sshd:auth): check pass; user unknown
Apr  5 06:04:47 cls sshd[1391082]: pam_unix(sshd:auth): authentication failure; logname= uid=0 euid=0 tty=ssh ruser= rhost=130.12.181.109 
Apr  5 06:04:49 cls sshd[1391082]: Failed password for invalid user tzy from 130.12.181.109 port 3464 ssh2
Apr  5 06:04:50 cls sshd[1391090]: Invalid user zhangyan from 206.123.145.78 port 13094
Apr  5 06:04:52 cls sshd[1391090]: pam_unix(sshd:auth): check pass; user unknown
Apr  5 06:04:52 cls sshd[1391090]: pam_unix(sshd:auth): authentication failure; logname= uid=0 euid=0 tty=ssh ruser= rhost=206.123.145.78 
Apr  5 06:04:52 cls sshd[1391110]: pam_unix(sshd:auth): authentication failure; logname= uid=0 euid=0 tty=ssh ruser= rhost=82.64.38.234  user=root
Apr  5 06:04:52 cls sshd[1391082]: Connection closed by invalid user tzy 130.12.181.109 port 3464 [preauth]
Apr  5 06:04:54 cls sshd[1391090]: Failed password for invalid user zhangyan from 206.123.145.78 port 13094 ssh2
Apr  5 06:04:54 cls sshd[1391110]: Failed password for root from 82.64.38.234 port 48544 ssh2
Apr  5 06:04:55 cls sshd[1391110]: Received disconnect from 82.64.38.234 port 48544:11: Bye Bye [preauth]
Apr  5 06:04:55 cls sshd[1391110]: Disconnected from authenticating user root 82.64.38.234 port 48544 [preauth]
Apr  5 06:04:57 cls sshd[1391100]: pam_unix(sshd:auth): authentication failure; logname= uid=0 euid=0 tty=ssh ruser= rhost=130.12.181.98  user=root
Apr  5 06:04:58 cls sshd[1391090]: Connection closed by invalid user zhangyan 206.123.145.78 port 13094 [preauth]
Apr  5 06:05:00 cls sshd[1391100]: Failed password for root from 130.12.181.98 port 6812 ssh2
Apr  5 06:05:04 cls sshd[1391100]: Connection closed by authenticating user root 130.12.181.98 port 6812 [preauth]
Apr  5 06:05:22 cls sshd[1391127]: Invalid user mediav from 206.123.145.57 port 64598
Apr  5 06:05:23 cls sshd[1391127]: pam_unix(sshd:auth): check pass; user unknown
Apr  5 06:05:23 cls sshd[1391127]: pam_unix(sshd:auth): authentication failure; logname= uid=0 euid=0 tty=ssh ruser= rhost=206.123.145.57 
Apr  5 06:05:24 cls sshd[1391128]: Invalid user admin from 130.12.181.100 port 26712
Apr  5 06:05:24 cls sshd[1391127]: Failed password for invalid user mediav from 206.123.145.57 port 64598 ssh2
Apr  5 06:05:26 cls sshd[1391128]: pam_unix(sshd:auth): check pass; user unknown
Apr  5 06:05:26 cls sshd[1391128]: pam_unix(sshd:auth): authentication failure; logname= uid=0 euid=0 tty=ssh ruser= rhost=130.12.181.100 
Apr  5 06:05:28 cls sshd[1391128]: Failed password for invalid user admin from 130.12.181.100 port 26712 ssh2
Apr  5 06:05:30 cls sshd[1391127]: Connection closed by invalid user mediav 206.123.145.57 port 64598 [preauth]
Apr  5 06:05:32 cls sshd[1391131]: pam_unix(sshd:auth): authentication failure; logname= uid=0 euid=0 tty=ssh ruser= rhost=206.123.145.76  user=root
Apr  5 06:05:32 cls sshd[1391128]: Connection closed by invalid user admin 130.12.181.100 port 26712 [preauth]
Apr  5 06:05:34 cls sshd[1391131]: Failed password for root from 206.123.145.76 port 20396 ssh2
Apr  5 06:05:37 cls sshd[1391131]: Connection closed by authenticating user root 206.123.145.76 port 20396 [preauth]
Apr  5 06:05:41 cls sshd[1391135]: pam_unix(sshd:auth): authentication failure; logname= uid=0 euid=0 tty=ssh ruser= rhost=34.78.29.97  user=root
Apr  5 06:05:42 cls sshd[1391133]: pam_unix(sshd:auth): authentication failure; logname= uid=0 euid=0 tty=ssh ruser= rhost=206.123.145.75  user=root
Apr  5 06:05:43 cls sshd[1391135]: Failed password for root from 34.78.29.97 port 40120 ssh2
Apr  5 06:05:44 cls sshd[1391133]: Failed password for root from 206.123.145.75 port 34294 ssh2
Apr  5 06:05:44 cls sshd[1391135]: Received disconnect from 34.78.29.97 port 40120:11: Bye Bye [preauth]
Apr  5 06:05:44 cls sshd[1391135]: Disconnected from authenticating user root 34.78.29.97 port 40120 [preauth]
Apr  5 06:05:47 cls sshd[1391133]: Connection closed by authenticating user root 206.123.145.75 port 34294 [preauth]
Apr  5 06:06:03 cls sshd[1391162]: Invalid user djy from 130.12.181.103 port 7436
Apr  5 06:06:06 cls sshd[1391162]: pam_unix(sshd:auth): check pass; user unknown
Apr  5 06:06:06 cls sshd[1391162]: pam_unix(sshd:auth): authentication failure; logname= uid=0 euid=0 tty=ssh ruser= rhost=130.12.181.103 
Apr  5 06:06:08 cls sshd[1391162]: Failed password for invalid user djy from 130.12.181.103 port 7436 ssh2
Apr  5 06:06:12 cls sshd[1391162]: Connection closed by invalid user djy 130.12.181.103 port 7436 [preauth]
Apr  5 06:06:14 cls sshd[1391176]: Invalid user cyzdftp from 206.123.145.74 port 23424
Apr  5 06:06:18 cls sshd[1391176]: pam_unix(sshd:auth): check pass; user unknown
Apr  5 06:06:18 cls sshd[1391176]: pam_unix(sshd:auth): authentication failure; logname= uid=0 euid=0 tty=ssh ruser= rhost=206.123.145.74 
Apr  5 06:06:20 cls sshd[1391176]: Failed password for invalid user cyzdftp from 206.123.145.74 port 23424 ssh2
Apr  5 06:06:22 cls sshd[1391176]: Connection closed by invalid user cyzdftp 206.123.145.74 port 23424 [preauth]
Apr  5 06:06:47 cls sshd[1391194]: pam_unix(sshd:auth): authentication failure; logname= uid=0 euid=0 tty=ssh ruser= rhost=187.45.95.66  user=root
Apr  5 06:06:49 cls sshd[1391194]: Failed password for root from 187.45.95.66 port 19964 ssh2
Apr  5 06:06:50 cls sshd[1391194]: Received disconnect from 187.45.95.66 port 19964:11: Bye Bye [preauth]
Apr  5 06:06:50 cls sshd[1391194]: Disconnected from authenticating user root 187.45.95.66 port 19964 [preauth]
Apr  5 06:06:52 cls sshd[1391196]: Invalid user mysql_backup from 130.12.181.107 port 64850
Apr  5 06:06:54 cls sshd[1391196]: pam_unix(sshd:auth): check pass; user unknown
Apr  5 06:06:54 cls sshd[1391196]: pam_unix(sshd:auth): authentication failure; logname= uid=0 euid=0 tty=ssh ruser= rhost=130.12.181.107 
Apr  5 06:06:56 cls sshd[1391196]: Failed password for invalid user mysql_backup from 130.12.181.107 port 64850 ssh2
Apr  5 06:07:00 cls sshd[1391226]: Invalid user caoyong from 206.123.145.51 port 8360
Apr  5 06:07:00 cls sshd[1391196]: Connection closed by invalid user mysql_backup 130.12.181.107 port 64850 [preauth]
Apr  5 06:07:02 cls sshd[1391252]: pam_unix(sshd:auth): authentication failure; logname= uid=0 euid=0 tty=ssh ruser= rhost=82.64.38.234  user=root
Apr  5 06:07:03 cls sshd[1391226]: pam_unix(sshd:auth): check pass; user unknown
Apr  5 06:07:03 cls sshd[1391226]: pam_unix(sshd:auth): authentication failure; logname= uid=0 euid=0 tty=ssh ruser= rhost=206.123.145.51 
Apr  5 06:07:04 cls sshd[1391252]: Failed password for root from 82.64.38.234 port 43394 ssh2
Apr  5 06:07:05 cls sshd[1391226]: Failed password for invalid user caoyong from 206.123.145.51 port 8360 ssh2
Apr  5 06:07:05 cls sshd[1391252]: Received disconnect from 82.64.38.234 port 43394:11: Bye Bye [preauth]
Apr  5 06:07:05 cls sshd[1391252]: Disconnected from authenticating user root 82.64.38.234 port 43394 [preauth]
Apr  5 06:07:08 cls sshd[1391226]: Connection closed by invalid user caoyong 206.123.145.51 port 8360 [preauth]
Apr  5 06:07:15 cls sshd[1391254]: pam_unix(sshd:auth): authentication failure; logname= uid=0 euid=0 tty=ssh ruser= rhost=206.123.145.72  user=root
Apr  5 06:07:17 cls sshd[1391254]: Failed password for root from 206.123.145.72 port 4304 ssh2
Apr  5 06:07:19 cls sshd[1391254]: Connection closed by authenticating user root 206.123.145.72 port 4304 [preauth]
Apr  5 06:07:24 cls sshd[1391256]: Invalid user oracle from 206.123.145.54 port 57830
Apr  5 06:07:24 cls sshd[1391262]: pam_unix(sshd:auth): authentication failure; logname= uid=0 euid=0 tty=ssh ruser= rhost=181.23.114.57  user=root
Apr  5 06:07:26 cls sshd[1391256]: pam_unix(sshd:auth): check pass; user unknown
Apr  5 06:07:26 cls sshd[1391256]: pam_unix(sshd:auth): authentication failure; logname= uid=0 euid=0 tty=ssh ruser= rhost=206.123.145.54 
Apr  5 06:07:26 cls sshd[1391262]: Failed password for root from 181.23.114.57 port 51766 ssh2
Apr  5 06:07:28 cls sshd[1391262]: Received disconnect from 181.23.114.57 port 51766:11: Bye Bye [preauth]
Apr  5 06:07:28 cls sshd[1391262]: Disconnected from authenticating user root 181.23.114.57 port 51766 [preauth]
Apr  5 06:07:28 cls sshd[1391256]: Failed password for invalid user oracle from 206.123.145.54 port 57830 ssh2
Apr  5 06:07:30 cls sshd[1391256]: Connection closed by invalid user oracle 206.123.145.54 port 57830 [preauth]
Apr  5 06:07:36 cls sshd[1391266]: Invalid user output from 130.12.181.108 port 4298
Apr  5 06:07:38 cls sshd[1391266]: pam_unix(sshd:auth): check pass; user unknown
Apr  5 06:07:38 cls sshd[1391266]: pam_unix(sshd:auth): authentication failure; logname= uid=0 euid=0 tty=ssh ruser= rhost=130.12.181.108 
Apr  5 06:07:40 cls sshd[1391268]: pam_unix(sshd:auth): authentication failure; logname= uid=0 euid=0 tty=ssh ruser= rhost=34.78.29.97  user=root
Apr  5 06:07:41 cls sshd[1391266]: Failed password for invalid user output from 130.12.181.108 port 4298 ssh2
Apr  5 06:07:42 cls sshd[1391268]: Failed password for root from 34.78.29.97 port 33216 ssh2
Apr  5 06:07:43 cls sshd[1391268]: Received disconnect from 34.78.29.97 port 33216:11: Bye Bye [preauth]
Apr  5 06:07:43 cls sshd[1391268]: Disconnected from authenticating user root 34.78.29.97 port 33216 [preauth]
Apr  5 06:07:43 cls sshd[1391266]: Connection closed by invalid user output 130.12.181.108 port 4298 [preauth]
Apr  5 06:08:15 cls sshd[1391309]: Invalid user apache from 206.123.145.56 port 27418
Apr  5 06:08:16 cls sshd[1391306]: Invalid user fc from 130.12.181.97 port 44140
Apr  5 06:08:17 cls sshd[1391309]: pam_unix(sshd:auth): check pass; user unknown
Apr  5 06:08:17 cls sshd[1391309]: pam_unix(sshd:auth): authentication failure; logname= uid=0 euid=0 tty=ssh ruser= rhost=206.123.145.56 
Apr  5 06:08:19 cls sshd[1391306]: pam_unix(sshd:auth): check pass; user unknown
Apr  5 06:08:19 cls sshd[1391306]: pam_unix(sshd:auth): authentication failure; logname= uid=0 euid=0 tty=ssh ruser= rhost=130.12.181.97 
Apr  5 06:08:19 cls sshd[1391309]: Failed password for invalid user apache from 206.123.145.56 port 27418 ssh2
Apr  5 06:08:21 cls sshd[1391306]: Failed password for invalid user fc from 130.12.181.97 port 44140 ssh2
Apr  5 06:08:22 cls sshd[1391309]: Connection closed by invalid user apache 206.123.145.56 port 27418 [preauth]
Apr  5 06:08:24 cls sshd[1391306]: Connection closed by invalid user fc 130.12.181.97 port 44140 [preauth]
Apr  5 06:09:01 cls sshd[1391357]: pam_unix(sshd:auth): authentication failure; logname= uid=0 euid=0 tty=ssh ruser= rhost=187.45.95.66  user=root
Apr  5 06:09:01 cls CRON[1391360]: pam_unix(cron:session): session opened for user root by (uid=0)
Apr  5 06:09:01 cls CRON[1391360]: pam_unix(cron:session): session closed for user root
Apr  5 06:09:03 cls sshd[1391357]: Failed password for root from 187.45.95.66 port 53172 ssh2
Apr  5 06:09:03 cls sshd[1391357]: Received disconnect from 187.45.95.66 port 53172:11: Bye Bye [preauth]
Apr  5 06:09:03 cls sshd[1391357]: Disconnected from authenticating user root 187.45.95.66 port 53172 [preauth]
Apr  5 06:09:12 cls sshd[1391356]: pam_unix(sshd:auth): authentication failure; logname= uid=0 euid=0 tty=ssh ruser= rhost=206.123.145.70  user=root
Apr  5 06:09:13 cls sshd[1391362]: pam_unix(sshd:auth): authentication failure; logname= uid=0 euid=0 tty=ssh ruser= rhost=130.12.181.102  user=root
Apr  5 06:09:14 cls sshd[1391356]: Failed password for root from 206.123.145.70 port 32962 ssh2
Apr  5 06:09:15 cls sshd[1391362]: Failed password for root from 130.12.181.102 port 42864 ssh2
Apr  5 06:09:17 cls sshd[1391356]: Connection closed by authenticating user root 206.123.145.70 port 32962 [preauth]
Apr  5 06:09:19 cls sshd[1391755]: pam_unix(sshd:auth): authentication failure; logname= uid=0 euid=0 tty=ssh ruser= rhost=82.64.38.234  user=ubuntu
Apr  5 06:09:20 cls sshd[1391362]: Connection closed by authenticating user root 130.12.181.102 port 42864 [preauth]
Apr  5 06:09:21 cls sshd[1391755]: Failed password for ubuntu from 82.64.38.234 port 47036 ssh2
Apr  5 06:09:23 cls sshd[1391755]: Received disconnect from 82.64.38.234 port 47036:11: Bye Bye [preauth]
Apr  5 06:09:23 cls sshd[1391755]: Disconnected from authenticating user ubuntu 82.64.38.234 port 47036 [preauth]
Apr  5 06:09:41 cls sshd[1391757]: Invalid user deploy from 34.78.29.97 port 41816
Apr  5 06:09:41 cls sshd[1391757]: pam_unix(sshd:auth): check pass; user unknown
Apr  5 06:09:41 cls sshd[1391757]: pam_unix(sshd:auth): authentication failure; logname= uid=0 euid=0 tty=ssh ruser= rhost=34.78.29.97 
Apr  5 06:09:43 cls sshd[1391757]: Failed password for invalid user deploy from 34.78.29.97 port 41816 ssh2
Apr  5 06:09:44 cls sshd[1391757]: Received disconnect from 34.78.29.97 port 41816:11: Bye Bye [preauth]
Apr  5 06:09:44 cls sshd[1391757]: Disconnected from invalid user deploy 34.78.29.97 port 41816 [preauth]
Apr  5 06:10:01 cls sshd[1391783]: pam_unix(sshd:auth): authentication failure; logname= uid=0 euid=0 tty=ssh ruser= rhost=116.135.67.93  user=mysql
Apr  5 06:10:04 cls sshd[1391783]: Failed password for mysql from 116.135.67.93 port 45094 ssh2
Apr  5 06:10:06 cls sshd[1391783]: Received disconnect from 116.135.67.93 port 45094:11: Bye Bye [preauth]
Apr  5 06:10:06 cls sshd[1391783]: Disconnected from authenticating user mysql 116.135.67.93 port 45094 [preauth]
Apr  5 06:10:14 cls sshd[1391793]: Invalid user apache2 from 206.123.145.55 port 58910
Apr  5 06:10:16 cls sshd[1391793]: pam_unix(sshd:auth): check pass; user unknown
Apr  5 06:10:16 cls sshd[1391793]: pam_unix(sshd:auth): authentication failure; logname= uid=0 euid=0 tty=ssh ruser= rhost=206.123.145.55 
Apr  5 06:10:18 cls sshd[1391793]: Failed password for invalid user apache2 from 206.123.145.55 port 58910 ssh2
Apr  5 06:10:21 cls sshd[1391793]: Connection closed by invalid user apache2 206.123.145.55 port 58910 [preauth]
Apr  5 06:10:37 cls sshd[1391797]: Invalid user guest from 206.123.145.79 port 12266
Apr  5 06:10:38 cls sshd[1391797]: pam_unix(sshd:auth): check pass; user unknown
Apr  5 06:10:38 cls sshd[1391797]: pam_unix(sshd:auth): authentication failure; logname= uid=0 euid=0 tty=ssh ruser= rhost=206.123.145.79 
Apr  5 06:10:40 cls sshd[1391797]: Failed password for invalid user guest from 206.123.145.79 port 12266 ssh2
Apr  5 06:10:45 cls sshd[1391797]: Connection closed by invalid user guest 206.123.145.79 port 12266 [preauth]
Apr  5 06:11:07 cls sshd[1391833]: Invalid user julie from 130.12.181.104 port 28386
Apr  5 06:11:08 cls sshd[1391834]: Invalid user liqiuying from 206.123.145.20 port 32822
Apr  5 06:11:08 cls sshd[1391835]: Invalid user mei from 206.123.145.69 port 26318
Apr  5 06:11:09 cls sshd[1391833]: pam_unix(sshd:auth): check pass; user unknown
Apr  5 06:11:09 cls sshd[1391833]: pam_unix(sshd:auth): authentication failure; logname= uid=0 euid=0 tty=ssh ruser= rhost=130.12.181.104 
Apr  5 06:11:11 cls sshd[1391834]: pam_unix(sshd:auth): check pass; user unknown
Apr  5 06:11:11 cls sshd[1391834]: pam_unix(sshd:auth): authentication failure; logname= uid=0 euid=0 tty=ssh ruser= rhost=206.123.145.20 
Apr  5 06:11:11 cls sshd[1391833]: Failed password for invalid user julie from 130.12.181.104 port 28386 ssh2
Apr  5 06:11:12 cls sshd[1391835]: pam_unix(sshd:auth): check pass; user unknown
Apr  5 06:11:12 cls sshd[1391835]: pam_unix(sshd:auth): authentication failure; logname= uid=0 euid=0 tty=ssh ruser= rhost=206.123.145.69 
Apr  5 06:11:13 cls sshd[1391834]: Failed password for invalid user liqiuying from 206.123.145.20 port 32822 ssh2
Apr  5 06:11:14 cls sshd[1391835]: Failed password for invalid user mei from 206.123.145.69 port 26318 ssh2
Apr  5 06:11:15 cls sshd[1391833]: Connection closed by invalid user julie 130.12.181.104 port 28386 [preauth]
Apr  5 06:11:16 cls sshd[1391835]: Connection closed by invalid user mei 206.123.145.69 port 26318 [preauth]
Apr  5 06:11:18 cls sshd[1391834]: Connection closed by invalid user liqiuying 206.123.145.20 port 32822 [preauth]
Apr  5 06:11:27 cls sshd[1391851]: Invalid user mmuser from 187.45.95.66 port 16822
Apr  5 06:11:27 cls sshd[1391851]: pam_unix(sshd:auth): check pass; user unknown
Apr  5 06:11:27 cls sshd[1391851]: pam_unix(sshd:auth): authentication failure; logname= uid=0 euid=0 tty=ssh ruser= rhost=187.45.95.66 
Apr  5 06:11:29 cls sshd[1391851]: Failed password for invalid user mmuser from 187.45.95.66 port 16822 ssh2
Apr  5 06:11:29 cls sshd[1391851]: Received disconnect from 187.45.95.66 port 16822:11: Bye Bye [preauth]
Apr  5 06:11:29 cls sshd[1391851]: Disconnected from invalid user mmuser 187.45.95.66 port 16822 [preauth]
Apr  5 06:11:34 cls sshd[1391858]: Invalid user user from 82.64.38.234 port 52154
Apr  5 06:11:34 cls sshd[1391858]: pam_unix(sshd:auth): check pass; user unknown
Apr  5 06:11:34 cls sshd[1391858]: pam_unix(sshd:auth): authentication failure; logname= uid=0 euid=0 tty=ssh ruser= rhost=82.64.38.234 
Apr  5 06:11:35 cls sshd[1391858]: Failed password for invalid user user from 82.64.38.234 port 52154 ssh2
Apr  5 06:11:36 cls sshd[1391860]: pam_unix(sshd:auth): authentication failure; logname= uid=0 euid=0 tty=ssh ruser= rhost=34.78.29.97  user=root
Apr  5 06:11:37 cls sshd[1391858]: Received disconnect from 82.64.38.234 port 52154:11: Bye Bye [preauth]
Apr  5 06:11:37 cls sshd[1391858]: Disconnected from invalid user user 82.64.38.234 port 52154 [preauth]
Apr  5 06:11:37 cls sshd[1391860]: Failed password for root from 34.78.29.97 port 38138 ssh2
Apr  5 06:11:39 cls sshd[1391860]: Received disconnect from 34.78.29.97 port 38138:11: Bye Bye [preauth]
Apr  5 06:11:39 cls sshd[1391860]: Disconnected from authenticating user root 34.78.29.97 port 38138 [preauth]
Apr  5 06:11:49 cls sshd[1391862]: Invalid user docker from 130.12.181.98 port 31218
Apr  5 06:11:51 cls sshd[1391862]: pam_unix(sshd:auth): check pass; user unknown
Apr  5 06:11:51 cls sshd[1391862]: pam_unix(sshd:auth): authentication failure; logname= uid=0 euid=0 tty=ssh ruser= rhost=130.12.181.98 
Apr  5 06:11:53 cls sshd[1391862]: Failed password for invalid user docker from 130.12.181.98 port 31218 ssh2
Apr  5 06:11:56 cls sshd[1391864]: Invalid user tomm from 206.123.145.50 port 1152
Apr  5 06:11:57 cls sshd[1391862]: Connection closed by invalid user docker 130.12.181.98 port 31218 [preauth]
Apr  5 06:11:57 cls sshd[1391864]: pam_unix(sshd:auth): check pass; user unknown
Apr  5 06:11:57 cls sshd[1391864]: pam_unix(sshd:auth): authentication failure; logname= uid=0 euid=0 tty=ssh ruser= rhost=206.123.145.50 
Apr  5 06:11:59 cls sshd[1391864]: Failed password for invalid user tomm from 206.123.145.50 port 1152 ssh2
Apr  5 06:12:00 cls sshd[1391867]: Invalid user tlcorecs from 206.123.145.49 port 2086
Apr  5 06:12:03 cls sshd[1391864]: Connection closed by invalid user tomm 206.123.145.50 port 1152 [preauth]
Apr  5 06:12:04 cls sshd[1391869]: Invalid user zhhhs from 206.123.145.52 port 4294
Apr  5 06:12:04 cls sshd[1391867]: pam_unix(sshd:auth): check pass; user unknown
Apr  5 06:12:04 cls sshd[1391867]: pam_unix(sshd:auth): authentication failure; logname= uid=0 euid=0 tty=ssh ruser= rhost=206.123.145.49 
Apr  5 06:12:05 cls sshd[1391869]: pam_unix(sshd:auth): check pass; user unknown
Apr  5 06:12:05 cls sshd[1391869]: pam_unix(sshd:auth): authentication failure; logname= uid=0 euid=0 tty=ssh ruser= rhost=206.123.145.52 
Apr  5 06:12:06 cls sshd[1391867]: Failed password for invalid user tlcorecs from 206.123.145.49 port 2086 ssh2
Apr  5 06:12:07 cls sshd[1391869]: Failed password for invalid user zhhhs from 206.123.145.52 port 4294 ssh2
Apr  5 06:12:07 cls sshd[1391879]: Invalid user wombat from 130.12.181.99 port 47396
Apr  5 06:12:09 cls sshd[1391867]: Connection closed by invalid user tlcorecs 206.123.145.49 port 2086 [preauth]
Apr  5 06:12:09 cls sshd[1391879]: pam_unix(sshd:auth): check pass; user unknown
Apr  5 06:12:09 cls sshd[1391879]: pam_unix(sshd:auth): authentication failure; logname= uid=0 euid=0 tty=ssh ruser= rhost=130.12.181.99 
Apr  5 06:12:11 cls sshd[1391869]: Connection closed by invalid user zhhhs 206.123.145.52 port 4294 [preauth]
Apr  5 06:12:12 cls sshd[1391879]: Failed password for invalid user wombat from 130.12.181.99 port 47396 ssh2
Apr  5 06:12:14 cls sshd[1391879]: Connection closed by invalid user wombat 130.12.181.99 port 47396 [preauth]
Apr  5 06:12:29 cls sshd[1391919]: Invalid user deepin from 206.123.145.46 port 37094
Apr  5 06:12:31 cls sshd[1391919]: pam_unix(sshd:auth): check pass; user unknown
Apr  5 06:12:31 cls sshd[1391919]: pam_unix(sshd:auth): authentication failure; logname= uid=0 euid=0 tty=ssh ruser= rhost=206.123.145.46 
Apr  5 06:12:33 cls sshd[1391919]: Failed password for invalid user deepin from 206.123.145.46 port 37094 ssh2
Apr  5 06:12:34 cls sshd[1391921]: pam_unix(sshd:auth): authentication failure; logname= uid=0 euid=0 tty=ssh ruser= rhost=206.123.145.73  user=root
Apr  5 06:12:37 cls sshd[1391921]: Failed password for root from 206.123.145.73 port 2050 ssh2
Apr  5 06:12:37 cls sshd[1391919]: Connection closed by invalid user deepin 206.123.145.46 port 37094 [preauth]
Apr  5 06:12:39 cls sshd[1391921]: Connection closed by authenticating user root 206.123.145.73 port 2050 [preauth]
Apr  5 06:12:46 cls sshd[1391929]: Invalid user gitlab-promethus from 206.123.145.71 port 44622
Apr  5 06:12:49 cls sshd[1391929]: pam_unix(sshd:auth): check pass; user unknown
Apr  5 06:12:49 cls sshd[1391929]: pam_unix(sshd:auth): authentication failure; logname= uid=0 euid=0 tty=ssh ruser= rhost=206.123.145.71 
Apr  5 06:12:51 cls sshd[1391929]: Failed password for invalid user gitlab-promethus from 206.123.145.71 port 44622 ssh2
Apr  5 06:12:54 cls sshd[1391929]: Connection closed by invalid user gitlab-promethus 206.123.145.71 port 44622 [preauth]
Apr  5 06:13:03 cls sshd[1391937]: pam_unix(sshd:auth): authentication failure; logname= uid=0 euid=0 tty=ssh ruser= rhost=130.12.181.105  user=root
Apr  5 06:13:04 cls sshd[1391963]: Invalid user 1 from 181.23.114.57 port 44243
Apr  5 06:13:04 cls sshd[1391963]: pam_unix(sshd:auth): check pass; user unknown
Apr  5 06:13:04 cls sshd[1391963]: pam_unix(sshd:auth): authentication failure; logname= uid=0 euid=0 tty=ssh ruser= rhost=181.23.114.57 
Apr  5 06:13:05 cls sshd[1391937]: Failed password for root from 130.12.181.105 port 23850 ssh2
Apr  5 06:13:07 cls sshd[1391963]: Failed password for invalid user 1 from 181.23.114.57 port 44243 ssh2
Apr  5 06:13:08 cls sshd[1391963]: Received disconnect from 181.23.114.57 port 44243:11: Bye Bye [preauth]
Apr  5 06:13:08 cls sshd[1391963]: Disconnected from invalid user 1 181.23.114.57 port 44243 [preauth]
Apr  5 06:13:09 cls sshd[1391937]: Connection closed by authenticating user root 130.12.181.105 port 23850 [preauth]
Apr  5 06:13:10 cls sshd[1391953]: pam_unix(sshd:auth): authentication failure; logname= uid=0 euid=0 tty=ssh ruser= rhost=130.12.181.101  user=root
Apr  5 06:13:12 cls sshd[1391953]: Failed password for root from 130.12.181.101 port 55696 ssh2
Apr  5 06:13:14 cls sshd[1391953]: Connection closed by authenticating user root 130.12.181.101 port 55696 [preauth]
Apr  5 06:13:17 cls sshd[1391965]: Invalid user usw from 130.12.181.106 port 42072
Apr  5 06:13:19 cls sshd[1391965]: pam_unix(sshd:auth): check pass; user unknown
Apr  5 06:13:19 cls sshd[1391965]: pam_unix(sshd:auth): authentication failure; logname= uid=0 euid=0 tty=ssh ruser= rhost=130.12.181.106 
Apr  5 06:13:21 cls sshd[1391965]: Failed password for invalid user usw from 130.12.181.106 port 42072 ssh2
Apr  5 06:13:25 cls sshd[1391965]: Connection closed by invalid user usw 130.12.181.106 port 42072 [preauth]
Apr  5 06:13:32 cls sshd[1391971]: Invalid user mariadb from 34.78.29.97 port 54852
Apr  5 06:13:32 cls sshd[1391971]: pam_unix(sshd:auth): check pass; user unknown
Apr  5 06:13:32 cls sshd[1391971]: pam_unix(sshd:auth): authentication failure; logname= uid=0 euid=0 tty=ssh ruser= rhost=34.78.29.97 
Apr  5 06:13:34 cls sshd[1391971]: Failed password for invalid user mariadb from 34.78.29.97 port 54852 ssh2
Apr  5 06:13:35 cls sshd[1391971]: Received disconnect from 34.78.29.97 port 54852:11: Bye Bye [preauth]
Apr  5 06:13:35 cls sshd[1391971]: Disconnected from invalid user mariadb 34.78.29.97 port 54852 [preauth]
Apr  5 06:13:35 cls sshd[1391967]: pam_unix(sshd:auth): authentication failure; logname= uid=0 euid=0 tty=ssh ruser= rhost=206.123.145.48  user=www-data
Apr  5 06:13:36 cls sshd[1391968]: Invalid user shengjia from 206.123.145.53 port 61786
Apr  5 06:13:37 cls sshd[1391967]: Failed password for www-data from 206.123.145.48 port 53592 ssh2
Apr  5 06:13:38 cls sshd[1391968]: pam_unix(sshd:auth): check pass; user unknown
Apr  5 06:13:38 cls sshd[1391968]: pam_unix(sshd:auth): authentication failure; logname= uid=0 euid=0 tty=ssh ruser= rhost=206.123.145.53 
Apr  5 06:13:39 cls sshd[1391967]: Connection closed by authenticating user www-data 206.123.145.48 port 53592 [preauth]
Apr  5 06:13:40 cls sshd[1391968]: Failed password for invalid user shengjia from 206.123.145.53 port 61786 ssh2
Apr  5 06:13:44 cls sshd[1391968]: Connection closed by invalid user shengjia 206.123.145.53 port 61786 [preauth]
Apr  5 06:13:45 cls sshd[1391980]: pam_unix(sshd:auth): authentication failure; logname= uid=0 euid=0 tty=ssh ruser= rhost=187.45.95.66  user=root
Apr  5 06:13:47 cls sshd[1391980]: Failed password for root from 187.45.95.66 port 38344 ssh2
Apr  5 06:13:48 cls sshd[1391980]: Received disconnect from 187.45.95.66 port 38344:11: Bye Bye [preauth]
Apr  5 06:13:48 cls sshd[1391980]: Disconnected from authenticating user root 187.45.95.66 port 38344 [preauth]
Apr  5 06:13:49 cls sshd[1391983]: Invalid user deploy from 82.64.38.234 port 35830
Apr  5 06:13:49 cls sshd[1391983]: pam_unix(sshd:auth): check pass; user unknown
Apr  5 06:13:49 cls sshd[1391983]: pam_unix(sshd:auth): authentication failure; logname= uid=0 euid=0 tty=ssh ruser= rhost=82.64.38.234 
Apr  5 06:13:50 cls sshd[1391978]: Invalid user liuhuijie from 206.123.145.77 port 35420
Apr  5 06:13:51 cls sshd[1391983]: Failed password for invalid user deploy from 82.64.38.234 port 35830 ssh2
Apr  5 06:13:51 cls sshd[1391977]: Invalid user magic from 130.12.181.109 port 39032
Apr  5 06:13:51 cls sshd[1391978]: pam_unix(sshd:auth): check pass; user unknown
Apr  5 06:13:51 cls sshd[1391978]: pam_unix(sshd:auth): authentication failure; logname= uid=0 euid=0 tty=ssh ruser= rhost=206.123.145.77 
Apr  5 06:13:52 cls sshd[1391983]: Received disconnect from 82.64.38.234 port 35830:11: Bye Bye [preauth]
Apr  5 06:13:52 cls sshd[1391983]: Disconnected from invalid user deploy 82.64.38.234 port 35830 [preauth]
Apr  5 06:13:53 cls sshd[1391977]: pam_unix(sshd:auth): check pass; user unknown
Apr  5 06:13:53 cls sshd[1391977]: pam_unix(sshd:auth): authentication failure; logname= uid=0 euid=0 tty=ssh ruser= rhost=130.12.181.109 
Apr  5 06:13:54 cls sshd[1391978]: Failed password for invalid user liuhuijie from 206.123.145.77 port 35420 ssh2
Apr  5 06:13:55 cls sshd[1391977]: Failed password for invalid user magic from 130.12.181.109 port 39032 ssh2
Apr  5 06:13:58 cls sshd[1391977]: Connection closed by invalid user magic 130.12.181.109 port 39032 [preauth]
Apr  5 06:13:58 cls sshd[1391978]: Connection closed by invalid user liuhuijie 206.123.145.77 port 35420 [preauth]
Apr  5 06:14:11 cls sshd[1392016]: Invalid user xd from 206.123.145.78 port 42700
Apr  5 06:14:14 cls sshd[1392016]: pam_unix(sshd:auth): check pass; user unknown
Apr  5 06:14:14 cls sshd[1392016]: pam_unix(sshd:auth): authentication failure; logname= uid=0 euid=0 tty=ssh ruser= rhost=206.123.145.78 
Apr  5 06:14:16 cls sshd[1392016]: Failed password for invalid user xd from 206.123.145.78 port 42700 ssh2
Apr  5 06:14:22 cls sshd[1392016]: Connection closed by invalid user xd 206.123.145.78 port 42700 [preauth]
Apr  5 06:14:27 cls sshd[1392032]: Invalid user licuiru from 206.123.145.76 port 24636
Apr  5 06:14:29 cls sshd[1392032]: pam_unix(sshd:auth): check pass; user unknown
Apr  5 06:14:29 cls sshd[1392032]: pam_unix(sshd:auth): authentication failure; logname= uid=0 euid=0 tty=ssh ruser= rhost=206.123.145.76 
Apr  5 06:14:31 cls sshd[1392032]: Failed password for invalid user licuiru from 206.123.145.76 port 24636 ssh2
Apr  5 06:14:32 cls sshd[1392034]: Invalid user zhangshuang from 130.12.181.100 port 14794
Apr  5 06:14:35 cls sshd[1392034]: pam_unix(sshd:auth): check pass; user unknown
Apr  5 06:14:35 cls sshd[1392034]: pam_unix(sshd:auth): authentication failure; logname= uid=0 euid=0 tty=ssh ruser= rhost=130.12.181.100 
Apr  5 06:14:36 cls sshd[1392032]: Connection closed by invalid user licuiru 206.123.145.76 port 24636 [preauth]
Apr  5 06:14:36 cls sshd[1392034]: Failed password for invalid user zhangshuang from 130.12.181.100 port 14794 ssh2
Apr  5 06:14:39 cls sshd[1392034]: Connection closed by invalid user zhangshuang 130.12.181.100 port 14794 [preauth]
Apr  5 06:14:49 cls sshd[1392036]: Invalid user louisw from 206.123.145.57 port 2556
Apr  5 06:14:52 cls sshd[1392036]: pam_unix(sshd:auth): check pass; user unknown
Apr  5 06:14:52 cls sshd[1392036]: pam_unix(sshd:auth): authentication failure; logname= uid=0 euid=0 tty=ssh ruser= rhost=206.123.145.57 
Apr  5 06:14:55 cls sshd[1392036]: Failed password for invalid user louisw from 206.123.145.57 port 2556 ssh2
Apr  5 06:14:57 cls sshd[1392036]: Connection closed by invalid user louisw 206.123.145.57 port 2556 [preauth]
Apr  5 06:14:58 cls sshd[1392041]: pam_unix(sshd:auth): authentication failure; logname= uid=0 euid=0 tty=ssh ruser= rhost=61.151.249.194  user=ubuntu
Apr  5 06:15:00 cls sshd[1392041]: Failed password for ubuntu from 61.151.249.194 port 43718 ssh2
Apr  5 06:15:02 cls sshd[1392041]: Received disconnect from 61.151.249.194 port 43718:11: Bye Bye [preauth]
Apr  5 06:15:02 cls sshd[1392041]: Disconnected from authenticating user ubuntu 61.151.249.194 port 43718 [preauth]
Apr  5 06:15:03 cls sshd[1392038]: Invalid user var from 206.123.145.75 port 4722
Apr  5 06:15:04 cls sshd[1392038]: pam_unix(sshd:auth): check pass; user unknown
Apr  5 06:15:04 cls sshd[1392038]: pam_unix(sshd:auth): authentication failure; logname= uid=0 euid=0 tty=ssh ruser= rhost=206.123.145.75 
Apr  5 06:15:07 cls sshd[1392038]: Failed password for invalid user var from 206.123.145.75 port 4722 ssh2
Apr  5 06:15:11 cls sshd[1392038]: Connection closed by invalid user var 206.123.145.75 port 4722 [preauth]
Apr  5 06:15:13 cls sshd[1392068]: Invalid user dream from 130.12.181.103 port 14044
Apr  5 06:15:15 cls sshd[1392068]: pam_unix(sshd:auth): check pass; user unknown
Apr  5 06:15:15 cls sshd[1392068]: pam_unix(sshd:auth): authentication failure; logname= uid=0 euid=0 tty=ssh ruser= rhost=130.12.181.103 
Apr  5 06:15:17 cls sshd[1392068]: Failed password for invalid user dream from 130.12.181.103 port 14044 ssh2
Apr  5 06:15:20 cls sshd[1392068]: Connection closed by invalid user dream 130.12.181.103 port 14044 [preauth]
Apr  5 06:15:27 cls sshd[1392076]: Invalid user dev from 34.78.29.97 port 57940
Apr  5 06:15:27 cls sshd[1392076]: pam_unix(sshd:auth): check pass; user unknown
Apr  5 06:15:27 cls sshd[1392076]: pam_unix(sshd:auth): authentication failure; logname= uid=0 euid=0 tty=ssh ruser= rhost=34.78.29.97 
Apr  5 06:15:29 cls sshd[1392076]: Failed password for invalid user dev from 34.78.29.97 port 57940 ssh2
Apr  5 06:15:31 cls sshd[1392076]: Received disconnect from 34.78.29.97 port 57940:11: Bye Bye [preauth]
Apr  5 06:15:31 cls sshd[1392076]: Disconnected from invalid user dev 34.78.29.97 port 57940 [preauth]
Apr  5 06:15:40 cls sshd[1392078]: Invalid user csgoserver from 206.123.145.74 port 56842
Apr  5 06:15:43 cls sshd[1392078]: pam_unix(sshd:auth): check pass; user unknown
Apr  5 06:15:43 cls sshd[1392078]: pam_unix(sshd:auth): authentication failure; logname= uid=0 euid=0 tty=ssh ruser= rhost=206.123.145.74 
Apr  5 06:15:45 cls sshd[1392078]: Failed password for invalid user csgoserver from 206.123.145.74 port 56842 ssh2
Apr  5 06:15:48 cls sshd[1392078]: Connection closed by invalid user csgoserver 206.123.145.74 port 56842 [preauth]
Apr  5 06:15:57 cls sshd[1392081]: Invalid user amax from 130.12.181.107 port 52216
Apr  5 06:16:00 cls sshd[1392081]: pam_unix(sshd:auth): check pass; user unknown
Apr  5 06:16:00 cls sshd[1392081]: pam_unix(sshd:auth): authentication failure; logname= uid=0 euid=0 tty=ssh ruser= rhost=130.12.181.107 
Apr  5 06:16:02 cls sshd[1392081]: Failed password for invalid user amax from 130.12.181.107 port 52216 ssh2
Apr  5 06:16:04 cls sshd[1392081]: Connection closed by invalid user amax 130.12.181.107 port 52216 [preauth]
Apr  5 06:16:07 cls sshd[1392115]: pam_unix(sshd:auth): authentication failure; logname= uid=0 euid=0 tty=ssh ruser= rhost=82.64.38.234  user=root
Apr  5 06:16:09 cls sshd[1392115]: Failed password for root from 82.64.38.234 port 47878 ssh2
Apr  5 06:16:10 cls sshd[1392115]: Received disconnect from 82.64.38.234 port 47878:11: Bye Bye [preauth]
Apr  5 06:16:10 cls sshd[1392115]: Disconnected from authenticating user root 82.64.38.234 port 47878 [preauth]
Apr  5 06:16:11 cls sshd[1392123]: Invalid user xiaoming from 187.45.95.66 port 15899
Apr  5 06:16:11 cls sshd[1392123]: pam_unix(sshd:auth): check pass; user unknown
Apr  5 06:16:11 cls sshd[1392123]: pam_unix(sshd:auth): authentication failure; logname= uid=0 euid=0 tty=ssh ruser= rhost=187.45.95.66 
Apr  5 06:16:12 cls sshd[1392123]: Failed password for invalid user xiaoming from 187.45.95.66 port 15899 ssh2
Apr  5 06:16:13 cls sshd[1392123]: Received disconnect from 187.45.95.66 port 15899:11: Bye Bye [preauth]
Apr  5 06:16:13 cls sshd[1392123]: Disconnected from invalid user xiaoming 187.45.95.66 port 15899 [preauth]
Apr  5 06:16:25 cls sshd[1392125]: pam_unix(sshd:auth): authentication failure; logname= uid=0 euid=0 tty=ssh ruser= rhost=206.123.145.51  user=root
Apr  5 06:16:26 cls sshd[1392125]: Failed password for root from 206.123.145.51 port 48958 ssh2
Apr  5 06:16:28 cls sshd[1392125]: Connection closed by authenticating user root 206.123.145.51 port 48958 [preauth]
Apr  5 06:16:42 cls sshd[1392132]: pam_unix(sshd:auth): authentication failure; logname= uid=0 euid=0 tty=ssh ruser= rhost=130.12.181.108  user=ubuntu
Apr  5 06:16:44 cls sshd[1392132]: Failed password for ubuntu from 130.12.181.108 port 61970 ssh2
Apr  5 06:16:49 cls sshd[1392132]: Connection closed by authenticating user ubuntu 130.12.181.108 port 61970 [preauth]
Apr  5 06:16:55 cls sshd[1392136]: Invalid user deepaccess from 206.123.145.54 port 1086
Apr  5 06:16:57 cls sshd[1392136]: pam_unix(sshd:auth): check pass; user unknown
Apr  5 06:16:57 cls sshd[1392136]: pam_unix(sshd:auth): authentication failure; logname= uid=0 euid=0 tty=ssh ruser= rhost=206.123.145.54 
Apr  5 06:16:59 cls sshd[1392136]: Failed password for invalid user deepaccess from 206.123.145.54 port 1086 ssh2
Apr  5 06:17:01 cls CRON[1392142]: pam_unix(cron:session): session opened for user root by (uid=0)
