Apr  5 01:36:00 cls sshd[1375280]: Failed password for invalid user dev from 206.123.145.53 port 50894 ssh2
Apr  5 01:36:02 cls sshd[1375284]: Connection closed by invalid user ywj 130.12.181.108 port 29018 [preauth]
Apr  5 01:36:03 cls sshd[1375280]: Connection closed by invalid user dev 206.123.145.53 port 50894 [preauth]
Apr  5 01:36:13 cls sshd[1375293]: Invalid user tgx from 206.123.145.48 port 17880
Apr  5 01:36:18 cls sshd[1375293]: pam_unix(sshd:auth): check pass; user unknown
Apr  5 01:36:18 cls sshd[1375293]: pam_unix(sshd:auth): authentication failure; logname= uid=0 euid=0 tty=ssh ruser= rhost=206.123.145.48 
Apr  5 01:36:20 cls sshd[1375293]: Failed password for invalid user tgx from 206.123.145.48 port 17880 ssh2
Apr  5 01:36:23 cls sshd[1375319]: Invalid user xlZheng_Wang from 130.12.181.102 port 40098
Apr  5 01:36:24 cls sshd[1375293]: Connection closed by invalid user tgx 206.123.145.48 port 17880 [preauth]
Apr  5 01:36:25 cls sshd[1375319]: pam_unix(sshd:auth): check pass; user unknown
Apr  5 01:36:25 cls sshd[1375319]: pam_unix(sshd:auth): authentication failure; logname= uid=0 euid=0 tty=ssh ruser= rhost=130.12.181.102 
Apr  5 01:36:27 cls sshd[1375319]: Failed password for invalid user xlZheng_Wang from 130.12.181.102 port 40098 ssh2
Apr  5 01:36:29 cls sshd[1375319]: Connection closed by invalid user xlZheng_Wang 130.12.181.102 port 40098 [preauth]
Apr  5 01:36:41 cls sshd[1375321]: pam_unix(sshd:auth): authentication failure; logname= uid=0 euid=0 tty=ssh ruser= rhost=130.12.181.107  user=root
Apr  5 01:36:42 cls sshd[1375321]: Failed password for root from 130.12.181.107 port 38466 ssh2
Apr  5 01:36:45 cls sshd[1375321]: Connection closed by authenticating user root 130.12.181.107 port 38466 [preauth]
Apr  5 01:37:17 cls sshd[1375328]: Invalid user qul from 206.123.145.79 port 47050
Apr  5 01:37:19 cls sshd[1375328]: pam_unix(sshd:auth): check pass; user unknown
Apr  5 01:37:19 cls sshd[1375328]: pam_unix(sshd:auth): authentication failure; logname= uid=0 euid=0 tty=ssh ruser= rhost=206.123.145.79 
Apr  5 01:37:21 cls sshd[1375328]: Failed password for invalid user qul from 206.123.145.79 port 47050 ssh2
Apr  5 01:37:23 cls sshd[1375328]: Connection closed by invalid user qul 206.123.145.79 port 47050 [preauth]
Apr  5 01:37:59 cls sshd[1375418]: Invalid user slt from 130.12.181.104 port 41728
Apr  5 01:38:01 cls sshd[1375418]: pam_unix(sshd:auth): check pass; user unknown
Apr  5 01:38:01 cls sshd[1375418]: pam_unix(sshd:auth): authentication failure; logname= uid=0 euid=0 tty=ssh ruser= rhost=130.12.181.104 
Apr  5 01:38:03 cls sshd[1375418]: Failed password for invalid user slt from 130.12.181.104 port 41728 ssh2
Apr  5 01:38:05 cls sshd[1375418]: Connection closed by invalid user slt 130.12.181.104 port 41728 [preauth]
Apr  5 01:38:38 cls sshd[1375474]: Invalid user agomezi from 206.123.145.74 port 16102
Apr  5 01:38:39 cls sshd[1375474]: pam_unix(sshd:auth): check pass; user unknown
Apr  5 01:38:39 cls sshd[1375474]: pam_unix(sshd:auth): authentication failure; logname= uid=0 euid=0 tty=ssh ruser= rhost=206.123.145.74 
Apr  5 01:38:41 cls sshd[1375474]: Failed password for invalid user agomezi from 206.123.145.74 port 16102 ssh2
Apr  5 01:38:48 cls sshd[1375474]: Connection closed by invalid user agomezi 206.123.145.74 port 16102 [preauth]
Apr  5 01:39:01 cls CRON[1375478]: pam_unix(cron:session): session opened for user root by (uid=0)
Apr  5 01:39:01 cls CRON[1375478]: pam_unix(cron:session): session closed for user root
Apr  5 01:39:04 cls sshd[1375476]: Invalid user accounts from 206.123.145.51 port 28358
Apr  5 01:39:06 cls sshd[1375476]: pam_unix(sshd:auth): check pass; user unknown
Apr  5 01:39:06 cls sshd[1375476]: pam_unix(sshd:auth): authentication failure; logname= uid=0 euid=0 tty=ssh ruser= rhost=206.123.145.51 
Apr  5 01:39:08 cls sshd[1375476]: Failed password for invalid user accounts from 206.123.145.51 port 28358 ssh2
Apr  5 01:39:13 cls sshd[1375476]: Connection closed by invalid user accounts 206.123.145.51 port 28358 [preauth]
Apr  5 01:39:41 cls sshd[1375900]: Invalid user pvc from 206.123.145.57 port 49612
Apr  5 01:39:42 cls sshd[1375900]: pam_unix(sshd:auth): check pass; user unknown
Apr  5 01:39:42 cls sshd[1375900]: pam_unix(sshd:auth): authentication failure; logname= uid=0 euid=0 tty=ssh ruser= rhost=206.123.145.57 
Apr  5 01:39:44 cls sshd[1375900]: Failed password for invalid user pvc from 206.123.145.57 port 49612 ssh2
Apr  5 01:39:47 cls sshd[1375900]: Connection closed by invalid user pvc 206.123.145.57 port 49612 [preauth]
Apr  5 01:39:47 cls sshd[1375902]: Invalid user administrator from 130.12.181.105 port 11454
Apr  5 01:39:49 cls sshd[1375902]: pam_unix(sshd:auth): check pass; user unknown
Apr  5 01:39:49 cls sshd[1375902]: pam_unix(sshd:auth): authentication failure; logname= uid=0 euid=0 tty=ssh ruser= rhost=130.12.181.105 
Apr  5 01:39:51 cls sshd[1375902]: Failed password for invalid user administrator from 130.12.181.105 port 11454 ssh2
Apr  5 01:39:54 cls sshd[1375902]: Connection closed by invalid user administrator 130.12.181.105 port 11454 [preauth]
Apr  5 01:40:29 cls sshd[1375910]: Invalid user sys-8650 from 206.123.145.70 port 4032
Apr  5 01:40:31 cls sshd[1375910]: pam_unix(sshd:auth): check pass; user unknown
Apr  5 01:40:31 cls sshd[1375910]: pam_unix(sshd:auth): authentication failure; logname= uid=0 euid=0 tty=ssh ruser= rhost=206.123.145.70 
Apr  5 01:40:33 cls sshd[1375946]: Invalid user gqs from 130.12.181.98 port 16822
Apr  5 01:40:33 cls sshd[1375910]: Failed password for invalid user sys-8650 from 206.123.145.70 port 4032 ssh2
Apr  5 01:40:34 cls sshd[1375946]: pam_unix(sshd:auth): check pass; user unknown
Apr  5 01:40:34 cls sshd[1375946]: pam_unix(sshd:auth): authentication failure; logname= uid=0 euid=0 tty=ssh ruser= rhost=130.12.181.98 
Apr  5 01:40:35 cls sshd[1375947]: Invalid user yuhyan from 130.12.181.109 port 44200
Apr  5 01:40:36 cls sshd[1375910]: Connection closed by invalid user sys-8650 206.123.145.70 port 4032 [preauth]
Apr  5 01:40:36 cls sshd[1375946]: Failed password for invalid user gqs from 130.12.181.98 port 16822 ssh2
Apr  5 01:40:37 cls sshd[1375947]: pam_unix(sshd:auth): check pass; user unknown
Apr  5 01:40:37 cls sshd[1375947]: pam_unix(sshd:auth): authentication failure; logname= uid=0 euid=0 tty=ssh ruser= rhost=130.12.181.109 
Apr  5 01:40:39 cls sshd[1375946]: Connection closed by invalid user gqs 130.12.181.98 port 16822 [preauth]
Apr  5 01:40:40 cls sshd[1375947]: Failed password for invalid user yuhyan from 130.12.181.109 port 44200 ssh2
Apr  5 01:40:43 cls sshd[1375947]: Connection closed by invalid user yuhyan 130.12.181.109 port 44200 [preauth]
Apr  5 01:40:50 cls sshd[1375950]: Invalid user lisenlin from 206.123.145.54 port 61534
Apr  5 01:40:52 cls sshd[1375950]: pam_unix(sshd:auth): check pass; user unknown
Apr  5 01:40:52 cls sshd[1375950]: pam_unix(sshd:auth): authentication failure; logname= uid=0 euid=0 tty=ssh ruser= rhost=206.123.145.54 
Apr  5 01:40:54 cls sshd[1375950]: Failed password for invalid user lisenlin from 206.123.145.54 port 61534 ssh2
Apr  5 01:40:57 cls sshd[1375952]: Invalid user gongminxue from 130.12.181.106 port 10094
Apr  5 01:40:59 cls sshd[1375950]: Connection closed by invalid user lisenlin 206.123.145.54 port 61534 [preauth]
Apr  5 01:40:59 cls sshd[1375952]: pam_unix(sshd:auth): check pass; user unknown
Apr  5 01:40:59 cls sshd[1375952]: pam_unix(sshd:auth): authentication failure; logname= uid=0 euid=0 tty=ssh ruser= rhost=130.12.181.106 
Apr  5 01:41:02 cls sshd[1375952]: Failed password for invalid user gongminxue from 130.12.181.106 port 10094 ssh2
Apr  5 01:41:04 cls sshd[1375954]: Invalid user mailtest from 206.123.145.77 port 48560
Apr  5 01:41:04 cls sshd[1375956]: Invalid user zhihua from 206.123.145.73 port 59002
Apr  5 01:41:05 cls sshd[1375954]: pam_unix(sshd:auth): check pass; user unknown
Apr  5 01:41:05 cls sshd[1375954]: pam_unix(sshd:auth): authentication failure; logname= uid=0 euid=0 tty=ssh ruser= rhost=206.123.145.77 
Apr  5 01:41:05 cls sshd[1375952]: Connection closed by invalid user gongminxue 130.12.181.106 port 10094 [preauth]
Apr  5 01:41:06 cls sshd[1375956]: pam_unix(sshd:auth): check pass; user unknown
Apr  5 01:41:06 cls sshd[1375956]: pam_unix(sshd:auth): authentication failure; logname= uid=0 euid=0 tty=ssh ruser= rhost=206.123.145.73 
Apr  5 01:41:07 cls sshd[1375954]: Failed password for invalid user mailtest from 206.123.145.77 port 48560 ssh2
Apr  5 01:41:08 cls sshd[1375956]: Failed password for invalid user zhihua from 206.123.145.73 port 59002 ssh2
Apr  5 01:41:10 cls sshd[1375954]: Connection closed by invalid user mailtest 206.123.145.77 port 48560 [preauth]
Apr  5 01:41:10 cls sshd[1375956]: Connection closed by invalid user zhihua 206.123.145.73 port 59002 [preauth]
Apr  5 01:41:27 cls sshd[1375991]: Invalid user zx from 206.123.145.56 port 42620
Apr  5 01:41:28 cls sshd[1375991]: pam_unix(sshd:auth): check pass; user unknown
Apr  5 01:41:28 cls sshd[1375991]: pam_unix(sshd:auth): authentication failure; logname= uid=0 euid=0 tty=ssh ruser= rhost=206.123.145.56 
Apr  5 01:41:30 cls sshd[1375991]: Failed password for invalid user zx from 206.123.145.56 port 42620 ssh2
Apr  5 01:41:33 cls sshd[1375996]: Invalid user admingui from 130.12.181.101 port 48476
Apr  5 01:41:33 cls sshd[1375991]: Connection closed by invalid user zx 206.123.145.56 port 42620 [preauth]
Apr  5 01:41:35 cls sshd[1375996]: pam_unix(sshd:auth): check pass; user unknown
Apr  5 01:41:35 cls sshd[1375996]: pam_unix(sshd:auth): authentication failure; logname= uid=0 euid=0 tty=ssh ruser= rhost=130.12.181.101 
Apr  5 01:41:37 cls sshd[1375996]: Failed password for invalid user admingui from 130.12.181.101 port 48476 ssh2
Apr  5 01:41:40 cls sshd[1375996]: Connection closed by invalid user admingui 130.12.181.101 port 48476 [preauth]
Apr  5 01:41:47 cls sshd[1375998]: Invalid user bux5 from 130.12.181.100 port 65018
Apr  5 01:41:49 cls sshd[1375998]: pam_unix(sshd:auth): check pass; user unknown
Apr  5 01:41:49 cls sshd[1375998]: pam_unix(sshd:auth): authentication failure; logname= uid=0 euid=0 tty=ssh ruser= rhost=130.12.181.100 
Apr  5 01:41:51 cls sshd[1375998]: Failed password for invalid user bux5 from 130.12.181.100 port 65018 ssh2
Apr  5 01:41:53 cls sshd[1376002]: Invalid user test from 130.12.181.99 port 1530
Apr  5 01:41:55 cls sshd[1375998]: Connection closed by invalid user bux5 130.12.181.100 port 65018 [preauth]
Apr  5 01:41:55 cls sshd[1376002]: pam_unix(sshd:auth): check pass; user unknown
Apr  5 01:41:55 cls sshd[1376002]: pam_unix(sshd:auth): authentication failure; logname= uid=0 euid=0 tty=ssh ruser= rhost=130.12.181.99 
Apr  5 01:41:58 cls sshd[1376004]: Invalid user testuser from 206.123.145.20 port 2222
Apr  5 01:41:58 cls sshd[1376002]: Failed password for invalid user test from 130.12.181.99 port 1530 ssh2
Apr  5 01:42:00 cls sshd[1376004]: pam_unix(sshd:auth): check pass; user unknown
Apr  5 01:42:00 cls sshd[1376004]: pam_unix(sshd:auth): authentication failure; logname= uid=0 euid=0 tty=ssh ruser= rhost=206.123.145.20 
Apr  5 01:42:01 cls sshd[1376002]: Connection closed by invalid user test 130.12.181.99 port 1530 [preauth]
Apr  5 01:42:02 cls sshd[1376004]: Failed password for invalid user testuser from 206.123.145.20 port 2222 ssh2
Apr  5 01:42:06 cls sshd[1376004]: Connection closed by invalid user testuser 206.123.145.20 port 2222 [preauth]
Apr  5 01:42:41 cls sshd[1376041]: pam_unix(sshd:auth): authentication failure; logname= uid=0 euid=0 tty=ssh ruser= rhost=130.12.181.103  user=root
Apr  5 01:42:43 cls sshd[1376041]: Failed password for root from 130.12.181.103 port 11318 ssh2
Apr  5 01:42:46 cls sshd[1376041]: Connection closed by authenticating user root 130.12.181.103 port 11318 [preauth]
Apr  5 01:42:47 cls sshd[1376043]: Invalid user zhangshuai from 206.123.145.71 port 39032
Apr  5 01:42:50 cls sshd[1376045]: Invalid user WangXiaoyi from 130.12.181.97 port 56174
Apr  5 01:42:51 cls sshd[1376043]: pam_unix(sshd:auth): check pass; user unknown
Apr  5 01:42:51 cls sshd[1376043]: pam_unix(sshd:auth): authentication failure; logname= uid=0 euid=0 tty=ssh ruser= rhost=206.123.145.71 
Apr  5 01:42:51 cls sshd[1376045]: pam_unix(sshd:auth): check pass; user unknown
Apr  5 01:42:51 cls sshd[1376045]: pam_unix(sshd:auth): authentication failure; logname= uid=0 euid=0 tty=ssh ruser= rhost=130.12.181.97 
Apr  5 01:42:53 cls sshd[1376043]: Failed password for invalid user zhangshuai from 206.123.145.71 port 39032 ssh2
Apr  5 01:42:53 cls sshd[1376045]: Failed password for invalid user WangXiaoyi from 130.12.181.97 port 56174 ssh2
Apr  5 01:42:56 cls sshd[1376045]: Connection closed by invalid user WangXiaoyi 130.12.181.97 port 56174 [preauth]
Apr  5 01:42:57 cls sshd[1376043]: Connection closed by invalid user zhangshuai 206.123.145.71 port 39032 [preauth]
Apr  5 01:44:02 cls sshd[1376075]: Invalid user chencheng from 206.123.145.76 port 22264
Apr  5 01:44:04 cls sshd[1376075]: pam_unix(sshd:auth): check pass; user unknown
Apr  5 01:44:04 cls sshd[1376075]: pam_unix(sshd:auth): authentication failure; logname= uid=0 euid=0 tty=ssh ruser= rhost=206.123.145.76 
Apr  5 01:44:06 cls sshd[1376075]: Failed password for invalid user chencheng from 206.123.145.76 port 22264 ssh2
Apr  5 01:44:06 cls sshd[1376077]: Invalid user management from 130.12.181.108 port 25738
Apr  5 01:44:08 cls sshd[1376077]: pam_unix(sshd:auth): check pass; user unknown
Apr  5 01:44:08 cls sshd[1376077]: pam_unix(sshd:auth): authentication failure; logname= uid=0 euid=0 tty=ssh ruser= rhost=130.12.181.108 
Apr  5 01:44:09 cls sshd[1376075]: Connection closed by invalid user chencheng 206.123.145.76 port 22264 [preauth]
Apr  5 01:44:10 cls sshd[1376077]: Failed password for invalid user management from 130.12.181.108 port 25738 ssh2
Apr  5 01:44:12 cls sshd[1376079]: Invalid user forum from 206.123.145.78 port 12418
Apr  5 01:44:14 cls sshd[1376077]: Connection closed by invalid user management 130.12.181.108 port 25738 [preauth]
Apr  5 01:44:15 cls sshd[1376080]: Invalid user bitrix from 206.123.145.55 port 49674
Apr  5 01:44:16 cls sshd[1376079]: pam_unix(sshd:auth): check pass; user unknown
Apr  5 01:44:16 cls sshd[1376079]: pam_unix(sshd:auth): authentication failure; logname= uid=0 euid=0 tty=ssh ruser= rhost=206.123.145.78 
Apr  5 01:44:18 cls sshd[1376080]: pam_unix(sshd:auth): check pass; user unknown
Apr  5 01:44:18 cls sshd[1376080]: pam_unix(sshd:auth): authentication failure; logname= uid=0 euid=0 tty=ssh ruser= rhost=206.123.145.55 
Apr  5 01:44:18 cls sshd[1376079]: Failed password for invalid user forum from 206.123.145.78 port 12418 ssh2
Apr  5 01:44:20 cls sshd[1376080]: Failed password for invalid user bitrix from 206.123.145.55 port 49674 ssh2
Apr  5 01:44:20 cls sshd[1376079]: Connection closed by invalid user forum 206.123.145.78 port 12418 [preauth]
Apr  5 01:44:22 cls sshd[1376080]: Connection closed by invalid user bitrix 206.123.145.55 port 49674 [preauth]
Apr  5 01:44:25 cls sshd[1376083]: Invalid user owfadmin from 206.123.145.49 port 41616
Apr  5 01:44:27 cls sshd[1376083]: pam_unix(sshd:auth): check pass; user unknown
Apr  5 01:44:27 cls sshd[1376083]: pam_unix(sshd:auth): authentication failure; logname= uid=0 euid=0 tty=ssh ruser= rhost=206.123.145.49 
Apr  5 01:44:28 cls sshd[1376083]: Failed password for invalid user owfadmin from 206.123.145.49 port 41616 ssh2
Apr  5 01:44:32 cls sshd[1376083]: Connection closed by invalid user owfadmin 206.123.145.49 port 41616 [preauth]
Apr  5 01:44:36 cls sshd[1376115]: Invalid user lamost from 206.123.145.52 port 34358
Apr  5 01:44:38 cls sshd[1376115]: pam_unix(sshd:auth): check pass; user unknown
Apr  5 01:44:38 cls sshd[1376115]: pam_unix(sshd:auth): authentication failure; logname= uid=0 euid=0 tty=ssh ruser= rhost=206.123.145.52 
Apr  5 01:44:40 cls sshd[1376117]: Invalid user mailguy from 206.123.145.46 port 48364
Apr  5 01:44:40 cls sshd[1376115]: Failed password for invalid user lamost from 206.123.145.52 port 34358 ssh2
Apr  5 01:44:41 cls sshd[1376119]: Invalid user jenkins from 130.12.181.107 port 37346
Apr  5 01:44:43 cls sshd[1376119]: pam_unix(sshd:auth): check pass; user unknown
Apr  5 01:44:43 cls sshd[1376119]: pam_unix(sshd:auth): authentication failure; logname= uid=0 euid=0 tty=ssh ruser= rhost=130.12.181.107 
Apr  5 01:44:44 cls sshd[1376117]: pam_unix(sshd:auth): check pass; user unknown
Apr  5 01:44:44 cls sshd[1376117]: pam_unix(sshd:auth): authentication failure; logname= uid=0 euid=0 tty=ssh ruser= rhost=206.123.145.46 
Apr  5 01:44:45 cls sshd[1376115]: Connection closed by invalid user lamost 206.123.145.52 port 34358 [preauth]
Apr  5 01:44:45 cls sshd[1376117]: Failed password for invalid user mailguy from 206.123.145.46 port 48364 ssh2
Apr  5 01:44:45 cls sshd[1376119]: Failed password for invalid user jenkins from 130.12.181.107 port 37346 ssh2
Apr  5 01:44:46 cls sshd[1376121]: Invalid user user1 from 206.123.145.50 port 23370
Apr  5 01:44:48 cls sshd[1376117]: Connection closed by invalid user mailguy 206.123.145.46 port 48364 [preauth]
Apr  5 01:44:48 cls sshd[1376121]: pam_unix(sshd:auth): check pass; user unknown
Apr  5 01:44:48 cls sshd[1376121]: pam_unix(sshd:auth): authentication failure; logname= uid=0 euid=0 tty=ssh ruser= rhost=206.123.145.50 
Apr  5 01:44:49 cls sshd[1376119]: Connection closed by invalid user jenkins 130.12.181.107 port 37346 [preauth]
Apr  5 01:44:50 cls sshd[1376123]: Invalid user zjl from 130.12.181.102 port 36050
Apr  5 01:44:50 cls sshd[1376121]: Failed password for invalid user user1 from 206.123.145.50 port 23370 ssh2
Apr  5 01:44:52 cls sshd[1376123]: pam_unix(sshd:auth): check pass; user unknown
Apr  5 01:44:52 cls sshd[1376123]: pam_unix(sshd:auth): authentication failure; logname= uid=0 euid=0 tty=ssh ruser= rhost=130.12.181.102 
Apr  5 01:44:54 cls sshd[1376123]: Failed password for invalid user zjl from 130.12.181.102 port 36050 ssh2
Apr  5 01:44:54 cls sshd[1376121]: Connection closed by invalid user user1 206.123.145.50 port 23370 [preauth]
Apr  5 01:44:57 cls sshd[1376123]: Connection closed by invalid user zjl 130.12.181.102 port 36050 [preauth]
Apr  5 01:45:11 cls sshd[1376125]: Invalid user cdrom from 206.123.145.75 port 23820
Apr  5 01:45:12 cls sshd[1376125]: pam_unix(sshd:auth): check pass; user unknown
Apr  5 01:45:12 cls sshd[1376125]: pam_unix(sshd:auth): authentication failure; logname= uid=0 euid=0 tty=ssh ruser= rhost=206.123.145.75 
Apr  5 01:45:14 cls sshd[1376125]: Failed password for invalid user cdrom from 206.123.145.75 port 23820 ssh2
Apr  5 01:45:17 cls sshd[1376127]: Invalid user user1 from 206.123.145.69 port 62646
Apr  5 01:45:17 cls sshd[1376125]: Connection closed by invalid user cdrom 206.123.145.75 port 23820 [preauth]
Apr  5 01:45:17 cls sshd[1376127]: pam_unix(sshd:auth): check pass; user unknown
Apr  5 01:45:17 cls sshd[1376127]: pam_unix(sshd:auth): authentication failure; logname= uid=0 euid=0 tty=ssh ruser= rhost=206.123.145.69 
Apr  5 01:45:19 cls sshd[1376127]: Failed password for invalid user user1 from 206.123.145.69 port 62646 ssh2
Apr  5 01:45:23 cls sshd[1376127]: Connection closed by invalid user user1 206.123.145.69 port 62646 [preauth]
Apr  5 01:45:25 cls sshd[1376129]: Invalid user slurm from 206.123.145.53 port 41712
Apr  5 01:45:27 cls sshd[1376129]: pam_unix(sshd:auth): check pass; user unknown
Apr  5 01:45:27 cls sshd[1376129]: pam_unix(sshd:auth): authentication failure; logname= uid=0 euid=0 tty=ssh ruser= rhost=206.123.145.53 
Apr  5 01:45:29 cls sshd[1376129]: Failed password for invalid user slurm from 206.123.145.53 port 41712 ssh2
Apr  5 01:45:31 cls sshd[1376163]: Invalid user nvidia from 206.123.145.72 port 37456
Apr  5 01:45:32 cls sshd[1376129]: Connection closed by invalid user slurm 206.123.145.53 port 41712 [preauth]
Apr  5 01:45:33 cls sshd[1376163]: pam_unix(sshd:auth): check pass; user unknown
Apr  5 01:45:33 cls sshd[1376163]: pam_unix(sshd:auth): authentication failure; logname= uid=0 euid=0 tty=ssh ruser= rhost=206.123.145.72 
Apr  5 01:45:35 cls sshd[1376163]: Failed password for invalid user nvidia from 206.123.145.72 port 37456 ssh2
Apr  5 01:45:39 cls sshd[1376163]: Connection closed by invalid user nvidia 206.123.145.72 port 37456 [preauth]
Apr  5 01:45:42 cls sshd[1376165]: Invalid user duanfuhong from 206.123.145.48 port 48368
Apr  5 01:45:43 cls sshd[1376165]: pam_unix(sshd:auth): check pass; user unknown
Apr  5 01:45:43 cls sshd[1376165]: pam_unix(sshd:auth): authentication failure; logname= uid=0 euid=0 tty=ssh ruser= rhost=206.123.145.48 
Apr  5 01:45:46 cls sshd[1376165]: Failed password for invalid user duanfuhong from 206.123.145.48 port 48368 ssh2
Apr  5 01:45:48 cls sshd[1376165]: Connection closed by invalid user duanfuhong 206.123.145.48 port 48368 [preauth]
Apr  5 01:46:23 cls sshd[1376178]: Invalid user ict from 130.12.181.104 port 25710
Apr  5 01:46:25 cls sshd[1376178]: pam_unix(sshd:auth): check pass; user unknown
Apr  5 01:46:25 cls sshd[1376178]: pam_unix(sshd:auth): authentication failure; logname= uid=0 euid=0 tty=ssh ruser= rhost=130.12.181.104 
Apr  5 01:46:27 cls sshd[1376178]: Failed password for invalid user ict from 130.12.181.104 port 25710 ssh2
Apr  5 01:46:30 cls sshd[1376178]: Connection closed by invalid user ict 130.12.181.104 port 25710 [preauth]
Apr  5 01:46:52 cls sshd[1376214]: Invalid user chengll from 206.123.145.79 port 7500
Apr  5 01:46:53 cls sshd[1376214]: pam_unix(sshd:auth): check pass; user unknown
Apr  5 01:46:53 cls sshd[1376214]: pam_unix(sshd:auth): authentication failure; logname= uid=0 euid=0 tty=ssh ruser= rhost=206.123.145.79 
Apr  5 01:46:55 cls sshd[1376214]: Failed password for invalid user chengll from 206.123.145.79 port 7500 ssh2
Apr  5 01:46:58 cls sshd[1376214]: Connection closed by invalid user chengll 206.123.145.79 port 7500 [preauth]
Apr  5 01:47:31 cls sshd[1376216]: Invalid user msf_user from 130.12.181.98 port 3676
Apr  5 01:47:32 cls sshd[1376216]: pam_unix(sshd:auth): check pass; user unknown
Apr  5 01:47:32 cls sshd[1376216]: pam_unix(sshd:auth): authentication failure; logname= uid=0 euid=0 tty=ssh ruser= rhost=130.12.181.98 
Apr  5 01:47:34 cls sshd[1376216]: Failed password for invalid user msf_user from 130.12.181.98 port 3676 ssh2
Apr  5 01:47:39 cls sshd[1376216]: Connection closed by invalid user msf_user 130.12.181.98 port 3676 [preauth]
Apr  5 01:48:08 cls sshd[1376252]: Invalid user yangxiaotong from 206.123.145.74 port 60806
Apr  5 01:48:11 cls sshd[1376252]: pam_unix(sshd:auth): check pass; user unknown
Apr  5 01:48:11 cls sshd[1376252]: pam_unix(sshd:auth): authentication failure; logname= uid=0 euid=0 tty=ssh ruser= rhost=206.123.145.74 
Apr  5 01:48:12 cls sshd[1376254]: Invalid user gaochuanya from 130.12.181.105 port 15930
Apr  5 01:48:13 cls sshd[1376255]: Invalid user xyxah from 206.123.145.51 port 9084
Apr  5 01:48:13 cls sshd[1376252]: Failed password for invalid user yangxiaotong from 206.123.145.74 port 60806 ssh2
Apr  5 01:48:14 cls sshd[1376255]: pam_unix(sshd:auth): check pass; user unknown
Apr  5 01:48:14 cls sshd[1376255]: pam_unix(sshd:auth): authentication failure; logname= uid=0 euid=0 tty=ssh ruser= rhost=206.123.145.51 
Apr  5 01:48:14 cls sshd[1376254]: pam_unix(sshd:auth): check pass; user unknown
Apr  5 01:48:14 cls sshd[1376254]: pam_unix(sshd:auth): authentication failure; logname= uid=0 euid=0 tty=ssh ruser= rhost=130.12.181.105 
Apr  5 01:48:16 cls sshd[1376255]: Failed password for invalid user xyxah from 206.123.145.51 port 9084 ssh2
Apr  5 01:48:16 cls sshd[1376254]: Failed password for invalid user gaochuanya from 130.12.181.105 port 15930 ssh2
Apr  5 01:48:17 cls sshd[1376255]: Connection closed by invalid user xyxah 206.123.145.51 port 9084 [preauth]
Apr  5 01:48:18 cls sshd[1376252]: Connection closed by invalid user yangxiaotong 206.123.145.74 port 60806 [preauth]
Apr  5 01:48:20 cls sshd[1376254]: Connection closed by invalid user gaochuanya 130.12.181.105 port 15930 [preauth]
Apr  5 01:48:50 cls sshd[1376288]: Invalid user dxiaohuan from 130.12.181.109 port 36122
Apr  5 01:48:52 cls sshd[1376289]: Invalid user ws from 206.123.145.57 port 33616
Apr  5 01:48:52 cls sshd[1376288]: pam_unix(sshd:auth): check pass; user unknown
Apr  5 01:48:52 cls sshd[1376288]: pam_unix(sshd:auth): authentication failure; logname= uid=0 euid=0 tty=ssh ruser= rhost=130.12.181.109 
Apr  5 01:48:54 cls sshd[1376289]: pam_unix(sshd:auth): check pass; user unknown
Apr  5 01:48:54 cls sshd[1376289]: pam_unix(sshd:auth): authentication failure; logname= uid=0 euid=0 tty=ssh ruser= rhost=206.123.145.57 
Apr  5 01:48:54 cls sshd[1376288]: Failed password for invalid user dxiaohuan from 130.12.181.109 port 36122 ssh2
Apr  5 01:48:56 cls sshd[1376288]: Connection closed by invalid user dxiaohuan 130.12.181.109 port 36122 [preauth]
Apr  5 01:48:56 cls sshd[1376289]: Failed password for invalid user ws from 206.123.145.57 port 33616 ssh2
Apr  5 01:48:59 cls sshd[1376289]: Connection closed by invalid user ws 206.123.145.57 port 33616 [preauth]
Apr  5 01:49:17 cls sshd[1376292]: Invalid user shejianpei from 130.12.181.106 port 1550
Apr  5 01:49:19 cls sshd[1376292]: pam_unix(sshd:auth): check pass; user unknown
Apr  5 01:49:19 cls sshd[1376292]: pam_unix(sshd:auth): authentication failure; logname= uid=0 euid=0 tty=ssh ruser= rhost=130.12.181.106 
Apr  5 01:49:21 cls sshd[1376292]: Failed password for invalid user shejianpei from 130.12.181.106 port 1550 ssh2
Apr  5 01:49:26 cls sshd[1376292]: Connection closed by invalid user shejianpei 130.12.181.106 port 1550 [preauth]
Apr  5 01:49:54 cls sshd[1376320]: Invalid user zhouhao from 130.12.181.101 port 24132
Apr  5 01:49:56 cls sshd[1376320]: pam_unix(sshd:auth): check pass; user unknown
Apr  5 01:49:56 cls sshd[1376320]: pam_unix(sshd:auth): authentication failure; logname= uid=0 euid=0 tty=ssh ruser= rhost=130.12.181.101 
Apr  5 01:49:57 cls sshd[1376320]: Failed password for invalid user zhouhao from 130.12.181.101 port 24132 ssh2
Apr  5 01:50:00 cls sshd[1376322]: pam_unix(sshd:auth): authentication failure; logname= uid=0 euid=0 tty=ssh ruser= rhost=206.123.145.70  user=root
Apr  5 01:50:01 cls sshd[1376320]: Connection closed by invalid user zhouhao 130.12.181.101 port 24132 [preauth]
Apr  5 01:50:01 cls sshd[1376322]: Failed password for root from 206.123.145.70 port 6442 ssh2
Apr  5 01:50:04 cls sshd[1376322]: Connection closed by authenticating user root 206.123.145.70 port 6442 [preauth]
Apr  5 01:50:05 cls sshd[1376324]: pam_unix(sshd:auth): authentication failure; logname= uid=0 euid=0 tty=ssh ruser= rhost=206.123.145.54  user=root
Apr  5 01:50:05 cls sshd[1376325]: Invalid user yanhao from 130.12.181.99 port 15952
Apr  5 01:50:07 cls sshd[1376324]: Failed password for root from 206.123.145.54 port 65050 ssh2
Apr  5 01:50:07 cls sshd[1376325]: pam_unix(sshd:auth): check pass; user unknown
Apr  5 01:50:07 cls sshd[1376325]: pam_unix(sshd:auth): authentication failure; logname= uid=0 euid=0 tty=ssh ruser= rhost=130.12.181.99 
Apr  5 01:50:08 cls sshd[1376328]: Invalid user diqiang from 130.12.181.100 port 60912
Apr  5 01:50:09 cls sshd[1376325]: Failed password for invalid user yanhao from 130.12.181.99 port 15952 ssh2
Apr  5 01:50:10 cls sshd[1376324]: Connection closed by authenticating user root 206.123.145.54 port 65050 [preauth]
Apr  5 01:50:11 cls sshd[1376328]: pam_unix(sshd:auth): check pass; user unknown
Apr  5 01:50:11 cls sshd[1376328]: pam_unix(sshd:auth): authentication failure; logname= uid=0 euid=0 tty=ssh ruser= rhost=130.12.181.100 
Apr  5 01:50:12 cls sshd[1376325]: Connection closed by invalid user yanhao 130.12.181.99 port 15952 [preauth]
Apr  5 01:50:12 cls sshd[1376328]: Failed password for invalid user diqiang from 130.12.181.100 port 60912 ssh2
Apr  5 01:50:15 cls sshd[1376328]: Connection closed by invalid user diqiang 130.12.181.100 port 60912 [preauth]
Apr  5 01:50:23 cls sshd[1376330]: Invalid user bci from 206.123.145.73 port 11290
Apr  5 01:50:25 cls sshd[1376330]: pam_unix(sshd:auth): check pass; user unknown
Apr  5 01:50:25 cls sshd[1376330]: pam_unix(sshd:auth): authentication failure; logname= uid=0 euid=0 tty=ssh ruser= rhost=206.123.145.73 
Apr  5 01:50:27 cls sshd[1376330]: Failed password for invalid user bci from 206.123.145.73 port 11290 ssh2
Apr  5 01:50:31 cls sshd[1376330]: Connection closed by invalid user bci 206.123.145.73 port 11290 [preauth]
Apr  5 01:50:33 cls sshd[1376332]: pam_unix(sshd:auth): authentication failure; logname= uid=0 euid=0 tty=ssh ruser= rhost=206.123.145.77  user=root
Apr  5 01:50:34 cls sshd[1376332]: Failed password for root from 206.123.145.77 port 52790 ssh2
Apr  5 01:50:38 cls sshd[1376332]: Connection closed by authenticating user root 206.123.145.77 port 52790 [preauth]
Apr  5 01:50:42 cls sshd[1376362]: pam_unix(sshd:auth): authentication failure; logname= uid=0 euid=0 tty=ssh ruser= rhost=206.123.145.56  user=root
Apr  5 01:50:43 cls sshd[1376362]: Failed password for root from 206.123.145.56 port 24370 ssh2
Apr  5 01:50:47 cls sshd[1376362]: Connection closed by authenticating user root 206.123.145.56 port 24370 [preauth]
Apr  5 01:50:57 cls sshd[1376370]: Invalid user dirsrv from 130.12.181.103 port 5584
Apr  5 01:50:59 cls sshd[1376370]: pam_unix(sshd:auth): check pass; user unknown
Apr  5 01:50:59 cls sshd[1376370]: pam_unix(sshd:auth): authentication failure; logname= uid=0 euid=0 tty=ssh ruser= rhost=130.12.181.103 
Apr  5 01:51:01 cls sshd[1376370]: Failed password for invalid user dirsrv from 130.12.181.103 port 5584 ssh2
Apr  5 01:51:03 cls sshd[1376370]: Connection closed by invalid user dirsrv 130.12.181.103 port 5584 [preauth]
Apr  5 01:51:08 cls sshd[1376372]: Invalid user handm from 206.123.145.20 port 13562
Apr  5 01:51:09 cls sshd[1376372]: pam_unix(sshd:auth): check pass; user unknown
Apr  5 01:51:09 cls sshd[1376372]: pam_unix(sshd:auth): authentication failure; logname= uid=0 euid=0 tty=ssh ruser= rhost=206.123.145.20 
Apr  5 01:51:10 cls sshd[1376372]: Failed password for invalid user handm from 206.123.145.20 port 13562 ssh2
Apr  5 01:51:11 cls sshd[1376373]: Invalid user zln from 130.12.181.97 port 19476
Apr  5 01:51:13 cls sshd[1376373]: pam_unix(sshd:auth): check pass; user unknown
Apr  5 01:51:13 cls sshd[1376373]: pam_unix(sshd:auth): authentication failure; logname= uid=0 euid=0 tty=ssh ruser= rhost=130.12.181.97 
Apr  5 01:51:13 cls sshd[1376372]: Connection closed by invalid user handm 206.123.145.20 port 13562 [preauth]
Apr  5 01:51:15 cls sshd[1376373]: Failed password for invalid user zln from 130.12.181.97 port 19476 ssh2
Apr  5 01:51:18 cls sshd[1376373]: Connection closed by invalid user zln 130.12.181.97 port 19476 [preauth]
Apr  5 01:52:00 cls sshd[1376413]: pam_unix(sshd:auth): authentication failure; logname= uid=0 euid=0 tty=ssh ruser= rhost=202.51.214.98  user=root
Apr  5 01:52:02 cls sshd[1376413]: Failed password for root from 202.51.214.98 port 39688 ssh2
Apr  5 01:52:03 cls sshd[1376413]: Received disconnect from 202.51.214.98 port 39688:11: Bye Bye [preauth]
Apr  5 01:52:03 cls sshd[1376413]: Disconnected from authenticating user root 202.51.214.98 port 39688 [preauth]
Apr  5 01:52:28 cls sshd[1376415]: Invalid user machowdhury from 206.123.145.71 port 16950
Apr  5 01:52:30 cls sshd[1376415]: pam_unix(sshd:auth): check pass; user unknown
Apr  5 01:52:30 cls sshd[1376415]: pam_unix(sshd:auth): authentication failure; logname= uid=0 euid=0 tty=ssh ruser= rhost=206.123.145.71 
Apr  5 01:52:32 cls sshd[1376415]: Failed password for invalid user machowdhury from 206.123.145.71 port 16950 ssh2
Apr  5 01:52:32 cls sshd[1376417]: pam_unix(sshd:auth): authentication failure; logname= uid=0 euid=0 tty=ssh ruser= rhost=130.12.181.108  user=root
Apr  5 01:52:35 cls sshd[1376417]: Failed password for root from 130.12.181.108 port 44412 ssh2
Apr  5 01:52:35 cls sshd[1376415]: Connection closed by invalid user machowdhury 206.123.145.71 port 16950 [preauth]
Apr  5 01:52:39 cls sshd[1376417]: Connection closed by authenticating user root 130.12.181.108 port 44412 [preauth]
Apr  5 01:52:52 cls sshd[1376441]: Invalid user dfg from 130.12.181.107 port 49680
Apr  5 01:52:54 cls sshd[1376441]: pam_unix(sshd:auth): check pass; user unknown
Apr  5 01:52:54 cls sshd[1376441]: pam_unix(sshd:auth): authentication failure; logname= uid=0 euid=0 tty=ssh ruser= rhost=130.12.181.107 
Apr  5 01:52:56 cls sshd[1376441]: Failed password for invalid user dfg from 130.12.181.107 port 49680 ssh2
Apr  5 01:53:00 cls sshd[1376441]: Connection closed by invalid user dfg 130.12.181.107 port 49680 [preauth]
Apr  5 01:53:03 cls sshd[1376444]: pam_unix(sshd:auth): authentication failure; logname= uid=0 euid=0 tty=ssh ruser= rhost=89.218.69.66  user=ubuntu
Apr  5 01:53:05 cls sshd[1376444]: Failed password for ubuntu from 89.218.69.66 port 58601 ssh2
Apr  5 01:53:07 cls sshd[1376443]: Invalid user tfwang from 206.123.145.55 port 39456
Apr  5 01:53:07 cls sshd[1376444]: Received disconnect from 89.218.69.66 port 58601:11: Bye Bye [preauth]
Apr  5 01:53:07 cls sshd[1376444]: Disconnected from authenticating user ubuntu 89.218.69.66 port 58601 [preauth]
Apr  5 01:53:09 cls sshd[1376443]: pam_unix(sshd:auth): check pass; user unknown
Apr  5 01:53:09 cls sshd[1376443]: pam_unix(sshd:auth): authentication failure; logname= uid=0 euid=0 tty=ssh ruser= rhost=206.123.145.55 
Apr  5 01:53:11 cls sshd[1376443]: Failed password for invalid user tfwang from 206.123.145.55 port 39456 ssh2
Apr  5 01:53:14 cls sshd[1376443]: Connection closed by invalid user tfwang 206.123.145.55 port 39456 [preauth]
Apr  5 01:53:20 cls sshd[1376447]: Invalid user zhongzhixinin from 130.12.181.102 port 36226
Apr  5 01:53:22 cls sshd[1376447]: pam_unix(sshd:auth): check pass; user unknown
Apr  5 01:53:22 cls sshd[1376447]: pam_unix(sshd:auth): authentication failure; logname= uid=0 euid=0 tty=ssh ruser= rhost=130.12.181.102 
Apr  5 01:53:24 cls sshd[1376447]: Failed password for invalid user zhongzhixinin from 130.12.181.102 port 36226 ssh2
Apr  5 01:53:27 cls sshd[1376447]: Connection closed by invalid user zhongzhixinin 130.12.181.102 port 36226 [preauth]
Apr  5 01:53:33 cls sshd[1376450]: Invalid user xiaogang from 206.123.145.76 port 12682
Apr  5 01:53:33 cls sshd[1376449]: Invalid user pcz from 206.123.145.49 port 40146
Apr  5 01:53:35 cls sshd[1376450]: pam_unix(sshd:auth): check pass; user unknown
Apr  5 01:53:35 cls sshd[1376450]: pam_unix(sshd:auth): authentication failure; logname= uid=0 euid=0 tty=ssh ruser= rhost=206.123.145.76 
Apr  5 01:53:36 cls sshd[1376449]: pam_unix(sshd:auth): check pass; user unknown
Apr  5 01:53:36 cls sshd[1376449]: pam_unix(sshd:auth): authentication failure; logname= uid=0 euid=0 tty=ssh ruser= rhost=206.123.145.49 
Apr  5 01:53:37 cls sshd[1376450]: Failed password for invalid user xiaogang from 206.123.145.76 port 12682 ssh2
Apr  5 01:53:39 cls sshd[1376449]: Failed password for invalid user pcz from 206.123.145.49 port 40146 ssh2
Apr  5 01:53:40 cls sshd[1376450]: Connection closed by invalid user xiaogang 206.123.145.76 port 12682 [preauth]
Apr  5 01:53:41 cls sshd[1376449]: Connection closed by invalid user pcz 206.123.145.49 port 40146 [preauth]
Apr  5 01:53:42 cls sshd[1376483]: Invalid user lhuang from 206.123.145.52 port 55560
Apr  5 01:53:42 cls sshd[1376484]: Invalid user iwami from 206.123.145.78 port 35720
Apr  5 01:53:43 cls sshd[1376483]: pam_unix(sshd:auth): check pass; user unknown
Apr  5 01:53:43 cls sshd[1376483]: pam_unix(sshd:auth): authentication failure; logname= uid=0 euid=0 tty=ssh ruser= rhost=206.123.145.52 
Apr  5 01:53:44 cls sshd[1376484]: pam_unix(sshd:auth): check pass; user unknown
Apr  5 01:53:44 cls sshd[1376484]: pam_unix(sshd:auth): authentication failure; logname= uid=0 euid=0 tty=ssh ruser= rhost=206.123.145.78 
Apr  5 01:53:45 cls sshd[1376483]: Failed password for invalid user lhuang from 206.123.145.52 port 55560 ssh2
Apr  5 01:53:46 cls sshd[1376484]: Failed password for invalid user iwami from 206.123.145.78 port 35720 ssh2
Apr  5 01:53:49 cls sshd[1376483]: Connection closed by invalid user lhuang 206.123.145.52 port 55560 [preauth]
Apr  5 01:53:49 cls sshd[1376484]: Connection closed by invalid user iwami 206.123.145.78 port 35720 [preauth]
Apr  5 01:53:49 cls sshd[1376486]: pam_unix(sshd:auth): authentication failure; logname= uid=0 euid=0 tty=ssh ruser= rhost=206.123.145.46  user=root
Apr  5 01:53:52 cls sshd[1376486]: Failed password for root from 206.123.145.46 port 44880 ssh2
Apr  5 01:53:54 cls sshd[1376486]: Connection closed by authenticating user root 206.123.145.46 port 44880 [preauth]
Apr  5 01:54:03 cls sshd[1376489]: Invalid user admin from 206.123.145.50 port 8436
Apr  5 01:54:05 cls sshd[1376489]: pam_unix(sshd:auth): check pass; user unknown
Apr  5 01:54:05 cls sshd[1376489]: pam_unix(sshd:auth): authentication failure; logname= uid=0 euid=0 tty=ssh ruser= rhost=206.123.145.50 
Apr  5 01:54:07 cls sshd[1376489]: Failed password for invalid user admin from 206.123.145.50 port 8436 ssh2
Apr  5 01:54:12 cls sshd[1376489]: Connection closed by invalid user admin 206.123.145.50 port 8436 [preauth]
Apr  5 01:54:22 cls sshd[1376491]: Invalid user guoyunyan from 206.123.145.75 port 37932
Apr  5 01:54:24 cls sshd[1376491]: pam_unix(sshd:auth): check pass; user unknown
Apr  5 01:54:24 cls sshd[1376491]: pam_unix(sshd:auth): authentication failure; logname= uid=0 euid=0 tty=ssh ruser= rhost=206.123.145.75 
Apr  5 01:54:26 cls sshd[1376491]: Failed password for invalid user guoyunyan from 206.123.145.75 port 37932 ssh2
Apr  5 01:54:29 cls sshd[1376494]: pam_unix(sshd:auth): authentication failure; logname= uid=0 euid=0 tty=ssh ruser= rhost=206.123.145.53  user=ubuntu
Apr  5 01:54:30 cls sshd[1376491]: Connection closed by invalid user guoyunyan 206.123.145.75 port 37932 [preauth]
Apr  5 01:54:31 cls sshd[1376496]: Invalid user airloft from 130.12.181.98 port 60928
Apr  5 01:54:31 cls sshd[1376494]: Failed password for ubuntu from 206.123.145.53 port 43984 ssh2
Apr  5 01:54:33 cls sshd[1376496]: pam_unix(sshd:auth): check pass; user unknown
Apr  5 01:54:33 cls sshd[1376496]: pam_unix(sshd:auth): authentication failure; logname= uid=0 euid=0 tty=ssh ruser= rhost=130.12.181.98 
Apr  5 01:54:35 cls sshd[1376496]: Failed password for invalid user airloft from 130.12.181.98 port 60928 ssh2
Apr  5 01:54:35 cls sshd[1376494]: Connection closed by authenticating user ubuntu 206.123.145.53 port 43984 [preauth]
Apr  5 01:54:37 cls sshd[1376496]: Connection closed by invalid user airloft 130.12.181.98 port 60928 [preauth]
Apr  5 01:54:42 cls sshd[1376516]: Invalid user ykpark from 130.12.181.104 port 55086
Apr  5 01:54:44 cls sshd[1376517]: pam_unix(sshd:auth): authentication failure; logname= uid=0 euid=0 tty=ssh ruser= rhost=206.123.145.48  user=root
Apr  5 01:54:44 cls sshd[1376516]: pam_unix(sshd:auth): check pass; user unknown
Apr  5 01:54:44 cls sshd[1376516]: pam_unix(sshd:auth): authentication failure; logname= uid=0 euid=0 tty=ssh ruser= rhost=130.12.181.104 
Apr  5 01:54:46 cls sshd[1376517]: Failed password for root from 206.123.145.48 port 26828 ssh2
Apr  5 01:54:46 cls sshd[1376516]: Failed password for invalid user ykpark from 130.12.181.104 port 55086 ssh2
Apr  5 01:54:48 cls sshd[1376517]: Connection closed by authenticating user root 206.123.145.48 port 26828 [preauth]
Apr  5 01:54:49 cls sshd[1376520]: Invalid user changs from 206.123.145.69 port 4328
Apr  5 01:54:51 cls sshd[1376516]: Connection closed by invalid user ykpark 130.12.181.104 port 55086 [preauth]
Apr  5 01:54:52 cls sshd[1376520]: pam_unix(sshd:auth): check pass; user unknown
Apr  5 01:54:52 cls sshd[1376520]: pam_unix(sshd:auth): authentication failure; logname= uid=0 euid=0 tty=ssh ruser= rhost=206.123.145.69 
Apr  5 01:54:54 cls sshd[1376520]: Failed password for invalid user changs from 206.123.145.69 port 4328 ssh2
Apr  5 01:54:57 cls sshd[1376520]: Connection closed by invalid user changs 206.123.145.69 port 4328 [preauth]
Apr  5 01:55:05 cls sshd[1376522]: pam_unix(sshd:auth): authentication failure; logname= uid=0 euid=0 tty=ssh ruser= rhost=206.123.145.72  user=root
Apr  5 01:55:07 cls sshd[1376522]: Failed password for root from 206.123.145.72 port 14800 ssh2
Apr  5 01:55:11 cls sshd[1376522]: Connection closed by authenticating user root 206.123.145.72 port 14800 [preauth]
Apr  5 01:56:05 cls sshd[1376550]: Invalid user fuxin from 206.123.145.79 port 16290
Apr  5 01:56:05 cls sshd[1376550]: pam_unix(sshd:auth): check pass; user unknown
Apr  5 01:56:05 cls sshd[1376550]: pam_unix(sshd:auth): authentication failure; logname= uid=0 euid=0 tty=ssh ruser= rhost=206.123.145.79 
Apr  5 01:56:08 cls sshd[1376550]: Failed password for invalid user fuxin from 206.123.145.79 port 16290 ssh2
Apr  5 01:56:11 cls sshd[1376550]: Connection closed by invalid user fuxin 206.123.145.79 port 16290 [preauth]
Apr  5 01:56:36 cls sshd[1376559]: Invalid user app from 130.12.181.105 port 50644
Apr  5 01:56:39 cls sshd[1376559]: pam_unix(sshd:auth): check pass; user unknown
Apr  5 01:56:39 cls sshd[1376559]: pam_unix(sshd:auth): authentication failure; logname= uid=0 euid=0 tty=ssh ruser= rhost=130.12.181.105 
Apr  5 01:56:41 cls sshd[1376559]: Failed password for invalid user app from 130.12.181.105 port 50644 ssh2
Apr  5 01:56:43 cls sshd[1376559]: Connection closed by invalid user app 130.12.181.105 port 50644 [preauth]
Apr  5 01:56:57 cls sshd[1376593]: Invalid user oya from 206.123.145.51 port 36866
Apr  5 01:56:59 cls sshd[1376593]: pam_unix(sshd:auth): check pass; user unknown
Apr  5 01:56:59 cls sshd[1376593]: pam_unix(sshd:auth): authentication failure; logname= uid=0 euid=0 tty=ssh ruser= rhost=206.123.145.51 
Apr  5 01:57:01 cls sshd[1376593]: Failed password for invalid user oya from 206.123.145.51 port 36866 ssh2
Apr  5 01:57:04 cls sshd[1376593]: Connection closed by invalid user oya 206.123.145.51 port 36866 [preauth]
Apr  5 01:57:13 cls sshd[1376595]: Invalid user kunliangLiu from 130.12.181.109 port 37198
Apr  5 01:57:15 cls sshd[1376595]: pam_unix(sshd:auth): check pass; user unknown
Apr  5 01:57:15 cls sshd[1376595]: pam_unix(sshd:auth): authentication failure; logname= uid=0 euid=0 tty=ssh ruser= rhost=130.12.181.109 
Apr  5 01:57:16 cls sshd[1376595]: Failed password for invalid user kunliangLiu from 130.12.181.109 port 37198 ssh2
Apr  5 01:57:20 cls sshd[1376595]: Connection closed by invalid user kunliangLiu 130.12.181.109 port 37198 [preauth]
Apr  5 01:57:38 cls sshd[1376598]: Invalid user lidongwen from 130.12.181.106 port 46116
Apr  5 01:57:38 cls sshd[1376597]: Invalid user jiweidong from 206.123.145.74 port 21156
Apr  5 01:57:39 cls sshd[1376598]: pam_unix(sshd:auth): check pass; user unknown
Apr  5 01:57:39 cls sshd[1376598]: pam_unix(sshd:auth): authentication failure; logname= uid=0 euid=0 tty=ssh ruser= rhost=130.12.181.106 
Apr  5 01:57:41 cls sshd[1376597]: pam_unix(sshd:auth): check pass; user unknown
Apr  5 01:57:41 cls sshd[1376597]: pam_unix(sshd:auth): authentication failure; logname= uid=0 euid=0 tty=ssh ruser= rhost=206.123.145.74 
Apr  5 01:57:41 cls sshd[1376598]: Failed password for invalid user lidongwen from 130.12.181.106 port 46116 ssh2
Apr  5 01:57:42 cls sshd[1376597]: Failed password for invalid user jiweidong from 206.123.145.74 port 21156 ssh2
Apr  5 01:57:45 cls sshd[1376598]: Connection closed by invalid user lidongwen 130.12.181.106 port 46116 [preauth]
Apr  5 01:57:45 cls sshd[1376597]: Connection closed by invalid user jiweidong 206.123.145.74 port 21156 [preauth]
Apr  5 01:58:11 cls sshd[1376633]: Invalid user butten from 206.123.145.57 port 39816
Apr  5 01:58:12 cls sshd[1376633]: pam_unix(sshd:auth): check pass; user unknown
Apr  5 01:58:12 cls sshd[1376633]: pam_unix(sshd:auth): authentication failure; logname= uid=0 euid=0 tty=ssh ruser= rhost=206.123.145.57 
Apr  5 01:58:14 cls sshd[1376633]: Failed password for invalid user butten from 206.123.145.57 port 39816 ssh2
Apr  5 01:58:15 cls sshd[1376636]: Invalid user xjgw from 130.12.181.99 port 46120
Apr  5 01:58:16 cls sshd[1376635]: Invalid user python from 130.12.181.101 port 64578
Apr  5 01:58:17 cls sshd[1376636]: pam_unix(sshd:auth): check pass; user unknown
Apr  5 01:58:17 cls sshd[1376636]: pam_unix(sshd:auth): authentication failure; logname= uid=0 euid=0 tty=ssh ruser= rhost=130.12.181.99 
Apr  5 01:58:18 cls sshd[1376633]: Connection closed by invalid user butten 206.123.145.57 port 39816 [preauth]
Apr  5 01:58:18 cls sshd[1376635]: pam_unix(sshd:auth): check pass; user unknown
Apr  5 01:58:18 cls sshd[1376635]: pam_unix(sshd:auth): authentication failure; logname= uid=0 euid=0 tty=ssh ruser= rhost=130.12.181.101 
Apr  5 01:58:19 cls sshd[1376636]: Failed password for invalid user xjgw from 130.12.181.99 port 46120 ssh2
Apr  5 01:58:20 cls sshd[1376635]: Failed password for invalid user python from 130.12.181.101 port 64578 ssh2
Apr  5 01:58:23 cls sshd[1376636]: Connection closed by invalid user xjgw 130.12.181.99 port 46120 [preauth]
Apr  5 01:58:24 cls sshd[1376635]: Connection closed by invalid user python 130.12.181.101 port 64578 [preauth]
Apr  5 01:58:25 cls sshd[1376639]: Invalid user justin from 130.12.181.100 port 52080
Apr  5 01:58:27 cls sshd[1376639]: pam_unix(sshd:auth): check pass; user unknown
Apr  5 01:58:27 cls sshd[1376639]: pam_unix(sshd:auth): authentication failure; logname= uid=0 euid=0 tty=ssh ruser= rhost=130.12.181.100 
Apr  5 01:58:28 cls sshd[1376639]: Failed password for invalid user justin from 130.12.181.100 port 52080 ssh2
Apr  5 01:58:31 cls sshd[1376639]: Connection closed by invalid user justin 130.12.181.100 port 52080 [preauth]
Apr  5 01:59:08 cls sshd[1376669]: Invalid user useraldea from 206.123.145.54 port 54714
Apr  5 01:59:11 cls sshd[1376669]: pam_unix(sshd:auth): check pass; user unknown
Apr  5 01:59:11 cls sshd[1376669]: pam_unix(sshd:auth): authentication failure; logname= uid=0 euid=0 tty=ssh ruser= rhost=206.123.145.54 
Apr  5 01:59:13 cls sshd[1376669]: Failed password for invalid user useraldea from 206.123.145.54 port 54714 ssh2
Apr  5 01:59:15 cls sshd[1376669]: Connection closed by invalid user useraldea 206.123.145.54 port 54714 [preauth]
Apr  5 01:59:18 cls sshd[1376671]: Invalid user slupc from 130.12.181.103 port 28582
Apr  5 01:59:20 cls sshd[1376671]: pam_unix(sshd:auth): check pass; user unknown
Apr  5 01:59:20 cls sshd[1376671]: pam_unix(sshd:auth): authentication failure; logname= uid=0 euid=0 tty=ssh ruser= rhost=130.12.181.103 
Apr  5 01:59:22 cls sshd[1376671]: Failed password for invalid user slupc from 130.12.181.103 port 28582 ssh2
Apr  5 01:59:26 cls sshd[1376671]: Connection closed by invalid user slupc 130.12.181.103 port 28582 [preauth]
Apr  5 01:59:26 cls sshd[1376673]: Invalid user jason1 from 206.123.145.70 port 56916
Apr  5 01:59:28 cls sshd[1376673]: pam_unix(sshd:auth): check pass; user unknown
Apr  5 01:59:28 cls sshd[1376673]: pam_unix(sshd:auth): authentication failure; logname= uid=0 euid=0 tty=ssh ruser= rhost=206.123.145.70 
Apr  5 01:59:30 cls sshd[1376673]: Failed password for invalid user jason1 from 206.123.145.70 port 56916 ssh2
Apr  5 01:59:32 cls sshd[1376677]: pam_unix(sshd:auth): authentication failure; logname= uid=0 euid=0 tty=ssh ruser= rhost=130.12.181.97  user=root
Apr  5 01:59:34 cls sshd[1376673]: Connection closed by invalid user jason1 206.123.145.70 port 56916 [preauth]
Apr  5 01:59:34 cls sshd[1376677]: Failed password for root from 130.12.181.97 port 25584 ssh2
Apr  5 01:59:36 cls sshd[1376677]: Connection closed by authenticating user root 130.12.181.97 port 25584 [preauth]
Apr  5 01:59:37 cls sshd[1376679]: Invalid user hjyang from 206.123.145.73 port 49824
Apr  5 01:59:39 cls sshd[1376679]: pam_unix(sshd:auth): check pass; user unknown
Apr  5 01:59:39 cls sshd[1376679]: pam_unix(sshd:auth): authentication failure; logname= uid=0 euid=0 tty=ssh ruser= rhost=206.123.145.73 
Apr  5 01:59:41 cls sshd[1376679]: Failed password for invalid user hjyang from 206.123.145.73 port 49824 ssh2
Apr  5 01:59:42 cls sshd[1376705]: pam_unix(sshd:auth): authentication failure; logname= uid=0 euid=0 tty=ssh ruser= rhost=202.51.214.98  user=root
Apr  5 01:59:44 cls sshd[1376705]: Failed password for root from 202.51.214.98 port 43660 ssh2
Apr  5 01:59:44 cls sshd[1376687]: Invalid user dev from 206.123.145.77 port 51868
Apr  5 01:59:44 cls sshd[1376705]: Received disconnect from 202.51.214.98 port 43660:11: Bye Bye [preauth]
Apr  5 01:59:44 cls sshd[1376705]: Disconnected from authenticating user root 202.51.214.98 port 43660 [preauth]
Apr  5 01:59:45 cls sshd[1376679]: Connection closed by invalid user hjyang 206.123.145.73 port 49824 [preauth]
Apr  5 01:59:47 cls sshd[1376687]: pam_unix(sshd:auth): check pass; user unknown
Apr  5 01:59:47 cls sshd[1376687]: pam_unix(sshd:auth): authentication failure; logname= uid=0 euid=0 tty=ssh ruser= rhost=206.123.145.77 
Apr  5 01:59:49 cls sshd[1376687]: Failed password for invalid user dev from 206.123.145.77 port 51868 ssh2
Apr  5 01:59:53 cls sshd[1376713]: Invalid user binjie from 206.123.145.56 port 42036
Apr  5 01:59:55 cls sshd[1376713]: pam_unix(sshd:auth): check pass; user unknown
Apr  5 01:59:55 cls sshd[1376713]: pam_unix(sshd:auth): authentication failure; logname= uid=0 euid=0 tty=ssh ruser= rhost=206.123.145.56 
Apr  5 01:59:55 cls sshd[1376687]: Connection closed by invalid user dev 206.123.145.77 port 51868 [preauth]
Apr  5 01:59:55 cls sshd[1376715]: Invalid user postgres from 89.218.69.66 port 14827
Apr  5 01:59:55 cls sshd[1376715]: pam_unix(sshd:auth): check pass; user unknown
Apr  5 01:59:55 cls sshd[1376715]: pam_unix(sshd:auth): authentication failure; logname= uid=0 euid=0 tty=ssh ruser= rhost=89.218.69.66 
Apr  5 01:59:57 cls sshd[1376713]: Failed password for invalid user binjie from 206.123.145.56 port 42036 ssh2
Apr  5 01:59:57 cls sshd[1376715]: Failed password for invalid user postgres from 89.218.69.66 port 14827 ssh2
