Apr  5 07:34:02 cls sshd[1396736]: Invalid user asdf from 119.209.12.20 port 45940
Apr  5 07:34:02 cls sshd[1396736]: pam_unix(sshd:auth): check pass; user unknown
Apr  5 07:34:02 cls sshd[1396736]: pam_unix(sshd:auth): authentication failure; logname= uid=0 euid=0 tty=ssh ruser= rhost=119.209.12.20 
Apr  5 07:34:03 cls sshd[1396736]: Failed password for invalid user asdf from 119.209.12.20 port 45940 ssh2
Apr  5 07:34:05 cls sshd[1396736]: Received disconnect from 119.209.12.20 port 45940:11: Bye Bye [preauth]
Apr  5 07:34:05 cls sshd[1396736]: Disconnected from invalid user asdf 119.209.12.20 port 45940 [preauth]
Apr  5 07:34:08 cls sshd[1396732]: Invalid user yangm from 130.12.181.105 port 36482
Apr  5 07:34:11 cls sshd[1396732]: pam_unix(sshd:auth): check pass; user unknown
Apr  5 07:34:11 cls sshd[1396732]: pam_unix(sshd:auth): authentication failure; logname= uid=0 euid=0 tty=ssh ruser= rhost=130.12.181.105 
Apr  5 07:34:12 cls sshd[1396732]: Failed password for invalid user yangm from 130.12.181.105 port 36482 ssh2
Apr  5 07:34:14 cls sshd[1396740]: Invalid user jinjun from 130.12.181.101 port 18176
Apr  5 07:34:14 cls sshd[1396741]: Invalid user public_datasets from 206.123.145.56 port 58422
Apr  5 07:34:16 cls sshd[1396732]: Connection closed by invalid user yangm 130.12.181.105 port 36482 [preauth]
Apr  5 07:34:16 cls sshd[1396740]: pam_unix(sshd:auth): check pass; user unknown
Apr  5 07:34:16 cls sshd[1396740]: pam_unix(sshd:auth): authentication failure; logname= uid=0 euid=0 tty=ssh ruser= rhost=130.12.181.101 
Apr  5 07:34:16 cls sshd[1396741]: pam_unix(sshd:auth): check pass; user unknown
Apr  5 07:34:16 cls sshd[1396741]: pam_unix(sshd:auth): authentication failure; logname= uid=0 euid=0 tty=ssh ruser= rhost=206.123.145.56 
Apr  5 07:34:18 cls sshd[1396740]: Failed password for invalid user jinjun from 130.12.181.101 port 18176 ssh2
Apr  5 07:34:18 cls sshd[1396741]: Failed password for invalid user public_datasets from 206.123.145.56 port 58422 ssh2
Apr  5 07:34:22 cls sshd[1396740]: Connection closed by invalid user jinjun 130.12.181.101 port 18176 [preauth]
Apr  5 07:34:22 cls sshd[1396741]: Connection closed by invalid user public_datasets 206.123.145.56 port 58422 [preauth]
Apr  5 07:34:35 cls sshd[1396749]: pam_unix(sshd:auth): authentication failure; logname= uid=0 euid=0 tty=ssh ruser= rhost=197.153.57.103  user=root
Apr  5 07:34:37 cls sshd[1396749]: Failed password for root from 197.153.57.103 port 53661 ssh2
Apr  5 07:34:38 cls sshd[1396749]: Received disconnect from 197.153.57.103 port 53661:11: Bye Bye [preauth]
Apr  5 07:34:38 cls sshd[1396749]: Disconnected from authenticating user root 197.153.57.103 port 53661 [preauth]
Apr  5 07:34:41 cls sshd[1396747]: Invalid user user50 from 130.12.181.109 port 45692
Apr  5 07:34:43 cls sshd[1396747]: pam_unix(sshd:auth): check pass; user unknown
Apr  5 07:34:43 cls sshd[1396747]: pam_unix(sshd:auth): authentication failure; logname= uid=0 euid=0 tty=ssh ruser= rhost=130.12.181.109 
Apr  5 07:34:45 cls sshd[1396747]: Failed password for invalid user user50 from 130.12.181.109 port 45692 ssh2
Apr  5 07:34:45 cls sshd[1396751]: Invalid user pbx from 206.123.145.74 port 48916
Apr  5 07:34:45 cls sshd[1396752]: Invalid user guojiaqi from 130.12.181.106 port 34364
Apr  5 07:34:47 cls sshd[1396747]: Connection closed by invalid user user50 130.12.181.109 port 45692 [preauth]
Apr  5 07:34:48 cls sshd[1396752]: pam_unix(sshd:auth): check pass; user unknown
Apr  5 07:34:48 cls sshd[1396752]: pam_unix(sshd:auth): authentication failure; logname= uid=0 euid=0 tty=ssh ruser= rhost=130.12.181.106 
Apr  5 07:34:49 cls sshd[1396751]: pam_unix(sshd:auth): check pass; user unknown
Apr  5 07:34:49 cls sshd[1396751]: pam_unix(sshd:auth): authentication failure; logname= uid=0 euid=0 tty=ssh ruser= rhost=206.123.145.74 
Apr  5 07:34:50 cls sshd[1396752]: Failed password for invalid user guojiaqi from 130.12.181.106 port 34364 ssh2
Apr  5 07:34:50 cls sshd[1396751]: Failed password for invalid user pbx from 206.123.145.74 port 48916 ssh2
Apr  5 07:34:53 cls sshd[1396751]: Connection closed by invalid user pbx 206.123.145.74 port 48916 [preauth]
Apr  5 07:34:53 cls sshd[1396752]: Connection closed by invalid user guojiaqi 130.12.181.106 port 34364 [preauth]
Apr  5 07:34:57 cls sshd[1396755]: pam_unix(sshd:auth): authentication failure; logname= uid=0 euid=0 tty=ssh ruser= rhost=103.239.252.132  user=root
Apr  5 07:34:59 cls sshd[1396755]: Failed password for root from 103.239.252.132 port 49743 ssh2
Apr  5 07:35:00 cls sshd[1396755]: Received disconnect from 103.239.252.132 port 49743:11: Bye Bye [preauth]
Apr  5 07:35:00 cls sshd[1396755]: Disconnected from authenticating user root 103.239.252.132 port 49743 [preauth]
Apr  5 07:35:09 cls sshd[1396759]: Invalid user guoruoyang from 130.12.181.98 port 18094
Apr  5 07:35:11 cls sshd[1396759]: pam_unix(sshd:auth): check pass; user unknown
Apr  5 07:35:11 cls sshd[1396759]: pam_unix(sshd:auth): authentication failure; logname= uid=0 euid=0 tty=ssh ruser= rhost=130.12.181.98 
Apr  5 07:35:13 cls sshd[1396759]: Failed password for invalid user guoruoyang from 130.12.181.98 port 18094 ssh2
Apr  5 07:35:16 cls sshd[1396759]: Connection closed by invalid user guoruoyang 130.12.181.98 port 18094 [preauth]
Apr  5 07:35:25 cls sshd[1396761]: pam_unix(sshd:auth): authentication failure; logname= uid=0 euid=0 tty=ssh ruser= rhost=197.153.57.103  user=root
Apr  5 07:35:27 cls sshd[1396761]: Failed password for root from 197.153.57.103 port 36166 ssh2
Apr  5 07:35:28 cls sshd[1396761]: Received disconnect from 197.153.57.103 port 36166:11: Bye Bye [preauth]
Apr  5 07:35:28 cls sshd[1396761]: Disconnected from authenticating user root 197.153.57.103 port 36166 [preauth]
Apr  5 07:35:57 cls sshd[1396763]: Invalid user xeo from 130.12.181.100 port 32772
Apr  5 07:35:59 cls sshd[1396763]: pam_unix(sshd:auth): check pass; user unknown
Apr  5 07:35:59 cls sshd[1396763]: pam_unix(sshd:auth): authentication failure; logname= uid=0 euid=0 tty=ssh ruser= rhost=130.12.181.100 
Apr  5 07:36:01 cls sshd[1396763]: Failed password for invalid user xeo from 130.12.181.100 port 32772 ssh2
Apr  5 07:36:05 cls sshd[1396763]: Connection closed by invalid user xeo 130.12.181.100 port 32772 [preauth]
Apr  5 07:36:15 cls sshd[1396771]: Invalid user arch from 197.153.57.103 port 46898
Apr  5 07:36:15 cls sshd[1396771]: pam_unix(sshd:auth): check pass; user unknown
Apr  5 07:36:15 cls sshd[1396771]: pam_unix(sshd:auth): authentication failure; logname= uid=0 euid=0 tty=ssh ruser= rhost=197.153.57.103 
Apr  5 07:36:17 cls sshd[1396771]: Failed password for invalid user arch from 197.153.57.103 port 46898 ssh2
Apr  5 07:36:17 cls sshd[1396771]: Received disconnect from 197.153.57.103 port 46898:11: Bye Bye [preauth]
Apr  5 07:36:17 cls sshd[1396771]: Disconnected from invalid user arch 197.153.57.103 port 46898 [preauth]
Apr  5 07:36:21 cls sshd[1396777]: pam_unix(sshd:auth): authentication failure; logname= uid=0 euid=0 tty=ssh ruser= rhost=119.209.12.20  user=ubuntu
Apr  5 07:36:23 cls sshd[1396777]: Failed password for ubuntu from 119.209.12.20 port 58644 ssh2
Apr  5 07:36:25 cls sshd[1396777]: Received disconnect from 119.209.12.20 port 58644:11: Bye Bye [preauth]
Apr  5 07:36:25 cls sshd[1396777]: Disconnected from authenticating user ubuntu 119.209.12.20 port 58644 [preauth]
Apr  5 07:36:41 cls sshd[1396779]: Invalid user syf from 206.123.145.55 port 16890
Apr  5 07:36:43 cls sshd[1396779]: pam_unix(sshd:auth): check pass; user unknown
Apr  5 07:36:43 cls sshd[1396779]: pam_unix(sshd:auth): authentication failure; logname= uid=0 euid=0 tty=ssh ruser= rhost=206.123.145.55 
Apr  5 07:36:45 cls sshd[1396779]: Failed password for invalid user syf from 206.123.145.55 port 16890 ssh2
Apr  5 07:36:49 cls sshd[1396779]: Connection closed by invalid user syf 206.123.145.55 port 16890 [preauth]
Apr  5 07:36:53 cls sshd[1396781]: Invalid user patrick from 130.12.181.107 port 24548
Apr  5 07:36:55 cls sshd[1396781]: pam_unix(sshd:auth): check pass; user unknown
Apr  5 07:36:55 cls sshd[1396781]: pam_unix(sshd:auth): authentication failure; logname= uid=0 euid=0 tty=ssh ruser= rhost=130.12.181.107 
Apr  5 07:36:57 cls sshd[1396781]: Failed password for invalid user patrick from 130.12.181.107 port 24548 ssh2
Apr  5 07:37:00 cls sshd[1396781]: Connection closed by invalid user patrick 130.12.181.107 port 24548 [preauth]
Apr  5 07:37:05 cls sshd[1396787]: pam_unix(sshd:auth): authentication failure; logname= uid=0 euid=0 tty=ssh ruser= rhost=197.153.57.103  user=root
Apr  5 07:37:07 cls sshd[1396787]: Failed password for root from 197.153.57.103 port 57636 ssh2
Apr  5 07:37:08 cls sshd[1396783]: Invalid user sasha from 130.12.181.103 port 29544
Apr  5 07:37:08 cls sshd[1396787]: Received disconnect from 197.153.57.103 port 57636:11: Bye Bye [preauth]
Apr  5 07:37:08 cls sshd[1396787]: Disconnected from authenticating user root 197.153.57.103 port 57636 [preauth]
Apr  5 07:37:11 cls sshd[1396783]: pam_unix(sshd:auth): check pass; user unknown
Apr  5 07:37:11 cls sshd[1396783]: pam_unix(sshd:auth): authentication failure; logname= uid=0 euid=0 tty=ssh ruser= rhost=130.12.181.103 
Apr  5 07:37:11 cls sshd[1396792]: pam_unix(sshd:auth): authentication failure; logname= uid=0 euid=0 tty=ssh ruser= rhost=130.162.132.75  user=root
Apr  5 07:37:12 cls sshd[1396783]: Failed password for invalid user sasha from 130.12.181.103 port 29544 ssh2
Apr  5 07:37:13 cls sshd[1396792]: Failed password for root from 130.162.132.75 port 44616 ssh2
Apr  5 07:37:14 cls sshd[1396792]: Received disconnect from 130.162.132.75 port 44616:11: Bye Bye [preauth]
Apr  5 07:37:14 cls sshd[1396792]: Disconnected from authenticating user root 130.162.132.75 port 44616 [preauth]
Apr  5 07:37:15 cls sshd[1396783]: Connection closed by invalid user sasha 130.12.181.103 port 29544 [preauth]
Apr  5 07:37:22 cls sshd[1396794]: pam_unix(sshd:auth): authentication failure; logname= uid=0 euid=0 tty=ssh ruser= rhost=103.239.252.132  user=root
Apr  5 07:37:24 cls sshd[1396794]: Failed password for root from 103.239.252.132 port 41911 ssh2
Apr  5 07:37:24 cls sshd[1396794]: Received disconnect from 103.239.252.132 port 41911:11: Bye Bye [preauth]
Apr  5 07:37:24 cls sshd[1396794]: Disconnected from authenticating user root 103.239.252.132 port 41911 [preauth]
Apr  5 07:37:41 cls sshd[1396796]: Invalid user bjexhibition from 206.123.145.20 port 19030
Apr  5 07:37:43 cls sshd[1396798]: Invalid user shizhiyuan from 206.123.145.50 port 26656
Apr  5 07:37:43 cls sshd[1396796]: pam_unix(sshd:auth): check pass; user unknown
Apr  5 07:37:43 cls sshd[1396796]: pam_unix(sshd:auth): authentication failure; logname= uid=0 euid=0 tty=ssh ruser= rhost=206.123.145.20 
Apr  5 07:37:45 cls sshd[1396798]: pam_unix(sshd:auth): check pass; user unknown
Apr  5 07:37:45 cls sshd[1396798]: pam_unix(sshd:auth): authentication failure; logname= uid=0 euid=0 tty=ssh ruser= rhost=206.123.145.50 
Apr  5 07:37:46 cls sshd[1396796]: Failed password for invalid user bjexhibition from 206.123.145.20 port 19030 ssh2
Apr  5 07:37:47 cls sshd[1396798]: Failed password for invalid user shizhiyuan from 206.123.145.50 port 26656 ssh2
Apr  5 07:37:48 cls sshd[1396796]: Connection closed by invalid user bjexhibition 206.123.145.20 port 19030 [preauth]
Apr  5 07:37:51 cls sshd[1396798]: Connection closed by invalid user shizhiyuan 206.123.145.50 port 26656 [preauth]
Apr  5 07:37:57 cls sshd[1396810]: Invalid user vtatis from 197.153.57.103 port 40135
Apr  5 07:37:57 cls sshd[1396810]: pam_unix(sshd:auth): check pass; user unknown
Apr  5 07:37:57 cls sshd[1396810]: pam_unix(sshd:auth): authentication failure; logname= uid=0 euid=0 tty=ssh ruser= rhost=197.153.57.103 
Apr  5 07:38:00 cls sshd[1396810]: Failed password for invalid user vtatis from 197.153.57.103 port 40135 ssh2
Apr  5 07:38:00 cls sshd[1396810]: Received disconnect from 197.153.57.103 port 40135:11: Bye Bye [preauth]
Apr  5 07:38:00 cls sshd[1396810]: Disconnected from invalid user vtatis 197.153.57.103 port 40135 [preauth]
Apr  5 07:38:05 cls sshd[1396809]: Invalid user omn from 206.123.145.49 port 2520
Apr  5 07:38:07 cls sshd[1396809]: pam_unix(sshd:auth): check pass; user unknown
Apr  5 07:38:07 cls sshd[1396809]: pam_unix(sshd:auth): authentication failure; logname= uid=0 euid=0 tty=ssh ruser= rhost=206.123.145.49 
Apr  5 07:38:09 cls sshd[1396809]: Failed password for invalid user omn from 206.123.145.49 port 2520 ssh2
Apr  5 07:38:09 cls sshd[1396808]: Invalid user cgy from 206.123.145.72 port 18382
Apr  5 07:38:12 cls sshd[1396822]: Invalid user bagworm from 130.12.181.108 port 64576
Apr  5 07:38:14 cls sshd[1396822]: pam_unix(sshd:auth): check pass; user unknown
Apr  5 07:38:14 cls sshd[1396822]: pam_unix(sshd:auth): authentication failure; logname= uid=0 euid=0 tty=ssh ruser= rhost=130.12.181.108 
Apr  5 07:38:15 cls sshd[1396808]: pam_unix(sshd:auth): check pass; user unknown
Apr  5 07:38:15 cls sshd[1396808]: pam_unix(sshd:auth): authentication failure; logname= uid=0 euid=0 tty=ssh ruser= rhost=206.123.145.72 
Apr  5 07:38:17 cls sshd[1396822]: Failed password for invalid user bagworm from 130.12.181.108 port 64576 ssh2
Apr  5 07:38:17 cls sshd[1396808]: Failed password for invalid user cgy from 206.123.145.72 port 18382 ssh2
Apr  5 07:38:18 cls sshd[1396824]: Connection closed by 181.23.114.57 port 60870 [preauth]
Apr  5 07:38:18 cls sshd[1396809]: Connection closed by invalid user omn 206.123.145.49 port 2520 [preauth]
Apr  5 07:38:22 cls sshd[1396822]: Connection closed by invalid user bagworm 130.12.181.108 port 64576 [preauth]
Apr  5 07:38:22 cls sshd[1396808]: Connection closed by invalid user cgy 206.123.145.72 port 18382 [preauth]
Apr  5 07:38:25 cls sshd[1396825]: Invalid user major from 206.123.145.70 port 7200
Apr  5 07:38:26 cls sshd[1396825]: pam_unix(sshd:auth): check pass; user unknown
Apr  5 07:38:26 cls sshd[1396825]: pam_unix(sshd:auth): authentication failure; logname= uid=0 euid=0 tty=ssh ruser= rhost=206.123.145.70 
Apr  5 07:38:29 cls sshd[1396825]: Failed password for invalid user major from 206.123.145.70 port 7200 ssh2
Apr  5 07:38:33 cls sshd[1396825]: Connection closed by invalid user major 206.123.145.70 port 7200 [preauth]
Apr  5 07:38:37 cls sshd[1396828]: Invalid user zouhm from 130.12.181.97 port 3504
Apr  5 07:38:38 cls sshd[1396835]: Invalid user test from 119.209.12.20 port 43112
Apr  5 07:38:38 cls sshd[1396835]: pam_unix(sshd:auth): check pass; user unknown
Apr  5 07:38:38 cls sshd[1396835]: pam_unix(sshd:auth): authentication failure; logname= uid=0 euid=0 tty=ssh ruser= rhost=119.209.12.20 
Apr  5 07:38:40 cls sshd[1396839]: pam_unix(sshd:auth): authentication failure; logname= uid=0 euid=0 tty=ssh ruser= rhost=95.215.8.165  user=root
Apr  5 07:38:40 cls sshd[1396828]: pam_unix(sshd:auth): check pass; user unknown
Apr  5 07:38:40 cls sshd[1396828]: pam_unix(sshd:auth): authentication failure; logname= uid=0 euid=0 tty=ssh ruser= rhost=130.12.181.97 
Apr  5 07:38:41 cls sshd[1396835]: Failed password for invalid user test from 119.209.12.20 port 43112 ssh2
Apr  5 07:38:41 cls sshd[1396839]: Failed password for root from 95.215.8.165 port 49238 ssh2
Apr  5 07:38:41 cls sshd[1396828]: Failed password for invalid user zouhm from 130.12.181.97 port 3504 ssh2
Apr  5 07:38:42 cls sshd[1396835]: Received disconnect from 119.209.12.20 port 43112:11: Bye Bye [preauth]
Apr  5 07:38:42 cls sshd[1396835]: Disconnected from invalid user test 119.209.12.20 port 43112 [preauth]
Apr  5 07:38:42 cls sshd[1396839]: Received disconnect from 95.215.8.165 port 49238:11: Bye Bye [preauth]
Apr  5 07:38:42 cls sshd[1396839]: Disconnected from authenticating user root 95.215.8.165 port 49238 [preauth]
Apr  5 07:38:44 cls sshd[1396828]: Connection closed by invalid user zouhm 130.12.181.97 port 3504 [preauth]
Apr  5 07:38:44 cls sshd[1396830]: Invalid user andre from 206.123.145.79 port 47180
Apr  5 07:38:46 cls sshd[1396830]: pam_unix(sshd:auth): check pass; user unknown
Apr  5 07:38:46 cls sshd[1396830]: pam_unix(sshd:auth): authentication failure; logname= uid=0 euid=0 tty=ssh ruser= rhost=206.123.145.79 
Apr  5 07:38:47 cls sshd[1396847]: pam_unix(sshd:auth): authentication failure; logname= uid=0 euid=0 tty=ssh ruser= rhost=197.153.57.103  user=root
Apr  5 07:38:49 cls sshd[1396830]: Failed password for invalid user andre from 206.123.145.79 port 47180 ssh2
Apr  5 07:38:49 cls sshd[1396847]: Failed password for root from 197.153.57.103 port 50867 ssh2
Apr  5 07:38:50 cls sshd[1396847]: Received disconnect from 197.153.57.103 port 50867:11: Bye Bye [preauth]
Apr  5 07:38:50 cls sshd[1396847]: Disconnected from authenticating user root 197.153.57.103 port 50867 [preauth]
Apr  5 07:38:53 cls sshd[1396830]: Connection closed by invalid user andre 206.123.145.79 port 47180 [preauth]
Apr  5 07:38:59 cls sshd[1396849]: Invalid user wangky from 206.123.145.46 port 53208
Apr  5 07:39:01 cls CRON[1396861]: pam_unix(cron:session): session opened for user root by (uid=0)
Apr  5 07:39:01 cls CRON[1396861]: pam_unix(cron:session): session closed for user root
Apr  5 07:39:03 cls sshd[1396849]: pam_unix(sshd:auth): check pass; user unknown
Apr  5 07:39:03 cls sshd[1396849]: pam_unix(sshd:auth): authentication failure; logname= uid=0 euid=0 tty=ssh ruser= rhost=206.123.145.46 
Apr  5 07:39:05 cls sshd[1396849]: Failed password for invalid user wangky from 206.123.145.46 port 53208 ssh2
Apr  5 07:39:09 cls sshd[1396859]: Invalid user xxu from 206.123.145.53 port 25754
Apr  5 07:39:11 cls sshd[1396849]: Connection closed by invalid user wangky 206.123.145.46 port 53208 [preauth]
Apr  5 07:39:11 cls sshd[1396859]: pam_unix(sshd:auth): check pass; user unknown
Apr  5 07:39:11 cls sshd[1396859]: pam_unix(sshd:auth): authentication failure; logname= uid=0 euid=0 tty=ssh ruser= rhost=206.123.145.53 
Apr  5 07:39:13 cls sshd[1396859]: Failed password for invalid user xxu from 206.123.145.53 port 25754 ssh2
Apr  5 07:39:16 cls sshd[1396859]: Connection closed by invalid user xxu 206.123.145.53 port 25754 [preauth]
Apr  5 07:39:19 cls sshd[1397243]: Invalid user osc_web_user from 206.123.145.48 port 41912
Apr  5 07:39:21 cls sshd[1397243]: pam_unix(sshd:auth): check pass; user unknown
Apr  5 07:39:21 cls sshd[1397243]: pam_unix(sshd:auth): authentication failure; logname= uid=0 euid=0 tty=ssh ruser= rhost=206.123.145.48 
Apr  5 07:39:23 cls sshd[1397243]: Failed password for invalid user osc_web_user from 206.123.145.48 port 41912 ssh2
Apr  5 07:39:26 cls sshd[1397243]: Connection closed by invalid user osc_web_user 206.123.145.48 port 41912 [preauth]
Apr  5 07:39:37 cls sshd[1397266]: pam_unix(sshd:auth): authentication failure; logname= uid=0 euid=0 tty=ssh ruser= rhost=197.153.57.103  user=root
Apr  5 07:39:38 cls sshd[1397266]: Failed password for root from 197.153.57.103 port 33371 ssh2
Apr  5 07:39:38 cls sshd[1397263]: Invalid user sjb from 206.123.145.52 port 61190
Apr  5 07:39:38 cls sshd[1397262]: pam_unix(sshd:auth): authentication failure; logname= uid=0 euid=0 tty=ssh ruser= rhost=206.123.145.69  user=root
Apr  5 07:39:39 cls sshd[1397266]: Received disconnect from 197.153.57.103 port 33371:11: Bye Bye [preauth]
Apr  5 07:39:39 cls sshd[1397266]: Disconnected from authenticating user root 197.153.57.103 port 33371 [preauth]
Apr  5 07:39:40 cls sshd[1397262]: Failed password for root from 206.123.145.69 port 2892 ssh2
Apr  5 07:39:40 cls sshd[1397263]: pam_unix(sshd:auth): check pass; user unknown
Apr  5 07:39:40 cls sshd[1397263]: pam_unix(sshd:auth): authentication failure; logname= uid=0 euid=0 tty=ssh ruser= rhost=206.123.145.52 
Apr  5 07:39:42 cls sshd[1397263]: Failed password for invalid user sjb from 206.123.145.52 port 61190 ssh2
Apr  5 07:39:43 cls sshd[1397262]: Connection closed by authenticating user root 206.123.145.69 port 2892 [preauth]
Apr  5 07:39:46 cls sshd[1397263]: Connection closed by invalid user sjb 206.123.145.52 port 61190 [preauth]
Apr  5 07:39:51 cls sshd[1397286]: Invalid user steam from 103.239.252.132 port 34088
Apr  5 07:39:51 cls sshd[1397286]: pam_unix(sshd:auth): check pass; user unknown
Apr  5 07:39:51 cls sshd[1397286]: pam_unix(sshd:auth): authentication failure; logname= uid=0 euid=0 tty=ssh ruser= rhost=103.239.252.132 
Apr  5 07:39:53 cls sshd[1397286]: Failed password for invalid user steam from 103.239.252.132 port 34088 ssh2
Apr  5 07:39:53 cls sshd[1397286]: Received disconnect from 103.239.252.132 port 34088:11: Bye Bye [preauth]
Apr  5 07:39:53 cls sshd[1397286]: Disconnected from invalid user steam 103.239.252.132 port 34088 [preauth]
Apr  5 07:40:11 cls sshd[1397294]: pam_unix(sshd:auth): authentication failure; logname= uid=0 euid=0 tty=ssh ruser= rhost=130.12.181.102  user=root
Apr  5 07:40:12 cls sshd[1397294]: Failed password for root from 130.12.181.102 port 60584 ssh2
Apr  5 07:40:14 cls sshd[1397296]: Invalid user mhx2 from 206.123.145.73 port 23494
Apr  5 07:40:15 cls sshd[1397294]: Connection closed by authenticating user root 130.12.181.102 port 60584 [preauth]
Apr  5 07:40:16 cls sshd[1397296]: pam_unix(sshd:auth): check pass; user unknown
Apr  5 07:40:16 cls sshd[1397296]: pam_unix(sshd:auth): authentication failure; logname= uid=0 euid=0 tty=ssh ruser= rhost=206.123.145.73 
Apr  5 07:40:19 cls sshd[1397296]: Failed password for invalid user mhx2 from 206.123.145.73 port 23494 ssh2
Apr  5 07:40:22 cls sshd[1397296]: Connection closed by invalid user mhx2 206.123.145.73 port 23494 [preauth]
Apr  5 07:40:26 cls sshd[1397308]: pam_unix(sshd:auth): authentication failure; logname= uid=0 euid=0 tty=ssh ruser= rhost=197.153.57.103  user=root
Apr  5 07:40:27 cls sshd[1397308]: Failed password for root from 197.153.57.103 port 44103 ssh2
Apr  5 07:40:29 cls sshd[1397308]: Received disconnect from 197.153.57.103 port 44103:11: Bye Bye [preauth]
Apr  5 07:40:29 cls sshd[1397308]: Disconnected from authenticating user root 197.153.57.103 port 44103 [preauth]
Apr  5 07:40:49 cls sshd[1397373]: Invalid user user from 119.209.12.20 port 55804
Apr  5 07:40:49 cls sshd[1397373]: pam_unix(sshd:auth): check pass; user unknown
Apr  5 07:40:49 cls sshd[1397373]: pam_unix(sshd:auth): authentication failure; logname= uid=0 euid=0 tty=ssh ruser= rhost=119.209.12.20 
Apr  5 07:40:50 cls sshd[1397373]: Failed password for invalid user user from 119.209.12.20 port 55804 ssh2
Apr  5 07:40:51 cls sshd[1397373]: Received disconnect from 119.209.12.20 port 55804:11: Bye Bye [preauth]
Apr  5 07:40:51 cls sshd[1397373]: Disconnected from invalid user user 119.209.12.20 port 55804 [preauth]
Apr  5 07:40:54 cls sshd[1397366]: pam_unix(sshd:auth): authentication failure; logname= uid=0 euid=0 tty=ssh ruser= rhost=206.123.145.78  user=www-data
Apr  5 07:40:55 cls sshd[1397366]: Failed password for www-data from 206.123.145.78 port 1472 ssh2
Apr  5 07:40:57 cls sshd[1397366]: Connection closed by authenticating user www-data 206.123.145.78 port 1472 [preauth]
Apr  5 07:41:30 cls sshd[1397409]: Invalid user taobao from 206.123.145.76 port 44472
Apr  5 07:41:33 cls sshd[1397409]: pam_unix(sshd:auth): check pass; user unknown
Apr  5 07:41:33 cls sshd[1397409]: pam_unix(sshd:auth): authentication failure; logname= uid=0 euid=0 tty=ssh ruser= rhost=206.123.145.76 
Apr  5 07:41:34 cls sshd[1397411]: Invalid user amax2 from 130.12.181.99 port 15638
Apr  5 07:41:35 cls sshd[1397409]: Failed password for invalid user taobao from 206.123.145.76 port 44472 ssh2
Apr  5 07:41:36 cls sshd[1397411]: pam_unix(sshd:auth): check pass; user unknown
Apr  5 07:41:36 cls sshd[1397411]: pam_unix(sshd:auth): authentication failure; logname= uid=0 euid=0 tty=ssh ruser= rhost=130.12.181.99 
Apr  5 07:41:38 cls sshd[1397411]: Failed password for invalid user amax2 from 130.12.181.99 port 15638 ssh2
Apr  5 07:41:38 cls sshd[1397409]: Connection closed by invalid user taobao 206.123.145.76 port 44472 [preauth]
Apr  5 07:41:41 cls sshd[1397411]: Connection closed by invalid user amax2 130.12.181.99 port 15638 [preauth]
Apr  5 07:41:43 cls sshd[1397425]: Invalid user yangd from 206.123.145.57 port 20526
Apr  5 07:41:45 cls sshd[1397425]: pam_unix(sshd:auth): check pass; user unknown
Apr  5 07:41:45 cls sshd[1397425]: pam_unix(sshd:auth): authentication failure; logname= uid=0 euid=0 tty=ssh ruser= rhost=206.123.145.57 
Apr  5 07:41:47 cls sshd[1397425]: Failed password for invalid user yangd from 206.123.145.57 port 20526 ssh2
Apr  5 07:41:52 cls sshd[1397425]: Connection closed by invalid user yangd 206.123.145.57 port 20526 [preauth]
Apr  5 07:41:57 cls sshd[1397436]: Invalid user ansible from 130.12.181.104 port 20126
Apr  5 07:41:59 cls sshd[1397436]: pam_unix(sshd:auth): check pass; user unknown
Apr  5 07:41:59 cls sshd[1397436]: pam_unix(sshd:auth): authentication failure; logname= uid=0 euid=0 tty=ssh ruser= rhost=130.12.181.104 
Apr  5 07:42:01 cls sshd[1397437]: Invalid user webapp from 206.123.145.77 port 35246
Apr  5 07:42:01 cls sshd[1397436]: Failed password for invalid user ansible from 130.12.181.104 port 20126 ssh2
Apr  5 07:42:03 cls sshd[1397437]: pam_unix(sshd:auth): check pass; user unknown
Apr  5 07:42:03 cls sshd[1397437]: pam_unix(sshd:auth): authentication failure; logname= uid=0 euid=0 tty=ssh ruser= rhost=206.123.145.77 
Apr  5 07:42:04 cls sshd[1397436]: Connection closed by invalid user ansible 130.12.181.104 port 20126 [preauth]
Apr  5 07:42:05 cls sshd[1397437]: Failed password for invalid user webapp from 206.123.145.77 port 35246 ssh2
Apr  5 07:42:06 cls sshd[1397442]: Invalid user tester from 130.12.181.98 port 25226
Apr  5 07:42:08 cls sshd[1397442]: pam_unix(sshd:auth): check pass; user unknown
Apr  5 07:42:08 cls sshd[1397442]: pam_unix(sshd:auth): authentication failure; logname= uid=0 euid=0 tty=ssh ruser= rhost=130.12.181.98 
Apr  5 07:42:10 cls sshd[1397437]: Connection closed by invalid user webapp 206.123.145.77 port 35246 [preauth]
Apr  5 07:42:10 cls sshd[1397442]: Failed password for invalid user tester from 130.12.181.98 port 25226 ssh2
Apr  5 07:42:11 cls sshd[1397448]: pam_unix(sshd:auth): authentication failure; logname= uid=0 euid=0 tty=ssh ruser= rhost=103.239.252.132  user=root
Apr  5 07:42:12 cls sshd[1397442]: Connection closed by invalid user tester 130.12.181.98 port 25226 [preauth]
Apr  5 07:42:13 cls sshd[1397448]: Failed password for root from 103.239.252.132 port 54490 ssh2
Apr  5 07:42:14 cls sshd[1397446]: pam_unix(sshd:auth): authentication failure; logname= uid=0 euid=0 tty=ssh ruser= rhost=206.123.145.75  user=ubuntu
Apr  5 07:42:14 cls sshd[1397448]: Received disconnect from 103.239.252.132 port 54490:11: Bye Bye [preauth]
Apr  5 07:42:14 cls sshd[1397448]: Disconnected from authenticating user root 103.239.252.132 port 54490 [preauth]
Apr  5 07:42:16 cls sshd[1397446]: Failed password for ubuntu from 206.123.145.75 port 62190 ssh2
Apr  5 07:42:19 cls sshd[1397446]: Connection closed by authenticating user ubuntu 206.123.145.75 port 62190 [preauth]
Apr  5 07:42:51 cls sshd[1397489]: pam_unix(sshd:auth): authentication failure; logname= uid=0 euid=0 tty=ssh ruser= rhost=206.123.145.54  user=root
Apr  5 07:42:53 cls sshd[1397489]: Failed password for root from 206.123.145.54 port 43852 ssh2
Apr  5 07:42:56 cls sshd[1397491]: Invalid user www from 206.123.145.51 port 36454
Apr  5 07:42:56 cls sshd[1397493]: pam_unix(sshd:auth): authentication failure; logname= uid=0 euid=0 tty=ssh ruser= rhost=119.209.12.20  user=ubuntu
Apr  5 07:42:56 cls sshd[1397489]: Connection closed by authenticating user root 206.123.145.54 port 43852 [preauth]
Apr  5 07:42:58 cls sshd[1397493]: Failed password for ubuntu from 119.209.12.20 port 40260 ssh2
Apr  5 07:42:59 cls sshd[1397491]: pam_unix(sshd:auth): check pass; user unknown
Apr  5 07:42:59 cls sshd[1397491]: pam_unix(sshd:auth): authentication failure; logname= uid=0 euid=0 tty=ssh ruser= rhost=206.123.145.51 
Apr  5 07:43:00 cls sshd[1397493]: Received disconnect from 119.209.12.20 port 40260:11: Bye Bye [preauth]
Apr  5 07:43:00 cls sshd[1397493]: Disconnected from authenticating user ubuntu 119.209.12.20 port 40260 [preauth]
Apr  5 07:43:01 cls sshd[1397491]: Failed password for invalid user www from 206.123.145.51 port 36454 ssh2
Apr  5 07:43:05 cls sshd[1397491]: Connection closed by invalid user www 206.123.145.51 port 36454 [preauth]
Apr  5 07:43:10 cls sshd[1397495]: Invalid user sabbil from 206.123.145.71 port 16864
Apr  5 07:43:12 cls sshd[1397495]: pam_unix(sshd:auth): check pass; user unknown
Apr  5 07:43:12 cls sshd[1397495]: pam_unix(sshd:auth): authentication failure; logname= uid=0 euid=0 tty=ssh ruser= rhost=206.123.145.71 
Apr  5 07:43:14 cls sshd[1397495]: Failed password for invalid user sabbil from 206.123.145.71 port 16864 ssh2
Apr  5 07:43:18 cls sshd[1397495]: Connection closed by invalid user sabbil 206.123.145.71 port 16864 [preauth]
Apr  5 07:43:18 cls sshd[1397497]: Invalid user jk_1923000159 from 130.12.181.101 port 61312
Apr  5 07:43:20 cls sshd[1397497]: pam_unix(sshd:auth): check pass; user unknown
Apr  5 07:43:20 cls sshd[1397497]: pam_unix(sshd:auth): authentication failure; logname= uid=0 euid=0 tty=ssh ruser= rhost=130.12.181.101 
Apr  5 07:43:22 cls sshd[1397497]: Failed password for invalid user jk_1923000159 from 130.12.181.101 port 61312 ssh2
Apr  5 07:43:25 cls sshd[1397497]: Connection closed by invalid user jk_1923000159 130.12.181.101 port 61312 [preauth]
Apr  5 07:43:27 cls sshd[1397501]: Invalid user lg from 130.12.181.105 port 53832
Apr  5 07:43:30 cls sshd[1397501]: pam_unix(sshd:auth): check pass; user unknown
Apr  5 07:43:30 cls sshd[1397501]: pam_unix(sshd:auth): authentication failure; logname= uid=0 euid=0 tty=ssh ruser= rhost=130.12.181.105 
Apr  5 07:43:32 cls sshd[1397501]: Failed password for invalid user lg from 130.12.181.105 port 53832 ssh2
Apr  5 07:43:32 cls sshd[1397523]: Invalid user wangkailiang from 206.123.145.56 port 49954
Apr  5 07:43:34 cls sshd[1397501]: Connection closed by invalid user lg 130.12.181.105 port 53832 [preauth]
Apr  5 07:43:34 cls sshd[1397523]: pam_unix(sshd:auth): check pass; user unknown
Apr  5 07:43:34 cls sshd[1397523]: pam_unix(sshd:auth): authentication failure; logname= uid=0 euid=0 tty=ssh ruser= rhost=206.123.145.56 
Apr  5 07:43:36 cls sshd[1397523]: Failed password for invalid user wangkailiang from 206.123.145.56 port 49954 ssh2
Apr  5 07:43:39 cls sshd[1397525]: Invalid user bot from 181.23.114.57 port 49783
Apr  5 07:43:39 cls sshd[1397525]: pam_unix(sshd:auth): check pass; user unknown
Apr  5 07:43:39 cls sshd[1397525]: pam_unix(sshd:auth): authentication failure; logname= uid=0 euid=0 tty=ssh ruser= rhost=181.23.114.57 
Apr  5 07:43:40 cls sshd[1397523]: Connection closed by invalid user wangkailiang 206.123.145.56 port 49954 [preauth]
Apr  5 07:43:41 cls sshd[1397525]: Failed password for invalid user bot from 181.23.114.57 port 49783 ssh2
Apr  5 07:43:44 cls sshd[1397525]: Received disconnect from 181.23.114.57 port 49783:11: Bye Bye [preauth]
Apr  5 07:43:44 cls sshd[1397525]: Disconnected from invalid user bot 181.23.114.57 port 49783 [preauth]
Apr  5 07:43:48 cls sshd[1397527]: Invalid user mzn from 130.12.181.106 port 18020
Apr  5 07:43:50 cls sshd[1397528]: Invalid user user07 from 130.12.181.109 port 22474
Apr  5 07:43:50 cls sshd[1397527]: pam_unix(sshd:auth): check pass; user unknown
Apr  5 07:43:50 cls sshd[1397527]: pam_unix(sshd:auth): authentication failure; logname= uid=0 euid=0 tty=ssh ruser= rhost=130.12.181.106 
Apr  5 07:43:52 cls sshd[1397527]: Failed password for invalid user mzn from 130.12.181.106 port 18020 ssh2
Apr  5 07:43:53 cls sshd[1397528]: pam_unix(sshd:auth): check pass; user unknown
Apr  5 07:43:53 cls sshd[1397528]: pam_unix(sshd:auth): authentication failure; logname= uid=0 euid=0 tty=ssh ruser= rhost=130.12.181.109 
Apr  5 07:43:55 cls sshd[1397528]: Failed password for invalid user user07 from 130.12.181.109 port 22474 ssh2
Apr  5 07:43:56 cls sshd[1397527]: Connection closed by invalid user mzn 130.12.181.106 port 18020 [preauth]
Apr  5 07:43:58 cls sshd[1397528]: Connection closed by invalid user user07 130.12.181.109 port 22474 [preauth]
Apr  5 07:44:39 cls sshd[1397572]: Invalid user vyos from 103.239.252.132 port 46664
Apr  5 07:44:39 cls sshd[1397572]: pam_unix(sshd:auth): check pass; user unknown
Apr  5 07:44:39 cls sshd[1397572]: pam_unix(sshd:auth): authentication failure; logname= uid=0 euid=0 tty=ssh ruser= rhost=103.239.252.132 
Apr  5 07:44:41 cls sshd[1397572]: Failed password for invalid user vyos from 103.239.252.132 port 46664 ssh2
Apr  5 07:44:42 cls sshd[1397572]: Received disconnect from 103.239.252.132 port 46664:11: Bye Bye [preauth]
Apr  5 07:44:42 cls sshd[1397572]: Disconnected from invalid user vyos 103.239.252.132 port 46664 [preauth]
Apr  5 07:44:43 cls sshd[1397564]: Invalid user appluat from 206.123.145.74 port 18978
Apr  5 07:44:48 cls sshd[1397564]: pam_unix(sshd:auth): check pass; user unknown
Apr  5 07:44:48 cls sshd[1397564]: pam_unix(sshd:auth): authentication failure; logname= uid=0 euid=0 tty=ssh ruser= rhost=206.123.145.74 
Apr  5 07:44:50 cls sshd[1397564]: Failed password for invalid user appluat from 206.123.145.74 port 18978 ssh2
Apr  5 07:44:52 cls sshd[1397564]: Connection closed by invalid user appluat 206.123.145.74 port 18978 [preauth]
Apr  5 07:44:52 cls sshd[1397574]: Invalid user zhangwj from 130.12.181.100 port 41284
Apr  5 07:44:54 cls sshd[1397574]: pam_unix(sshd:auth): check pass; user unknown
Apr  5 07:44:54 cls sshd[1397574]: pam_unix(sshd:auth): authentication failure; logname= uid=0 euid=0 tty=ssh ruser= rhost=130.12.181.100 
Apr  5 07:44:56 cls sshd[1397574]: Failed password for invalid user zhangwj from 130.12.181.100 port 41284 ssh2
Apr  5 07:44:58 cls sshd[1397574]: Connection closed by invalid user zhangwj 130.12.181.100 port 41284 [preauth]
Apr  5 07:45:15 cls sshd[1397581]: pam_unix(sshd:auth): authentication failure; logname= uid=0 euid=0 tty=ssh ruser= rhost=119.209.12.20  user=root
Apr  5 07:45:17 cls sshd[1397581]: Failed password for root from 119.209.12.20 port 52954 ssh2
Apr  5 07:45:17 cls sshd[1397581]: Received disconnect from 119.209.12.20 port 52954:11: Bye Bye [preauth]
Apr  5 07:45:17 cls sshd[1397581]: Disconnected from authenticating user root 119.209.12.20 port 52954 [preauth]
Apr  5 07:45:22 cls sshd[1397586]: Invalid user test from 95.215.8.165 port 45360
Apr  5 07:45:22 cls sshd[1397586]: pam_unix(sshd:auth): check pass; user unknown
Apr  5 07:45:22 cls sshd[1397586]: pam_unix(sshd:auth): authentication failure; logname= uid=0 euid=0 tty=ssh ruser= rhost=95.215.8.165 
Apr  5 07:45:25 cls sshd[1397586]: Failed password for invalid user test from 95.215.8.165 port 45360 ssh2
Apr  5 07:45:26 cls sshd[1397586]: Received disconnect from 95.215.8.165 port 45360:11: Bye Bye [preauth]
Apr  5 07:45:26 cls sshd[1397586]: Disconnected from invalid user test 95.215.8.165 port 45360 [preauth]
Apr  5 07:45:58 cls sshd[1397627]: Invalid user zouyj from 206.123.145.55 port 39550
Apr  5 07:45:59 cls sshd[1397627]: pam_unix(sshd:auth): check pass; user unknown
Apr  5 07:45:59 cls sshd[1397627]: pam_unix(sshd:auth): authentication failure; logname= uid=0 euid=0 tty=ssh ruser= rhost=206.123.145.55 
Apr  5 07:46:02 cls sshd[1397627]: Failed password for invalid user zouyj from 206.123.145.55 port 39550 ssh2
Apr  5 07:46:07 cls sshd[1397627]: Connection closed by invalid user zouyj 206.123.145.55 port 39550 [preauth]
Apr  5 07:46:10 cls sshd[1397629]: Invalid user bjji from 130.12.181.107 port 37982
Apr  5 07:46:13 cls sshd[1397629]: pam_unix(sshd:auth): check pass; user unknown
Apr  5 07:46:13 cls sshd[1397629]: pam_unix(sshd:auth): authentication failure; logname= uid=0 euid=0 tty=ssh ruser= rhost=130.12.181.107 
Apr  5 07:46:15 cls sshd[1397629]: Failed password for invalid user bjji from 130.12.181.107 port 37982 ssh2
Apr  5 07:46:17 cls sshd[1397629]: Connection closed by invalid user bjji 130.12.181.107 port 37982 [preauth]
Apr  5 07:46:23 cls sshd[1397631]: Invalid user yueming from 130.12.181.103 port 16924
Apr  5 07:46:25 cls sshd[1397631]: pam_unix(sshd:auth): check pass; user unknown
Apr  5 07:46:25 cls sshd[1397631]: pam_unix(sshd:auth): authentication failure; logname= uid=0 euid=0 tty=ssh ruser= rhost=130.12.181.103 
Apr  5 07:46:27 cls sshd[1397631]: Failed password for invalid user yueming from 130.12.181.103 port 16924 ssh2
Apr  5 07:46:31 cls sshd[1397631]: Connection closed by invalid user yueming 130.12.181.103 port 16924 [preauth]
Apr  5 07:47:07 cls sshd[1397694]: pam_unix(sshd:auth): authentication failure; logname= uid=0 euid=0 tty=ssh ruser= rhost=103.239.252.132  user=ubuntu
Apr  5 07:47:09 cls sshd[1397694]: Failed password for ubuntu from 103.239.252.132 port 38843 ssh2
Apr  5 07:47:11 cls sshd[1397694]: Received disconnect from 103.239.252.132 port 38843:11: Bye Bye [preauth]
Apr  5 07:47:11 cls sshd[1397694]: Disconnected from authenticating user ubuntu 103.239.252.132 port 38843 [preauth]
Apr  5 07:47:25 cls sshd[1397696]: Invalid user guo from 206.123.145.20 port 62816
Apr  5 07:47:26 cls sshd[1397696]: pam_unix(sshd:auth): check pass; user unknown
Apr  5 07:47:26 cls sshd[1397696]: pam_unix(sshd:auth): authentication failure; logname= uid=0 euid=0 tty=ssh ruser= rhost=206.123.145.20 
Apr  5 07:47:26 cls sshd[1397697]: pam_unix(sshd:auth): authentication failure; logname= uid=0 euid=0 tty=ssh ruser= rhost=206.123.145.50  user=root
Apr  5 07:47:28 cls sshd[1397696]: Failed password for invalid user guo from 206.123.145.20 port 62816 ssh2
Apr  5 07:47:28 cls sshd[1397697]: Failed password for root from 206.123.145.50 port 40192 ssh2
Apr  5 07:47:28 cls sshd[1397700]: Invalid user quant from 130.12.181.108 port 42194
Apr  5 07:47:31 cls sshd[1397697]: Connection closed by authenticating user root 206.123.145.50 port 40192 [preauth]
Apr  5 07:47:31 cls sshd[1397700]: pam_unix(sshd:auth): check pass; user unknown
Apr  5 07:47:31 cls sshd[1397700]: pam_unix(sshd:auth): authentication failure; logname= uid=0 euid=0 tty=ssh ruser= rhost=130.12.181.108 
Apr  5 07:47:32 cls sshd[1397696]: Connection closed by invalid user guo 206.123.145.20 port 62816 [preauth]
Apr  5 07:47:32 cls sshd[1397738]: pam_unix(sshd:auth): authentication failure; logname= uid=0 euid=0 tty=ssh ruser= rhost=119.209.12.20  user=root
Apr  5 07:47:33 cls sshd[1397700]: Failed password for invalid user quant from 130.12.181.108 port 42194 ssh2
Apr  5 07:47:34 cls sshd[1397738]: Failed password for root from 119.209.12.20 port 37420 ssh2
Apr  5 07:47:35 cls sshd[1397738]: Received disconnect from 119.209.12.20 port 37420:11: Bye Bye [preauth]
Apr  5 07:47:35 cls sshd[1397738]: Disconnected from authenticating user root 119.209.12.20 port 37420 [preauth]
Apr  5 07:47:37 cls sshd[1397700]: Connection closed by invalid user quant 130.12.181.108 port 42194 [preauth]
Apr  5 07:47:40 cls sshd[1397718]: Invalid user dongjiang119 from 206.123.145.49 port 20180
Apr  5 07:47:44 cls sshd[1397718]: pam_unix(sshd:auth): check pass; user unknown
Apr  5 07:47:44 cls sshd[1397718]: pam_unix(sshd:auth): authentication failure; logname= uid=0 euid=0 tty=ssh ruser= rhost=206.123.145.49 
Apr  5 07:47:46 cls sshd[1397718]: Failed password for invalid user dongjiang119 from 206.123.145.49 port 20180 ssh2
Apr  5 07:47:48 cls sshd[1397718]: Connection closed by invalid user dongjiang119 206.123.145.49 port 20180 [preauth]
Apr  5 07:47:57 cls sshd[1397740]: Invalid user princeton from 206.123.145.72 port 62584
Apr  5 07:48:01 cls sshd[1397740]: pam_unix(sshd:auth): check pass; user unknown
Apr  5 07:48:01 cls sshd[1397740]: pam_unix(sshd:auth): authentication failure; logname= uid=0 euid=0 tty=ssh ruser= rhost=206.123.145.72 
Apr  5 07:48:02 cls sshd[1397740]: Failed password for invalid user princeton from 206.123.145.72 port 62584 ssh2
Apr  5 07:48:03 cls sshd[1397742]: Invalid user i2b2metadata from 130.12.181.97 port 31608
Apr  5 07:48:05 cls sshd[1397742]: pam_unix(sshd:auth): check pass; user unknown
Apr  5 07:48:05 cls sshd[1397742]: pam_unix(sshd:auth): authentication failure; logname= uid=0 euid=0 tty=ssh ruser= rhost=130.12.181.97 
Apr  5 07:48:06 cls sshd[1397740]: Connection closed by invalid user princeton 206.123.145.72 port 62584 [preauth]
Apr  5 07:48:07 cls sshd[1397742]: Failed password for invalid user i2b2metadata from 130.12.181.97 port 31608 ssh2
Apr  5 07:48:11 cls sshd[1397742]: Connection closed by invalid user i2b2metadata 130.12.181.97 port 31608 [preauth]
Apr  5 07:48:17 cls sshd[1397744]: Invalid user pbsworksuser from 130.162.132.75 port 51444
Apr  5 07:48:17 cls sshd[1397744]: pam_unix(sshd:auth): check pass; user unknown
Apr  5 07:48:17 cls sshd[1397744]: pam_unix(sshd:auth): authentication failure; logname= uid=0 euid=0 tty=ssh ruser= rhost=130.162.132.75 
Apr  5 07:48:19 cls sshd[1397744]: Failed password for invalid user pbsworksuser from 130.162.132.75 port 51444 ssh2
Apr  5 07:48:20 cls sshd[1397744]: Received disconnect from 130.162.132.75 port 51444:11: Bye Bye [preauth]
Apr  5 07:48:20 cls sshd[1397744]: Disconnected from invalid user pbsworksuser 130.162.132.75 port 51444 [preauth]
Apr  5 07:48:35 cls sshd[1397781]: Invalid user demo4 from 206.123.145.70 port 60942
Apr  5 07:48:35 cls sshd[1397760]: Invalid user lzhpc from 206.123.145.46 port 49656
Apr  5 07:48:36 cls sshd[1397781]: pam_unix(sshd:auth): check pass; user unknown
Apr  5 07:48:36 cls sshd[1397781]: pam_unix(sshd:auth): authentication failure; logname= uid=0 euid=0 tty=ssh ruser= rhost=206.123.145.70 
Apr  5 07:48:37 cls sshd[1397781]: Failed password for invalid user demo4 from 206.123.145.70 port 60942 ssh2
Apr  5 07:48:39 cls sshd[1397760]: pam_unix(sshd:auth): check pass; user unknown
Apr  5 07:48:39 cls sshd[1397760]: pam_unix(sshd:auth): authentication failure; logname= uid=0 euid=0 tty=ssh ruser= rhost=206.123.145.46 
Apr  5 07:48:42 cls sshd[1397760]: Failed password for invalid user lzhpc from 206.123.145.46 port 49656 ssh2
Apr  5 07:48:42 cls sshd[1397794]: Invalid user oracle from 95.215.8.165 port 47498
Apr  5 07:48:42 cls sshd[1397794]: pam_unix(sshd:auth): check pass; user unknown
Apr  5 07:48:42 cls sshd[1397794]: pam_unix(sshd:auth): authentication failure; logname= uid=0 euid=0 tty=ssh ruser= rhost=95.215.8.165 
Apr  5 07:48:42 cls sshd[1397781]: Connection closed by invalid user demo4 206.123.145.70 port 60942 [preauth]
Apr  5 07:48:43 cls sshd[1397794]: Failed password for invalid user oracle from 95.215.8.165 port 47498 ssh2
Apr  5 07:48:44 cls sshd[1397760]: Connection closed by invalid user lzhpc 206.123.145.46 port 49656 [preauth]
Apr  5 07:48:45 cls sshd[1397794]: Received disconnect from 95.215.8.165 port 47498:11: Bye Bye [preauth]
Apr  5 07:48:45 cls sshd[1397794]: Disconnected from invalid user oracle 95.215.8.165 port 47498 [preauth]
Apr  5 07:48:47 cls sshd[1397784]: pam_unix(sshd:auth): authentication failure; logname= uid=0 euid=0 tty=ssh ruser= rhost=206.123.145.48  user=root
Apr  5 07:48:50 cls sshd[1397784]: Failed password for root from 206.123.145.48 port 22390 ssh2
Apr  5 07:48:50 cls sshd[1397796]: pam_unix(sshd:auth): authentication failure; logname= uid=0 euid=0 tty=ssh ruser= rhost=206.123.145.53  user=root
Apr  5 07:48:51 cls sshd[1397785]: pam_unix(sshd:auth): authentication failure; logname= uid=0 euid=0 tty=ssh ruser= rhost=206.123.145.79  user=irc
Apr  5 07:48:52 cls sshd[1397796]: Failed password for root from 206.123.145.53 port 31052 ssh2
Apr  5 07:48:53 cls sshd[1397785]: Failed password for irc from 206.123.145.79 port 34994 ssh2
Apr  5 07:48:55 cls sshd[1397784]: Connection closed by authenticating user root 206.123.145.48 port 22390 [preauth]
Apr  5 07:48:56 cls sshd[1397796]: Connection closed by authenticating user root 206.123.145.53 port 31052 [preauth]
Apr  5 07:48:56 cls sshd[1397785]: Connection closed by authenticating user irc 206.123.145.79 port 34994 [preauth]
Apr  5 07:49:05 cls sshd[1397802]: Invalid user ansible from 130.12.181.98 port 30194
Apr  5 07:49:07 cls sshd[1397802]: pam_unix(sshd:auth): check pass; user unknown
Apr  5 07:49:07 cls sshd[1397802]: pam_unix(sshd:auth): authentication failure; logname= uid=0 euid=0 tty=ssh ruser= rhost=130.12.181.98 
Apr  5 07:49:09 cls sshd[1397802]: Failed password for invalid user ansible from 130.12.181.98 port 30194 ssh2
Apr  5 07:49:11 cls sshd[1397802]: Connection closed by invalid user ansible 130.12.181.98 port 30194 [preauth]
Apr  5 07:49:14 cls sshd[1397804]: Invalid user lty from 206.123.145.52 port 61270
Apr  5 07:49:14 cls sshd[1397806]: Invalid user user from 181.23.114.57 port 41027
Apr  5 07:49:14 cls sshd[1397806]: pam_unix(sshd:auth): check pass; user unknown
Apr  5 07:49:14 cls sshd[1397806]: pam_unix(sshd:auth): authentication failure; logname= uid=0 euid=0 tty=ssh ruser= rhost=181.23.114.57 
Apr  5 07:49:15 cls sshd[1397804]: pam_unix(sshd:auth): check pass; user unknown
Apr  5 07:49:15 cls sshd[1397804]: pam_unix(sshd:auth): authentication failure; logname= uid=0 euid=0 tty=ssh ruser= rhost=206.123.145.52 
Apr  5 07:49:16 cls sshd[1397806]: Failed password for invalid user user from 181.23.114.57 port 41027 ssh2
Apr  5 07:49:17 cls sshd[1397804]: Failed password for invalid user lty from 206.123.145.52 port 61270 ssh2
Apr  5 07:49:20 cls sshd[1397804]: Connection closed by invalid user lty 206.123.145.52 port 61270 [preauth]
Apr  5 07:49:21 cls sshd[1397806]: Received disconnect from 181.23.114.57 port 41027:11: Bye Bye [preauth]
Apr  5 07:49:21 cls sshd[1397806]: Disconnected from invalid user user 181.23.114.57 port 41027 [preauth]
Apr  5 07:49:21 cls sshd[1397808]: Invalid user macerate from 130.12.181.102 port 37122
Apr  5 07:49:24 cls sshd[1397808]: pam_unix(sshd:auth): check pass; user unknown
Apr  5 07:49:24 cls sshd[1397808]: pam_unix(sshd:auth): authentication failure; logname= uid=0 euid=0 tty=ssh ruser= rhost=130.12.181.102 
Apr  5 07:49:26 cls sshd[1397808]: Failed password for invalid user macerate from 130.12.181.102 port 37122 ssh2
Apr  5 07:49:29 cls sshd[1397808]: Connection closed by invalid user macerate 130.12.181.102 port 37122 [preauth]
Apr  5 07:49:30 cls sshd[1397834]: Invalid user steam from 103.239.252.132 port 59251
Apr  5 07:49:30 cls sshd[1397834]: pam_unix(sshd:auth): check pass; user unknown
Apr  5 07:49:30 cls sshd[1397834]: pam_unix(sshd:auth): authentication failure; logname= uid=0 euid=0 tty=ssh ruser= rhost=103.239.252.132 
Apr  5 07:49:31 cls sshd[1397834]: Failed password for invalid user steam from 103.239.252.132 port 59251 ssh2
Apr  5 07:49:32 cls sshd[1397834]: Received disconnect from 103.239.252.132 port 59251:11: Bye Bye [preauth]
Apr  5 07:49:32 cls sshd[1397834]: Disconnected from invalid user steam 103.239.252.132 port 59251 [preauth]
Apr  5 07:49:32 cls sshd[1397810]: Invalid user zqweng from 206.123.145.69 port 21162
Apr  5 07:49:34 cls sshd[1397810]: pam_unix(sshd:auth): check pass; user unknown
Apr  5 07:49:34 cls sshd[1397810]: pam_unix(sshd:auth): authentication failure; logname= uid=0 euid=0 tty=ssh ruser= rhost=206.123.145.69 
Apr  5 07:49:37 cls sshd[1397810]: Failed password for invalid user zqweng from 206.123.145.69 port 21162 ssh2
Apr  5 07:49:41 cls sshd[1397810]: Connection closed by invalid user zqweng 206.123.145.69 port 21162 [preauth]
Apr  5 07:49:46 cls sshd[1397845]: Invalid user docker-common-dir from 206.123.145.73 port 63300
Apr  5 07:49:49 cls sshd[1397845]: pam_unix(sshd:auth): check pass; user unknown
Apr  5 07:49:49 cls sshd[1397845]: pam_unix(sshd:auth): authentication failure; logname= uid=0 euid=0 tty=ssh ruser= rhost=206.123.145.73 
Apr  5 07:49:50 cls sshd[1397845]: Failed password for invalid user docker-common-dir from 206.123.145.73 port 63300 ssh2
Apr  5 07:49:52 cls sshd[1397852]: pam_unix(sshd:auth): authentication failure; logname= uid=0 euid=0 tty=ssh ruser= rhost=119.209.12.20  user=root
Apr  5 07:49:54 cls sshd[1397852]: Failed password for root from 119.209.12.20 port 50114 ssh2
Apr  5 07:49:54 cls sshd[1397845]: Connection closed by invalid user docker-common-dir 206.123.145.73 port 63300 [preauth]
Apr  5 07:49:54 cls sshd[1397852]: Received disconnect from 119.209.12.20 port 50114:11: Bye Bye [preauth]
Apr  5 07:49:54 cls sshd[1397852]: Disconnected from authenticating user root 119.209.12.20 port 50114 [preauth]
Apr  5 07:50:45 cls sshd[1397893]: Invalid user px from 130.12.181.99 port 19906
Apr  5 07:50:47 cls sshd[1397893]: pam_unix(sshd:auth): check pass; user unknown
Apr  5 07:50:47 cls sshd[1397893]: pam_unix(sshd:auth): authentication failure; logname= uid=0 euid=0 tty=ssh ruser= rhost=130.12.181.99 
Apr  5 07:50:49 cls sshd[1397895]: Invalid user xui from 206.123.145.78 port 17206
Apr  5 07:50:50 cls sshd[1397893]: Failed password for invalid user px from 130.12.181.99 port 19906 ssh2
Apr  5 07:50:52 cls sshd[1397895]: pam_unix(sshd:auth): check pass; user unknown
Apr  5 07:50:52 cls sshd[1397895]: pam_unix(sshd:auth): authentication failure; logname= uid=0 euid=0 tty=ssh ruser= rhost=206.123.145.78 
Apr  5 07:50:52 cls sshd[1397893]: Connection closed by invalid user px 130.12.181.99 port 19906 [preauth]
Apr  5 07:50:54 cls sshd[1397895]: Failed password for invalid user xui from 206.123.145.78 port 17206 ssh2
Apr  5 07:50:58 cls sshd[1397895]: Connection closed by invalid user xui 206.123.145.78 port 17206 [preauth]
Apr  5 07:51:07 cls sshd[1397901]: Invalid user wangleib from 130.12.181.104 port 28328
Apr  5 07:51:10 cls sshd[1397901]: pam_unix(sshd:auth): check pass; user unknown
Apr  5 07:51:10 cls sshd[1397901]: pam_unix(sshd:auth): authentication failure; logname= uid=0 euid=0 tty=ssh ruser= rhost=130.12.181.104 
Apr  5 07:51:12 cls sshd[1397901]: Failed password for invalid user wangleib from 130.12.181.104 port 28328 ssh2
Apr  5 07:51:16 cls sshd[1397901]: Connection closed by invalid user wangleib 130.12.181.104 port 28328 [preauth]
Apr  5 07:51:21 cls sshd[1397906]: Invalid user wyz from 206.123.145.76 port 25618
