Apr  5 07:51:23 cls sshd[1397906]: pam_unix(sshd:auth): check pass; user unknown
Apr  5 07:51:23 cls sshd[1397906]: pam_unix(sshd:auth): authentication failure; logname= uid=0 euid=0 tty=ssh ruser= rhost=206.123.145.76 
Apr  5 07:51:24 cls sshd[1397906]: Failed password for invalid user wyz from 206.123.145.76 port 25618 ssh2
Apr  5 07:51:28 cls sshd[1397914]: Invalid user cookie from 206.123.145.57 port 8296
Apr  5 07:51:28 cls sshd[1397906]: Connection closed by invalid user wyz 206.123.145.76 port 25618 [preauth]
Apr  5 07:51:29 cls sshd[1397914]: pam_unix(sshd:auth): check pass; user unknown
Apr  5 07:51:29 cls sshd[1397914]: pam_unix(sshd:auth): authentication failure; logname= uid=0 euid=0 tty=ssh ruser= rhost=206.123.145.57 
Apr  5 07:51:32 cls sshd[1397914]: Failed password for invalid user cookie from 206.123.145.57 port 8296 ssh2
Apr  5 07:51:35 cls sshd[1397914]: Connection closed by invalid user cookie 206.123.145.57 port 8296 [preauth]
Apr  5 07:51:44 cls sshd[1397948]: pam_unix(sshd:auth): authentication failure; logname= uid=0 euid=0 tty=ssh ruser= rhost=206.123.145.77  user=root
Apr  5 07:51:45 cls sshd[1397948]: Failed password for root from 206.123.145.77 port 52222 ssh2
Apr  5 07:51:50 cls sshd[1397948]: Connection closed by authenticating user root 206.123.145.77 port 52222 [preauth]
Apr  5 07:52:02 cls sshd[1397958]: pam_unix(sshd:auth): authentication failure; logname= uid=0 euid=0 tty=ssh ruser= rhost=130.162.132.75  user=root
Apr  5 07:52:02 cls sshd[1397960]: pam_unix(sshd:auth): authentication failure; logname= uid=0 euid=0 tty=ssh ruser= rhost=103.239.252.132  user=root
Apr  5 07:52:04 cls sshd[1397958]: Failed password for root from 130.162.132.75 port 32834 ssh2
Apr  5 07:52:04 cls sshd[1397960]: Failed password for root from 103.239.252.132 port 51424 ssh2
Apr  5 07:52:04 cls sshd[1397962]: Invalid user richard from 95.215.8.165 port 45736
Apr  5 07:52:04 cls sshd[1397962]: pam_unix(sshd:auth): check pass; user unknown
Apr  5 07:52:04 cls sshd[1397962]: pam_unix(sshd:auth): authentication failure; logname= uid=0 euid=0 tty=ssh ruser= rhost=95.215.8.165 
Apr  5 07:52:04 cls sshd[1397960]: Received disconnect from 103.239.252.132 port 51424:11: Bye Bye [preauth]
Apr  5 07:52:04 cls sshd[1397960]: Disconnected from authenticating user root 103.239.252.132 port 51424 [preauth]
Apr  5 07:52:05 cls sshd[1397958]: Received disconnect from 130.162.132.75 port 32834:11: Bye Bye [preauth]
Apr  5 07:52:05 cls sshd[1397958]: Disconnected from authenticating user root 130.162.132.75 port 32834 [preauth]
Apr  5 07:52:07 cls sshd[1397962]: Failed password for invalid user richard from 95.215.8.165 port 45736 ssh2
Apr  5 07:52:08 cls sshd[1397962]: Received disconnect from 95.215.8.165 port 45736:11: Bye Bye [preauth]
Apr  5 07:52:08 cls sshd[1397962]: Disconnected from invalid user richard 95.215.8.165 port 45736 [preauth]
Apr  5 07:52:15 cls sshd[1397964]: pam_unix(sshd:auth): authentication failure; logname= uid=0 euid=0 tty=ssh ruser= rhost=119.209.12.20  user=root
Apr  5 07:52:17 cls sshd[1397964]: Failed password for root from 119.209.12.20 port 34586 ssh2
Apr  5 07:52:17 cls sshd[1397964]: Received disconnect from 119.209.12.20 port 34586:11: Bye Bye [preauth]
Apr  5 07:52:17 cls sshd[1397964]: Disconnected from authenticating user root 119.209.12.20 port 34586 [preauth]
Apr  5 07:52:27 cls sshd[1397966]: pam_unix(sshd:auth): authentication failure; logname= uid=0 euid=0 tty=ssh ruser= rhost=206.123.145.75  user=root
Apr  5 07:52:29 cls sshd[1397966]: Failed password for root from 206.123.145.75 port 25900 ssh2
Apr  5 07:52:29 cls sshd[1397970]: Invalid user xyzhao from 206.123.145.54 port 24534
Apr  5 07:52:31 cls sshd[1397970]: pam_unix(sshd:auth): check pass; user unknown
Apr  5 07:52:31 cls sshd[1397970]: pam_unix(sshd:auth): authentication failure; logname= uid=0 euid=0 tty=ssh ruser= rhost=206.123.145.54 
Apr  5 07:52:33 cls sshd[1397971]: Invalid user yangfei from 130.12.181.101 port 56346
Apr  5 07:52:33 cls sshd[1397970]: Failed password for invalid user xyzhao from 206.123.145.54 port 24534 ssh2
Apr  5 07:52:34 cls sshd[1397966]: Connection closed by authenticating user root 206.123.145.75 port 25900 [preauth]
Apr  5 07:52:35 cls sshd[1397971]: pam_unix(sshd:auth): check pass; user unknown
Apr  5 07:52:35 cls sshd[1397971]: pam_unix(sshd:auth): authentication failure; logname= uid=0 euid=0 tty=ssh ruser= rhost=130.12.181.101 
Apr  5 07:52:38 cls sshd[1397971]: Failed password for invalid user yangfei from 130.12.181.101 port 56346 ssh2
Apr  5 07:52:38 cls sshd[1397970]: Connection closed by invalid user xyzhao 206.123.145.54 port 24534 [preauth]
Apr  5 07:52:39 cls sshd[1397980]: pam_unix(sshd:auth): authentication failure; logname= uid=0 euid=0 tty=ssh ruser= rhost=206.123.145.51  user=root
Apr  5 07:52:39 cls sshd[1398006]: Invalid user oqd from 130.12.181.105 port 63632
Apr  5 07:52:40 cls sshd[1397980]: Failed password for root from 206.123.145.51 port 7562 ssh2
Apr  5 07:52:42 cls sshd[1398006]: pam_unix(sshd:auth): check pass; user unknown
Apr  5 07:52:42 cls sshd[1398006]: pam_unix(sshd:auth): authentication failure; logname= uid=0 euid=0 tty=ssh ruser= rhost=130.12.181.105 
Apr  5 07:52:42 cls sshd[1397971]: Connection closed by invalid user yangfei 130.12.181.101 port 56346 [preauth]
Apr  5 07:52:43 cls sshd[1397980]: Connection closed by authenticating user root 206.123.145.51 port 7562 [preauth]
Apr  5 07:52:43 cls sshd[1398006]: Failed password for invalid user oqd from 130.12.181.105 port 63632 ssh2
Apr  5 07:52:47 cls sshd[1398006]: Connection closed by invalid user oqd 130.12.181.105 port 63632 [preauth]
Apr  5 07:52:55 cls sshd[1398020]: pam_unix(sshd:auth): authentication failure; logname= uid=0 euid=0 tty=ssh ruser= rhost=130.12.181.106  user=root
Apr  5 07:52:57 cls sshd[1398020]: Failed password for root from 130.12.181.106 port 63848 ssh2
Apr  5 07:53:00 cls sshd[1398020]: Connection closed by authenticating user root 130.12.181.106 port 63848 [preauth]
Apr  5 07:53:03 cls sshd[1398032]: Invalid user admin from 130.12.181.109 port 13776
Apr  5 07:53:06 cls sshd[1398032]: pam_unix(sshd:auth): check pass; user unknown
Apr  5 07:53:06 cls sshd[1398032]: pam_unix(sshd:auth): authentication failure; logname= uid=0 euid=0 tty=ssh ruser= rhost=130.12.181.109 
Apr  5 07:53:07 cls sshd[1398032]: Failed password for invalid user admin from 130.12.181.109 port 13776 ssh2
Apr  5 07:53:10 cls sshd[1398032]: Connection closed by invalid user admin 130.12.181.109 port 13776 [preauth]
Apr  5 07:53:12 cls sshd[1398034]: Invalid user deploy from 206.123.145.56 port 10788
Apr  5 07:53:14 cls sshd[1398034]: pam_unix(sshd:auth): check pass; user unknown
Apr  5 07:53:14 cls sshd[1398034]: pam_unix(sshd:auth): authentication failure; logname= uid=0 euid=0 tty=ssh ruser= rhost=206.123.145.56 
Apr  5 07:53:16 cls sshd[1398034]: Failed password for invalid user deploy from 206.123.145.56 port 10788 ssh2
Apr  5 07:53:18 cls sshd[1398034]: Connection closed by invalid user deploy 206.123.145.56 port 10788 [preauth]
Apr  5 07:53:42 cls sshd[1398046]: Invalid user ozgur from 206.123.145.71 port 27022
Apr  5 07:53:43 cls sshd[1398046]: pam_unix(sshd:auth): check pass; user unknown
Apr  5 07:53:43 cls sshd[1398046]: pam_unix(sshd:auth): authentication failure; logname= uid=0 euid=0 tty=ssh ruser= rhost=206.123.145.71 
Apr  5 07:53:45 cls sshd[1398046]: Failed password for invalid user ozgur from 206.123.145.71 port 27022 ssh2
Apr  5 07:53:48 cls sshd[1398046]: Connection closed by invalid user ozgur 206.123.145.71 port 27022 [preauth]
Apr  5 07:54:01 cls sshd[1398086]: Invalid user bby from 130.12.181.100 port 30236
Apr  5 07:54:03 cls sshd[1398086]: pam_unix(sshd:auth): check pass; user unknown
Apr  5 07:54:03 cls sshd[1398086]: pam_unix(sshd:auth): authentication failure; logname= uid=0 euid=0 tty=ssh ruser= rhost=130.12.181.100 
Apr  5 07:54:05 cls sshd[1398086]: Failed password for invalid user bby from 130.12.181.100 port 30236 ssh2
Apr  5 07:54:09 cls sshd[1398086]: Connection closed by invalid user bby 130.12.181.100 port 30236 [preauth]
Apr  5 07:54:19 cls sshd[1398090]: Invalid user postgres from 103.239.252.132 port 43596
Apr  5 07:54:19 cls sshd[1398090]: pam_unix(sshd:auth): check pass; user unknown
Apr  5 07:54:19 cls sshd[1398090]: pam_unix(sshd:auth): authentication failure; logname= uid=0 euid=0 tty=ssh ruser= rhost=103.239.252.132 
Apr  5 07:54:21 cls sshd[1398090]: Failed password for invalid user postgres from 103.239.252.132 port 43596 ssh2
Apr  5 07:54:21 cls sshd[1398090]: Received disconnect from 103.239.252.132 port 43596:11: Bye Bye [preauth]
Apr  5 07:54:21 cls sshd[1398090]: Disconnected from invalid user postgres 103.239.252.132 port 43596 [preauth]
Apr  5 07:54:29 cls sshd[1398106]: pam_unix(sshd:auth): authentication failure; logname= uid=0 euid=0 tty=ssh ruser= rhost=119.209.12.20  user=root
Apr  5 07:54:31 cls sshd[1398106]: Failed password for root from 119.209.12.20 port 47276 ssh2
Apr  5 07:54:32 cls sshd[1398106]: Received disconnect from 119.209.12.20 port 47276:11: Bye Bye [preauth]
Apr  5 07:54:32 cls sshd[1398106]: Disconnected from authenticating user root 119.209.12.20 port 47276 [preauth]
Apr  5 07:54:48 cls sshd[1398139]: pam_unix(sshd:auth): authentication failure; logname= uid=0 euid=0 tty=ssh ruser= rhost=181.23.114.57  user=root
Apr  5 07:54:50 cls sshd[1398139]: Failed password for root from 181.23.114.57 port 60010 ssh2
Apr  5 07:54:51 cls sshd[1398139]: Received disconnect from 181.23.114.57 port 60010:11: Bye Bye [preauth]
Apr  5 07:54:51 cls sshd[1398139]: Disconnected from authenticating user root 181.23.114.57 port 60010 [preauth]
Apr  5 07:54:52 cls sshd[1398113]: Invalid user leijiez from 206.123.145.74 port 48646
Apr  5 07:54:53 cls sshd[1398113]: pam_unix(sshd:auth): check pass; user unknown
Apr  5 07:54:53 cls sshd[1398113]: pam_unix(sshd:auth): authentication failure; logname= uid=0 euid=0 tty=ssh ruser= rhost=206.123.145.74 
Apr  5 07:54:55 cls sshd[1398113]: Failed password for invalid user leijiez from 206.123.145.74 port 48646 ssh2
Apr  5 07:54:59 cls sshd[1398113]: Connection closed by invalid user leijiez 206.123.145.74 port 48646 [preauth]
Apr  5 07:55:17 cls sshd[1398141]: Invalid user odoouser from 95.215.8.165 port 35852
Apr  5 07:55:17 cls sshd[1398141]: pam_unix(sshd:auth): check pass; user unknown
Apr  5 07:55:17 cls sshd[1398141]: pam_unix(sshd:auth): authentication failure; logname= uid=0 euid=0 tty=ssh ruser= rhost=95.215.8.165 
Apr  5 07:55:19 cls sshd[1398141]: Failed password for invalid user odoouser from 95.215.8.165 port 35852 ssh2
Apr  5 07:55:20 cls sshd[1398141]: Received disconnect from 95.215.8.165 port 35852:11: Bye Bye [preauth]
Apr  5 07:55:20 cls sshd[1398141]: Disconnected from invalid user odoouser 95.215.8.165 port 35852 [preauth]
Apr  5 07:55:28 cls sshd[1398153]: Invalid user user3 from 130.12.181.107 port 31908
Apr  5 07:55:28 cls sshd[1398153]: pam_unix(sshd:auth): check pass; user unknown
Apr  5 07:55:28 cls sshd[1398153]: pam_unix(sshd:auth): authentication failure; logname= uid=0 euid=0 tty=ssh ruser= rhost=130.12.181.107 
Apr  5 07:55:31 cls sshd[1398153]: Failed password for invalid user user3 from 130.12.181.107 port 31908 ssh2
Apr  5 07:55:34 cls sshd[1398157]: Invalid user slurm from 130.12.181.103 port 61878
Apr  5 07:55:34 cls sshd[1398153]: Connection closed by invalid user user3 130.12.181.107 port 31908 [preauth]
Apr  5 07:55:36 cls sshd[1398157]: pam_unix(sshd:auth): check pass; user unknown
Apr  5 07:55:36 cls sshd[1398157]: pam_unix(sshd:auth): authentication failure; logname= uid=0 euid=0 tty=ssh ruser= rhost=130.12.181.103 
Apr  5 07:55:38 cls sshd[1398157]: Failed password for invalid user slurm from 130.12.181.103 port 61878 ssh2
Apr  5 07:55:41 cls sshd[1398157]: Connection closed by invalid user slurm 130.12.181.103 port 61878 [preauth]
Apr  5 07:55:48 cls sshd[1398189]: Invalid user dcc from 206.123.145.55 port 4880
Apr  5 07:55:51 cls sshd[1398189]: pam_unix(sshd:auth): check pass; user unknown
Apr  5 07:55:51 cls sshd[1398189]: pam_unix(sshd:auth): authentication failure; logname= uid=0 euid=0 tty=ssh ruser= rhost=206.123.145.55 
Apr  5 07:55:53 cls sshd[1398189]: Failed password for invalid user dcc from 206.123.145.55 port 4880 ssh2
Apr  5 07:56:00 cls sshd[1398189]: Connection closed by invalid user dcc 206.123.145.55 port 4880 [preauth]
Apr  5 07:56:04 cls sshd[1398205]: Invalid user ident from 130.12.181.98 port 29930
Apr  5 07:56:05 cls sshd[1398205]: pam_unix(sshd:auth): check pass; user unknown
Apr  5 07:56:05 cls sshd[1398205]: pam_unix(sshd:auth): authentication failure; logname= uid=0 euid=0 tty=ssh ruser= rhost=130.12.181.98 
Apr  5 07:56:07 cls sshd[1398205]: Failed password for invalid user ident from 130.12.181.98 port 29930 ssh2
Apr  5 07:56:09 cls sshd[1398205]: Connection closed by invalid user ident 130.12.181.98 port 29930 [preauth]
Apr  5 07:56:43 cls sshd[1398220]: Invalid user dzx from 130.12.181.108 port 27396
Apr  5 07:56:45 cls sshd[1398220]: pam_unix(sshd:auth): check pass; user unknown
Apr  5 07:56:45 cls sshd[1398220]: pam_unix(sshd:auth): authentication failure; logname= uid=0 euid=0 tty=ssh ruser= rhost=130.12.181.108 
Apr  5 07:56:47 cls sshd[1398220]: Failed password for invalid user dzx from 130.12.181.108 port 27396 ssh2
Apr  5 07:56:47 cls sshd[1398266]: pam_unix(sshd:auth): authentication failure; logname= uid=0 euid=0 tty=ssh ruser= rhost=103.239.252.132  user=root
Apr  5 07:56:50 cls sshd[1398270]: pam_unix(sshd:auth): authentication failure; logname= uid=0 euid=0 tty=ssh ruser= rhost=119.209.12.20  user=root
Apr  5 07:56:50 cls sshd[1398266]: Failed password for root from 103.239.252.132 port 35767 ssh2
Apr  5 07:56:51 cls sshd[1398220]: Connection closed by invalid user dzx 130.12.181.108 port 27396 [preauth]
Apr  5 07:56:52 cls sshd[1398270]: Failed password for root from 119.209.12.20 port 59978 ssh2
Apr  5 07:56:52 cls sshd[1398270]: Received disconnect from 119.209.12.20 port 59978:11: Bye Bye [preauth]
Apr  5 07:56:52 cls sshd[1398270]: Disconnected from authenticating user root 119.209.12.20 port 59978 [preauth]
Apr  5 07:56:53 cls sshd[1398266]: Received disconnect from 103.239.252.132 port 35767:11: Bye Bye [preauth]
Apr  5 07:56:53 cls sshd[1398266]: Disconnected from authenticating user root 103.239.252.132 port 35767 [preauth]
Apr  5 07:57:01 cls sshd[1398279]: Invalid user orion from 206.123.145.50 port 61590
Apr  5 07:57:03 cls sshd[1398279]: pam_unix(sshd:auth): check pass; user unknown
Apr  5 07:57:03 cls sshd[1398279]: pam_unix(sshd:auth): authentication failure; logname= uid=0 euid=0 tty=ssh ruser= rhost=206.123.145.50 
Apr  5 07:57:05 cls sshd[1398279]: Failed password for invalid user orion from 206.123.145.50 port 61590 ssh2
Apr  5 07:57:07 cls sshd[1398282]: Invalid user qiyang from 130.12.181.97 port 21110
Apr  5 07:57:08 cls sshd[1398279]: Connection closed by invalid user orion 206.123.145.50 port 61590 [preauth]
Apr  5 07:57:09 cls sshd[1398282]: pam_unix(sshd:auth): check pass; user unknown
Apr  5 07:57:09 cls sshd[1398282]: pam_unix(sshd:auth): authentication failure; logname= uid=0 euid=0 tty=ssh ruser= rhost=130.12.181.97 
Apr  5 07:57:11 cls sshd[1398282]: Failed password for invalid user qiyang from 130.12.181.97 port 21110 ssh2
Apr  5 07:57:14 cls sshd[1398282]: Connection closed by invalid user qiyang 130.12.181.97 port 21110 [preauth]
Apr  5 07:57:24 cls sshd[1398292]: Invalid user flink from 206.123.145.20 port 7566
Apr  5 07:57:27 cls sshd[1398292]: pam_unix(sshd:auth): check pass; user unknown
Apr  5 07:57:27 cls sshd[1398292]: pam_unix(sshd:auth): authentication failure; logname= uid=0 euid=0 tty=ssh ruser= rhost=206.123.145.20 
Apr  5 07:57:30 cls sshd[1398292]: Failed password for invalid user flink from 206.123.145.20 port 7566 ssh2
Apr  5 07:57:35 cls sshd[1398292]: Connection closed by invalid user flink 206.123.145.20 port 7566 [preauth]
Apr  5 07:57:36 cls sshd[1398294]: Invalid user zyju from 206.123.145.49 port 48562
Apr  5 07:57:39 cls sshd[1398294]: pam_unix(sshd:auth): check pass; user unknown
Apr  5 07:57:39 cls sshd[1398294]: pam_unix(sshd:auth): authentication failure; logname= uid=0 euid=0 tty=ssh ruser= rhost=206.123.145.49 
Apr  5 07:57:41 cls sshd[1398294]: Failed password for invalid user zyju from 206.123.145.49 port 48562 ssh2
Apr  5 07:57:45 cls sshd[1398294]: Connection closed by invalid user zyju 206.123.145.49 port 48562 [preauth]
Apr  5 07:58:23 cls sshd[1398322]: pam_unix(sshd:auth): authentication failure; logname= uid=0 euid=0 tty=ssh ruser= rhost=206.123.145.48  user=root
Apr  5 07:58:25 cls sshd[1398322]: Failed password for root from 206.123.145.48 port 57052 ssh2
Apr  5 07:58:26 cls sshd[1398324]: Invalid user rima from 130.12.181.102 port 64228
Apr  5 07:58:27 cls sshd[1398322]: Connection closed by authenticating user root 206.123.145.48 port 57052 [preauth]
Apr  5 07:58:28 cls sshd[1398324]: pam_unix(sshd:auth): check pass; user unknown
Apr  5 07:58:28 cls sshd[1398324]: pam_unix(sshd:auth): authentication failure; logname= uid=0 euid=0 tty=ssh ruser= rhost=130.12.181.102 
Apr  5 07:58:29 cls sshd[1398326]: Invalid user zxd from 206.123.145.46 port 19466
Apr  5 07:58:30 cls sshd[1398324]: Failed password for invalid user rima from 130.12.181.102 port 64228 ssh2
Apr  5 07:58:31 cls sshd[1398326]: pam_unix(sshd:auth): check pass; user unknown
Apr  5 07:58:31 cls sshd[1398326]: pam_unix(sshd:auth): authentication failure; logname= uid=0 euid=0 tty=ssh ruser= rhost=206.123.145.46 
Apr  5 07:58:33 cls sshd[1398326]: Failed password for invalid user zxd from 206.123.145.46 port 19466 ssh2
Apr  5 07:58:35 cls sshd[1398324]: Connection closed by invalid user rima 130.12.181.102 port 64228 [preauth]
Apr  5 07:58:36 cls sshd[1398326]: Connection closed by invalid user zxd 206.123.145.46 port 19466 [preauth]
Apr  5 07:58:38 cls sshd[1398328]: Invalid user haoye from 206.123.145.72 port 56382
Apr  5 07:58:41 cls sshd[1398328]: pam_unix(sshd:auth): check pass; user unknown
Apr  5 07:58:41 cls sshd[1398328]: pam_unix(sshd:auth): authentication failure; logname= uid=0 euid=0 tty=ssh ruser= rhost=206.123.145.72 
Apr  5 07:58:43 cls sshd[1398334]: Invalid user test from 206.123.145.79 port 6674
Apr  5 07:58:44 cls sshd[1398328]: Failed password for invalid user haoye from 206.123.145.72 port 56382 ssh2
Apr  5 07:58:45 cls sshd[1398334]: pam_unix(sshd:auth): check pass; user unknown
Apr  5 07:58:45 cls sshd[1398334]: pam_unix(sshd:auth): authentication failure; logname= uid=0 euid=0 tty=ssh ruser= rhost=206.123.145.79 
Apr  5 07:58:46 cls sshd[1398328]: Connection closed by invalid user haoye 206.123.145.72 port 56382 [preauth]
Apr  5 07:58:47 cls sshd[1398334]: Failed password for invalid user test from 206.123.145.79 port 6674 ssh2
Apr  5 07:58:49 cls sshd[1398335]: pam_unix(sshd:auth): authentication failure; logname= uid=0 euid=0 tty=ssh ruser= rhost=206.123.145.53  user=root
Apr  5 07:58:49 cls sshd[1398340]: Invalid user hjz from 206.123.145.70 port 45152
Apr  5 07:58:51 cls sshd[1398340]: pam_unix(sshd:auth): check pass; user unknown
Apr  5 07:58:51 cls sshd[1398340]: pam_unix(sshd:auth): authentication failure; logname= uid=0 euid=0 tty=ssh ruser= rhost=206.123.145.70 
Apr  5 07:58:51 cls sshd[1398335]: Failed password for root from 206.123.145.53 port 26384 ssh2
Apr  5 07:58:52 cls sshd[1398334]: Connection closed by invalid user test 206.123.145.79 port 6674 [preauth]
Apr  5 07:58:53 cls sshd[1398340]: Failed password for invalid user hjz from 206.123.145.70 port 45152 ssh2
Apr  5 07:58:55 cls sshd[1398335]: Connection closed by authenticating user root 206.123.145.53 port 26384 [preauth]
Apr  5 07:58:58 cls sshd[1398340]: Connection closed by invalid user hjz 206.123.145.70 port 45152 [preauth]
Apr  5 07:58:58 cls sshd[1398362]: Invalid user wuao from 206.123.145.52 port 35828
Apr  5 07:59:00 cls sshd[1398362]: pam_unix(sshd:auth): check pass; user unknown
Apr  5 07:59:00 cls sshd[1398362]: pam_unix(sshd:auth): authentication failure; logname= uid=0 euid=0 tty=ssh ruser= rhost=206.123.145.52 
Apr  5 07:59:02 cls sshd[1398362]: Failed password for invalid user wuao from 206.123.145.52 port 35828 ssh2
Apr  5 07:59:08 cls sshd[1398362]: Connection closed by invalid user wuao 206.123.145.52 port 35828 [preauth]
Apr  5 07:59:09 cls sshd[1398384]: pam_unix(sshd:auth): authentication failure; logname= uid=0 euid=0 tty=ssh ruser= rhost=119.209.12.20  user=ubuntu
Apr  5 07:59:11 cls sshd[1398384]: Failed password for ubuntu from 119.209.12.20 port 44442 ssh2
Apr  5 07:59:11 cls sshd[1398384]: Received disconnect from 119.209.12.20 port 44442:11: Bye Bye [preauth]
Apr  5 07:59:11 cls sshd[1398384]: Disconnected from authenticating user ubuntu 119.209.12.20 port 44442 [preauth]
Apr  5 07:59:14 cls sshd[1398386]: Invalid user test from 103.239.252.132 port 56175
Apr  5 07:59:14 cls sshd[1398386]: pam_unix(sshd:auth): check pass; user unknown
Apr  5 07:59:14 cls sshd[1398386]: pam_unix(sshd:auth): authentication failure; logname= uid=0 euid=0 tty=ssh ruser= rhost=103.239.252.132 
Apr  5 07:59:16 cls sshd[1398386]: Failed password for invalid user test from 103.239.252.132 port 56175 ssh2
Apr  5 07:59:17 cls sshd[1398386]: Received disconnect from 103.239.252.132 port 56175:11: Bye Bye [preauth]
Apr  5 07:59:17 cls sshd[1398386]: Disconnected from invalid user test 103.239.252.132 port 56175 [preauth]
Apr  5 07:59:40 cls sshd[1398393]: Invalid user sunhongzhi from 206.123.145.69 port 4068
Apr  5 07:59:42 cls sshd[1398393]: pam_unix(sshd:auth): check pass; user unknown
Apr  5 07:59:42 cls sshd[1398393]: pam_unix(sshd:auth): authentication failure; logname= uid=0 euid=0 tty=ssh ruser= rhost=206.123.145.69 
Apr  5 07:59:44 cls sshd[1398393]: Failed password for invalid user sunhongzhi from 206.123.145.69 port 4068 ssh2
Apr  5 07:59:48 cls sshd[1398393]: Connection closed by invalid user sunhongzhi 206.123.145.69 port 4068 [preauth]
Apr  5 07:59:53 cls sshd[1398397]: Invalid user lz from 206.123.145.73 port 43794
Apr  5 07:59:54 cls sshd[1398397]: pam_unix(sshd:auth): check pass; user unknown
Apr  5 07:59:54 cls sshd[1398397]: pam_unix(sshd:auth): authentication failure; logname= uid=0 euid=0 tty=ssh ruser= rhost=206.123.145.73 
Apr  5 07:59:56 cls sshd[1398397]: Failed password for invalid user lz from 206.123.145.73 port 43794 ssh2
Apr  5 08:00:01 cls sshd[1398397]: Connection closed by invalid user lz 206.123.145.73 port 43794 [preauth]
Apr  5 08:00:01 cls CRON[1398436]: pam_unix(cron:session): session opened for user akriveia by (uid=0)
Apr  5 08:00:01 cls CRON[1398437]: pam_unix(cron:session): session opened for user akriveia by (uid=0)
Apr  5 08:00:01 cls CRON[1398438]: pam_unix(cron:session): session opened for user akriveia by (uid=0)
Apr  5 08:00:01 cls CRON[1398436]: pam_unix(cron:session): session closed for user akriveia
Apr  5 08:00:01 cls CRON[1398438]: pam_unix(cron:session): session closed for user akriveia
Apr  5 08:00:01 cls CRON[1398437]: pam_unix(cron:session): session closed for user akriveia
Apr  5 08:00:03 cls sshd[1398432]: Invalid user czk from 130.12.181.99 port 49172
Apr  5 08:00:06 cls sshd[1398432]: pam_unix(sshd:auth): check pass; user unknown
Apr  5 08:00:06 cls sshd[1398432]: pam_unix(sshd:auth): authentication failure; logname= uid=0 euid=0 tty=ssh ruser= rhost=130.12.181.99 
Apr  5 08:00:08 cls sshd[1398432]: Failed password for invalid user czk from 130.12.181.99 port 49172 ssh2
Apr  5 08:00:09 cls sshd[1398454]: Invalid user ftpuser from 181.23.114.57 port 48230
Apr  5 08:00:09 cls sshd[1398454]: pam_unix(sshd:auth): check pass; user unknown
Apr  5 08:00:09 cls sshd[1398454]: pam_unix(sshd:auth): authentication failure; logname= uid=0 euid=0 tty=ssh ruser= rhost=181.23.114.57 
Apr  5 08:00:10 cls sshd[1398454]: Failed password for invalid user ftpuser from 181.23.114.57 port 48230 ssh2
Apr  5 08:00:11 cls sshd[1398432]: Connection closed by invalid user czk 130.12.181.99 port 49172 [preauth]
Apr  5 08:00:11 cls sshd[1398454]: Received disconnect from 181.23.114.57 port 48230:11: Bye Bye [preauth]
Apr  5 08:00:11 cls sshd[1398454]: Disconnected from invalid user ftpuser 181.23.114.57 port 48230 [preauth]
Apr  5 08:00:34 cls sshd[1398468]: Invalid user ganhaiyang from 130.12.181.104 port 52002
Apr  5 08:00:37 cls sshd[1398470]: Invalid user sudoer from 206.123.145.78 port 62746
Apr  5 08:00:37 cls sshd[1398468]: pam_unix(sshd:auth): check pass; user unknown
Apr  5 08:00:37 cls sshd[1398468]: pam_unix(sshd:auth): authentication failure; logname= uid=0 euid=0 tty=ssh ruser= rhost=130.12.181.104 
Apr  5 08:00:38 cls sshd[1398470]: pam_unix(sshd:auth): check pass; user unknown
Apr  5 08:00:38 cls sshd[1398470]: pam_unix(sshd:auth): authentication failure; logname= uid=0 euid=0 tty=ssh ruser= rhost=206.123.145.78 
Apr  5 08:00:38 cls sshd[1398468]: Failed password for invalid user ganhaiyang from 130.12.181.104 port 52002 ssh2
Apr  5 08:00:40 cls sshd[1398470]: Failed password for invalid user sudoer from 206.123.145.78 port 62746 ssh2
Apr  5 08:00:41 cls sshd[1398468]: Connection closed by invalid user ganhaiyang 130.12.181.104 port 52002 [preauth]
Apr  5 08:00:44 cls sshd[1398470]: Connection closed by invalid user sudoer 206.123.145.78 port 62746 [preauth]
Apr  5 08:01:04 cls sshd[1398504]: Invalid user mlChen_Wang from 206.123.145.76 port 33254
Apr  5 08:01:06 cls sshd[1398504]: pam_unix(sshd:auth): check pass; user unknown
Apr  5 08:01:06 cls sshd[1398504]: pam_unix(sshd:auth): authentication failure; logname= uid=0 euid=0 tty=ssh ruser= rhost=206.123.145.76 
Apr  5 08:01:09 cls sshd[1398504]: Failed password for invalid user mlChen_Wang from 206.123.145.76 port 33254 ssh2
Apr  5 08:01:11 cls sshd[1398504]: Connection closed by invalid user mlChen_Wang 206.123.145.76 port 33254 [preauth]
Apr  5 08:01:21 cls sshd[1398514]: Invalid user ttest from 119.209.12.20 port 57134
Apr  5 08:01:21 cls sshd[1398514]: pam_unix(sshd:auth): check pass; user unknown
Apr  5 08:01:21 cls sshd[1398514]: pam_unix(sshd:auth): authentication failure; logname= uid=0 euid=0 tty=ssh ruser= rhost=119.209.12.20 
Apr  5 08:01:21 cls sshd[1398506]: Invalid user webapp from 206.123.145.57 port 6030
Apr  5 08:01:23 cls sshd[1398514]: Failed password for invalid user ttest from 119.209.12.20 port 57134 ssh2
Apr  5 08:01:23 cls sshd[1398506]: pam_unix(sshd:auth): check pass; user unknown
Apr  5 08:01:23 cls sshd[1398506]: pam_unix(sshd:auth): authentication failure; logname= uid=0 euid=0 tty=ssh ruser= rhost=206.123.145.57 
Apr  5 08:01:23 cls sshd[1398514]: Received disconnect from 119.209.12.20 port 57134:11: Bye Bye [preauth]
Apr  5 08:01:23 cls sshd[1398514]: Disconnected from invalid user ttest 119.209.12.20 port 57134 [preauth]
Apr  5 08:01:25 cls sshd[1398506]: Failed password for invalid user webapp from 206.123.145.57 port 6030 ssh2
Apr  5 08:01:29 cls sshd[1398506]: Connection closed by invalid user webapp 206.123.145.57 port 6030 [preauth]
Apr  5 08:01:39 cls sshd[1398523]: pam_unix(sshd:auth): authentication failure; logname= uid=0 euid=0 tty=ssh ruser= rhost=103.239.252.132  user=root
Apr  5 08:01:41 cls sshd[1398523]: Failed password for root from 103.239.252.132 port 48345 ssh2
Apr  5 08:01:41 cls sshd[1398523]: Received disconnect from 103.239.252.132 port 48345:11: Bye Bye [preauth]
Apr  5 08:01:41 cls sshd[1398523]: Disconnected from authenticating user root 103.239.252.132 port 48345 [preauth]
Apr  5 08:01:46 cls sshd[1398522]: Invalid user kasir from 130.12.181.101 port 41882
Apr  5 08:01:48 cls sshd[1398554]: Invalid user linux from 95.215.8.165 port 54952
Apr  5 08:01:48 cls sshd[1398554]: pam_unix(sshd:auth): check pass; user unknown
Apr  5 08:01:48 cls sshd[1398554]: pam_unix(sshd:auth): authentication failure; logname= uid=0 euid=0 tty=ssh ruser= rhost=95.215.8.165 
Apr  5 08:01:49 cls sshd[1398522]: pam_unix(sshd:auth): check pass; user unknown
Apr  5 08:01:49 cls sshd[1398522]: pam_unix(sshd:auth): authentication failure; logname= uid=0 euid=0 tty=ssh ruser= rhost=130.12.181.101 
Apr  5 08:01:50 cls sshd[1398554]: Failed password for invalid user linux from 95.215.8.165 port 54952 ssh2
Apr  5 08:01:51 cls sshd[1398522]: Failed password for invalid user kasir from 130.12.181.101 port 41882 ssh2
Apr  5 08:01:51 cls sshd[1398554]: Received disconnect from 95.215.8.165 port 54952:11: Bye Bye [preauth]
Apr  5 08:01:51 cls sshd[1398554]: Disconnected from invalid user linux 95.215.8.165 port 54952 [preauth]
Apr  5 08:01:53 cls sshd[1398530]: Invalid user gaowy from 130.12.181.106 port 54348
Apr  5 08:01:53 cls sshd[1398522]: Connection closed by invalid user kasir 130.12.181.101 port 41882 [preauth]
Apr  5 08:01:55 cls sshd[1398530]: pam_unix(sshd:auth): check pass; user unknown
Apr  5 08:01:55 cls sshd[1398530]: pam_unix(sshd:auth): authentication failure; logname= uid=0 euid=0 tty=ssh ruser= rhost=130.12.181.106 
Apr  5 08:01:57 cls sshd[1398530]: Failed password for invalid user gaowy from 130.12.181.106 port 54348 ssh2
Apr  5 08:01:58 cls sshd[1398556]: Invalid user sanguo_test from 206.123.145.77 port 24218
Apr  5 08:02:00 cls sshd[1398530]: Connection closed by invalid user gaowy 130.12.181.106 port 54348 [preauth]
Apr  5 08:02:01 cls sshd[1398557]: Invalid user yuanxs from 130.12.181.105 port 30802
Apr  5 08:02:01 cls sshd[1398556]: pam_unix(sshd:auth): check pass; user unknown
Apr  5 08:02:01 cls sshd[1398556]: pam_unix(sshd:auth): authentication failure; logname= uid=0 euid=0 tty=ssh ruser= rhost=206.123.145.77 
Apr  5 08:02:03 cls sshd[1398556]: Failed password for invalid user sanguo_test from 206.123.145.77 port 24218 ssh2
Apr  5 08:02:03 cls sshd[1398557]: pam_unix(sshd:auth): check pass; user unknown
Apr  5 08:02:03 cls sshd[1398557]: pam_unix(sshd:auth): authentication failure; logname= uid=0 euid=0 tty=ssh ruser= rhost=130.12.181.105 
Apr  5 08:02:03 cls sshd[1398560]: pam_unix(sshd:auth): authentication failure; logname= uid=0 euid=0 tty=ssh ruser= rhost=206.123.145.51  user=root
Apr  5 08:02:05 cls sshd[1398557]: Failed password for invalid user yuanxs from 130.12.181.105 port 30802 ssh2
Apr  5 08:02:06 cls sshd[1398560]: Failed password for root from 206.123.145.51 port 16546 ssh2
Apr  5 08:02:07 cls sshd[1398556]: Connection closed by invalid user sanguo_test 206.123.145.77 port 24218 [preauth]
Apr  5 08:02:09 cls sshd[1398557]: Connection closed by invalid user yuanxs 130.12.181.105 port 30802 [preauth]
Apr  5 08:02:10 cls sshd[1398560]: Connection closed by authenticating user root 206.123.145.51 port 16546 [preauth]
Apr  5 08:02:12 cls sshd[1398564]: Invalid user rdp from 206.123.145.54 port 13806
Apr  5 08:02:13 cls sshd[1398562]: pam_unix(sshd:auth): authentication failure; logname= uid=0 euid=0 tty=ssh ruser= rhost=130.12.181.109  user=root
Apr  5 08:02:14 cls sshd[1398564]: pam_unix(sshd:auth): check pass; user unknown
Apr  5 08:02:14 cls sshd[1398564]: pam_unix(sshd:auth): authentication failure; logname= uid=0 euid=0 tty=ssh ruser= rhost=206.123.145.54 
Apr  5 08:02:15 cls sshd[1398562]: Failed password for root from 130.12.181.109 port 4032 ssh2
Apr  5 08:02:16 cls sshd[1398564]: Failed password for invalid user rdp from 206.123.145.54 port 13806 ssh2
Apr  5 08:02:18 cls sshd[1398562]: Connection closed by authenticating user root 130.12.181.109 port 4032 [preauth]
Apr  5 08:02:21 cls sshd[1398564]: Connection closed by invalid user rdp 206.123.145.54 port 13806 [preauth]
Apr  5 08:02:26 cls sshd[1398568]: Invalid user rdev from 206.123.145.75 port 46594
Apr  5 08:02:27 cls sshd[1398568]: pam_unix(sshd:auth): check pass; user unknown
Apr  5 08:02:27 cls sshd[1398568]: pam_unix(sshd:auth): authentication failure; logname= uid=0 euid=0 tty=ssh ruser= rhost=206.123.145.75 
Apr  5 08:02:29 cls sshd[1398568]: Failed password for invalid user rdev from 206.123.145.75 port 46594 ssh2
Apr  5 08:02:34 cls sshd[1398568]: Connection closed by invalid user rdev 206.123.145.75 port 46594 [preauth]
Apr  5 08:02:37 cls sshd[1398570]: Invalid user jerine from 206.123.145.56 port 24452
Apr  5 08:02:39 cls sshd[1398570]: pam_unix(sshd:auth): check pass; user unknown
Apr  5 08:02:39 cls sshd[1398570]: pam_unix(sshd:auth): authentication failure; logname= uid=0 euid=0 tty=ssh ruser= rhost=206.123.145.56 
Apr  5 08:02:41 cls sshd[1398570]: Failed password for invalid user jerine from 206.123.145.56 port 24452 ssh2
Apr  5 08:02:47 cls sshd[1398570]: Connection closed by invalid user jerine 206.123.145.56 port 24452 [preauth]
Apr  5 08:03:05 cls sshd[1398611]: pam_unix(sshd:auth): authentication failure; logname= uid=0 euid=0 tty=ssh ruser= rhost=130.12.181.98  user=root
Apr  5 08:03:07 cls sshd[1398611]: Failed password for root from 130.12.181.98 port 12854 ssh2
Apr  5 08:03:10 cls sshd[1398611]: Connection closed by authenticating user root 130.12.181.98 port 12854 [preauth]
Apr  5 08:03:18 cls sshd[1398613]: Invalid user acfeng from 130.12.181.100 port 28036
Apr  5 08:03:21 cls sshd[1398613]: pam_unix(sshd:auth): check pass; user unknown
Apr  5 08:03:21 cls sshd[1398613]: pam_unix(sshd:auth): authentication failure; logname= uid=0 euid=0 tty=ssh ruser= rhost=130.12.181.100 
Apr  5 08:03:23 cls sshd[1398613]: Failed password for invalid user acfeng from 130.12.181.100 port 28036 ssh2
Apr  5 08:03:27 cls sshd[1398613]: Connection closed by invalid user acfeng 130.12.181.100 port 28036 [preauth]
Apr  5 08:03:37 cls sshd[1398627]: Invalid user tmm99 from 206.123.145.71 port 61794
Apr  5 08:03:38 cls sshd[1398629]: Invalid user rc from 119.209.12.20 port 41598
Apr  5 08:03:38 cls sshd[1398629]: pam_unix(sshd:auth): check pass; user unknown
Apr  5 08:03:38 cls sshd[1398629]: pam_unix(sshd:auth): authentication failure; logname= uid=0 euid=0 tty=ssh ruser= rhost=119.209.12.20 
Apr  5 08:03:40 cls sshd[1398627]: pam_unix(sshd:auth): check pass; user unknown
Apr  5 08:03:40 cls sshd[1398627]: pam_unix(sshd:auth): authentication failure; logname= uid=0 euid=0 tty=ssh ruser= rhost=206.123.145.71 
Apr  5 08:03:40 cls sshd[1398629]: Failed password for invalid user rc from 119.209.12.20 port 41598 ssh2
Apr  5 08:03:41 cls sshd[1398629]: Received disconnect from 119.209.12.20 port 41598:11: Bye Bye [preauth]
Apr  5 08:03:41 cls sshd[1398629]: Disconnected from invalid user rc 119.209.12.20 port 41598 [preauth]
Apr  5 08:03:42 cls sshd[1398627]: Failed password for invalid user tmm99 from 206.123.145.71 port 61794 ssh2
Apr  5 08:03:45 cls sshd[1398627]: Connection closed by invalid user tmm99 206.123.145.71 port 61794 [preauth]
Apr  5 08:04:06 cls sshd[1398672]: pam_unix(sshd:auth): authentication failure; logname= uid=0 euid=0 tty=ssh ruser= rhost=103.239.252.132  user=root
Apr  5 08:04:08 cls sshd[1398672]: Failed password for root from 103.239.252.132 port 40515 ssh2
Apr  5 08:04:09 cls sshd[1398672]: Received disconnect from 103.239.252.132 port 40515:11: Bye Bye [preauth]
Apr  5 08:04:09 cls sshd[1398672]: Disconnected from authenticating user root 103.239.252.132 port 40515 [preauth]
Apr  5 08:04:42 cls sshd[1398677]: Invalid user c21190720 from 130.12.181.107 port 58396
Apr  5 08:04:44 cls sshd[1398677]: pam_unix(sshd:auth): check pass; user unknown
Apr  5 08:04:44 cls sshd[1398677]: pam_unix(sshd:auth): authentication failure; logname= uid=0 euid=0 tty=ssh ruser= rhost=130.12.181.107 
Apr  5 08:04:46 cls sshd[1398677]: Failed password for invalid user c21190720 from 130.12.181.107 port 58396 ssh2
Apr  5 08:04:47 cls sshd[1398681]: Invalid user zhoutong from 206.123.145.74 port 47064
Apr  5 08:04:49 cls sshd[1398681]: pam_unix(sshd:auth): check pass; user unknown
Apr  5 08:04:49 cls sshd[1398681]: pam_unix(sshd:auth): authentication failure; logname= uid=0 euid=0 tty=ssh ruser= rhost=206.123.145.74 
Apr  5 08:04:51 cls sshd[1398677]: Connection closed by invalid user c21190720 130.12.181.107 port 58396 [preauth]
Apr  5 08:04:51 cls sshd[1398681]: Failed password for invalid user zhoutong from 206.123.145.74 port 47064 ssh2
Apr  5 08:04:54 cls sshd[1398681]: Connection closed by invalid user zhoutong 206.123.145.74 port 47064 [preauth]
Apr  5 08:05:01 cls sshd[1398715]: Invalid user dragonlab from 130.12.181.103 port 19046
Apr  5 08:05:03 cls sshd[1398715]: pam_unix(sshd:auth): check pass; user unknown
Apr  5 08:05:03 cls sshd[1398715]: pam_unix(sshd:auth): authentication failure; logname= uid=0 euid=0 tty=ssh ruser= rhost=130.12.181.103 
Apr  5 08:05:04 cls sshd[1398728]: Invalid user prtg from 95.215.8.165 port 52318
Apr  5 08:05:04 cls sshd[1398728]: pam_unix(sshd:auth): check pass; user unknown
Apr  5 08:05:04 cls sshd[1398728]: pam_unix(sshd:auth): authentication failure; logname= uid=0 euid=0 tty=ssh ruser= rhost=95.215.8.165 
Apr  5 08:05:05 cls sshd[1398715]: Failed password for invalid user dragonlab from 130.12.181.103 port 19046 ssh2
Apr  5 08:05:07 cls sshd[1398726]: Invalid user comidinhasdafer from 206.123.145.55 port 25214
Apr  5 08:05:07 cls sshd[1398728]: Failed password for invalid user prtg from 95.215.8.165 port 52318 ssh2
Apr  5 08:05:07 cls sshd[1398728]: Received disconnect from 95.215.8.165 port 52318:11: Bye Bye [preauth]
Apr  5 08:05:07 cls sshd[1398728]: Disconnected from invalid user prtg 95.215.8.165 port 52318 [preauth]
Apr  5 08:05:10 cls sshd[1398726]: pam_unix(sshd:auth): check pass; user unknown
Apr  5 08:05:10 cls sshd[1398726]: pam_unix(sshd:auth): authentication failure; logname= uid=0 euid=0 tty=ssh ruser= rhost=206.123.145.55 
Apr  5 08:05:10 cls sshd[1398715]: Connection closed by invalid user dragonlab 130.12.181.103 port 19046 [preauth]
Apr  5 08:05:11 cls sshd[1398726]: Failed password for invalid user comidinhasdafer from 206.123.145.55 port 25214 ssh2
Apr  5 08:05:15 cls sshd[1398726]: Connection closed by invalid user comidinhasdafer 206.123.145.55 port 25214 [preauth]
Apr  5 08:05:51 cls sshd[1398767]: Invalid user hamed from 119.209.12.20 port 54294
Apr  5 08:05:51 cls sshd[1398767]: pam_unix(sshd:auth): check pass; user unknown
Apr  5 08:05:51 cls sshd[1398767]: pam_unix(sshd:auth): authentication failure; logname= uid=0 euid=0 tty=ssh ruser= rhost=119.209.12.20 
Apr  5 08:05:54 cls sshd[1398767]: Failed password for invalid user hamed from 119.209.12.20 port 54294 ssh2
Apr  5 08:05:55 cls sshd[1398767]: Received disconnect from 119.209.12.20 port 54294:11: Bye Bye [preauth]
Apr  5 08:05:55 cls sshd[1398767]: Disconnected from invalid user hamed 119.209.12.20 port 54294 [preauth]
Apr  5 08:05:58 cls sshd[1398749]: Invalid user jzqin from 130.12.181.108 port 44214
Apr  5 08:06:01 cls sshd[1398749]: pam_unix(sshd:auth): check pass; user unknown
Apr  5 08:06:01 cls sshd[1398749]: pam_unix(sshd:auth): authentication failure; logname= uid=0 euid=0 tty=ssh ruser= rhost=130.12.181.108 
Apr  5 08:06:03 cls sshd[1398749]: Failed password for invalid user jzqin from 130.12.181.108 port 44214 ssh2
Apr  5 08:06:06 cls sshd[1398749]: Connection closed by invalid user jzqin 130.12.181.108 port 44214 [preauth]
Apr  5 08:06:20 cls sshd[1398775]: Invalid user hyg from 130.12.181.97 port 52004
Apr  5 08:06:22 cls sshd[1398775]: pam_unix(sshd:auth): check pass; user unknown
Apr  5 08:06:22 cls sshd[1398775]: pam_unix(sshd:auth): authentication failure; logname= uid=0 euid=0 tty=ssh ruser= rhost=130.12.181.97 
Apr  5 08:06:24 cls sshd[1398775]: Failed password for invalid user hyg from 130.12.181.97 port 52004 ssh2
Apr  5 08:06:27 cls sshd[1398775]: Connection closed by invalid user hyg 130.12.181.97 port 52004 [preauth]
Apr  5 08:06:29 cls sshd[1398777]: pam_unix(sshd:auth): authentication failure; logname= uid=0 euid=0 tty=ssh ruser= rhost=103.239.252.132  user=root
Apr  5 08:06:31 cls sshd[1398777]: Failed password for root from 103.239.252.132 port 60916 ssh2
Apr  5 08:06:31 cls sshd[1398777]: Received disconnect from 103.239.252.132 port 60916:11: Bye Bye [preauth]
Apr  5 08:06:31 cls sshd[1398777]: Disconnected from authenticating user root 103.239.252.132 port 60916 [preauth]
Apr  5 08:06:51 cls sshd[1398779]: Invalid user nsserver from 206.123.145.50 port 18828
Apr  5 08:06:53 cls sshd[1398779]: pam_unix(sshd:auth): check pass; user unknown
Apr  5 08:06:53 cls sshd[1398779]: pam_unix(sshd:auth): authentication failure; logname= uid=0 euid=0 tty=ssh ruser= rhost=206.123.145.50 
Apr  5 08:06:55 cls sshd[1398779]: Failed password for invalid user nsserver from 206.123.145.50 port 18828 ssh2
Apr  5 08:06:56 cls sshd[1398815]: pam_unix(sshd:auth): authentication failure; logname= uid=0 euid=0 tty=ssh ruser= rhost=130.162.132.75  user=ubuntu
Apr  5 08:06:58 cls sshd[1398815]: Failed password for ubuntu from 130.162.132.75 port 38224 ssh2
Apr  5 08:07:00 cls sshd[1398815]: Received disconnect from 130.162.132.75 port 38224:11: Bye Bye [preauth]
Apr  5 08:07:00 cls sshd[1398815]: Disconnected from authenticating user ubuntu 130.162.132.75 port 38224 [preauth]
Apr  5 08:07:02 cls sshd[1398779]: Connection closed by invalid user nsserver 206.123.145.50 port 18828 [preauth]
Apr  5 08:07:04 cls sshd[1398813]: pam_unix(sshd:auth): authentication failure; logname= uid=0 euid=0 tty=ssh ruser= rhost=206.123.145.20  user=root
Apr  5 08:07:06 cls sshd[1398813]: Failed password for root from 206.123.145.20 port 55586 ssh2
Apr  5 08:07:10 cls sshd[1398813]: Connection closed by authenticating user root 206.123.145.20 port 55586 [preauth]
Apr  5 08:07:18 cls sshd[1398823]: Invalid user wuhan from 206.123.145.49 port 7524
Apr  5 08:07:21 cls sshd[1398823]: pam_unix(sshd:auth): check pass; user unknown
Apr  5 08:07:21 cls sshd[1398823]: pam_unix(sshd:auth): authentication failure; logname= uid=0 euid=0 tty=ssh ruser= rhost=206.123.145.49 
Apr  5 08:07:23 cls sshd[1398823]: Failed password for invalid user wuhan from 206.123.145.49 port 7524 ssh2
Apr  5 08:07:27 cls sshd[1398823]: Connection closed by invalid user wuhan 206.123.145.49 port 7524 [preauth]
Apr  5 08:07:38 cls sshd[1398832]: Invalid user lly from 130.12.181.102 port 28182
Apr  5 08:07:40 cls sshd[1398832]: pam_unix(sshd:auth): check pass; user unknown
Apr  5 08:07:40 cls sshd[1398832]: pam_unix(sshd:auth): authentication failure; logname= uid=0 euid=0 tty=ssh ruser= rhost=130.12.181.102 
Apr  5 08:07:42 cls sshd[1398832]: Failed password for invalid user lly from 130.12.181.102 port 28182 ssh2
Apr  5 08:07:45 cls sshd[1398832]: Connection closed by invalid user lly 130.12.181.102 port 28182 [preauth]
Apr  5 08:07:54 cls sshd[1398836]: Invalid user gaoshuaibo from 206.123.145.46 port 58430
Apr  5 08:07:55 cls sshd[1398836]: pam_unix(sshd:auth): check pass; user unknown
Apr  5 08:07:55 cls sshd[1398836]: pam_unix(sshd:auth): authentication failure; logname= uid=0 euid=0 tty=ssh ruser= rhost=206.123.145.46 
Apr  5 08:07:57 cls sshd[1398836]: Failed password for invalid user gaoshuaibo from 206.123.145.46 port 58430 ssh2
Apr  5 08:07:59 cls sshd[1398836]: Connection closed by invalid user gaoshuaibo 206.123.145.46 port 58430 [preauth]
Apr  5 08:08:03 cls sshd[1398874]: pam_unix(sshd:auth): authentication failure; logname= uid=0 euid=0 tty=ssh ruser= rhost=119.209.12.20  user=root
Apr  5 08:08:05 cls sshd[1398874]: Failed password for root from 119.209.12.20 port 38754 ssh2
Apr  5 08:08:05 cls sshd[1398872]: Invalid user informatica from 206.123.145.48 port 10636
Apr  5 08:08:06 cls sshd[1398874]: Received disconnect from 119.209.12.20 port 38754:11: Bye Bye [preauth]
Apr  5 08:08:06 cls sshd[1398874]: Disconnected from authenticating user root 119.209.12.20 port 38754 [preauth]
Apr  5 08:08:09 cls sshd[1398872]: pam_unix(sshd:auth): check pass; user unknown
Apr  5 08:08:09 cls sshd[1398872]: pam_unix(sshd:auth): authentication failure; logname= uid=0 euid=0 tty=ssh ruser= rhost=206.123.145.48 
Apr  5 08:08:11 cls sshd[1398872]: Failed password for invalid user informatica from 206.123.145.48 port 10636 ssh2
Apr  5 08:08:14 cls sshd[1398872]: Connection closed by invalid user informatica 206.123.145.48 port 10636 [preauth]
Apr  5 08:08:15 cls sshd[1398878]: pam_unix(sshd:auth): authentication failure; logname= uid=0 euid=0 tty=ssh ruser= rhost=95.215.8.165  user=ubuntu
Apr  5 08:08:17 cls sshd[1398876]: Invalid user lhk from 206.123.145.53 port 37600
Apr  5 08:08:17 cls sshd[1398878]: Failed password for ubuntu from 95.215.8.165 port 34034 ssh2
Apr  5 08:08:19 cls sshd[1398878]: Received disconnect from 95.215.8.165 port 34034:11: Bye Bye [preauth]
Apr  5 08:08:19 cls sshd[1398878]: Disconnected from authenticating user ubuntu 95.215.8.165 port 34034 [preauth]
Apr  5 08:08:20 cls sshd[1398876]: pam_unix(sshd:auth): check pass; user unknown
Apr  5 08:08:20 cls sshd[1398876]: pam_unix(sshd:auth): authentication failure; logname= uid=0 euid=0 tty=ssh ruser= rhost=206.123.145.53 
Apr  5 08:08:23 cls sshd[1398876]: Failed password for invalid user lhk from 206.123.145.53 port 37600 ssh2
Apr  5 08:08:26 cls sshd[1398876]: Connection closed by invalid user lhk 206.123.145.53 port 37600 [preauth]
Apr  5 08:08:32 cls sshd[1398880]: Invalid user role from 206.123.145.79 port 14518
Apr  5 08:08:33 cls sshd[1398882]: Invalid user oracle from 206.123.145.72 port 36396
Apr  5 08:08:34 cls sshd[1398880]: pam_unix(sshd:auth): check pass; user unknown
Apr  5 08:08:34 cls sshd[1398880]: pam_unix(sshd:auth): authentication failure; logname= uid=0 euid=0 tty=ssh ruser= rhost=206.123.145.79 
Apr  5 08:08:35 cls sshd[1398880]: Failed password for invalid user role from 206.123.145.79 port 14518 ssh2
Apr  5 08:08:37 cls sshd[1398882]: pam_unix(sshd:auth): check pass; user unknown
Apr  5 08:08:37 cls sshd[1398882]: pam_unix(sshd:auth): authentication failure; logname= uid=0 euid=0 tty=ssh ruser= rhost=206.123.145.72 
Apr  5 08:08:38 cls sshd[1398880]: Connection closed by invalid user role 206.123.145.79 port 14518 [preauth]
Apr  5 08:08:38 cls sshd[1398884]: Invalid user vislab from 206.123.145.52 port 26106
Apr  5 08:08:39 cls sshd[1398882]: Failed password for invalid user oracle from 206.123.145.72 port 36396 ssh2
Apr  5 08:08:41 cls sshd[1398884]: pam_unix(sshd:auth): check pass; user unknown
Apr  5 08:08:41 cls sshd[1398884]: pam_unix(sshd:auth): authentication failure; logname= uid=0 euid=0 tty=ssh ruser= rhost=206.123.145.52 
Apr  5 08:08:41 cls sshd[1398882]: Connection closed by invalid user oracle 206.123.145.72 port 36396 [preauth]
Apr  5 08:08:42 cls sshd[1398886]: Invalid user user from 206.123.145.70 port 58942
Apr  5 08:08:42 cls sshd[1398884]: Failed password for invalid user vislab from 206.123.145.52 port 26106 ssh2
Apr  5 08:08:44 cls sshd[1398886]: pam_unix(sshd:auth): check pass; user unknown
Apr  5 08:08:44 cls sshd[1398886]: pam_unix(sshd:auth): authentication failure; logname= uid=0 euid=0 tty=ssh ruser= rhost=206.123.145.70 
Apr  5 08:08:46 cls sshd[1398886]: Failed password for invalid user user from 206.123.145.70 port 58942 ssh2
Apr  5 08:08:46 cls sshd[1398884]: Connection closed by invalid user vislab 206.123.145.52 port 26106 [preauth]
Apr  5 08:08:50 cls sshd[1398886]: Connection closed by invalid user user 206.123.145.70 port 58942 [preauth]
Apr  5 08:08:51 cls sshd[1398905]: Invalid user liyang from 103.239.252.132 port 53088
Apr  5 08:08:51 cls sshd[1398905]: pam_unix(sshd:auth): check pass; user unknown
Apr  5 08:08:51 cls sshd[1398905]: pam_unix(sshd:auth): authentication failure; logname= uid=0 euid=0 tty=ssh ruser= rhost=103.239.252.132 
Apr  5 08:08:54 cls sshd[1398905]: Failed password for invalid user liyang from 103.239.252.132 port 53088 ssh2
Apr  5 08:08:56 cls sshd[1398905]: Received disconnect from 103.239.252.132 port 53088:11: Bye Bye [preauth]
Apr  5 08:08:56 cls sshd[1398905]: Disconnected from invalid user liyang 103.239.252.132 port 53088 [preauth]
Apr  5 08:09:01 cls CRON[1399322]: pam_unix(cron:session): session opened for user root by (uid=0)
Apr  5 08:09:01 cls CRON[1399322]: pam_unix(cron:session): session closed for user root
Apr  5 08:09:19 cls sshd[1399324]: Invalid user jy from 130.12.181.99 port 29954
Apr  5 08:09:22 cls sshd[1399324]: pam_unix(sshd:auth): check pass; user unknown
Apr  5 08:09:22 cls sshd[1399324]: pam_unix(sshd:auth): authentication failure; logname= uid=0 euid=0 tty=ssh ruser= rhost=130.12.181.99 
Apr  5 08:09:24 cls sshd[1399324]: Failed password for invalid user jy from 130.12.181.99 port 29954 ssh2
Apr  5 08:09:28 cls sshd[1399324]: Connection closed by invalid user jy 130.12.181.99 port 29954 [preauth]
Apr  5 08:09:36 cls sshd[1399326]: Invalid user gscaep from 206.123.145.73 port 10398
Apr  5 08:09:41 cls sshd[1399326]: pam_unix(sshd:auth): check pass; user unknown
Apr  5 08:09:41 cls sshd[1399326]: pam_unix(sshd:auth): authentication failure; logname= uid=0 euid=0 tty=ssh ruser= rhost=206.123.145.73 
Apr  5 08:09:43 cls sshd[1399326]: Failed password for invalid user gscaep from 206.123.145.73 port 10398 ssh2
Apr  5 08:09:46 cls sshd[1399326]: Connection closed by invalid user gscaep 206.123.145.73 port 10398 [preauth]
Apr  5 08:09:47 cls sshd[1399328]: Invalid user steam from 206.123.145.69 port 51244
Apr  5 08:09:48 cls sshd[1399329]: Invalid user hankun from 130.12.181.104 port 59554
Apr  5 08:09:49 cls sshd[1399328]: pam_unix(sshd:auth): check pass; user unknown
Apr  5 08:09:49 cls sshd[1399328]: pam_unix(sshd:auth): authentication failure; logname= uid=0 euid=0 tty=ssh ruser= rhost=206.123.145.69 
Apr  5 08:09:50 cls sshd[1399329]: pam_unix(sshd:auth): check pass; user unknown
Apr  5 08:09:50 cls sshd[1399329]: pam_unix(sshd:auth): authentication failure; logname= uid=0 euid=0 tty=ssh ruser= rhost=130.12.181.104 
Apr  5 08:09:51 cls sshd[1399328]: Failed password for invalid user steam from 206.123.145.69 port 51244 ssh2
Apr  5 08:09:53 cls sshd[1399329]: Failed password for invalid user hankun from 130.12.181.104 port 59554 ssh2
Apr  5 08:09:54 cls sshd[1399328]: Connection closed by invalid user steam 206.123.145.69 port 51244 [preauth]
Apr  5 08:09:56 cls sshd[1399329]: Connection closed by invalid user hankun 130.12.181.104 port 59554 [preauth]
Apr  5 08:10:02 cls sshd[1399342]: Invalid user rkh from 130.12.181.98 port 20064
