Apr  5 08:30:54 cls sshd[1400510]: Invalid user ftpuser from 206.123.145.51 port 2658
Apr  5 08:30:55 cls sshd[1400510]: pam_unix(sshd:auth): check pass; user unknown
Apr  5 08:30:55 cls sshd[1400510]: pam_unix(sshd:auth): authentication failure; logname= uid=0 euid=0 tty=ssh ruser= rhost=206.123.145.51 
Apr  5 08:30:57 cls sshd[1400510]: Failed password for invalid user ftpuser from 206.123.145.51 port 2658 ssh2
Apr  5 08:30:58 cls sshd[1400514]: Invalid user yhlu from 130.12.181.100 port 16470
Apr  5 08:30:58 cls sshd[1400510]: Connection closed by invalid user ftpuser 206.123.145.51 port 2658 [preauth]
Apr  5 08:31:01 cls sshd[1400514]: pam_unix(sshd:auth): check pass; user unknown
Apr  5 08:31:01 cls sshd[1400514]: pam_unix(sshd:auth): authentication failure; logname= uid=0 euid=0 tty=ssh ruser= rhost=130.12.181.100 
Apr  5 08:31:03 cls sshd[1400514]: Failed password for invalid user yhlu from 130.12.181.100 port 16470 ssh2
Apr  5 08:31:06 cls sshd[1400514]: Connection closed by invalid user yhlu 130.12.181.100 port 16470 [preauth]
Apr  5 08:31:07 cls sshd[1400586]: Invalid user changs from 130.12.181.98 port 2680
Apr  5 08:31:08 cls sshd[1400635]: Invalid user icp from 95.215.8.165 port 46364
Apr  5 08:31:08 cls sshd[1400635]: pam_unix(sshd:auth): check pass; user unknown
Apr  5 08:31:08 cls sshd[1400635]: pam_unix(sshd:auth): authentication failure; logname= uid=0 euid=0 tty=ssh ruser= rhost=95.215.8.165 
Apr  5 08:31:09 cls sshd[1400586]: pam_unix(sshd:auth): check pass; user unknown
Apr  5 08:31:09 cls sshd[1400586]: pam_unix(sshd:auth): authentication failure; logname= uid=0 euid=0 tty=ssh ruser= rhost=130.12.181.98 
Apr  5 08:31:10 cls sshd[1400635]: Failed password for invalid user icp from 95.215.8.165 port 46364 ssh2
Apr  5 08:31:11 cls sshd[1400586]: Failed password for invalid user changs from 130.12.181.98 port 2680 ssh2
Apr  5 08:31:11 cls sshd[1400635]: Received disconnect from 95.215.8.165 port 46364:11: Bye Bye [preauth]
Apr  5 08:31:11 cls sshd[1400635]: Disconnected from invalid user icp 95.215.8.165 port 46364 [preauth]
Apr  5 08:31:14 cls sshd[1400586]: Connection closed by invalid user changs 130.12.181.98 port 2680 [preauth]
Apr  5 08:31:16 cls sshd[1400667]: Invalid user drodrigu2 from 206.123.145.77 port 39364
Apr  5 08:31:18 cls sshd[1400667]: pam_unix(sshd:auth): check pass; user unknown
Apr  5 08:31:18 cls sshd[1400667]: pam_unix(sshd:auth): authentication failure; logname= uid=0 euid=0 tty=ssh ruser= rhost=206.123.145.77 
Apr  5 08:31:19 cls sshd[1400667]: Failed password for invalid user drodrigu2 from 206.123.145.77 port 39364 ssh2
Apr  5 08:31:21 cls sshd[1400667]: Connection closed by invalid user drodrigu2 206.123.145.77 port 39364 [preauth]
Apr  5 08:31:24 cls sshd[1400731]: Invalid user xieqiaojing from 206.123.145.75 port 51456
Apr  5 08:31:26 cls sshd[1400731]: pam_unix(sshd:auth): check pass; user unknown
Apr  5 08:31:26 cls sshd[1400731]: pam_unix(sshd:auth): authentication failure; logname= uid=0 euid=0 tty=ssh ruser= rhost=206.123.145.75 
Apr  5 08:31:28 cls sshd[1400731]: Failed password for invalid user xieqiaojing from 206.123.145.75 port 51456 ssh2
Apr  5 08:31:32 cls sshd[1400731]: Connection closed by invalid user xieqiaojing 206.123.145.75 port 51456 [preauth]
Apr  5 08:31:36 cls sshd[1400786]: pam_unix(sshd:auth): authentication failure; logname= uid=0 euid=0 tty=ssh ruser= rhost=206.123.145.56  user=root
Apr  5 08:31:37 cls sshd[1400786]: Failed password for root from 206.123.145.56 port 11866 ssh2
Apr  5 08:31:41 cls sshd[1400786]: Connection closed by authenticating user root 206.123.145.56 port 11866 [preauth]
Apr  5 08:31:46 cls sshd[1400879]: Invalid user git from 130.12.181.107 port 31722
Apr  5 08:31:49 cls sshd[1400879]: pam_unix(sshd:auth): check pass; user unknown
Apr  5 08:31:49 cls sshd[1400879]: pam_unix(sshd:auth): authentication failure; logname= uid=0 euid=0 tty=ssh ruser= rhost=130.12.181.107 
Apr  5 08:31:51 cls sshd[1400879]: Failed password for invalid user git from 130.12.181.107 port 31722 ssh2
Apr  5 08:31:54 cls sshd[1400879]: Connection closed by invalid user git 130.12.181.107 port 31722 [preauth]
Apr  5 08:32:45 cls sshd[1401250]: pam_unix(sshd:auth): authentication failure; logname= uid=0 euid=0 tty=ssh ruser= rhost=130.12.181.103  user=root
Apr  5 08:32:47 cls sshd[1401250]: Failed password for root from 130.12.181.103 port 37068 ssh2
Apr  5 08:32:49 cls sshd[1401250]: Connection closed by authenticating user root 130.12.181.103 port 37068 [preauth]
Apr  5 08:33:01 cls sshd[1401555]: pam_unix(sshd:auth): authentication failure; logname= uid=0 euid=0 tty=ssh ruser= rhost=130.162.132.75  user=root
Apr  5 08:33:02 cls sshd[1401555]: Failed password for root from 130.162.132.75 port 60516 ssh2
Apr  5 08:33:03 cls sshd[1401555]: Received disconnect from 130.162.132.75 port 60516:11: Bye Bye [preauth]
Apr  5 08:33:03 cls sshd[1401555]: Disconnected from authenticating user root 130.162.132.75 port 60516 [preauth]
Apr  5 08:33:37 cls sshd[1401761]: Invalid user tianqi from 130.12.181.108 port 19386
Apr  5 08:33:39 cls sshd[1401761]: pam_unix(sshd:auth): check pass; user unknown
Apr  5 08:33:39 cls sshd[1401761]: pam_unix(sshd:auth): authentication failure; logname= uid=0 euid=0 tty=ssh ruser= rhost=130.12.181.108 
Apr  5 08:33:40 cls sshd[1401786]: Invalid user pp from 130.12.181.97 port 12876
Apr  5 08:33:41 cls sshd[1401761]: Failed password for invalid user tianqi from 130.12.181.108 port 19386 ssh2
Apr  5 08:33:42 cls sshd[1401786]: pam_unix(sshd:auth): check pass; user unknown
Apr  5 08:33:42 cls sshd[1401786]: pam_unix(sshd:auth): authentication failure; logname= uid=0 euid=0 tty=ssh ruser= rhost=130.12.181.97 
Apr  5 08:33:43 cls sshd[1401786]: Failed password for invalid user pp from 130.12.181.97 port 12876 ssh2
Apr  5 08:33:45 cls sshd[1401761]: Connection closed by invalid user tianqi 130.12.181.108 port 19386 [preauth]
Apr  5 08:33:46 cls sshd[1401786]: Connection closed by invalid user pp 130.12.181.97 port 12876 [preauth]
Apr  5 08:33:50 cls sshd[1401860]: Invalid user svu from 206.123.145.71 port 56240
Apr  5 08:33:53 cls sshd[1401860]: pam_unix(sshd:auth): check pass; user unknown
Apr  5 08:33:53 cls sshd[1401860]: pam_unix(sshd:auth): authentication failure; logname= uid=0 euid=0 tty=ssh ruser= rhost=206.123.145.71 
Apr  5 08:33:56 cls sshd[1401860]: Failed password for invalid user svu from 206.123.145.71 port 56240 ssh2
Apr  5 08:34:00 cls sshd[1401860]: Connection closed by invalid user svu 206.123.145.71 port 56240 [preauth]
Apr  5 08:34:35 cls sshd[1402196]: Invalid user xuan from 206.123.145.55 port 15830
Apr  5 08:34:37 cls sshd[1402196]: pam_unix(sshd:auth): check pass; user unknown
Apr  5 08:34:37 cls sshd[1402196]: pam_unix(sshd:auth): authentication failure; logname= uid=0 euid=0 tty=ssh ruser= rhost=206.123.145.55 
Apr  5 08:34:39 cls sshd[1402196]: Failed password for invalid user xuan from 206.123.145.55 port 15830 ssh2
Apr  5 08:34:40 cls sshd[1402254]: Invalid user liew from 206.123.145.74 port 21048
Apr  5 08:34:42 cls sshd[1402254]: pam_unix(sshd:auth): check pass; user unknown
Apr  5 08:34:42 cls sshd[1402254]: pam_unix(sshd:auth): authentication failure; logname= uid=0 euid=0 tty=ssh ruser= rhost=206.123.145.74 
Apr  5 08:34:43 cls sshd[1402196]: Connection closed by invalid user xuan 206.123.145.55 port 15830 [preauth]
Apr  5 08:34:44 cls sshd[1402254]: Failed password for invalid user liew from 206.123.145.74 port 21048 ssh2
Apr  5 08:34:47 cls sshd[1402254]: Connection closed by invalid user liew 206.123.145.74 port 21048 [preauth]
Apr  5 08:35:18 cls sshd[1402540]: Invalid user neil from 130.12.181.102 port 45052
Apr  5 08:35:20 cls sshd[1402540]: pam_unix(sshd:auth): check pass; user unknown
Apr  5 08:35:20 cls sshd[1402540]: pam_unix(sshd:auth): authentication failure; logname= uid=0 euid=0 tty=ssh ruser= rhost=130.12.181.102 
Apr  5 08:35:22 cls sshd[1402540]: Failed password for invalid user neil from 130.12.181.102 port 45052 ssh2
Apr  5 08:35:26 cls sshd[1402540]: Connection closed by invalid user neil 130.12.181.102 port 45052 [preauth]
Apr  5 08:35:29 cls sshd[1402637]: Invalid user yangyy from 206.123.145.50 port 62200
Apr  5 08:35:30 cls sshd[1402614]: Invalid user hushijia from 206.123.145.20 port 36358
Apr  5 08:35:32 cls sshd[1402637]: pam_unix(sshd:auth): check pass; user unknown
Apr  5 08:35:32 cls sshd[1402637]: pam_unix(sshd:auth): authentication failure; logname= uid=0 euid=0 tty=ssh ruser= rhost=206.123.145.50 
Apr  5 08:35:33 cls sshd[1402614]: pam_unix(sshd:auth): check pass; user unknown
Apr  5 08:35:33 cls sshd[1402614]: pam_unix(sshd:auth): authentication failure; logname= uid=0 euid=0 tty=ssh ruser= rhost=206.123.145.20 
Apr  5 08:35:34 cls sshd[1402637]: Failed password for invalid user yangyy from 206.123.145.50 port 62200 ssh2
Apr  5 08:35:35 cls sshd[1402614]: Failed password for invalid user hushijia from 206.123.145.20 port 36358 ssh2
Apr  5 08:35:36 cls sshd[1402614]: Connection closed by invalid user hushijia 206.123.145.20 port 36358 [preauth]
Apr  5 08:35:37 cls sshd[1402637]: Connection closed by invalid user yangyy 206.123.145.50 port 62200 [preauth]
Apr  5 08:35:42 cls sshd[1402798]: pam_unix(sshd:auth): authentication failure; logname= uid=0 euid=0 tty=ssh ruser= rhost=78.134.49.171  user=root
Apr  5 08:35:45 cls sshd[1402798]: Failed password for root from 78.134.49.171 port 60727 ssh2
Apr  5 08:35:48 cls sshd[1402798]: Received disconnect from 78.134.49.171 port 60727:11: Bye Bye [preauth]
Apr  5 08:35:48 cls sshd[1402798]: Disconnected from authenticating user root 78.134.49.171 port 60727 [preauth]
Apr  5 08:35:59 cls sshd[1402825]: Invalid user es from 206.123.145.49 port 52698
Apr  5 08:36:01 cls sshd[1402825]: pam_unix(sshd:auth): check pass; user unknown
Apr  5 08:36:01 cls sshd[1402825]: pam_unix(sshd:auth): authentication failure; logname= uid=0 euid=0 tty=ssh ruser= rhost=206.123.145.49 
Apr  5 08:36:03 cls sshd[1402887]: Invalid user bijoy from 206.123.145.46 port 28074
Apr  5 08:36:03 cls sshd[1402825]: Failed password for invalid user es from 206.123.145.49 port 52698 ssh2
Apr  5 08:36:04 cls sshd[1402887]: pam_unix(sshd:auth): check pass; user unknown
Apr  5 08:36:04 cls sshd[1402887]: pam_unix(sshd:auth): authentication failure; logname= uid=0 euid=0 tty=ssh ruser= rhost=206.123.145.46 
Apr  5 08:36:06 cls sshd[1402825]: Connection closed by invalid user es 206.123.145.49 port 52698 [preauth]
Apr  5 08:36:07 cls sshd[1402887]: Failed password for invalid user bijoy from 206.123.145.46 port 28074 ssh2
Apr  5 08:36:12 cls sshd[1402887]: Connection closed by invalid user bijoy 206.123.145.46 port 28074 [preauth]
Apr  5 08:36:20 cls sshd[1403008]: Invalid user licm from 130.12.181.99 port 4364
Apr  5 08:36:22 cls sshd[1403008]: pam_unix(sshd:auth): check pass; user unknown
Apr  5 08:36:22 cls sshd[1403008]: pam_unix(sshd:auth): authentication failure; logname= uid=0 euid=0 tty=ssh ruser= rhost=130.12.181.99 
Apr  5 08:36:24 cls sshd[1403008]: Failed password for invalid user licm from 130.12.181.99 port 4364 ssh2
Apr  5 08:36:25 cls sshd[1403027]: pam_unix(sshd:auth): authentication failure; logname= uid=0 euid=0 tty=ssh ruser= rhost=206.123.145.48  user=root
Apr  5 08:36:26 cls sshd[1403027]: Failed password for root from 206.123.145.48 port 42284 ssh2
Apr  5 08:36:27 cls sshd[1403008]: Connection closed by invalid user licm 130.12.181.99 port 4364 [preauth]
Apr  5 08:36:31 cls sshd[1403027]: Connection closed by authenticating user root 206.123.145.48 port 42284 [preauth]
Apr  5 08:37:18 cls sshd[1403452]: Invalid user yangshaojie from 206.123.145.52 port 17262
Apr  5 08:37:18 cls sshd[1403451]: Invalid user linhl from 130.12.181.104 port 35042
Apr  5 08:37:19 cls sshd[1403452]: pam_unix(sshd:auth): check pass; user unknown
Apr  5 08:37:19 cls sshd[1403452]: pam_unix(sshd:auth): authentication failure; logname= uid=0 euid=0 tty=ssh ruser= rhost=206.123.145.52 
Apr  5 08:37:20 cls sshd[1403452]: Failed password for invalid user yangshaojie from 206.123.145.52 port 17262 ssh2
Apr  5 08:37:20 cls sshd[1403451]: pam_unix(sshd:auth): check pass; user unknown
Apr  5 08:37:20 cls sshd[1403451]: pam_unix(sshd:auth): authentication failure; logname= uid=0 euid=0 tty=ssh ruser= rhost=130.12.181.104 
Apr  5 08:37:22 cls sshd[1403451]: Failed password for invalid user linhl from 130.12.181.104 port 35042 ssh2
Apr  5 08:37:23 cls sshd[1403452]: Connection closed by invalid user yangshaojie 206.123.145.52 port 17262 [preauth]
Apr  5 08:37:25 cls sshd[1403521]: Invalid user gr from 206.123.145.53 port 33528
Apr  5 08:37:26 cls sshd[1403451]: Connection closed by invalid user linhl 130.12.181.104 port 35042 [preauth]
Apr  5 08:37:27 cls sshd[1403521]: pam_unix(sshd:auth): check pass; user unknown
Apr  5 08:37:27 cls sshd[1403521]: pam_unix(sshd:auth): authentication failure; logname= uid=0 euid=0 tty=ssh ruser= rhost=206.123.145.53 
Apr  5 08:37:29 cls sshd[1403521]: Failed password for invalid user gr from 206.123.145.53 port 33528 ssh2
Apr  5 08:37:31 cls sshd[1403576]: Invalid user dserver from 206.123.145.79 port 32984
Apr  5 08:37:32 cls sshd[1403576]: pam_unix(sshd:auth): check pass; user unknown
Apr  5 08:37:32 cls sshd[1403576]: pam_unix(sshd:auth): authentication failure; logname= uid=0 euid=0 tty=ssh ruser= rhost=206.123.145.79 
Apr  5 08:37:33 cls sshd[1403521]: Connection closed by invalid user gr 206.123.145.53 port 33528 [preauth]
Apr  5 08:37:34 cls sshd[1403576]: Failed password for invalid user dserver from 206.123.145.79 port 32984 ssh2
Apr  5 08:37:38 cls sshd[1403576]: Connection closed by invalid user dserver 206.123.145.79 port 32984 [preauth]
Apr  5 08:37:42 cls sshd[1403608]: Invalid user ustcltf from 130.12.181.101 port 41476
Apr  5 08:37:44 cls sshd[1403608]: pam_unix(sshd:auth): check pass; user unknown
Apr  5 08:37:44 cls sshd[1403608]: pam_unix(sshd:auth): authentication failure; logname= uid=0 euid=0 tty=ssh ruser= rhost=130.12.181.101 
Apr  5 08:37:46 cls sshd[1403608]: Failed password for invalid user ustcltf from 130.12.181.101 port 41476 ssh2
Apr  5 08:37:50 cls sshd[1403608]: Connection closed by invalid user ustcltf 130.12.181.101 port 41476 [preauth]
Apr  5 08:38:03 cls sshd[1403858]: Invalid user panda from 130.12.181.106 port 62250
Apr  5 08:38:05 cls sshd[1403860]: Invalid user jboss from 130.12.181.98 port 12884
Apr  5 08:38:05 cls sshd[1403858]: pam_unix(sshd:auth): check pass; user unknown
Apr  5 08:38:05 cls sshd[1403858]: pam_unix(sshd:auth): authentication failure; logname= uid=0 euid=0 tty=ssh ruser= rhost=130.12.181.106 
Apr  5 08:38:07 cls sshd[1403860]: pam_unix(sshd:auth): check pass; user unknown
Apr  5 08:38:07 cls sshd[1403860]: pam_unix(sshd:auth): authentication failure; logname= uid=0 euid=0 tty=ssh ruser= rhost=130.12.181.98 
Apr  5 08:38:08 cls sshd[1403858]: Failed password for invalid user panda from 130.12.181.106 port 62250 ssh2
Apr  5 08:38:08 cls sshd[1403860]: Failed password for invalid user jboss from 130.12.181.98 port 12884 ssh2
Apr  5 08:38:10 cls sshd[1403860]: Connection closed by invalid user jboss 130.12.181.98 port 12884 [preauth]
Apr  5 08:38:12 cls sshd[1403858]: Connection closed by invalid user panda 130.12.181.106 port 62250 [preauth]
Apr  5 08:38:35 cls sshd[1403862]: Invalid user iueenvdisplay from 206.123.145.72 port 26638
Apr  5 08:38:35 cls sshd[1403862]: pam_unix(sshd:auth): check pass; user unknown
Apr  5 08:38:35 cls sshd[1403862]: pam_unix(sshd:auth): authentication failure; logname= uid=0 euid=0 tty=ssh ruser= rhost=206.123.145.72 
Apr  5 08:38:37 cls sshd[1403864]: Invalid user kibana from 206.123.145.70 port 47548
Apr  5 08:38:38 cls sshd[1403862]: Failed password for invalid user iueenvdisplay from 206.123.145.72 port 26638 ssh2
Apr  5 08:38:39 cls sshd[1403864]: pam_unix(sshd:auth): check pass; user unknown
Apr  5 08:38:39 cls sshd[1403864]: pam_unix(sshd:auth): authentication failure; logname= uid=0 euid=0 tty=ssh ruser= rhost=206.123.145.70 
Apr  5 08:38:41 cls sshd[1403864]: Failed password for invalid user kibana from 206.123.145.70 port 47548 ssh2
Apr  5 08:38:42 cls sshd[1403866]: Invalid user wahid from 212.154.234.9 port 41930
Apr  5 08:38:42 cls sshd[1403866]: pam_unix(sshd:auth): check pass; user unknown
Apr  5 08:38:42 cls sshd[1403866]: pam_unix(sshd:auth): authentication failure; logname= uid=0 euid=0 tty=ssh ruser= rhost=212.154.234.9 
Apr  5 08:38:42 cls sshd[1403862]: Connection closed by invalid user iueenvdisplay 206.123.145.72 port 26638 [preauth]
Apr  5 08:38:44 cls sshd[1403866]: Failed password for invalid user wahid from 212.154.234.9 port 41930 ssh2
Apr  5 08:38:44 cls sshd[1403864]: Connection closed by invalid user kibana 206.123.145.70 port 47548 [preauth]
Apr  5 08:38:45 cls sshd[1403866]: Received disconnect from 212.154.234.9 port 41930:11: Bye Bye [preauth]
Apr  5 08:38:45 cls sshd[1403866]: Disconnected from invalid user wahid 212.154.234.9 port 41930 [preauth]
Apr  5 08:38:54 cls sshd[1403869]: Invalid user xyn from 206.123.145.69 port 7528
Apr  5 08:38:55 cls sshd[1403870]: Invalid user ut from 206.123.145.78 port 14080
Apr  5 08:38:56 cls sshd[1403868]: Invalid user jenkins from 130.12.181.105 port 38368
Apr  5 08:38:57 cls sshd[1403869]: pam_unix(sshd:auth): check pass; user unknown
Apr  5 08:38:57 cls sshd[1403869]: pam_unix(sshd:auth): authentication failure; logname= uid=0 euid=0 tty=ssh ruser= rhost=206.123.145.69 
Apr  5 08:38:58 cls sshd[1403870]: pam_unix(sshd:auth): check pass; user unknown
Apr  5 08:38:58 cls sshd[1403870]: pam_unix(sshd:auth): authentication failure; logname= uid=0 euid=0 tty=ssh ruser= rhost=206.123.145.78 
Apr  5 08:38:58 cls sshd[1403868]: pam_unix(sshd:auth): check pass; user unknown
Apr  5 08:38:58 cls sshd[1403868]: pam_unix(sshd:auth): authentication failure; logname= uid=0 euid=0 tty=ssh ruser= rhost=130.12.181.105 
Apr  5 08:38:59 cls sshd[1403869]: Failed password for invalid user xyn from 206.123.145.69 port 7528 ssh2
Apr  5 08:39:00 cls sshd[1403870]: Failed password for invalid user ut from 206.123.145.78 port 14080 ssh2
Apr  5 08:39:00 cls sshd[1403868]: Failed password for invalid user jenkins from 130.12.181.105 port 38368 ssh2
Apr  5 08:39:01 cls CRON[1403878]: pam_unix(cron:session): session opened for user root by (uid=0)
Apr  5 08:39:01 cls CRON[1403878]: pam_unix(cron:session): session closed for user root
Apr  5 08:39:02 cls sshd[1403870]: Connection closed by invalid user ut 206.123.145.78 port 14080 [preauth]
Apr  5 08:39:03 cls sshd[1403869]: Connection closed by invalid user xyn 206.123.145.69 port 7528 [preauth]
Apr  5 08:39:05 cls sshd[1403868]: Connection closed by invalid user jenkins 130.12.181.105 port 38368 [preauth]
Apr  5 08:39:05 cls sshd[1403874]: Invalid user dell from 206.123.145.73 port 22936
Apr  5 08:39:07 cls sshd[1403874]: pam_unix(sshd:auth): check pass; user unknown
Apr  5 08:39:07 cls sshd[1403874]: pam_unix(sshd:auth): authentication failure; logname= uid=0 euid=0 tty=ssh ruser= rhost=206.123.145.73 
Apr  5 08:39:08 cls sshd[1403875]: Invalid user mlzhang from 130.12.181.109 port 14002
Apr  5 08:39:09 cls sshd[1403874]: Failed password for invalid user dell from 206.123.145.73 port 22936 ssh2
Apr  5 08:39:10 cls sshd[1403875]: pam_unix(sshd:auth): check pass; user unknown
Apr  5 08:39:10 cls sshd[1403875]: pam_unix(sshd:auth): authentication failure; logname= uid=0 euid=0 tty=ssh ruser= rhost=130.12.181.109 
Apr  5 08:39:11 cls sshd[1403874]: Connection closed by invalid user dell 206.123.145.73 port 22936 [preauth]
Apr  5 08:39:11 cls sshd[1404271]: Invalid user xhy2 from 206.123.145.76 port 22444
Apr  5 08:39:12 cls sshd[1403875]: Failed password for invalid user mlzhang from 130.12.181.109 port 14002 ssh2
Apr  5 08:39:13 cls sshd[1404271]: pam_unix(sshd:auth): check pass; user unknown
Apr  5 08:39:13 cls sshd[1404271]: pam_unix(sshd:auth): authentication failure; logname= uid=0 euid=0 tty=ssh ruser= rhost=206.123.145.76 
Apr  5 08:39:15 cls sshd[1404271]: Failed password for invalid user xhy2 from 206.123.145.76 port 22444 ssh2
Apr  5 08:39:16 cls sshd[1403875]: Connection closed by invalid user mlzhang 130.12.181.109 port 14002 [preauth]
Apr  5 08:39:21 cls sshd[1404271]: Connection closed by invalid user xhy2 206.123.145.76 port 22444 [preauth]
Apr  5 08:39:35 cls sshd[1404273]: Invalid user lianchen from 206.123.145.57 port 30350
Apr  5 08:39:36 cls sshd[1404273]: pam_unix(sshd:auth): check pass; user unknown
Apr  5 08:39:36 cls sshd[1404273]: pam_unix(sshd:auth): authentication failure; logname= uid=0 euid=0 tty=ssh ruser= rhost=206.123.145.57 
Apr  5 08:39:38 cls sshd[1404273]: Failed password for invalid user lianchen from 206.123.145.57 port 30350 ssh2
Apr  5 08:39:42 cls sshd[1404273]: Connection closed by invalid user lianchen 206.123.145.57 port 30350 [preauth]
Apr  5 08:39:59 cls sshd[1404275]: Invalid user centos from 206.123.145.54 port 33046
Apr  5 08:40:02 cls sshd[1404275]: pam_unix(sshd:auth): check pass; user unknown
Apr  5 08:40:02 cls sshd[1404275]: pam_unix(sshd:auth): authentication failure; logname= uid=0 euid=0 tty=ssh ruser= rhost=206.123.145.54 
Apr  5 08:40:03 cls sshd[1404275]: Failed password for invalid user centos from 206.123.145.54 port 33046 ssh2
Apr  5 08:40:07 cls sshd[1404275]: Connection closed by invalid user centos 206.123.145.54 port 33046 [preauth]
Apr  5 08:40:15 cls sshd[1404281]: Invalid user tsadmin from 130.12.181.100 port 62178
Apr  5 08:40:19 cls sshd[1404281]: pam_unix(sshd:auth): check pass; user unknown
Apr  5 08:40:19 cls sshd[1404281]: pam_unix(sshd:auth): authentication failure; logname= uid=0 euid=0 tty=ssh ruser= rhost=130.12.181.100 
Apr  5 08:40:21 cls sshd[1404281]: Failed password for invalid user tsadmin from 130.12.181.100 port 62178 ssh2
Apr  5 08:40:21 cls sshd[1404285]: Invalid user steam from 47.92.172.22 port 34394
Apr  5 08:40:21 cls sshd[1404285]: pam_unix(sshd:auth): check pass; user unknown
Apr  5 08:40:21 cls sshd[1404285]: pam_unix(sshd:auth): authentication failure; logname= uid=0 euid=0 tty=ssh ruser= rhost=47.92.172.22 
Apr  5 08:40:23 cls sshd[1404285]: Failed password for invalid user steam from 47.92.172.22 port 34394 ssh2
Apr  5 08:40:24 cls sshd[1404285]: Received disconnect from 47.92.172.22 port 34394:11: Bye Bye [preauth]
Apr  5 08:40:24 cls sshd[1404285]: Disconnected from invalid user steam 47.92.172.22 port 34394 [preauth]
Apr  5 08:40:24 cls sshd[1404281]: Connection closed by invalid user tsadmin 130.12.181.100 port 62178 [preauth]
Apr  5 08:40:27 cls sshd[1404283]: Invalid user shiwei from 206.123.145.51 port 32242
Apr  5 08:40:28 cls sshd[1404283]: pam_unix(sshd:auth): check pass; user unknown
Apr  5 08:40:28 cls sshd[1404283]: pam_unix(sshd:auth): authentication failure; logname= uid=0 euid=0 tty=ssh ruser= rhost=206.123.145.51 
Apr  5 08:40:30 cls sshd[1404283]: Failed password for invalid user shiwei from 206.123.145.51 port 32242 ssh2
Apr  5 08:40:30 cls sshd[1404287]: pam_unix(sshd:auth): authentication failure; logname= uid=0 euid=0 tty=ssh ruser= rhost=130.162.132.75  user=root
Apr  5 08:40:33 cls sshd[1404287]: Failed password for root from 130.162.132.75 port 58030 ssh2
Apr  5 08:40:33 cls sshd[1404287]: Received disconnect from 130.162.132.75 port 58030:11: Bye Bye [preauth]
Apr  5 08:40:33 cls sshd[1404287]: Disconnected from authenticating user root 130.162.132.75 port 58030 [preauth]
Apr  5 08:40:34 cls sshd[1404283]: Connection closed by invalid user shiwei 206.123.145.51 port 32242 [preauth]
Apr  5 08:40:53 cls sshd[1404292]: pam_unix(sshd:auth): authentication failure; logname= uid=0 euid=0 tty=ssh ruser= rhost=95.215.8.165  user=root
Apr  5 08:40:56 cls sshd[1404292]: Failed password for root from 95.215.8.165 port 37030 ssh2
Apr  5 08:40:56 cls sshd[1404292]: Received disconnect from 95.215.8.165 port 37030:11: Bye Bye [preauth]
Apr  5 08:40:56 cls sshd[1404292]: Disconnected from authenticating user root 95.215.8.165 port 37030 [preauth]
Apr  5 08:41:00 cls sshd[1404290]: Invalid user portifolioaigen from 206.123.145.56 port 11982
Apr  5 08:41:00 cls sshd[1404295]: Invalid user demo from 206.123.145.77 port 30336
Apr  5 08:41:02 cls sshd[1404295]: pam_unix(sshd:auth): check pass; user unknown
Apr  5 08:41:02 cls sshd[1404295]: pam_unix(sshd:auth): authentication failure; logname= uid=0 euid=0 tty=ssh ruser= rhost=206.123.145.77 
Apr  5 08:41:02 cls sshd[1404290]: pam_unix(sshd:auth): check pass; user unknown
Apr  5 08:41:02 cls sshd[1404290]: pam_unix(sshd:auth): authentication failure; logname= uid=0 euid=0 tty=ssh ruser= rhost=206.123.145.56 
Apr  5 08:41:03 cls sshd[1404294]: Invalid user xch from 130.12.181.107 port 17960
Apr  5 08:41:04 cls sshd[1404295]: Failed password for invalid user demo from 206.123.145.77 port 30336 ssh2
Apr  5 08:41:04 cls sshd[1404290]: Failed password for invalid user portifolioaigen from 206.123.145.56 port 11982 ssh2
Apr  5 08:41:05 cls sshd[1404294]: pam_unix(sshd:auth): check pass; user unknown
Apr  5 08:41:05 cls sshd[1404294]: pam_unix(sshd:auth): authentication failure; logname= uid=0 euid=0 tty=ssh ruser= rhost=130.12.181.107 
Apr  5 08:41:07 cls sshd[1404295]: Connection closed by invalid user demo 206.123.145.77 port 30336 [preauth]
Apr  5 08:41:07 cls sshd[1404290]: Connection closed by invalid user portifolioaigen 206.123.145.56 port 11982 [preauth]
Apr  5 08:41:07 cls sshd[1404294]: Failed password for invalid user xch from 130.12.181.107 port 17960 ssh2
Apr  5 08:41:10 cls sshd[1404294]: Connection closed by invalid user xch 130.12.181.107 port 17960 [preauth]
Apr  5 08:41:15 cls sshd[1404298]: pam_unix(sshd:auth): authentication failure; logname= uid=0 euid=0 tty=ssh ruser= rhost=206.123.145.75  user=root
Apr  5 08:41:16 cls sshd[1404298]: Failed password for root from 206.123.145.75 port 17268 ssh2
Apr  5 08:41:20 cls sshd[1404298]: Connection closed by authenticating user root 206.123.145.75 port 17268 [preauth]
Apr  5 08:41:36 cls sshd[1404310]: pam_unix(sshd:auth): authentication failure; logname= uid=0 euid=0 tty=ssh ruser= rhost=78.134.49.171  user=root
Apr  5 08:41:39 cls sshd[1404310]: Failed password for root from 78.134.49.171 port 40859 ssh2
Apr  5 08:41:39 cls sshd[1404310]: Received disconnect from 78.134.49.171 port 40859:11: Bye Bye [preauth]
Apr  5 08:41:39 cls sshd[1404310]: Disconnected from authenticating user root 78.134.49.171 port 40859 [preauth]
Apr  5 08:42:01 cls sshd[1404313]: Invalid user teamspeak from 130.12.181.103 port 8882
Apr  5 08:42:03 cls sshd[1404313]: pam_unix(sshd:auth): check pass; user unknown
Apr  5 08:42:03 cls sshd[1404313]: pam_unix(sshd:auth): authentication failure; logname= uid=0 euid=0 tty=ssh ruser= rhost=130.12.181.103 
Apr  5 08:42:05 cls sshd[1404313]: Failed password for invalid user teamspeak from 130.12.181.103 port 8882 ssh2
Apr  5 08:42:09 cls sshd[1404313]: Connection closed by invalid user teamspeak 130.12.181.103 port 8882 [preauth]
Apr  5 08:42:48 cls sshd[1404323]: Invalid user lvsong from 130.12.181.108 port 2294
Apr  5 08:42:51 cls sshd[1404323]: pam_unix(sshd:auth): check pass; user unknown
Apr  5 08:42:51 cls sshd[1404323]: pam_unix(sshd:auth): authentication failure; logname= uid=0 euid=0 tty=ssh ruser= rhost=130.12.181.108 
Apr  5 08:42:52 cls sshd[1404323]: Failed password for invalid user lvsong from 130.12.181.108 port 2294 ssh2
Apr  5 08:42:55 cls sshd[1404323]: Connection closed by invalid user lvsong 130.12.181.108 port 2294 [preauth]
Apr  5 08:42:59 cls sshd[1404325]: Invalid user yzj from 130.12.181.97 port 25508
Apr  5 08:43:01 cls sshd[1404325]: pam_unix(sshd:auth): check pass; user unknown
Apr  5 08:43:01 cls sshd[1404325]: pam_unix(sshd:auth): authentication failure; logname= uid=0 euid=0 tty=ssh ruser= rhost=130.12.181.97 
Apr  5 08:43:03 cls sshd[1404325]: Failed password for invalid user yzj from 130.12.181.97 port 25508 ssh2
Apr  5 08:43:05 cls sshd[1404325]: Connection closed by invalid user yzj 130.12.181.97 port 25508 [preauth]
Apr  5 08:43:20 cls sshd[1404327]: Invalid user n8n from 47.92.172.22 port 34276
Apr  5 08:43:20 cls sshd[1404327]: pam_unix(sshd:auth): check pass; user unknown
Apr  5 08:43:20 cls sshd[1404327]: pam_unix(sshd:auth): authentication failure; logname= uid=0 euid=0 tty=ssh ruser= rhost=47.92.172.22 
Apr  5 08:43:23 cls sshd[1404327]: Failed password for invalid user n8n from 47.92.172.22 port 34276 ssh2
Apr  5 08:43:25 cls sshd[1404327]: Received disconnect from 47.92.172.22 port 34276:11: Bye Bye [preauth]
Apr  5 08:43:25 cls sshd[1404327]: Disconnected from invalid user n8n 47.92.172.22 port 34276 [preauth]
Apr  5 08:43:46 cls sshd[1404329]: Invalid user yujiakun from 206.123.145.71 port 37366
Apr  5 08:43:48 cls sshd[1404329]: pam_unix(sshd:auth): check pass; user unknown
Apr  5 08:43:48 cls sshd[1404329]: pam_unix(sshd:auth): authentication failure; logname= uid=0 euid=0 tty=ssh ruser= rhost=206.123.145.71 
Apr  5 08:43:50 cls sshd[1404329]: Failed password for invalid user yujiakun from 206.123.145.71 port 37366 ssh2
Apr  5 08:43:53 cls sshd[1404329]: Connection closed by invalid user yujiakun 206.123.145.71 port 37366 [preauth]
Apr  5 08:44:00 cls sshd[1404333]: Invalid user server from 47.92.172.22 port 41468
Apr  5 08:44:00 cls sshd[1404333]: pam_unix(sshd:auth): check pass; user unknown
Apr  5 08:44:00 cls sshd[1404333]: pam_unix(sshd:auth): authentication failure; logname= uid=0 euid=0 tty=ssh ruser= rhost=47.92.172.22 
Apr  5 08:44:02 cls sshd[1404333]: Failed password for invalid user server from 47.92.172.22 port 41468 ssh2
Apr  5 08:44:04 cls sshd[1404333]: Received disconnect from 47.92.172.22 port 41468:11: Bye Bye [preauth]
Apr  5 08:44:04 cls sshd[1404333]: Disconnected from invalid user server 47.92.172.22 port 41468 [preauth]
Apr  5 08:44:04 cls sshd[1404331]: Invalid user zhengdegao from 206.123.145.55 port 53530
Apr  5 08:44:06 cls sshd[1404331]: pam_unix(sshd:auth): check pass; user unknown
Apr  5 08:44:06 cls sshd[1404331]: pam_unix(sshd:auth): authentication failure; logname= uid=0 euid=0 tty=ssh ruser= rhost=206.123.145.55 
Apr  5 08:44:08 cls sshd[1404331]: Failed password for invalid user zhengdegao from 206.123.145.55 port 53530 ssh2
Apr  5 08:44:12 cls sshd[1404331]: Connection closed by invalid user zhengdegao 206.123.145.55 port 53530 [preauth]
Apr  5 08:44:31 cls sshd[1404340]: Invalid user git from 206.123.145.74 port 44874
Apr  5 08:44:34 cls sshd[1404340]: pam_unix(sshd:auth): check pass; user unknown
Apr  5 08:44:34 cls sshd[1404340]: pam_unix(sshd:auth): authentication failure; logname= uid=0 euid=0 tty=ssh ruser= rhost=206.123.145.74 
Apr  5 08:44:35 cls sshd[1404340]: Failed password for invalid user git from 206.123.145.74 port 44874 ssh2
Apr  5 08:44:37 cls sshd[1404342]: Invalid user bnb from 130.12.181.102 port 18350
Apr  5 08:44:39 cls sshd[1404344]: pam_unix(sshd:auth): authentication failure; logname= uid=0 euid=0 tty=ssh ruser= rhost=47.92.172.22  user=root
Apr  5 08:44:39 cls sshd[1404340]: Connection closed by invalid user git 206.123.145.74 port 44874 [preauth]
Apr  5 08:44:40 cls sshd[1404342]: pam_unix(sshd:auth): check pass; user unknown
Apr  5 08:44:40 cls sshd[1404342]: pam_unix(sshd:auth): authentication failure; logname= uid=0 euid=0 tty=ssh ruser= rhost=130.12.181.102 
Apr  5 08:44:40 cls sshd[1404344]: Failed password for root from 47.92.172.22 port 48666 ssh2
Apr  5 08:44:41 cls sshd[1404344]: Received disconnect from 47.92.172.22 port 48666:11: Bye Bye [preauth]
Apr  5 08:44:41 cls sshd[1404344]: Disconnected from authenticating user root 47.92.172.22 port 48666 [preauth]
Apr  5 08:44:42 cls sshd[1404342]: Failed password for invalid user bnb from 130.12.181.102 port 18350 ssh2
Apr  5 08:44:46 cls sshd[1404342]: Connection closed by invalid user bnb 130.12.181.102 port 18350 [preauth]
Apr  5 08:44:52 cls sshd[1404346]: Invalid user administrator from 206.123.145.50 port 56996
Apr  5 08:44:55 cls sshd[1404348]: Invalid user zhongqilist from 206.123.145.20 port 10704
Apr  5 08:44:56 cls sshd[1404346]: pam_unix(sshd:auth): check pass; user unknown
Apr  5 08:44:56 cls sshd[1404346]: pam_unix(sshd:auth): authentication failure; logname= uid=0 euid=0 tty=ssh ruser= rhost=206.123.145.50 
Apr  5 08:44:57 cls sshd[1404346]: Failed password for invalid user administrator from 206.123.145.50 port 56996 ssh2
Apr  5 08:44:58 cls sshd[1404348]: pam_unix(sshd:auth): check pass; user unknown
Apr  5 08:44:58 cls sshd[1404348]: pam_unix(sshd:auth): authentication failure; logname= uid=0 euid=0 tty=ssh ruser= rhost=206.123.145.20 
Apr  5 08:44:59 cls sshd[1404348]: Failed password for invalid user zhongqilist from 206.123.145.20 port 10704 ssh2
Apr  5 08:45:00 cls sshd[1404346]: Connection closed by invalid user administrator 206.123.145.50 port 56996 [preauth]
Apr  5 08:45:02 cls sshd[1404348]: Connection closed by invalid user zhongqilist 206.123.145.20 port 10704 [preauth]
Apr  5 08:45:02 cls sshd[1404350]: Invalid user zyzhou from 130.12.181.98 port 21958
Apr  5 08:45:04 cls sshd[1404350]: pam_unix(sshd:auth): check pass; user unknown
Apr  5 08:45:04 cls sshd[1404350]: pam_unix(sshd:auth): authentication failure; logname= uid=0 euid=0 tty=ssh ruser= rhost=130.12.181.98 
Apr  5 08:45:06 cls sshd[1404350]: Failed password for invalid user zyzhou from 130.12.181.98 port 21958 ssh2
Apr  5 08:45:10 cls sshd[1404350]: Connection closed by invalid user zyzhou 130.12.181.98 port 21958 [preauth]
Apr  5 08:45:14 cls sshd[1404352]: pam_unix(sshd:auth): authentication failure; logname= uid=0 euid=0 tty=ssh ruser= rhost=47.92.172.22  user=root
Apr  5 08:45:16 cls sshd[1404352]: Failed password for root from 47.92.172.22 port 55856 ssh2
Apr  5 08:45:17 cls sshd[1404352]: Received disconnect from 47.92.172.22 port 55856:11: Bye Bye [preauth]
Apr  5 08:45:17 cls sshd[1404352]: Disconnected from authenticating user root 47.92.172.22 port 55856 [preauth]
Apr  5 08:45:30 cls sshd[1404356]: Invalid user sjtu from 206.123.145.46 port 36212
Apr  5 08:45:31 cls sshd[1404354]: pam_unix(sshd:auth): authentication failure; logname= uid=0 euid=0 tty=ssh ruser= rhost=130.12.181.99  user=root
Apr  5 08:45:32 cls sshd[1404354]: Failed password for root from 130.12.181.99 port 37242 ssh2
Apr  5 08:45:33 cls sshd[1404356]: pam_unix(sshd:auth): check pass; user unknown
Apr  5 08:45:33 cls sshd[1404356]: pam_unix(sshd:auth): authentication failure; logname= uid=0 euid=0 tty=ssh ruser= rhost=206.123.145.46 
Apr  5 08:45:34 cls sshd[1404358]: Invalid user dc from 206.123.145.49 port 27970
Apr  5 08:45:35 cls sshd[1404358]: pam_unix(sshd:auth): check pass; user unknown
Apr  5 08:45:35 cls sshd[1404358]: pam_unix(sshd:auth): authentication failure; logname= uid=0 euid=0 tty=ssh ruser= rhost=206.123.145.49 
Apr  5 08:45:35 cls sshd[1404356]: Failed password for invalid user sjtu from 206.123.145.46 port 36212 ssh2
Apr  5 08:45:37 cls sshd[1404354]: Connection closed by authenticating user root 130.12.181.99 port 37242 [preauth]
Apr  5 08:45:37 cls sshd[1404358]: Failed password for invalid user dc from 206.123.145.49 port 27970 ssh2
Apr  5 08:45:39 cls sshd[1404356]: Connection closed by invalid user sjtu 206.123.145.46 port 36212 [preauth]
Apr  5 08:45:40 cls sshd[1404358]: Connection closed by invalid user dc 206.123.145.49 port 27970 [preauth]
Apr  5 08:45:41 cls sshd[1404360]: Invalid user dbadmin from 206.123.145.48 port 37802
Apr  5 08:45:43 cls sshd[1404360]: pam_unix(sshd:auth): check pass; user unknown
Apr  5 08:45:43 cls sshd[1404360]: pam_unix(sshd:auth): authentication failure; logname= uid=0 euid=0 tty=ssh ruser= rhost=206.123.145.48 
Apr  5 08:45:44 cls sshd[1404360]: Failed password for invalid user dbadmin from 206.123.145.48 port 37802 ssh2
Apr  5 08:45:47 cls sshd[1404360]: Connection closed by invalid user dbadmin 206.123.145.48 port 37802 [preauth]
Apr  5 08:45:55 cls sshd[1404363]: Invalid user steam from 47.92.172.22 port 34830
Apr  5 08:45:55 cls sshd[1404363]: pam_unix(sshd:auth): check pass; user unknown
Apr  5 08:45:55 cls sshd[1404363]: pam_unix(sshd:auth): authentication failure; logname= uid=0 euid=0 tty=ssh ruser= rhost=47.92.172.22 
Apr  5 08:45:57 cls sshd[1404363]: Failed password for invalid user steam from 47.92.172.22 port 34830 ssh2
Apr  5 08:45:58 cls sshd[1404363]: Received disconnect from 47.92.172.22 port 34830:11: Bye Bye [preauth]
Apr  5 08:45:58 cls sshd[1404363]: Disconnected from invalid user steam 47.92.172.22 port 34830 [preauth]
Apr  5 08:46:06 cls sshd[1404368]: Invalid user devops from 212.154.234.9 port 36695
Apr  5 08:46:06 cls sshd[1404368]: pam_unix(sshd:auth): check pass; user unknown
Apr  5 08:46:06 cls sshd[1404368]: pam_unix(sshd:auth): authentication failure; logname= uid=0 euid=0 tty=ssh ruser= rhost=212.154.234.9 
Apr  5 08:46:08 cls sshd[1404368]: Failed password for invalid user devops from 212.154.234.9 port 36695 ssh2
Apr  5 08:46:09 cls sshd[1404368]: Received disconnect from 212.154.234.9 port 36695:11: Bye Bye [preauth]
Apr  5 08:46:09 cls sshd[1404368]: Disconnected from invalid user devops 212.154.234.9 port 36695 [preauth]
Apr  5 08:46:19 cls sshd[1404372]: Invalid user wkh from 130.12.181.104 port 39418
Apr  5 08:46:21 cls sshd[1404372]: pam_unix(sshd:auth): check pass; user unknown
Apr  5 08:46:21 cls sshd[1404372]: pam_unix(sshd:auth): authentication failure; logname= uid=0 euid=0 tty=ssh ruser= rhost=130.12.181.104 
Apr  5 08:46:23 cls sshd[1404372]: Failed password for invalid user wkh from 130.12.181.104 port 39418 ssh2
Apr  5 08:46:26 cls sshd[1404372]: Connection closed by invalid user wkh 130.12.181.104 port 39418 [preauth]
Apr  5 08:46:35 cls sshd[1404380]: pam_unix(sshd:auth): authentication failure; logname= uid=0 euid=0 tty=ssh ruser= rhost=47.92.172.22  user=root
Apr  5 08:46:37 cls sshd[1404380]: Failed password for root from 47.92.172.22 port 42022 ssh2
Apr  5 08:46:38 cls sshd[1404380]: Received disconnect from 47.92.172.22 port 42022:11: Bye Bye [preauth]
Apr  5 08:46:38 cls sshd[1404380]: Disconnected from authenticating user root 47.92.172.22 port 42022 [preauth]
Apr  5 08:46:48 cls sshd[1404382]: Invalid user cc2018 from 206.123.145.52 port 7686
Apr  5 08:46:49 cls sshd[1404382]: pam_unix(sshd:auth): check pass; user unknown
Apr  5 08:46:49 cls sshd[1404382]: pam_unix(sshd:auth): authentication failure; logname= uid=0 euid=0 tty=ssh ruser= rhost=206.123.145.52 
Apr  5 08:46:50 cls sshd[1404382]: Failed password for invalid user cc2018 from 206.123.145.52 port 7686 ssh2
Apr  5 08:46:51 cls sshd[1404385]: Invalid user wordpress2 from 206.123.145.53 port 37070
Apr  5 08:46:51 cls sshd[1404384]: Invalid user staff from 130.12.181.101 port 9154
Apr  5 08:46:52 cls sshd[1404385]: pam_unix(sshd:auth): check pass; user unknown
Apr  5 08:46:52 cls sshd[1404385]: pam_unix(sshd:auth): authentication failure; logname= uid=0 euid=0 tty=ssh ruser= rhost=206.123.145.53 
Apr  5 08:46:54 cls sshd[1404384]: pam_unix(sshd:auth): check pass; user unknown
Apr  5 08:46:54 cls sshd[1404384]: pam_unix(sshd:auth): authentication failure; logname= uid=0 euid=0 tty=ssh ruser= rhost=130.12.181.101 
Apr  5 08:46:54 cls sshd[1404382]: Connection closed by invalid user cc2018 206.123.145.52 port 7686 [preauth]
Apr  5 08:46:54 cls sshd[1404385]: Failed password for invalid user wordpress2 from 206.123.145.53 port 37070 ssh2
Apr  5 08:46:56 cls sshd[1404384]: Failed password for invalid user staff from 130.12.181.101 port 9154 ssh2
Apr  5 08:46:58 cls sshd[1404385]: Connection closed by invalid user wordpress2 206.123.145.53 port 37070 [preauth]
Apr  5 08:47:01 cls sshd[1404384]: Connection closed by invalid user staff 130.12.181.101 port 9154 [preauth]
Apr  5 08:47:12 cls sshd[1404388]: Invalid user nagios from 206.123.145.79 port 60550
Apr  5 08:47:16 cls sshd[1404389]: pam_unix(sshd:auth): authentication failure; logname= uid=0 euid=0 tty=ssh ruser= rhost=130.12.181.106  user=root
Apr  5 08:47:16 cls sshd[1404388]: pam_unix(sshd:auth): check pass; user unknown
Apr  5 08:47:16 cls sshd[1404388]: pam_unix(sshd:auth): authentication failure; logname= uid=0 euid=0 tty=ssh ruser= rhost=206.123.145.79 
Apr  5 08:47:16 cls sshd[1404392]: Invalid user sammy from 47.92.172.22 port 49224
Apr  5 08:47:16 cls sshd[1404392]: pam_unix(sshd:auth): check pass; user unknown
Apr  5 08:47:16 cls sshd[1404392]: pam_unix(sshd:auth): authentication failure; logname= uid=0 euid=0 tty=ssh ruser= rhost=47.92.172.22 
Apr  5 08:47:18 cls sshd[1404389]: Failed password for root from 130.12.181.106 port 64038 ssh2
Apr  5 08:47:19 cls sshd[1404388]: Failed password for invalid user nagios from 206.123.145.79 port 60550 ssh2
Apr  5 08:47:19 cls sshd[1404392]: Failed password for invalid user sammy from 47.92.172.22 port 49224 ssh2
Apr  5 08:47:20 cls sshd[1404392]: Received disconnect from 47.92.172.22 port 49224:11: Bye Bye [preauth]
Apr  5 08:47:20 cls sshd[1404392]: Disconnected from invalid user sammy 47.92.172.22 port 49224 [preauth]
Apr  5 08:47:20 cls sshd[1404389]: Connection closed by authenticating user root 130.12.181.106 port 64038 [preauth]
Apr  5 08:47:22 cls sshd[1404394]: pam_unix(sshd:auth): authentication failure; logname= uid=0 euid=0 tty=ssh ruser= rhost=78.134.49.171  user=root
Apr  5 08:47:24 cls sshd[1404394]: Failed password for root from 78.134.49.171 port 53306 ssh2
Apr  5 08:47:25 cls sshd[1404394]: Received disconnect from 78.134.49.171 port 53306:11: Bye Bye [preauth]
Apr  5 08:47:25 cls sshd[1404394]: Disconnected from authenticating user root 78.134.49.171 port 53306 [preauth]
Apr  5 08:47:25 cls sshd[1404388]: Connection closed by invalid user nagios 206.123.145.79 port 60550 [preauth]
Apr  5 08:47:27 cls sshd[1404396]: Invalid user odoo15 from 95.215.8.165 port 58390
Apr  5 08:47:27 cls sshd[1404396]: pam_unix(sshd:auth): check pass; user unknown
Apr  5 08:47:27 cls sshd[1404396]: pam_unix(sshd:auth): authentication failure; logname= uid=0 euid=0 tty=ssh ruser= rhost=95.215.8.165 
Apr  5 08:47:29 cls sshd[1404396]: Failed password for invalid user odoo15 from 95.215.8.165 port 58390 ssh2
Apr  5 08:47:30 cls sshd[1404396]: Received disconnect from 95.215.8.165 port 58390:11: Bye Bye [preauth]
Apr  5 08:47:30 cls sshd[1404396]: Disconnected from invalid user odoo15 95.215.8.165 port 58390 [preauth]
Apr  5 08:47:52 cls sshd[1404398]: Invalid user ftpuser from 47.92.172.22 port 56418
Apr  5 08:47:52 cls sshd[1404398]: pam_unix(sshd:auth): check pass; user unknown
Apr  5 08:47:52 cls sshd[1404398]: pam_unix(sshd:auth): authentication failure; logname= uid=0 euid=0 tty=ssh ruser= rhost=47.92.172.22 
Apr  5 08:47:55 cls sshd[1404398]: Failed password for invalid user ftpuser from 47.92.172.22 port 56418 ssh2
Apr  5 08:47:56 cls sshd[1404398]: Received disconnect from 47.92.172.22 port 56418:11: Bye Bye [preauth]
Apr  5 08:47:56 cls sshd[1404398]: Disconnected from invalid user ftpuser 47.92.172.22 port 56418 [preauth]
Apr  5 08:48:00 cls sshd[1404400]: Invalid user jiaorf from 130.12.181.105 port 61914
Apr  5 08:48:02 cls sshd[1404400]: pam_unix(sshd:auth): check pass; user unknown
Apr  5 08:48:02 cls sshd[1404400]: pam_unix(sshd:auth): authentication failure; logname= uid=0 euid=0 tty=ssh ruser= rhost=130.12.181.105 
Apr  5 08:48:03 cls sshd[1404400]: Failed password for invalid user jiaorf from 130.12.181.105 port 61914 ssh2
Apr  5 08:48:04 cls sshd[1404407]: Invalid user icp from 130.162.132.75 port 57414
Apr  5 08:48:04 cls sshd[1404407]: pam_unix(sshd:auth): check pass; user unknown
Apr  5 08:48:04 cls sshd[1404407]: pam_unix(sshd:auth): authentication failure; logname= uid=0 euid=0 tty=ssh ruser= rhost=130.162.132.75 
Apr  5 08:48:06 cls sshd[1404407]: Failed password for invalid user icp from 130.162.132.75 port 57414 ssh2
Apr  5 08:48:07 cls sshd[1404407]: Received disconnect from 130.162.132.75 port 57414:11: Bye Bye [preauth]
Apr  5 08:48:07 cls sshd[1404407]: Disconnected from invalid user icp 130.162.132.75 port 57414 [preauth]
Apr  5 08:48:08 cls sshd[1404400]: Connection closed by invalid user jiaorf 130.12.181.105 port 61914 [preauth]
Apr  5 08:48:10 cls sshd[1404405]: pam_unix(sshd:auth): authentication failure; logname= uid=0 euid=0 tty=ssh ruser= rhost=206.123.145.78  user=root
Apr  5 08:48:13 cls sshd[1404405]: Failed password for root from 206.123.145.78 port 34286 ssh2
Apr  5 08:48:15 cls sshd[1404405]: Connection closed by authenticating user root 206.123.145.78 port 34286 [preauth]
Apr  5 08:48:17 cls sshd[1404409]: Invalid user jiaran from 130.12.181.109 port 64080
Apr  5 08:48:19 cls sshd[1404409]: pam_unix(sshd:auth): check pass; user unknown
Apr  5 08:48:19 cls sshd[1404409]: pam_unix(sshd:auth): authentication failure; logname= uid=0 euid=0 tty=ssh ruser= rhost=130.12.181.109 
Apr  5 08:48:21 cls sshd[1404409]: Failed password for invalid user jiaran from 130.12.181.109 port 64080 ssh2
Apr  5 08:48:26 cls sshd[1404409]: Connection closed by invalid user jiaran 130.12.181.109 port 64080 [preauth]
Apr  5 08:48:27 cls sshd[1404413]: Invalid user steam from 120.48.28.60 port 56568
Apr  5 08:48:27 cls sshd[1404413]: pam_unix(sshd:auth): check pass; user unknown
Apr  5 08:48:27 cls sshd[1404413]: pam_unix(sshd:auth): authentication failure; logname= uid=0 euid=0 tty=ssh ruser= rhost=120.48.28.60 
Apr  5 08:48:27 cls sshd[1404411]: Invalid user aa from 206.123.145.70 port 29122
Apr  5 08:48:27 cls sshd[1404416]: Invalid user ftpuser from 212.154.234.9 port 29271
Apr  5 08:48:27 cls sshd[1404416]: pam_unix(sshd:auth): check pass; user unknown
Apr  5 08:48:27 cls sshd[1404416]: pam_unix(sshd:auth): authentication failure; logname= uid=0 euid=0 tty=ssh ruser= rhost=212.154.234.9 
Apr  5 08:48:29 cls sshd[1404411]: pam_unix(sshd:auth): check pass; user unknown
Apr  5 08:48:29 cls sshd[1404411]: pam_unix(sshd:auth): authentication failure; logname= uid=0 euid=0 tty=ssh ruser= rhost=206.123.145.70 
Apr  5 08:48:29 cls sshd[1404413]: Failed password for invalid user steam from 120.48.28.60 port 56568 ssh2
Apr  5 08:48:29 cls sshd[1404413]: Received disconnect from 120.48.28.60 port 56568:11: Bye Bye [preauth]
Apr  5 08:48:29 cls sshd[1404413]: Disconnected from invalid user steam 120.48.28.60 port 56568 [preauth]
Apr  5 08:48:30 cls sshd[1404416]: Failed password for invalid user ftpuser from 212.154.234.9 port 29271 ssh2
Apr  5 08:48:31 cls sshd[1404411]: Failed password for invalid user aa from 206.123.145.70 port 29122 ssh2
Apr  5 08:48:32 cls sshd[1404416]: Received disconnect from 212.154.234.9 port 29271:11: Bye Bye [preauth]
Apr  5 08:48:32 cls sshd[1404416]: Disconnected from invalid user ftpuser 212.154.234.9 port 29271 [preauth]
Apr  5 08:48:35 cls sshd[1404411]: Connection closed by invalid user aa 206.123.145.70 port 29122 [preauth]
Apr  5 08:48:36 cls sshd[1404415]: Invalid user liyang1 from 206.123.145.72 port 15754
Apr  5 08:48:37 cls sshd[1404415]: pam_unix(sshd:auth): check pass; user unknown
Apr  5 08:48:37 cls sshd[1404415]: pam_unix(sshd:auth): authentication failure; logname= uid=0 euid=0 tty=ssh ruser= rhost=206.123.145.72 
Apr  5 08:48:39 cls sshd[1404415]: Failed password for invalid user liyang1 from 206.123.145.72 port 15754 ssh2
Apr  5 08:48:43 cls sshd[1404415]: Connection closed by invalid user liyang1 206.123.145.72 port 15754 [preauth]
Apr  5 08:48:53 cls sshd[1404424]: Invalid user test from 206.123.145.69 port 17392
Apr  5 08:48:54 cls sshd[1404424]: pam_unix(sshd:auth): check pass; user unknown
Apr  5 08:48:54 cls sshd[1404424]: pam_unix(sshd:auth): authentication failure; logname= uid=0 euid=0 tty=ssh ruser= rhost=206.123.145.69 
Apr  5 08:48:56 cls sshd[1404424]: Failed password for invalid user test from 206.123.145.69 port 17392 ssh2
Apr  5 08:48:59 cls sshd[1404427]: Invalid user sassrv from 206.123.145.73 port 20176
Apr  5 08:48:59 cls sshd[1404424]: Connection closed by invalid user test 206.123.145.69 port 17392 [preauth]
Apr  5 08:49:00 cls sshd[1404427]: pam_unix(sshd:auth): check pass; user unknown
Apr  5 08:49:00 cls sshd[1404427]: pam_unix(sshd:auth): authentication failure; logname= uid=0 euid=0 tty=ssh ruser= rhost=206.123.145.73 
Apr  5 08:49:02 cls sshd[1404426]: Invalid user vyos from 206.123.145.76 port 60320
Apr  5 08:49:03 cls sshd[1404427]: Failed password for invalid user sassrv from 206.123.145.73 port 20176 ssh2
Apr  5 08:49:05 cls sshd[1404426]: pam_unix(sshd:auth): check pass; user unknown
Apr  5 08:49:05 cls sshd[1404426]: pam_unix(sshd:auth): authentication failure; logname= uid=0 euid=0 tty=ssh ruser= rhost=206.123.145.76 
Apr  5 08:49:07 cls sshd[1404427]: Connection closed by invalid user sassrv 206.123.145.73 port 20176 [preauth]
Apr  5 08:49:07 cls sshd[1404426]: Failed password for invalid user vyos from 206.123.145.76 port 60320 ssh2
Apr  5 08:49:11 cls sshd[1404426]: Connection closed by invalid user vyos 206.123.145.76 port 60320 [preauth]
Apr  5 08:49:14 cls sshd[1404430]: Invalid user tianlai from 130.12.181.100 port 7540
Apr  5 08:49:17 cls sshd[1404430]: pam_unix(sshd:auth): check pass; user unknown
Apr  5 08:49:17 cls sshd[1404430]: pam_unix(sshd:auth): authentication failure; logname= uid=0 euid=0 tty=ssh ruser= rhost=130.12.181.100 
Apr  5 08:49:18 cls sshd[1404432]: Invalid user temp from 206.123.145.54 port 45886
Apr  5 08:49:19 cls sshd[1404430]: Failed password for invalid user tianlai from 130.12.181.100 port 7540 ssh2
Apr  5 08:49:20 cls sshd[1404432]: pam_unix(sshd:auth): check pass; user unknown
Apr  5 08:49:20 cls sshd[1404432]: pam_unix(sshd:auth): authentication failure; logname= uid=0 euid=0 tty=ssh ruser= rhost=206.123.145.54 
Apr  5 08:49:21 cls sshd[1404430]: Connection closed by invalid user tianlai 130.12.181.100 port 7540 [preauth]
Apr  5 08:49:22 cls sshd[1404432]: Failed password for invalid user temp from 206.123.145.54 port 45886 ssh2
Apr  5 08:49:24 cls sshd[1404432]: Connection closed by invalid user temp 206.123.145.54 port 45886 [preauth]
Apr  5 08:49:27 cls sshd[1404436]: pam_unix(sshd:auth): authentication failure; logname= uid=0 euid=0 tty=ssh ruser= rhost=120.48.28.60  user=ubuntu
