Apr  5 12:27:45 cls sshd[1416451]: pam_unix(sshd:auth): authentication failure; logname= uid=0 euid=0 tty=ssh ruser= rhost=206.123.145.52 
Apr  5 12:27:47 cls sshd[1416453]: Failed password for invalid user minecraft from 199.195.254.215 port 34640 ssh2
Apr  5 12:27:47 cls sshd[1416451]: Failed password for invalid user git from 206.123.145.52 port 50846 ssh2
Apr  5 12:27:47 cls sshd[1416453]: Received disconnect from 199.195.254.215 port 34640:11: Bye Bye [preauth]
Apr  5 12:27:47 cls sshd[1416453]: Disconnected from invalid user minecraft 199.195.254.215 port 34640 [preauth]
Apr  5 12:27:50 cls sshd[1416451]: Connection closed by invalid user git 206.123.145.52 port 50846 [preauth]
Apr  5 12:27:54 cls sshd[1416458]: pam_unix(sshd:auth): authentication failure; logname= uid=0 euid=0 tty=ssh ruser= rhost=194.107.115.2  user=root
Apr  5 12:27:56 cls sshd[1416458]: Failed password for root from 194.107.115.2 port 31082 ssh2
Apr  5 12:27:57 cls sshd[1416458]: Received disconnect from 194.107.115.2 port 31082:11: Bye Bye [preauth]
Apr  5 12:27:57 cls sshd[1416458]: Disconnected from authenticating user root 194.107.115.2 port 31082 [preauth]
Apr  5 12:28:03 cls sshd[1416461]: Invalid user testuser from 201.71.192.108 port 41568
Apr  5 12:28:03 cls sshd[1416461]: pam_unix(sshd:auth): check pass; user unknown
Apr  5 12:28:03 cls sshd[1416461]: pam_unix(sshd:auth): authentication failure; logname= uid=0 euid=0 tty=ssh ruser= rhost=201.71.192.108 
Apr  5 12:28:05 cls sshd[1416461]: Failed password for invalid user testuser from 201.71.192.108 port 41568 ssh2
Apr  5 12:28:06 cls sshd[1416461]: Received disconnect from 201.71.192.108 port 41568:11: Bye Bye [preauth]
Apr  5 12:28:06 cls sshd[1416461]: Disconnected from invalid user testuser 201.71.192.108 port 41568 [preauth]
Apr  5 12:28:10 cls sshd[1416464]: Invalid user admintemp from 206.123.145.20 port 59114
Apr  5 12:28:11 cls sshd[1416464]: pam_unix(sshd:auth): check pass; user unknown
Apr  5 12:28:11 cls sshd[1416464]: pam_unix(sshd:auth): authentication failure; logname= uid=0 euid=0 tty=ssh ruser= rhost=206.123.145.20 
Apr  5 12:28:11 cls sshd[1416466]: Invalid user aid from 206.123.145.70 port 40880
Apr  5 12:28:13 cls sshd[1416464]: Failed password for invalid user admintemp from 206.123.145.20 port 59114 ssh2
Apr  5 12:28:13 cls sshd[1416463]: Invalid user fuc from 206.123.145.77 port 52342
Apr  5 12:28:14 cls sshd[1416466]: pam_unix(sshd:auth): check pass; user unknown
Apr  5 12:28:14 cls sshd[1416466]: pam_unix(sshd:auth): authentication failure; logname= uid=0 euid=0 tty=ssh ruser= rhost=206.123.145.70 
Apr  5 12:28:16 cls sshd[1416466]: Failed password for invalid user aid from 206.123.145.70 port 40880 ssh2
Apr  5 12:28:16 cls sshd[1416463]: pam_unix(sshd:auth): check pass; user unknown
Apr  5 12:28:16 cls sshd[1416463]: pam_unix(sshd:auth): authentication failure; logname= uid=0 euid=0 tty=ssh ruser= rhost=206.123.145.77 
Apr  5 12:28:18 cls sshd[1416464]: Connection closed by invalid user admintemp 206.123.145.20 port 59114 [preauth]
Apr  5 12:28:18 cls sshd[1416463]: Failed password for invalid user fuc from 206.123.145.77 port 52342 ssh2
Apr  5 12:28:18 cls sshd[1416466]: Connection closed by invalid user aid 206.123.145.70 port 40880 [preauth]
Apr  5 12:28:22 cls sshd[1416463]: Connection closed by invalid user fuc 206.123.145.77 port 52342 [preauth]
Apr  5 12:28:25 cls sshd[1416469]: pam_unix(sshd:auth): authentication failure; logname= uid=0 euid=0 tty=ssh ruser= rhost=146.190.79.63  user=root
Apr  5 12:28:26 cls sshd[1416469]: Failed password for root from 146.190.79.63 port 40714 ssh2
Apr  5 12:28:27 cls sshd[1416469]: Received disconnect from 146.190.79.63 port 40714:11: Bye Bye [preauth]
Apr  5 12:28:27 cls sshd[1416469]: Disconnected from authenticating user root 146.190.79.63 port 40714 [preauth]
Apr  5 12:28:41 cls sshd[1416471]: Invalid user wf from 130.12.181.98 port 23204
Apr  5 12:28:43 cls sshd[1416471]: pam_unix(sshd:auth): check pass; user unknown
Apr  5 12:28:43 cls sshd[1416471]: pam_unix(sshd:auth): authentication failure; logname= uid=0 euid=0 tty=ssh ruser= rhost=130.12.181.98 
Apr  5 12:28:45 cls sshd[1416488]: pam_unix(sshd:auth): authentication failure; logname= uid=0 euid=0 tty=ssh ruser= rhost=199.195.254.215  user=root
Apr  5 12:28:45 cls sshd[1416471]: Failed password for invalid user wf from 130.12.181.98 port 23204 ssh2
Apr  5 12:28:47 cls sshd[1416471]: Connection closed by invalid user wf 130.12.181.98 port 23204 [preauth]
Apr  5 12:28:47 cls sshd[1416488]: Failed password for root from 199.195.254.215 port 56066 ssh2
Apr  5 12:28:47 cls sshd[1416488]: Received disconnect from 199.195.254.215 port 56066:11: Bye Bye [preauth]
Apr  5 12:28:47 cls sshd[1416488]: Disconnected from authenticating user root 199.195.254.215 port 56066 [preauth]
Apr  5 12:28:52 cls sshd[1416487]: Invalid user apimobile from 130.12.181.103 port 25914
Apr  5 12:28:54 cls sshd[1416487]: pam_unix(sshd:auth): check pass; user unknown
Apr  5 12:28:54 cls sshd[1416487]: pam_unix(sshd:auth): authentication failure; logname= uid=0 euid=0 tty=ssh ruser= rhost=130.12.181.103 
Apr  5 12:28:55 cls sshd[1416487]: Failed password for invalid user apimobile from 130.12.181.103 port 25914 ssh2
Apr  5 12:29:00 cls sshd[1416487]: Connection closed by invalid user apimobile 130.12.181.103 port 25914 [preauth]
Apr  5 12:29:02 cls sshd[1416491]: Invalid user wujy from 206.123.145.53 port 53056
Apr  5 12:29:03 cls sshd[1416493]: Invalid user alk from 130.12.181.99 port 10398
Apr  5 12:29:04 cls sshd[1416491]: pam_unix(sshd:auth): check pass; user unknown
Apr  5 12:29:04 cls sshd[1416491]: pam_unix(sshd:auth): authentication failure; logname= uid=0 euid=0 tty=ssh ruser= rhost=206.123.145.53 
Apr  5 12:29:06 cls sshd[1416493]: pam_unix(sshd:auth): check pass; user unknown
Apr  5 12:29:06 cls sshd[1416493]: pam_unix(sshd:auth): authentication failure; logname= uid=0 euid=0 tty=ssh ruser= rhost=130.12.181.99 
Apr  5 12:29:06 cls sshd[1416491]: Failed password for invalid user wujy from 206.123.145.53 port 53056 ssh2
Apr  5 12:29:07 cls sshd[1416493]: Failed password for invalid user alk from 130.12.181.99 port 10398 ssh2
Apr  5 12:29:10 cls sshd[1416493]: Connection closed by invalid user alk 130.12.181.99 port 10398 [preauth]
Apr  5 12:29:11 cls sshd[1416491]: Connection closed by invalid user wujy 206.123.145.53 port 53056 [preauth]
Apr  5 12:29:15 cls sshd[1416495]: Invalid user raju from 206.123.145.57 port 13278
Apr  5 12:29:15 cls sshd[1416497]: Invalid user gituser from 152.32.191.75 port 45844
Apr  5 12:29:15 cls sshd[1416497]: pam_unix(sshd:auth): check pass; user unknown
Apr  5 12:29:15 cls sshd[1416497]: pam_unix(sshd:auth): authentication failure; logname= uid=0 euid=0 tty=ssh ruser= rhost=152.32.191.75 
Apr  5 12:29:17 cls sshd[1416497]: Failed password for invalid user gituser from 152.32.191.75 port 45844 ssh2
Apr  5 12:29:18 cls sshd[1416495]: pam_unix(sshd:auth): check pass; user unknown
Apr  5 12:29:18 cls sshd[1416495]: pam_unix(sshd:auth): authentication failure; logname= uid=0 euid=0 tty=ssh ruser= rhost=206.123.145.57 
Apr  5 12:29:19 cls sshd[1416497]: Received disconnect from 152.32.191.75 port 45844:11: Bye Bye [preauth]
Apr  5 12:29:19 cls sshd[1416497]: Disconnected from invalid user gituser 152.32.191.75 port 45844 [preauth]
Apr  5 12:29:20 cls sshd[1416495]: Failed password for invalid user raju from 206.123.145.57 port 13278 ssh2
Apr  5 12:29:23 cls sshd[1416495]: Connection closed by invalid user raju 206.123.145.57 port 13278 [preauth]
Apr  5 12:29:27 cls sshd[1416499]: Invalid user front-user from 93.39.209.147 port 38884
Apr  5 12:29:27 cls sshd[1416499]: pam_unix(sshd:auth): check pass; user unknown
Apr  5 12:29:27 cls sshd[1416499]: pam_unix(sshd:auth): authentication failure; logname= uid=0 euid=0 tty=ssh ruser= rhost=93.39.209.147 
Apr  5 12:29:29 cls sshd[1416499]: Failed password for invalid user front-user from 93.39.209.147 port 38884 ssh2
Apr  5 12:29:31 cls sshd[1416499]: Received disconnect from 93.39.209.147 port 38884:11: Bye Bye [preauth]
Apr  5 12:29:31 cls sshd[1416499]: Disconnected from invalid user front-user 93.39.209.147 port 38884 [preauth]
Apr  5 12:29:45 cls sshd[1416503]: pam_unix(sshd:auth): authentication failure; logname= uid=0 euid=0 tty=ssh ruser= rhost=199.195.254.215  user=root
Apr  5 12:29:47 cls sshd[1416501]: Invalid user tsf from 130.12.181.108 port 41416
Apr  5 12:29:47 cls sshd[1416503]: Failed password for root from 199.195.254.215 port 49260 ssh2
Apr  5 12:29:48 cls sshd[1416501]: pam_unix(sshd:auth): check pass; user unknown
Apr  5 12:29:48 cls sshd[1416501]: pam_unix(sshd:auth): authentication failure; logname= uid=0 euid=0 tty=ssh ruser= rhost=130.12.181.108 
Apr  5 12:29:48 cls sshd[1416503]: Received disconnect from 199.195.254.215 port 49260:11: Bye Bye [preauth]
Apr  5 12:29:48 cls sshd[1416503]: Disconnected from authenticating user root 199.195.254.215 port 49260 [preauth]
Apr  5 12:29:49 cls sshd[1416505]: pam_unix(sshd:auth): authentication failure; logname= uid=0 euid=0 tty=ssh ruser= rhost=129.226.157.18  user=root
Apr  5 12:29:50 cls sshd[1416501]: Failed password for invalid user tsf from 130.12.181.108 port 41416 ssh2
Apr  5 12:29:50 cls sshd[1416505]: Failed password for root from 129.226.157.18 port 34542 ssh2
Apr  5 12:29:51 cls sshd[1416505]: Received disconnect from 129.226.157.18 port 34542:11: Bye Bye [preauth]
Apr  5 12:29:51 cls sshd[1416505]: Disconnected from authenticating user root 129.226.157.18 port 34542 [preauth]
Apr  5 12:29:51 cls sshd[1416501]: Connection closed by invalid user tsf 130.12.181.108 port 41416 [preauth]
Apr  5 12:30:00 cls sshd[1416507]: Invalid user ftptest2 from 103.158.40.65 port 38072
Apr  5 12:30:00 cls sshd[1416507]: pam_unix(sshd:auth): check pass; user unknown
Apr  5 12:30:00 cls sshd[1416507]: pam_unix(sshd:auth): authentication failure; logname= uid=0 euid=0 tty=ssh ruser= rhost=103.158.40.65 
Apr  5 12:30:02 cls sshd[1416507]: Failed password for invalid user ftptest2 from 103.158.40.65 port 38072 ssh2
Apr  5 12:30:02 cls sshd[1416507]: Received disconnect from 103.158.40.65 port 38072:11: Bye Bye [preauth]
Apr  5 12:30:02 cls sshd[1416507]: Disconnected from invalid user ftptest2 103.158.40.65 port 38072 [preauth]
Apr  5 12:30:20 cls sshd[1416514]: Invalid user tangqiong from 130.12.181.97 port 29694
Apr  5 12:30:22 cls sshd[1416514]: pam_unix(sshd:auth): check pass; user unknown
Apr  5 12:30:22 cls sshd[1416514]: pam_unix(sshd:auth): authentication failure; logname= uid=0 euid=0 tty=ssh ruser= rhost=130.12.181.97 
Apr  5 12:30:25 cls sshd[1416514]: Failed password for invalid user tangqiong from 130.12.181.97 port 29694 ssh2
Apr  5 12:30:26 cls sshd[1416518]: Invalid user git from 132.145.122.251 port 38884
Apr  5 12:30:26 cls sshd[1416518]: pam_unix(sshd:auth): check pass; user unknown
Apr  5 12:30:26 cls sshd[1416518]: pam_unix(sshd:auth): authentication failure; logname= uid=0 euid=0 tty=ssh ruser= rhost=132.145.122.251 
Apr  5 12:30:28 cls sshd[1416514]: Connection closed by invalid user tangqiong 130.12.181.97 port 29694 [preauth]
Apr  5 12:30:28 cls sshd[1416518]: Failed password for invalid user git from 132.145.122.251 port 38884 ssh2
Apr  5 12:30:29 cls sshd[1416518]: Received disconnect from 132.145.122.251 port 38884:11: Bye Bye [preauth]
Apr  5 12:30:29 cls sshd[1416518]: Disconnected from invalid user git 132.145.122.251 port 38884 [preauth]
Apr  5 12:30:46 cls sshd[1416520]: Invalid user sa from 206.123.145.54 port 29254
Apr  5 12:30:47 cls sshd[1416520]: pam_unix(sshd:auth): check pass; user unknown
Apr  5 12:30:47 cls sshd[1416520]: pam_unix(sshd:auth): authentication failure; logname= uid=0 euid=0 tty=ssh ruser= rhost=206.123.145.54 
Apr  5 12:30:49 cls sshd[1416520]: Failed password for invalid user sa from 206.123.145.54 port 29254 ssh2
Apr  5 12:30:50 cls sshd[1416524]: Invalid user digitalizacion from 199.195.254.215 port 42454
Apr  5 12:30:50 cls sshd[1416524]: pam_unix(sshd:auth): check pass; user unknown
Apr  5 12:30:50 cls sshd[1416524]: pam_unix(sshd:auth): authentication failure; logname= uid=0 euid=0 tty=ssh ruser= rhost=199.195.254.215 
Apr  5 12:30:51 cls sshd[1416531]: Invalid user lighthouse from 146.190.79.63 port 43152
Apr  5 12:30:51 cls sshd[1416531]: pam_unix(sshd:auth): check pass; user unknown
Apr  5 12:30:51 cls sshd[1416531]: pam_unix(sshd:auth): authentication failure; logname= uid=0 euid=0 tty=ssh ruser= rhost=146.190.79.63 
Apr  5 12:30:51 cls sshd[1416524]: Failed password for invalid user digitalizacion from 199.195.254.215 port 42454 ssh2
Apr  5 12:30:52 cls sshd[1416524]: Received disconnect from 199.195.254.215 port 42454:11: Bye Bye [preauth]
Apr  5 12:30:52 cls sshd[1416524]: Disconnected from invalid user digitalizacion 199.195.254.215 port 42454 [preauth]
Apr  5 12:30:52 cls sshd[1416520]: Connection closed by invalid user sa 206.123.145.54 port 29254 [preauth]
Apr  5 12:30:53 cls sshd[1416531]: Failed password for invalid user lighthouse from 146.190.79.63 port 43152 ssh2
Apr  5 12:30:55 cls sshd[1416531]: Received disconnect from 146.190.79.63 port 43152:11: Bye Bye [preauth]
Apr  5 12:30:55 cls sshd[1416531]: Disconnected from invalid user lighthouse 146.190.79.63 port 43152 [preauth]
Apr  5 12:30:58 cls sshd[1416533]: Invalid user huangpqf from 206.123.145.78 port 46620
Apr  5 12:31:00 cls sshd[1416533]: pam_unix(sshd:auth): check pass; user unknown
Apr  5 12:31:00 cls sshd[1416533]: pam_unix(sshd:auth): authentication failure; logname= uid=0 euid=0 tty=ssh ruser= rhost=206.123.145.78 
Apr  5 12:31:02 cls sshd[1416533]: Failed password for invalid user huangpqf from 206.123.145.78 port 46620 ssh2
Apr  5 12:31:05 cls sshd[1416533]: Connection closed by invalid user huangpqf 206.123.145.78 port 46620 [preauth]
Apr  5 12:31:28 cls sshd[1416540]: Invalid user czq from 206.123.145.51 port 34762
Apr  5 12:31:29 cls sshd[1416540]: pam_unix(sshd:auth): check pass; user unknown
Apr  5 12:31:29 cls sshd[1416540]: pam_unix(sshd:auth): authentication failure; logname= uid=0 euid=0 tty=ssh ruser= rhost=206.123.145.51 
Apr  5 12:31:32 cls sshd[1416540]: Failed password for invalid user czq from 206.123.145.51 port 34762 ssh2
Apr  5 12:31:33 cls sshd[1416548]: pam_unix(sshd:auth): authentication failure; logname= uid=0 euid=0 tty=ssh ruser= rhost=93.39.209.147  user=root
Apr  5 12:31:35 cls sshd[1416548]: Failed password for root from 93.39.209.147 port 51930 ssh2
Apr  5 12:31:36 cls sshd[1416548]: Received disconnect from 93.39.209.147 port 51930:11: Bye Bye [preauth]
Apr  5 12:31:36 cls sshd[1416548]: Disconnected from authenticating user root 93.39.209.147 port 51930 [preauth]
Apr  5 12:31:36 cls sshd[1416540]: Connection closed by invalid user czq 206.123.145.51 port 34762 [preauth]
Apr  5 12:31:37 cls sshd[1416553]: Invalid user bot from 152.32.191.75 port 34490
Apr  5 12:31:37 cls sshd[1416553]: pam_unix(sshd:auth): check pass; user unknown
Apr  5 12:31:37 cls sshd[1416553]: pam_unix(sshd:auth): authentication failure; logname= uid=0 euid=0 tty=ssh ruser= rhost=152.32.191.75 
Apr  5 12:31:39 cls sshd[1416553]: Failed password for invalid user bot from 152.32.191.75 port 34490 ssh2
Apr  5 12:31:39 cls sshd[1416553]: Received disconnect from 152.32.191.75 port 34490:11: Bye Bye [preauth]
Apr  5 12:31:39 cls sshd[1416553]: Disconnected from invalid user bot 152.32.191.75 port 34490 [preauth]
Apr  5 12:31:52 cls sshd[1416562]: Invalid user steam1 from 199.195.254.215 port 35648
Apr  5 12:31:52 cls sshd[1416562]: pam_unix(sshd:auth): check pass; user unknown
Apr  5 12:31:52 cls sshd[1416562]: pam_unix(sshd:auth): authentication failure; logname= uid=0 euid=0 tty=ssh ruser= rhost=199.195.254.215 
Apr  5 12:31:54 cls sshd[1416562]: Failed password for invalid user steam1 from 199.195.254.215 port 35648 ssh2
Apr  5 12:31:54 cls sshd[1416560]: Invalid user ljw from 206.123.145.72 port 39040
Apr  5 12:31:56 cls sshd[1416560]: pam_unix(sshd:auth): check pass; user unknown
Apr  5 12:31:56 cls sshd[1416560]: pam_unix(sshd:auth): authentication failure; logname= uid=0 euid=0 tty=ssh ruser= rhost=206.123.145.72 
Apr  5 12:31:56 cls sshd[1416562]: Received disconnect from 199.195.254.215 port 35648:11: Bye Bye [preauth]
Apr  5 12:31:56 cls sshd[1416562]: Disconnected from invalid user steam1 199.195.254.215 port 35648 [preauth]
Apr  5 12:31:57 cls sshd[1416560]: Failed password for invalid user ljw from 206.123.145.72 port 39040 ssh2
Apr  5 12:32:00 cls sshd[1416560]: Connection closed by invalid user ljw 206.123.145.72 port 39040 [preauth]
Apr  5 12:32:06 cls sshd[1416564]: Invalid user barsha from 130.12.181.102 port 50186
Apr  5 12:32:08 cls sshd[1416564]: pam_unix(sshd:auth): check pass; user unknown
Apr  5 12:32:08 cls sshd[1416564]: pam_unix(sshd:auth): authentication failure; logname= uid=0 euid=0 tty=ssh ruser= rhost=130.12.181.102 
Apr  5 12:32:10 cls sshd[1416564]: Failed password for invalid user barsha from 130.12.181.102 port 50186 ssh2
Apr  5 12:32:13 cls sshd[1416564]: Connection closed by invalid user barsha 130.12.181.102 port 50186 [preauth]
Apr  5 12:32:26 cls sshd[1416566]: Invalid user ipaapi from 206.123.145.56 port 64900
Apr  5 12:32:29 cls sshd[1416566]: pam_unix(sshd:auth): check pass; user unknown
Apr  5 12:32:29 cls sshd[1416566]: pam_unix(sshd:auth): authentication failure; logname= uid=0 euid=0 tty=ssh ruser= rhost=206.123.145.56 
Apr  5 12:32:32 cls sshd[1416566]: Failed password for invalid user ipaapi from 206.123.145.56 port 64900 ssh2
Apr  5 12:32:34 cls sshd[1416566]: Connection closed by invalid user ipaapi 206.123.145.56 port 64900 [preauth]
Apr  5 12:32:57 cls sshd[1416568]: Connection closed by 129.226.157.18 port 56478 [preauth]
Apr  5 12:32:57 cls sshd[1416572]: pam_unix(sshd:auth): authentication failure; logname= uid=0 euid=0 tty=ssh ruser= rhost=103.158.40.65  user=root
Apr  5 12:32:58 cls sshd[1416570]: pam_unix(sshd:auth): authentication failure; logname= uid=0 euid=0 tty=ssh ruser= rhost=199.195.254.215  user=root
Apr  5 12:32:59 cls sshd[1416572]: Failed password for root from 103.158.40.65 port 54864 ssh2
Apr  5 12:32:59 cls sshd[1416570]: Failed password for root from 199.195.254.215 port 57074 ssh2
Apr  5 12:32:59 cls sshd[1416572]: Received disconnect from 103.158.40.65 port 54864:11: Bye Bye [preauth]
Apr  5 12:32:59 cls sshd[1416572]: Disconnected from authenticating user root 103.158.40.65 port 54864 [preauth]
Apr  5 12:33:01 cls sshd[1416570]: Received disconnect from 199.195.254.215 port 57074:11: Bye Bye [preauth]
Apr  5 12:33:01 cls sshd[1416570]: Disconnected from authenticating user root 199.195.254.215 port 57074 [preauth]
Apr  5 12:33:13 cls sshd[1416575]: Invalid user integral from 118.193.34.157 port 35178
Apr  5 12:33:13 cls sshd[1416575]: pam_unix(sshd:auth): check pass; user unknown
Apr  5 12:33:13 cls sshd[1416575]: pam_unix(sshd:auth): authentication failure; logname= uid=0 euid=0 tty=ssh ruser= rhost=118.193.34.157 
Apr  5 12:33:14 cls sshd[1416575]: Failed password for invalid user integral from 118.193.34.157 port 35178 ssh2
Apr  5 12:33:15 cls sshd[1416575]: Received disconnect from 118.193.34.157 port 35178:11: Bye Bye [preauth]
Apr  5 12:33:15 cls sshd[1416575]: Disconnected from invalid user integral 118.193.34.157 port 35178 [preauth]
Apr  5 12:33:16 cls sshd[1416578]: Invalid user citest from 146.190.79.63 port 40816
Apr  5 12:33:16 cls sshd[1416578]: pam_unix(sshd:auth): check pass; user unknown
Apr  5 12:33:16 cls sshd[1416578]: pam_unix(sshd:auth): authentication failure; logname= uid=0 euid=0 tty=ssh ruser= rhost=146.190.79.63 
Apr  5 12:33:18 cls sshd[1416578]: Failed password for invalid user citest from 146.190.79.63 port 40816 ssh2
Apr  5 12:33:19 cls sshd[1416578]: Received disconnect from 146.190.79.63 port 40816:11: Bye Bye [preauth]
Apr  5 12:33:19 cls sshd[1416578]: Disconnected from invalid user citest 146.190.79.63 port 40816 [preauth]
Apr  5 12:33:22 cls sshd[1416577]: Invalid user wxc from 206.123.145.76 port 61724
Apr  5 12:33:24 cls sshd[1416577]: pam_unix(sshd:auth): check pass; user unknown
Apr  5 12:33:24 cls sshd[1416577]: pam_unix(sshd:auth): authentication failure; logname= uid=0 euid=0 tty=ssh ruser= rhost=206.123.145.76 
Apr  5 12:33:26 cls sshd[1416581]: Invalid user yangll from 130.12.181.101 port 58044
Apr  5 12:33:26 cls sshd[1416577]: Failed password for invalid user wxc from 206.123.145.76 port 61724 ssh2
Apr  5 12:33:28 cls sshd[1416581]: pam_unix(sshd:auth): check pass; user unknown
Apr  5 12:33:28 cls sshd[1416581]: pam_unix(sshd:auth): authentication failure; logname= uid=0 euid=0 tty=ssh ruser= rhost=130.12.181.101 
Apr  5 12:33:30 cls sshd[1416581]: Failed password for invalid user yangll from 130.12.181.101 port 58044 ssh2
Apr  5 12:33:30 cls sshd[1416577]: Connection closed by invalid user wxc 206.123.145.76 port 61724 [preauth]
Apr  5 12:33:33 cls sshd[1416581]: Connection closed by invalid user yangll 130.12.181.101 port 58044 [preauth]
Apr  5 12:33:33 cls sshd[1416592]: Invalid user test from 93.39.209.147 port 36754
Apr  5 12:33:33 cls sshd[1416592]: pam_unix(sshd:auth): check pass; user unknown
Apr  5 12:33:33 cls sshd[1416592]: pam_unix(sshd:auth): authentication failure; logname= uid=0 euid=0 tty=ssh ruser= rhost=93.39.209.147 
Apr  5 12:33:35 cls sshd[1416592]: Failed password for invalid user test from 93.39.209.147 port 36754 ssh2
Apr  5 12:33:35 cls sshd[1416592]: Received disconnect from 93.39.209.147 port 36754:11: Bye Bye [preauth]
Apr  5 12:33:35 cls sshd[1416592]: Disconnected from invalid user test 93.39.209.147 port 36754 [preauth]
Apr  5 12:33:38 cls sshd[1416590]: pam_unix(sshd:auth): authentication failure; logname= uid=0 euid=0 tty=ssh ruser= rhost=206.123.145.74  user=root
Apr  5 12:33:39 cls sshd[1416587]: pam_unix(sshd:auth): authentication failure; logname= uid=0 euid=0 tty=ssh ruser= rhost=130.12.181.106  user=root
Apr  5 12:33:39 cls sshd[1416586]: Invalid user lidwinaf from 206.123.145.73 port 42008
Apr  5 12:33:40 cls sshd[1416590]: Failed password for root from 206.123.145.74 port 8312 ssh2
Apr  5 12:33:40 cls sshd[1416587]: Failed password for root from 130.12.181.106 port 8000 ssh2
Apr  5 12:33:42 cls sshd[1416586]: pam_unix(sshd:auth): check pass; user unknown
Apr  5 12:33:42 cls sshd[1416586]: pam_unix(sshd:auth): authentication failure; logname= uid=0 euid=0 tty=ssh ruser= rhost=206.123.145.73 
Apr  5 12:33:43 cls sshd[1416590]: Connection closed by authenticating user root 206.123.145.74 port 8312 [preauth]
Apr  5 12:33:43 cls sshd[1416587]: Connection closed by authenticating user root 130.12.181.106 port 8000 [preauth]
Apr  5 12:33:44 cls sshd[1416586]: Failed password for invalid user lidwinaf from 206.123.145.73 port 42008 ssh2
Apr  5 12:33:46 cls sshd[1416586]: Connection closed by invalid user lidwinaf 206.123.145.73 port 42008 [preauth]
Apr  5 12:33:54 cls sshd[1416594]: pam_unix(sshd:auth): authentication failure; logname= uid=0 euid=0 tty=ssh ruser= rhost=152.32.191.75  user=root
Apr  5 12:33:56 cls sshd[1416594]: Failed password for root from 152.32.191.75 port 47692 ssh2
Apr  5 12:33:56 cls sshd[1416594]: Received disconnect from 152.32.191.75 port 47692:11: Bye Bye [preauth]
Apr  5 12:33:56 cls sshd[1416594]: Disconnected from authenticating user root 152.32.191.75 port 47692 [preauth]
Apr  5 12:34:04 cls sshd[1416596]: pam_unix(sshd:auth): authentication failure; logname= uid=0 euid=0 tty=ssh ruser= rhost=199.195.254.215  user=root
Apr  5 12:34:05 cls sshd[1416598]: pam_unix(sshd:auth): authentication failure; logname= uid=0 euid=0 tty=ssh ruser= rhost=192.3.130.87  user=root
Apr  5 12:34:06 cls sshd[1416596]: Failed password for root from 199.195.254.215 port 50268 ssh2
Apr  5 12:34:07 cls sshd[1416596]: Received disconnect from 199.195.254.215 port 50268:11: Bye Bye [preauth]
Apr  5 12:34:07 cls sshd[1416596]: Disconnected from authenticating user root 199.195.254.215 port 50268 [preauth]
Apr  5 12:34:07 cls sshd[1416598]: Failed password for root from 192.3.130.87 port 44250 ssh2
Apr  5 12:34:08 cls sshd[1416598]: Received disconnect from 192.3.130.87 port 44250:11: Bye Bye [preauth]
Apr  5 12:34:08 cls sshd[1416598]: Disconnected from authenticating user root 192.3.130.87 port 44250 [preauth]
Apr  5 12:34:15 cls sshd[1416600]: Invalid user records from 206.123.145.55 port 62894
Apr  5 12:34:17 cls sshd[1416600]: pam_unix(sshd:auth): check pass; user unknown
Apr  5 12:34:17 cls sshd[1416600]: pam_unix(sshd:auth): authentication failure; logname= uid=0 euid=0 tty=ssh ruser= rhost=206.123.145.55 
Apr  5 12:34:19 cls sshd[1416600]: Failed password for invalid user records from 206.123.145.55 port 62894 ssh2
Apr  5 12:34:21 cls sshd[1416602]: Invalid user wbj from 130.12.181.104 port 3714
Apr  5 12:34:23 cls sshd[1416600]: Connection closed by invalid user records 206.123.145.55 port 62894 [preauth]
Apr  5 12:34:24 cls sshd[1416602]: pam_unix(sshd:auth): check pass; user unknown
Apr  5 12:34:24 cls sshd[1416602]: pam_unix(sshd:auth): authentication failure; logname= uid=0 euid=0 tty=ssh ruser= rhost=130.12.181.104 
Apr  5 12:34:26 cls sshd[1416606]: Invalid user ftptest2 from 132.145.122.251 port 41582
Apr  5 12:34:26 cls sshd[1416606]: pam_unix(sshd:auth): check pass; user unknown
Apr  5 12:34:26 cls sshd[1416606]: pam_unix(sshd:auth): authentication failure; logname= uid=0 euid=0 tty=ssh ruser= rhost=132.145.122.251 
Apr  5 12:34:26 cls sshd[1416602]: Failed password for invalid user wbj from 130.12.181.104 port 3714 ssh2
Apr  5 12:34:28 cls sshd[1416606]: Failed password for invalid user ftptest2 from 132.145.122.251 port 41582 ssh2
Apr  5 12:34:28 cls sshd[1416606]: Received disconnect from 132.145.122.251 port 41582:11: Bye Bye [preauth]
Apr  5 12:34:28 cls sshd[1416606]: Disconnected from invalid user ftptest2 132.145.122.251 port 41582 [preauth]
Apr  5 12:34:29 cls sshd[1416602]: Connection closed by invalid user wbj 130.12.181.104 port 3714 [preauth]
Apr  5 12:34:31 cls sshd[1416604]: Invalid user kubeflow from 130.12.181.109 port 43730
Apr  5 12:34:33 cls sshd[1416604]: pam_unix(sshd:auth): check pass; user unknown
Apr  5 12:34:33 cls sshd[1416604]: pam_unix(sshd:auth): authentication failure; logname= uid=0 euid=0 tty=ssh ruser= rhost=130.12.181.109 
Apr  5 12:34:33 cls sshd[1416613]: Invalid user charles from 206.123.145.49 port 57538
Apr  5 12:34:35 cls sshd[1416613]: pam_unix(sshd:auth): check pass; user unknown
Apr  5 12:34:35 cls sshd[1416613]: pam_unix(sshd:auth): authentication failure; logname= uid=0 euid=0 tty=ssh ruser= rhost=206.123.145.49 
Apr  5 12:34:35 cls sshd[1416604]: Failed password for invalid user kubeflow from 130.12.181.109 port 43730 ssh2
Apr  5 12:34:36 cls sshd[1416613]: Failed password for invalid user charles from 206.123.145.49 port 57538 ssh2
Apr  5 12:34:38 cls sshd[1416604]: Connection closed by invalid user kubeflow 130.12.181.109 port 43730 [preauth]
Apr  5 12:34:39 cls sshd[1416613]: Connection closed by invalid user charles 206.123.145.49 port 57538 [preauth]
Apr  5 12:34:43 cls sshd[1416615]: Invalid user guo from 130.12.181.107 port 16264
Apr  5 12:34:46 cls sshd[1416615]: pam_unix(sshd:auth): check pass; user unknown
Apr  5 12:34:46 cls sshd[1416615]: pam_unix(sshd:auth): authentication failure; logname= uid=0 euid=0 tty=ssh ruser= rhost=130.12.181.107 
Apr  5 12:34:46 cls sshd[1416617]: pam_unix(sshd:auth): authentication failure; logname= uid=0 euid=0 tty=ssh ruser= rhost=194.107.115.2  user=root
Apr  5 12:34:47 cls sshd[1416615]: Failed password for invalid user guo from 130.12.181.107 port 16264 ssh2
Apr  5 12:34:48 cls sshd[1416617]: Failed password for root from 194.107.115.2 port 60462 ssh2
Apr  5 12:34:49 cls sshd[1416617]: Received disconnect from 194.107.115.2 port 60462:11: Bye Bye [preauth]
Apr  5 12:34:49 cls sshd[1416617]: Disconnected from authenticating user root 194.107.115.2 port 60462 [preauth]
Apr  5 12:34:51 cls sshd[1416615]: Connection closed by invalid user guo 130.12.181.107 port 16264 [preauth]
Apr  5 12:35:00 cls sshd[1416619]: Invalid user ftpuser from 206.42.14.196 port 44910
Apr  5 12:35:00 cls sshd[1416619]: pam_unix(sshd:auth): check pass; user unknown
Apr  5 12:35:00 cls sshd[1416619]: pam_unix(sshd:auth): authentication failure; logname= uid=0 euid=0 tty=ssh ruser= rhost=206.42.14.196 
Apr  5 12:35:02 cls sshd[1416619]: Failed password for invalid user ftpuser from 206.42.14.196 port 44910 ssh2
Apr  5 12:35:04 cls sshd[1416619]: Received disconnect from 206.42.14.196 port 44910:11: Bye Bye [preauth]
Apr  5 12:35:04 cls sshd[1416619]: Disconnected from invalid user ftpuser 206.42.14.196 port 44910 [preauth]
Apr  5 12:35:06 cls sshd[1416621]: pam_unix(sshd:auth): authentication failure; logname= uid=0 euid=0 tty=ssh ruser= rhost=199.195.254.215  user=root
Apr  5 12:35:09 cls sshd[1416621]: Failed password for root from 199.195.254.215 port 43462 ssh2
Apr  5 12:35:09 cls sshd[1416621]: Received disconnect from 199.195.254.215 port 43462:11: Bye Bye [preauth]
Apr  5 12:35:09 cls sshd[1416621]: Disconnected from authenticating user root 199.195.254.215 port 43462 [preauth]
Apr  5 12:35:16 cls sshd[1416623]: Invalid user xiafei2 from 130.12.181.105 port 49446
Apr  5 12:35:18 cls sshd[1416629]: Invalid user kuroda from 206.123.145.79 port 36306
Apr  5 12:35:18 cls sshd[1416623]: pam_unix(sshd:auth): check pass; user unknown
Apr  5 12:35:18 cls sshd[1416623]: pam_unix(sshd:auth): authentication failure; logname= uid=0 euid=0 tty=ssh ruser= rhost=130.12.181.105 
Apr  5 12:35:19 cls sshd[1416628]: Invalid user wyz from 206.123.145.75 port 49216
Apr  5 12:35:21 cls sshd[1416628]: pam_unix(sshd:auth): check pass; user unknown
Apr  5 12:35:21 cls sshd[1416628]: pam_unix(sshd:auth): authentication failure; logname= uid=0 euid=0 tty=ssh ruser= rhost=206.123.145.75 
Apr  5 12:35:21 cls sshd[1416623]: Failed password for invalid user xiafei2 from 130.12.181.105 port 49446 ssh2
Apr  5 12:35:22 cls sshd[1416629]: pam_unix(sshd:auth): check pass; user unknown
Apr  5 12:35:22 cls sshd[1416629]: pam_unix(sshd:auth): authentication failure; logname= uid=0 euid=0 tty=ssh ruser= rhost=206.123.145.79 
Apr  5 12:35:23 cls sshd[1416628]: Failed password for invalid user wyz from 206.123.145.75 port 49216 ssh2
Apr  5 12:35:24 cls sshd[1416629]: Failed password for invalid user kuroda from 206.123.145.79 port 36306 ssh2
Apr  5 12:35:25 cls sshd[1416623]: Connection closed by invalid user xiafei2 130.12.181.105 port 49446 [preauth]
Apr  5 12:35:26 cls sshd[1416628]: Connection closed by invalid user wyz 206.123.145.75 port 49216 [preauth]
Apr  5 12:35:27 cls sshd[1416629]: Connection closed by invalid user kuroda 206.123.145.79 port 36306 [preauth]
Apr  5 12:35:32 cls sshd[1416632]: Invalid user huangrq from 206.123.145.50 port 11870
Apr  5 12:35:33 cls sshd[1416634]: Invalid user deploy from 93.39.209.147 port 49836
Apr  5 12:35:33 cls sshd[1416634]: pam_unix(sshd:auth): check pass; user unknown
Apr  5 12:35:33 cls sshd[1416634]: pam_unix(sshd:auth): authentication failure; logname= uid=0 euid=0 tty=ssh ruser= rhost=93.39.209.147 
Apr  5 12:35:34 cls sshd[1416632]: pam_unix(sshd:auth): check pass; user unknown
Apr  5 12:35:34 cls sshd[1416632]: pam_unix(sshd:auth): authentication failure; logname= uid=0 euid=0 tty=ssh ruser= rhost=206.123.145.50 
Apr  5 12:35:35 cls sshd[1416634]: Failed password for invalid user deploy from 93.39.209.147 port 49836 ssh2
Apr  5 12:35:35 cls sshd[1416637]: pam_unix(sshd:auth): authentication failure; logname= uid=0 euid=0 tty=ssh ruser= rhost=201.71.192.108  user=root
Apr  5 12:35:36 cls sshd[1416639]: pam_unix(sshd:auth): authentication failure; logname= uid=0 euid=0 tty=ssh ruser= rhost=146.190.79.63  user=root
Apr  5 12:35:36 cls sshd[1416632]: Failed password for invalid user huangrq from 206.123.145.50 port 11870 ssh2
Apr  5 12:35:36 cls sshd[1416634]: Received disconnect from 93.39.209.147 port 49836:11: Bye Bye [preauth]
Apr  5 12:35:36 cls sshd[1416634]: Disconnected from invalid user deploy 93.39.209.147 port 49836 [preauth]
Apr  5 12:35:38 cls sshd[1416637]: Failed password for root from 201.71.192.108 port 40534 ssh2
Apr  5 12:35:38 cls sshd[1416639]: Failed password for root from 146.190.79.63 port 46070 ssh2
Apr  5 12:35:38 cls sshd[1416637]: Received disconnect from 201.71.192.108 port 40534:11: Bye Bye [preauth]
Apr  5 12:35:38 cls sshd[1416637]: Disconnected from authenticating user root 201.71.192.108 port 40534 [preauth]
Apr  5 12:35:38 cls sshd[1416639]: Received disconnect from 146.190.79.63 port 46070:11: Bye Bye [preauth]
Apr  5 12:35:38 cls sshd[1416639]: Disconnected from authenticating user root 146.190.79.63 port 46070 [preauth]
Apr  5 12:35:39 cls sshd[1416632]: Connection closed by invalid user huangrq 206.123.145.50 port 11870 [preauth]
Apr  5 12:35:41 cls sshd[1416636]: Invalid user dingyongze from 130.12.181.98 port 60612
Apr  5 12:35:42 cls sshd[1416642]: Invalid user bot from 103.158.40.65 port 43418
Apr  5 12:35:42 cls sshd[1416642]: pam_unix(sshd:auth): check pass; user unknown
Apr  5 12:35:42 cls sshd[1416642]: pam_unix(sshd:auth): authentication failure; logname= uid=0 euid=0 tty=ssh ruser= rhost=103.158.40.65 
Apr  5 12:35:43 cls sshd[1416636]: pam_unix(sshd:auth): check pass; user unknown
Apr  5 12:35:43 cls sshd[1416636]: pam_unix(sshd:auth): authentication failure; logname= uid=0 euid=0 tty=ssh ruser= rhost=130.12.181.98 
Apr  5 12:35:44 cls sshd[1416636]: Failed password for invalid user dingyongze from 130.12.181.98 port 60612 ssh2
Apr  5 12:35:45 cls sshd[1416642]: Failed password for invalid user bot from 103.158.40.65 port 43418 ssh2
Apr  5 12:35:46 cls sshd[1416642]: Received disconnect from 103.158.40.65 port 43418:11: Bye Bye [preauth]
Apr  5 12:35:46 cls sshd[1416642]: Disconnected from invalid user bot 103.158.40.65 port 43418 [preauth]
Apr  5 12:35:47 cls sshd[1416636]: Connection closed by invalid user dingyongze 130.12.181.98 port 60612 [preauth]
Apr  5 12:35:55 cls sshd[1416650]: Invalid user adam from 118.193.34.157 port 53892
Apr  5 12:35:55 cls sshd[1416650]: pam_unix(sshd:auth): check pass; user unknown
Apr  5 12:35:55 cls sshd[1416650]: pam_unix(sshd:auth): authentication failure; logname= uid=0 euid=0 tty=ssh ruser= rhost=118.193.34.157 
Apr  5 12:35:56 cls sshd[1416650]: Failed password for invalid user adam from 118.193.34.157 port 53892 ssh2
Apr  5 12:35:56 cls sshd[1416644]: Invalid user gauhar from 206.123.145.71 port 44456
Apr  5 12:35:56 cls sshd[1416650]: Received disconnect from 118.193.34.157 port 53892:11: Bye Bye [preauth]
Apr  5 12:35:56 cls sshd[1416650]: Disconnected from invalid user adam 118.193.34.157 port 53892 [preauth]
Apr  5 12:35:59 cls sshd[1416644]: pam_unix(sshd:auth): check pass; user unknown
Apr  5 12:35:59 cls sshd[1416644]: pam_unix(sshd:auth): authentication failure; logname= uid=0 euid=0 tty=ssh ruser= rhost=206.123.145.71 
Apr  5 12:36:00 cls sshd[1416646]: Invalid user tongshan from 206.123.145.69 port 50848
Apr  5 12:36:01 cls sshd[1416644]: Failed password for invalid user gauhar from 206.123.145.71 port 44456 ssh2
Apr  5 12:36:02 cls sshd[1416646]: pam_unix(sshd:auth): check pass; user unknown
Apr  5 12:36:02 cls sshd[1416646]: pam_unix(sshd:auth): authentication failure; logname= uid=0 euid=0 tty=ssh ruser= rhost=206.123.145.69 
Apr  5 12:36:03 cls sshd[1416666]: pam_unix(sshd:auth): authentication failure; logname= uid=0 euid=0 tty=ssh ruser= rhost=129.226.157.18  user=root
Apr  5 12:36:04 cls sshd[1416646]: Failed password for invalid user tongshan from 206.123.145.69 port 50848 ssh2
Apr  5 12:36:05 cls sshd[1416644]: Connection closed by invalid user gauhar 206.123.145.71 port 44456 [preauth]
Apr  5 12:36:06 cls sshd[1416666]: Failed password for root from 129.226.157.18 port 51252 ssh2
Apr  5 12:36:06 cls sshd[1416666]: Received disconnect from 129.226.157.18 port 51252:11: Bye Bye [preauth]
Apr  5 12:36:06 cls sshd[1416666]: Disconnected from authenticating user root 129.226.157.18 port 51252 [preauth]
Apr  5 12:36:09 cls sshd[1416646]: Connection closed by invalid user tongshan 206.123.145.69 port 50848 [preauth]
Apr  5 12:36:09 cls sshd[1416664]: Invalid user buero3 from 206.123.145.48 port 54592
Apr  5 12:36:11 cls sshd[1416672]: pam_unix(sshd:auth): authentication failure; logname= uid=0 euid=0 tty=ssh ruser= rhost=152.32.191.75  user=root
Apr  5 12:36:11 cls sshd[1416664]: pam_unix(sshd:auth): check pass; user unknown
Apr  5 12:36:11 cls sshd[1416664]: pam_unix(sshd:auth): authentication failure; logname= uid=0 euid=0 tty=ssh ruser= rhost=206.123.145.48 
Apr  5 12:36:11 cls sshd[1416670]: pam_unix(sshd:auth): authentication failure; logname= uid=0 euid=0 tty=ssh ruser= rhost=199.195.254.215  user=root
Apr  5 12:36:13 cls sshd[1416672]: Failed password for root from 152.32.191.75 port 47092 ssh2
Apr  5 12:36:13 cls sshd[1416664]: Failed password for invalid user buero3 from 206.123.145.48 port 54592 ssh2
Apr  5 12:36:13 cls sshd[1416670]: Failed password for root from 199.195.254.215 port 36656 ssh2
Apr  5 12:36:14 cls sshd[1416672]: Received disconnect from 152.32.191.75 port 47092:11: Bye Bye [preauth]
Apr  5 12:36:14 cls sshd[1416672]: Disconnected from authenticating user root 152.32.191.75 port 47092 [preauth]
Apr  5 12:36:14 cls sshd[1416670]: Received disconnect from 199.195.254.215 port 36656:11: Bye Bye [preauth]
Apr  5 12:36:14 cls sshd[1416670]: Disconnected from authenticating user root 199.195.254.215 port 36656 [preauth]
Apr  5 12:36:15 cls sshd[1416668]: Invalid user fan from 130.12.181.100 port 61406
Apr  5 12:36:15 cls sshd[1416674]: pam_unix(sshd:auth): authentication failure; logname= uid=0 euid=0 tty=ssh ruser= rhost=192.3.130.87  user=root
Apr  5 12:36:16 cls sshd[1416664]: Connection closed by invalid user buero3 206.123.145.48 port 54592 [preauth]
Apr  5 12:36:17 cls sshd[1416668]: pam_unix(sshd:auth): check pass; user unknown
Apr  5 12:36:17 cls sshd[1416668]: pam_unix(sshd:auth): authentication failure; logname= uid=0 euid=0 tty=ssh ruser= rhost=130.12.181.100 
Apr  5 12:36:17 cls sshd[1416674]: Failed password for root from 192.3.130.87 port 46956 ssh2
Apr  5 12:36:18 cls sshd[1416674]: Received disconnect from 192.3.130.87 port 46956:11: Bye Bye [preauth]
Apr  5 12:36:18 cls sshd[1416674]: Disconnected from authenticating user root 192.3.130.87 port 46956 [preauth]
Apr  5 12:36:19 cls sshd[1416668]: Failed password for invalid user fan from 130.12.181.100 port 61406 ssh2
Apr  5 12:36:21 cls sshd[1416668]: Connection closed by invalid user fan 130.12.181.100 port 61406 [preauth]
Apr  5 12:36:26 cls sshd[1416692]: Invalid user takeot from 206.123.145.46 port 31100
Apr  5 12:36:29 cls sshd[1416692]: pam_unix(sshd:auth): check pass; user unknown
Apr  5 12:36:29 cls sshd[1416692]: pam_unix(sshd:auth): authentication failure; logname= uid=0 euid=0 tty=ssh ruser= rhost=206.123.145.46 
Apr  5 12:36:31 cls sshd[1416692]: Failed password for invalid user takeot from 206.123.145.46 port 31100 ssh2
Apr  5 12:36:35 cls sshd[1416692]: Connection closed by invalid user takeot 206.123.145.46 port 31100 [preauth]
Apr  5 12:36:42 cls sshd[1416698]: Invalid user dungca from 206.123.145.52 port 64098
Apr  5 12:36:43 cls sshd[1416698]: pam_unix(sshd:auth): check pass; user unknown
Apr  5 12:36:43 cls sshd[1416698]: pam_unix(sshd:auth): authentication failure; logname= uid=0 euid=0 tty=ssh ruser= rhost=206.123.145.52 
Apr  5 12:36:45 cls sshd[1416698]: Failed password for invalid user dungca from 206.123.145.52 port 64098 ssh2
Apr  5 12:36:48 cls sshd[1416698]: Connection closed by invalid user dungca 206.123.145.52 port 64098 [preauth]
Apr  5 12:37:12 cls sshd[1416704]: pam_unix(sshd:auth): authentication failure; logname= uid=0 euid=0 tty=ssh ruser= rhost=194.107.115.2  user=root
Apr  5 12:37:13 cls sshd[1416702]: Invalid user wwwproxy from 206.123.145.77 port 51704
Apr  5 12:37:14 cls sshd[1416704]: Failed password for root from 194.107.115.2 port 48950 ssh2
Apr  5 12:37:14 cls sshd[1416704]: Received disconnect from 194.107.115.2 port 48950:11: Bye Bye [preauth]
Apr  5 12:37:14 cls sshd[1416704]: Disconnected from authenticating user root 194.107.115.2 port 48950 [preauth]
Apr  5 12:37:15 cls sshd[1416708]: pam_unix(sshd:auth): authentication failure; logname= uid=0 euid=0 tty=ssh ruser= rhost=199.195.254.215  user=root
Apr  5 12:37:15 cls sshd[1416702]: pam_unix(sshd:auth): check pass; user unknown
Apr  5 12:37:15 cls sshd[1416702]: pam_unix(sshd:auth): authentication failure; logname= uid=0 euid=0 tty=ssh ruser= rhost=206.123.145.77 
Apr  5 12:37:16 cls sshd[1416708]: Failed password for root from 199.195.254.215 port 58082 ssh2
Apr  5 12:37:17 cls sshd[1416702]: Failed password for invalid user wwwproxy from 206.123.145.77 port 51704 ssh2
Apr  5 12:37:18 cls sshd[1416708]: Received disconnect from 199.195.254.215 port 58082:11: Bye Bye [preauth]
Apr  5 12:37:18 cls sshd[1416708]: Disconnected from authenticating user root 199.195.254.215 port 58082 [preauth]
Apr  5 12:37:21 cls sshd[1416702]: Connection closed by invalid user wwwproxy 206.123.145.77 port 51704 [preauth]
Apr  5 12:37:24 cls sshd[1416718]: pam_unix(sshd:auth): authentication failure; logname= uid=0 euid=0 tty=ssh ruser= rhost=206.42.14.196  user=root
Apr  5 12:37:26 cls sshd[1416718]: Failed password for root from 206.42.14.196 port 36230 ssh2
Apr  5 12:37:27 cls sshd[1416714]: Invalid user out from 206.123.145.70 port 52894
Apr  5 12:37:27 cls sshd[1416718]: Received disconnect from 206.42.14.196 port 36230:11: Bye Bye [preauth]
Apr  5 12:37:27 cls sshd[1416718]: Disconnected from authenticating user root 206.42.14.196 port 36230 [preauth]
Apr  5 12:37:28 cls sshd[1416716]: Invalid user zljdusers from 206.123.145.20 port 39598
Apr  5 12:37:29 cls sshd[1416714]: pam_unix(sshd:auth): check pass; user unknown
Apr  5 12:37:29 cls sshd[1416714]: pam_unix(sshd:auth): authentication failure; logname= uid=0 euid=0 tty=ssh ruser= rhost=206.123.145.70 
Apr  5 12:37:29 cls sshd[1416716]: pam_unix(sshd:auth): check pass; user unknown
Apr  5 12:37:29 cls sshd[1416716]: pam_unix(sshd:auth): authentication failure; logname= uid=0 euid=0 tty=ssh ruser= rhost=206.123.145.20 
Apr  5 12:37:31 cls sshd[1416714]: Failed password for invalid user out from 206.123.145.70 port 52894 ssh2
Apr  5 12:37:31 cls sshd[1416716]: Failed password for invalid user zljdusers from 206.123.145.20 port 39598 ssh2
Apr  5 12:37:33 cls sshd[1416714]: Connection closed by invalid user out 206.123.145.70 port 52894 [preauth]
Apr  5 12:37:34 cls sshd[1416716]: Connection closed by invalid user zljdusers 206.123.145.20 port 39598 [preauth]
Apr  5 12:37:35 cls sshd[1416720]: Invalid user acfeng from 130.12.181.103 port 20472
Apr  5 12:37:36 cls sshd[1416724]: Invalid user administrator from 93.39.209.147 port 34602
Apr  5 12:37:36 cls sshd[1416724]: pam_unix(sshd:auth): check pass; user unknown
Apr  5 12:37:36 cls sshd[1416724]: pam_unix(sshd:auth): authentication failure; logname= uid=0 euid=0 tty=ssh ruser= rhost=93.39.209.147 
Apr  5 12:37:37 cls sshd[1416720]: pam_unix(sshd:auth): check pass; user unknown
Apr  5 12:37:37 cls sshd[1416720]: pam_unix(sshd:auth): authentication failure; logname= uid=0 euid=0 tty=ssh ruser= rhost=130.12.181.103 
Apr  5 12:37:38 cls sshd[1416724]: Failed password for invalid user administrator from 93.39.209.147 port 34602 ssh2
Apr  5 12:37:39 cls sshd[1416720]: Failed password for invalid user acfeng from 130.12.181.103 port 20472 ssh2
Apr  5 12:37:40 cls sshd[1416724]: Received disconnect from 93.39.209.147 port 34602:11: Bye Bye [preauth]
Apr  5 12:37:40 cls sshd[1416724]: Disconnected from invalid user administrator 93.39.209.147 port 34602 [preauth]
Apr  5 12:37:42 cls sshd[1416720]: Connection closed by invalid user acfeng 130.12.181.103 port 20472 [preauth]
Apr  5 12:37:51 cls sshd[1416733]: Invalid user postgres from 130.12.181.99 port 3758
Apr  5 12:37:53 cls sshd[1416733]: pam_unix(sshd:auth): check pass; user unknown
Apr  5 12:37:53 cls sshd[1416733]: pam_unix(sshd:auth): authentication failure; logname= uid=0 euid=0 tty=ssh ruser= rhost=130.12.181.99 
Apr  5 12:37:55 cls sshd[1416733]: Failed password for invalid user postgres from 130.12.181.99 port 3758 ssh2
Apr  5 12:38:00 cls sshd[1416733]: Connection closed by invalid user postgres 130.12.181.99 port 3758 [preauth]
Apr  5 12:38:01 cls sshd[1416735]: Invalid user reactweb from 206.123.145.53 port 4110
Apr  5 12:38:01 cls sshd[1416737]: Invalid user teamspeak from 146.190.79.63 port 55218
Apr  5 12:38:01 cls sshd[1416737]: pam_unix(sshd:auth): check pass; user unknown
Apr  5 12:38:01 cls sshd[1416737]: pam_unix(sshd:auth): authentication failure; logname= uid=0 euid=0 tty=ssh ruser= rhost=146.190.79.63 
Apr  5 12:38:02 cls sshd[1416735]: pam_unix(sshd:auth): check pass; user unknown
Apr  5 12:38:02 cls sshd[1416735]: pam_unix(sshd:auth): authentication failure; logname= uid=0 euid=0 tty=ssh ruser= rhost=206.123.145.53 
Apr  5 12:38:03 cls sshd[1416737]: Failed password for invalid user teamspeak from 146.190.79.63 port 55218 ssh2
Apr  5 12:38:03 cls sshd[1416737]: Received disconnect from 146.190.79.63 port 55218:11: Bye Bye [preauth]
Apr  5 12:38:03 cls sshd[1416737]: Disconnected from invalid user teamspeak 146.190.79.63 port 55218 [preauth]
Apr  5 12:38:04 cls sshd[1416735]: Failed password for invalid user reactweb from 206.123.145.53 port 4110 ssh2
Apr  5 12:38:06 cls sshd[1416735]: Connection closed by invalid user reactweb 206.123.145.53 port 4110 [preauth]
Apr  5 12:38:14 cls sshd[1416740]: Invalid user yosakku from 206.123.145.57 port 14498
Apr  5 12:38:16 cls sshd[1416740]: pam_unix(sshd:auth): check pass; user unknown
Apr  5 12:38:16 cls sshd[1416740]: pam_unix(sshd:auth): authentication failure; logname= uid=0 euid=0 tty=ssh ruser= rhost=206.123.145.57 
Apr  5 12:38:18 cls sshd[1416740]: Failed password for invalid user yosakku from 206.123.145.57 port 14498 ssh2
Apr  5 12:38:20 cls sshd[1416742]: Invalid user tao from 201.71.192.108 port 41670
Apr  5 12:38:20 cls sshd[1416742]: pam_unix(sshd:auth): check pass; user unknown
Apr  5 12:38:20 cls sshd[1416742]: pam_unix(sshd:auth): authentication failure; logname= uid=0 euid=0 tty=ssh ruser= rhost=201.71.192.108 
Apr  5 12:38:21 cls sshd[1416740]: Connection closed by invalid user yosakku 206.123.145.57 port 14498 [preauth]
Apr  5 12:38:22 cls sshd[1416742]: Failed password for invalid user tao from 201.71.192.108 port 41670 ssh2
Apr  5 12:38:22 cls sshd[1416744]: Invalid user sky from 118.193.34.157 port 57408
Apr  5 12:38:22 cls sshd[1416744]: pam_unix(sshd:auth): check pass; user unknown
Apr  5 12:38:22 cls sshd[1416744]: pam_unix(sshd:auth): authentication failure; logname= uid=0 euid=0 tty=ssh ruser= rhost=118.193.34.157 
Apr  5 12:38:22 cls sshd[1416742]: Received disconnect from 201.71.192.108 port 41670:11: Bye Bye [preauth]
Apr  5 12:38:22 cls sshd[1416742]: Disconnected from invalid user tao 201.71.192.108 port 41670 [preauth]
Apr  5 12:38:23 cls sshd[1416746]: Invalid user vpn from 199.195.254.215 port 51276
Apr  5 12:38:23 cls sshd[1416746]: pam_unix(sshd:auth): check pass; user unknown
Apr  5 12:38:23 cls sshd[1416746]: pam_unix(sshd:auth): authentication failure; logname= uid=0 euid=0 tty=ssh ruser= rhost=199.195.254.215 
Apr  5 12:38:24 cls sshd[1416744]: Failed password for invalid user sky from 118.193.34.157 port 57408 ssh2
Apr  5 12:38:25 cls sshd[1416746]: Failed password for invalid user vpn from 199.195.254.215 port 51276 ssh2
Apr  5 12:38:26 cls sshd[1416744]: Received disconnect from 118.193.34.157 port 57408:11: Bye Bye [preauth]
Apr  5 12:38:26 cls sshd[1416744]: Disconnected from invalid user sky 118.193.34.157 port 57408 [preauth]
Apr  5 12:38:27 cls sshd[1416746]: Received disconnect from 199.195.254.215 port 51276:11: Bye Bye [preauth]
Apr  5 12:38:27 cls sshd[1416746]: Disconnected from invalid user vpn 199.195.254.215 port 51276 [preauth]
Apr  5 12:38:30 cls sshd[1416754]: pam_unix(sshd:auth): authentication failure; logname= uid=0 euid=0 tty=ssh ruser= rhost=132.145.122.251  user=root
Apr  5 12:38:33 cls sshd[1416754]: Failed password for root from 132.145.122.251 port 48692 ssh2
Apr  5 12:38:33 cls sshd[1416757]: pam_unix(sshd:auth): authentication failure; logname= uid=0 euid=0 tty=ssh ruser= rhost=152.32.191.75  user=root
Apr  5 12:38:35 cls sshd[1416757]: Failed password for root from 152.32.191.75 port 37636 ssh2
Apr  5 12:38:35 cls sshd[1416760]: Invalid user deploy from 103.158.40.65 port 60208
Apr  5 12:38:35 cls sshd[1416760]: pam_unix(sshd:auth): check pass; user unknown
Apr  5 12:38:35 cls sshd[1416760]: pam_unix(sshd:auth): authentication failure; logname= uid=0 euid=0 tty=ssh ruser= rhost=103.158.40.65 
Apr  5 12:38:35 cls sshd[1416754]: Received disconnect from 132.145.122.251 port 48692:11: Bye Bye [preauth]
Apr  5 12:38:35 cls sshd[1416754]: Disconnected from authenticating user root 132.145.122.251 port 48692 [preauth]
Apr  5 12:38:36 cls sshd[1416757]: Received disconnect from 152.32.191.75 port 37636:11: Bye Bye [preauth]
Apr  5 12:38:36 cls sshd[1416757]: Disconnected from authenticating user root 152.32.191.75 port 37636 [preauth]
Apr  5 12:38:37 cls sshd[1416760]: Failed password for invalid user deploy from 103.158.40.65 port 60208 ssh2
Apr  5 12:38:38 cls sshd[1416760]: Received disconnect from 103.158.40.65 port 60208:11: Bye Bye [preauth]
Apr  5 12:38:38 cls sshd[1416760]: Disconnected from invalid user deploy 103.158.40.65 port 60208 [preauth]
Apr  5 12:38:40 cls sshd[1416767]: Invalid user test0 from 192.3.130.87 port 52896
Apr  5 12:38:40 cls sshd[1416767]: pam_unix(sshd:auth): check pass; user unknown
Apr  5 12:38:40 cls sshd[1416767]: pam_unix(sshd:auth): authentication failure; logname= uid=0 euid=0 tty=ssh ruser= rhost=192.3.130.87 
Apr  5 12:38:42 cls sshd[1416756]: Invalid user duanwei from 130.12.181.108 port 62580
Apr  5 12:38:42 cls sshd[1416767]: Failed password for invalid user test0 from 192.3.130.87 port 52896 ssh2
