Apr  5 00:24:01 cls sshd[1372027]: Failed password for invalid user artificial from 130.12.181.105 port 41666 ssh2
Apr  5 00:24:01 cls sshd[1372028]: Invalid user www1 from 206.123.145.77 port 9916
Apr  5 00:24:01 cls sshd[1372026]: Connection closed by invalid user vpg 130.12.181.98 port 29468 [preauth]
Apr  5 00:24:03 cls sshd[1372028]: pam_unix(sshd:auth): check pass; user unknown
Apr  5 00:24:03 cls sshd[1372028]: pam_unix(sshd:auth): authentication failure; logname= uid=0 euid=0 tty=ssh ruser= rhost=206.123.145.77 
Apr  5 00:24:04 cls sshd[1372027]: Connection closed by invalid user artificial 130.12.181.105 port 41666 [preauth]
Apr  5 00:24:05 cls sshd[1372028]: Failed password for invalid user www1 from 206.123.145.77 port 9916 ssh2
Apr  5 00:24:09 cls sshd[1372028]: Connection closed by invalid user www1 206.123.145.77 port 9916 [preauth]
Apr  5 00:24:21 cls sshd[1372033]: Invalid user sunjunyao from 206.123.145.51 port 43188
Apr  5 00:24:23 cls sshd[1372033]: pam_unix(sshd:auth): check pass; user unknown
Apr  5 00:24:23 cls sshd[1372033]: pam_unix(sshd:auth): authentication failure; logname= uid=0 euid=0 tty=ssh ruser= rhost=206.123.145.51 
Apr  5 00:24:25 cls sshd[1372033]: Failed password for invalid user sunjunyao from 206.123.145.51 port 43188 ssh2
Apr  5 00:24:28 cls sshd[1372033]: Connection closed by invalid user sunjunyao 206.123.145.51 port 43188 [preauth]
Apr  5 00:24:28 cls sshd[1372059]: Invalid user lijing from 206.123.145.73 port 33040
Apr  5 00:24:30 cls sshd[1372059]: pam_unix(sshd:auth): check pass; user unknown
Apr  5 00:24:30 cls sshd[1372059]: pam_unix(sshd:auth): authentication failure; logname= uid=0 euid=0 tty=ssh ruser= rhost=206.123.145.73 
Apr  5 00:24:32 cls sshd[1372059]: Failed password for invalid user lijing from 206.123.145.73 port 33040 ssh2
Apr  5 00:24:34 cls sshd[1372059]: Connection closed by invalid user lijing 206.123.145.73 port 33040 [preauth]
Apr  5 00:24:58 cls sshd[1372061]: Invalid user wx2 from 206.123.145.57 port 23490
Apr  5 00:25:02 cls sshd[1372061]: pam_unix(sshd:auth): check pass; user unknown
Apr  5 00:25:02 cls sshd[1372061]: pam_unix(sshd:auth): authentication failure; logname= uid=0 euid=0 tty=ssh ruser= rhost=206.123.145.57 
Apr  5 00:25:04 cls sshd[1372061]: Failed password for invalid user wx2 from 206.123.145.57 port 23490 ssh2
Apr  5 00:25:05 cls sshd[1372061]: Connection closed by invalid user wx2 206.123.145.57 port 23490 [preauth]
Apr  5 00:25:19 cls sshd[1372063]: Invalid user lixd from 130.12.181.106 port 12002
Apr  5 00:25:21 cls sshd[1372063]: pam_unix(sshd:auth): check pass; user unknown
Apr  5 00:25:21 cls sshd[1372063]: pam_unix(sshd:auth): authentication failure; logname= uid=0 euid=0 tty=ssh ruser= rhost=130.12.181.106 
Apr  5 00:25:23 cls sshd[1372063]: Failed password for invalid user lixd from 130.12.181.106 port 12002 ssh2
Apr  5 00:25:27 cls sshd[1372063]: Connection closed by invalid user lixd 130.12.181.106 port 12002 [preauth]
Apr  5 00:25:30 cls sshd[1372089]: Invalid user gd from 130.12.181.109 port 37196
Apr  5 00:25:31 cls sshd[1372089]: pam_unix(sshd:auth): check pass; user unknown
Apr  5 00:25:31 cls sshd[1372089]: pam_unix(sshd:auth): authentication failure; logname= uid=0 euid=0 tty=ssh ruser= rhost=130.12.181.109 
Apr  5 00:25:34 cls sshd[1372089]: Failed password for invalid user gd from 130.12.181.109 port 37196 ssh2
Apr  5 00:25:34 cls sshd[1372091]: Invalid user ykhu from 206.123.145.54 port 12282
Apr  5 00:25:37 cls sshd[1372089]: Connection closed by invalid user gd 130.12.181.109 port 37196 [preauth]
Apr  5 00:25:39 cls sshd[1372091]: pam_unix(sshd:auth): check pass; user unknown
Apr  5 00:25:39 cls sshd[1372091]: pam_unix(sshd:auth): authentication failure; logname= uid=0 euid=0 tty=ssh ruser= rhost=206.123.145.54 
Apr  5 00:25:41 cls sshd[1372091]: Failed password for invalid user ykhu from 206.123.145.54 port 12282 ssh2
Apr  5 00:25:45 cls sshd[1372091]: Connection closed by invalid user ykhu 206.123.145.54 port 12282 [preauth]
Apr  5 00:26:27 cls sshd[1372129]: Invalid user sergio_nerus from 130.12.181.101 port 53102
Apr  5 00:26:29 cls sshd[1372130]: Invalid user flail from 130.12.181.100 port 13804
Apr  5 00:26:29 cls sshd[1372129]: pam_unix(sshd:auth): check pass; user unknown
Apr  5 00:26:29 cls sshd[1372129]: pam_unix(sshd:auth): authentication failure; logname= uid=0 euid=0 tty=ssh ruser= rhost=130.12.181.101 
Apr  5 00:26:31 cls sshd[1372130]: pam_unix(sshd:auth): check pass; user unknown
Apr  5 00:26:31 cls sshd[1372130]: pam_unix(sshd:auth): authentication failure; logname= uid=0 euid=0 tty=ssh ruser= rhost=130.12.181.100 
Apr  5 00:26:32 cls sshd[1372129]: Failed password for invalid user sergio_nerus from 130.12.181.101 port 53102 ssh2
Apr  5 00:26:33 cls sshd[1372130]: Failed password for invalid user flail from 130.12.181.100 port 13804 ssh2
Apr  5 00:26:35 cls sshd[1372129]: Connection closed by invalid user sergio_nerus 130.12.181.101 port 53102 [preauth]
Apr  5 00:26:36 cls sshd[1372130]: Connection closed by invalid user flail 130.12.181.100 port 13804 [preauth]
Apr  5 00:26:43 cls sshd[1372133]: Invalid user hndrsfep from 206.123.145.56 port 41458
Apr  5 00:26:44 cls sshd[1372133]: pam_unix(sshd:auth): check pass; user unknown
Apr  5 00:26:44 cls sshd[1372133]: pam_unix(sshd:auth): authentication failure; logname= uid=0 euid=0 tty=ssh ruser= rhost=206.123.145.56 
Apr  5 00:26:45 cls sshd[1372133]: Failed password for invalid user hndrsfep from 206.123.145.56 port 41458 ssh2
Apr  5 00:26:48 cls sshd[1372133]: Connection closed by invalid user hndrsfep 206.123.145.56 port 41458 [preauth]
Apr  5 00:26:50 cls sshd[1372136]: Invalid user xoh from 206.123.145.72 port 3930
Apr  5 00:26:52 cls sshd[1372136]: pam_unix(sshd:auth): check pass; user unknown
Apr  5 00:26:52 cls sshd[1372136]: pam_unix(sshd:auth): authentication failure; logname= uid=0 euid=0 tty=ssh ruser= rhost=206.123.145.72 
Apr  5 00:26:54 cls sshd[1372136]: Failed password for invalid user xoh from 206.123.145.72 port 3930 ssh2
Apr  5 00:26:55 cls sshd[1372135]: pam_unix(sshd:auth): authentication failure; logname= uid=0 euid=0 tty=ssh ruser= rhost=206.123.145.20  user=root
Apr  5 00:26:57 cls sshd[1372135]: Failed password for root from 206.123.145.20 port 6458 ssh2
Apr  5 00:26:58 cls sshd[1372136]: Connection closed by invalid user xoh 206.123.145.72 port 3930 [preauth]
Apr  5 00:27:02 cls sshd[1372135]: Connection closed by authenticating user root 206.123.145.20 port 6458 [preauth]
Apr  5 00:27:12 cls sshd[1372139]: Invalid user ownerstark from 130.12.181.103 port 9446
Apr  5 00:27:14 cls sshd[1372139]: pam_unix(sshd:auth): check pass; user unknown
Apr  5 00:27:14 cls sshd[1372139]: pam_unix(sshd:auth): authentication failure; logname= uid=0 euid=0 tty=ssh ruser= rhost=130.12.181.103 
Apr  5 00:27:15 cls sshd[1372141]: Invalid user panghy from 130.12.181.97 port 20600
Apr  5 00:27:16 cls sshd[1372139]: Failed password for invalid user ownerstark from 130.12.181.103 port 9446 ssh2
Apr  5 00:27:17 cls sshd[1372141]: pam_unix(sshd:auth): check pass; user unknown
Apr  5 00:27:17 cls sshd[1372141]: pam_unix(sshd:auth): authentication failure; logname= uid=0 euid=0 tty=ssh ruser= rhost=130.12.181.97 
Apr  5 00:27:19 cls sshd[1372141]: Failed password for invalid user panghy from 130.12.181.97 port 20600 ssh2
Apr  5 00:27:19 cls sshd[1372139]: Connection closed by invalid user ownerstark 130.12.181.103 port 9446 [preauth]
Apr  5 00:27:21 cls sshd[1372143]: Invalid user mhx2 from 130.12.181.99 port 33290
Apr  5 00:27:21 cls sshd[1372141]: Connection closed by invalid user panghy 130.12.181.97 port 20600 [preauth]
Apr  5 00:27:23 cls sshd[1372143]: pam_unix(sshd:auth): check pass; user unknown
Apr  5 00:27:23 cls sshd[1372143]: pam_unix(sshd:auth): authentication failure; logname= uid=0 euid=0 tty=ssh ruser= rhost=130.12.181.99 
Apr  5 00:27:26 cls sshd[1372143]: Failed password for invalid user mhx2 from 130.12.181.99 port 33290 ssh2
Apr  5 00:27:29 cls sshd[1372143]: Connection closed by invalid user mhx2 130.12.181.99 port 33290 [preauth]
Apr  5 00:27:46 cls sshd[1372145]: Invalid user caoyujuan from 206.123.145.69 port 18786
Apr  5 00:27:50 cls sshd[1372145]: pam_unix(sshd:auth): check pass; user unknown
Apr  5 00:27:50 cls sshd[1372145]: pam_unix(sshd:auth): authentication failure; logname= uid=0 euid=0 tty=ssh ruser= rhost=206.123.145.69 
Apr  5 00:27:52 cls sshd[1372145]: Failed password for invalid user caoyujuan from 206.123.145.69 port 18786 ssh2
Apr  5 00:27:55 cls sshd[1372145]: Connection closed by invalid user caoyujuan 206.123.145.69 port 18786 [preauth]
Apr  5 00:28:02 cls sshd[1372147]: Invalid user cyshen from 206.123.145.76 port 39186
Apr  5 00:28:03 cls sshd[1372147]: pam_unix(sshd:auth): check pass; user unknown
Apr  5 00:28:03 cls sshd[1372147]: pam_unix(sshd:auth): authentication failure; logname= uid=0 euid=0 tty=ssh ruser= rhost=206.123.145.76 
Apr  5 00:28:04 cls sshd[1372147]: Failed password for invalid user cyshen from 206.123.145.76 port 39186 ssh2
Apr  5 00:28:07 cls sshd[1372147]: Connection closed by invalid user cyshen 206.123.145.76 port 39186 [preauth]
Apr  5 00:29:01 cls sshd[1372150]: Invalid user shengcai from 206.123.145.78 port 44380
Apr  5 00:29:04 cls sshd[1372150]: pam_unix(sshd:auth): check pass; user unknown
Apr  5 00:29:04 cls sshd[1372150]: pam_unix(sshd:auth): authentication failure; logname= uid=0 euid=0 tty=ssh ruser= rhost=206.123.145.78 
Apr  5 00:29:06 cls sshd[1372150]: Failed password for invalid user shengcai from 206.123.145.78 port 44380 ssh2
Apr  5 00:29:07 cls sshd[1372152]: Invalid user xjbw from 130.12.181.102 port 6394
Apr  5 00:29:08 cls sshd[1372150]: Connection closed by invalid user shengcai 206.123.145.78 port 44380 [preauth]
Apr  5 00:29:09 cls sshd[1372152]: pam_unix(sshd:auth): check pass; user unknown
Apr  5 00:29:09 cls sshd[1372152]: pam_unix(sshd:auth): authentication failure; logname= uid=0 euid=0 tty=ssh ruser= rhost=130.12.181.102 
Apr  5 00:29:10 cls sshd[1372152]: Failed password for invalid user xjbw from 130.12.181.102 port 6394 ssh2
Apr  5 00:29:13 cls sshd[1372152]: Connection closed by invalid user xjbw 130.12.181.102 port 6394 [preauth]
Apr  5 00:29:16 cls sshd[1372155]: pam_unix(sshd:auth): authentication failure; logname= uid=0 euid=0 tty=ssh ruser= rhost=206.123.145.75  user=root
Apr  5 00:29:17 cls sshd[1372158]: Invalid user wyy from 206.123.145.53 port 47128
Apr  5 00:29:18 cls sshd[1372155]: Failed password for root from 206.123.145.75 port 25818 ssh2
Apr  5 00:29:18 cls sshd[1372154]: Invalid user jfu from 206.123.145.52 port 43518
Apr  5 00:29:20 cls sshd[1372154]: pam_unix(sshd:auth): check pass; user unknown
Apr  5 00:29:20 cls sshd[1372154]: pam_unix(sshd:auth): authentication failure; logname= uid=0 euid=0 tty=ssh ruser= rhost=206.123.145.52 
Apr  5 00:29:20 cls sshd[1372158]: pam_unix(sshd:auth): check pass; user unknown
Apr  5 00:29:20 cls sshd[1372158]: pam_unix(sshd:auth): authentication failure; logname= uid=0 euid=0 tty=ssh ruser= rhost=206.123.145.53 
Apr  5 00:29:20 cls sshd[1372160]: Invalid user ygxy from 130.12.181.108 port 16426
Apr  5 00:29:20 cls sshd[1372155]: Connection closed by authenticating user root 206.123.145.75 port 25818 [preauth]
Apr  5 00:29:21 cls sshd[1372154]: Failed password for invalid user jfu from 206.123.145.52 port 43518 ssh2
Apr  5 00:29:21 cls sshd[1372158]: Failed password for invalid user wyy from 206.123.145.53 port 47128 ssh2
Apr  5 00:29:23 cls sshd[1372160]: pam_unix(sshd:auth): check pass; user unknown
Apr  5 00:29:23 cls sshd[1372160]: pam_unix(sshd:auth): authentication failure; logname= uid=0 euid=0 tty=ssh ruser= rhost=130.12.181.108 
Apr  5 00:29:24 cls sshd[1372158]: Connection closed by invalid user wyy 206.123.145.53 port 47128 [preauth]
Apr  5 00:29:25 cls sshd[1372162]: Invalid user xsy from 206.123.145.55 port 39616
Apr  5 00:29:25 cls sshd[1372160]: Failed password for invalid user ygxy from 130.12.181.108 port 16426 ssh2
Apr  5 00:29:25 cls sshd[1372154]: Connection closed by invalid user jfu 206.123.145.52 port 43518 [preauth]
Apr  5 00:29:27 cls sshd[1372162]: pam_unix(sshd:auth): check pass; user unknown
Apr  5 00:29:27 cls sshd[1372162]: pam_unix(sshd:auth): authentication failure; logname= uid=0 euid=0 tty=ssh ruser= rhost=206.123.145.55 
Apr  5 00:29:27 cls sshd[1372160]: Connection closed by invalid user ygxy 130.12.181.108 port 16426 [preauth]
Apr  5 00:29:29 cls sshd[1372162]: Failed password for invalid user xsy from 206.123.145.55 port 39616 ssh2
Apr  5 00:29:32 cls sshd[1372162]: Connection closed by invalid user xsy 206.123.145.55 port 39616 [preauth]
Apr  5 00:29:37 cls sshd[1372164]: Invalid user if from 206.123.145.79 port 26024
Apr  5 00:29:39 cls sshd[1372165]: Invalid user qinjianfeng from 206.123.145.49 port 24150
Apr  5 00:29:39 cls sshd[1372168]: Invalid user elvis from 206.123.145.50 port 57934
Apr  5 00:29:40 cls sshd[1372164]: pam_unix(sshd:auth): check pass; user unknown
Apr  5 00:29:40 cls sshd[1372164]: pam_unix(sshd:auth): authentication failure; logname= uid=0 euid=0 tty=ssh ruser= rhost=206.123.145.79 
Apr  5 00:29:41 cls sshd[1372168]: pam_unix(sshd:auth): check pass; user unknown
Apr  5 00:29:41 cls sshd[1372168]: pam_unix(sshd:auth): authentication failure; logname= uid=0 euid=0 tty=ssh ruser= rhost=206.123.145.50 
Apr  5 00:29:41 cls sshd[1372164]: Failed password for invalid user if from 206.123.145.79 port 26024 ssh2
Apr  5 00:29:42 cls sshd[1372165]: pam_unix(sshd:auth): check pass; user unknown
Apr  5 00:29:42 cls sshd[1372165]: pam_unix(sshd:auth): authentication failure; logname= uid=0 euid=0 tty=ssh ruser= rhost=206.123.145.49 
Apr  5 00:29:44 cls sshd[1372168]: Failed password for invalid user elvis from 206.123.145.50 port 57934 ssh2
Apr  5 00:29:44 cls sshd[1372170]: Invalid user labs from 206.123.145.46 port 62174
Apr  5 00:29:44 cls sshd[1372165]: Failed password for invalid user qinjianfeng from 206.123.145.49 port 24150 ssh2
Apr  5 00:29:45 cls sshd[1372164]: Connection closed by invalid user if 206.123.145.79 port 26024 [preauth]
Apr  5 00:29:45 cls sshd[1372170]: pam_unix(sshd:auth): check pass; user unknown
Apr  5 00:29:45 cls sshd[1372170]: pam_unix(sshd:auth): authentication failure; logname= uid=0 euid=0 tty=ssh ruser= rhost=206.123.145.46 
Apr  5 00:29:47 cls sshd[1372170]: Failed password for invalid user labs from 206.123.145.46 port 62174 ssh2
Apr  5 00:29:47 cls sshd[1372168]: Connection closed by invalid user elvis 206.123.145.50 port 57934 [preauth]
Apr  5 00:29:48 cls sshd[1372165]: Connection closed by invalid user qinjianfeng 206.123.145.49 port 24150 [preauth]
Apr  5 00:29:50 cls sshd[1372170]: Connection closed by invalid user labs 206.123.145.46 port 62174 [preauth]
Apr  5 00:30:05 cls sshd[1372172]: Invalid user xinbao from 130.12.181.107 port 18348
Apr  5 00:30:07 cls sshd[1372172]: pam_unix(sshd:auth): check pass; user unknown
Apr  5 00:30:07 cls sshd[1372172]: pam_unix(sshd:auth): authentication failure; logname= uid=0 euid=0 tty=ssh ruser= rhost=130.12.181.107 
Apr  5 00:30:10 cls sshd[1372172]: Failed password for invalid user xinbao from 130.12.181.107 port 18348 ssh2
Apr  5 00:30:14 cls sshd[1372172]: Connection closed by invalid user xinbao 130.12.181.107 port 18348 [preauth]
Apr  5 00:30:31 cls sshd[1372174]: Invalid user bijoy from 130.12.181.104 port 12490
Apr  5 00:30:32 cls sshd[1372175]: Invalid user junkai_liu from 206.123.145.48 port 23778
Apr  5 00:30:33 cls sshd[1372174]: pam_unix(sshd:auth): check pass; user unknown
Apr  5 00:30:33 cls sshd[1372174]: pam_unix(sshd:auth): authentication failure; logname= uid=0 euid=0 tty=ssh ruser= rhost=130.12.181.104 
Apr  5 00:30:35 cls sshd[1372175]: pam_unix(sshd:auth): check pass; user unknown
Apr  5 00:30:35 cls sshd[1372175]: pam_unix(sshd:auth): authentication failure; logname= uid=0 euid=0 tty=ssh ruser= rhost=206.123.145.48 
Apr  5 00:30:35 cls sshd[1372174]: Failed password for invalid user bijoy from 130.12.181.104 port 12490 ssh2
Apr  5 00:30:37 cls sshd[1372175]: Failed password for invalid user junkai_liu from 206.123.145.48 port 23778 ssh2
Apr  5 00:30:39 cls sshd[1372175]: Connection closed by invalid user junkai_liu 206.123.145.48 port 23778 [preauth]
Apr  5 00:30:39 cls sshd[1372174]: Connection closed by invalid user bijoy 130.12.181.104 port 12490 [preauth]
Apr  5 00:30:58 cls sshd[1372178]: Invalid user jeffzhu from 130.12.181.98 port 6360
Apr  5 00:30:59 cls sshd[1372178]: pam_unix(sshd:auth): check pass; user unknown
Apr  5 00:30:59 cls sshd[1372178]: pam_unix(sshd:auth): authentication failure; logname= uid=0 euid=0 tty=ssh ruser= rhost=130.12.181.98 
Apr  5 00:31:02 cls sshd[1372178]: Failed password for invalid user jeffzhu from 130.12.181.98 port 6360 ssh2
Apr  5 00:31:05 cls sshd[1372180]: Invalid user carey from 206.123.145.74 port 32652
Apr  5 00:31:06 cls sshd[1372178]: Connection closed by invalid user jeffzhu 130.12.181.98 port 6360 [preauth]
Apr  5 00:31:07 cls sshd[1372180]: pam_unix(sshd:auth): check pass; user unknown
Apr  5 00:31:07 cls sshd[1372180]: pam_unix(sshd:auth): authentication failure; logname= uid=0 euid=0 tty=ssh ruser= rhost=206.123.145.74 
Apr  5 00:31:10 cls sshd[1372180]: Failed password for invalid user carey from 206.123.145.74 port 32652 ssh2
Apr  5 00:31:12 cls sshd[1372180]: Connection closed by invalid user carey 206.123.145.74 port 32652 [preauth]
Apr  5 00:32:23 cls sshd[1372231]: Invalid user user1 from 130.12.181.105 port 52470
Apr  5 00:32:25 cls sshd[1372231]: pam_unix(sshd:auth): check pass; user unknown
Apr  5 00:32:25 cls sshd[1372231]: pam_unix(sshd:auth): authentication failure; logname= uid=0 euid=0 tty=ssh ruser= rhost=130.12.181.105 
Apr  5 00:32:27 cls sshd[1372231]: Failed password for invalid user user1 from 130.12.181.105 port 52470 ssh2
Apr  5 00:32:31 cls sshd[1372231]: Connection closed by invalid user user1 130.12.181.105 port 52470 [preauth]
Apr  5 00:32:33 cls sshd[1372236]: Invalid user admin from 206.123.145.70 port 7802
Apr  5 00:32:34 cls sshd[1372236]: pam_unix(sshd:auth): check pass; user unknown
Apr  5 00:32:34 cls sshd[1372236]: pam_unix(sshd:auth): authentication failure; logname= uid=0 euid=0 tty=ssh ruser= rhost=206.123.145.70 
Apr  5 00:32:36 cls sshd[1372236]: Failed password for invalid user admin from 206.123.145.70 port 7802 ssh2
Apr  5 00:32:40 cls sshd[1372236]: Connection closed by invalid user admin 206.123.145.70 port 7802 [preauth]
Apr  5 00:33:35 cls sshd[1372250]: Invalid user bigdata from 130.12.181.106 port 35176
Apr  5 00:33:36 cls sshd[1372250]: pam_unix(sshd:auth): check pass; user unknown
Apr  5 00:33:36 cls sshd[1372250]: pam_unix(sshd:auth): authentication failure; logname= uid=0 euid=0 tty=ssh ruser= rhost=130.12.181.106 
Apr  5 00:33:39 cls sshd[1372250]: Failed password for invalid user bigdata from 130.12.181.106 port 35176 ssh2
Apr  5 00:33:41 cls sshd[1372250]: Connection closed by invalid user bigdata 130.12.181.106 port 35176 [preauth]
Apr  5 00:33:44 cls sshd[1372252]: Invalid user elasticsearch from 206.123.145.77 port 44050
Apr  5 00:33:45 cls sshd[1372252]: pam_unix(sshd:auth): check pass; user unknown
Apr  5 00:33:45 cls sshd[1372252]: pam_unix(sshd:auth): authentication failure; logname= uid=0 euid=0 tty=ssh ruser= rhost=206.123.145.77 
Apr  5 00:33:46 cls sshd[1372252]: Failed password for invalid user elasticsearch from 206.123.145.77 port 44050 ssh2
Apr  5 00:33:48 cls sshd[1372253]: Invalid user st from 206.123.145.71 port 11268
Apr  5 00:33:49 cls sshd[1372252]: Connection closed by invalid user elasticsearch 206.123.145.77 port 44050 [preauth]
Apr  5 00:33:50 cls sshd[1372253]: pam_unix(sshd:auth): check pass; user unknown
Apr  5 00:33:50 cls sshd[1372253]: pam_unix(sshd:auth): authentication failure; logname= uid=0 euid=0 tty=ssh ruser= rhost=206.123.145.71 
Apr  5 00:33:51 cls sshd[1372257]: Invalid user doiserver from 130.12.181.109 port 18692
Apr  5 00:33:52 cls sshd[1372253]: Failed password for invalid user st from 206.123.145.71 port 11268 ssh2
Apr  5 00:33:53 cls sshd[1372257]: pam_unix(sshd:auth): check pass; user unknown
Apr  5 00:33:53 cls sshd[1372257]: pam_unix(sshd:auth): authentication failure; logname= uid=0 euid=0 tty=ssh ruser= rhost=130.12.181.109 
Apr  5 00:33:53 cls sshd[1372256]: Invalid user hujie from 206.123.145.51 port 10574
Apr  5 00:33:55 cls sshd[1372257]: Failed password for invalid user doiserver from 130.12.181.109 port 18692 ssh2
Apr  5 00:33:56 cls sshd[1372256]: pam_unix(sshd:auth): check pass; user unknown
Apr  5 00:33:56 cls sshd[1372256]: pam_unix(sshd:auth): authentication failure; logname= uid=0 euid=0 tty=ssh ruser= rhost=206.123.145.51 
Apr  5 00:33:57 cls sshd[1372253]: Connection closed by invalid user st 206.123.145.71 port 11268 [preauth]
Apr  5 00:33:58 cls sshd[1372256]: Failed password for invalid user hujie from 206.123.145.51 port 10574 ssh2
Apr  5 00:33:58 cls sshd[1372257]: Connection closed by invalid user doiserver 130.12.181.109 port 18692 [preauth]
Apr  5 00:34:01 cls sshd[1372256]: Connection closed by invalid user hujie 206.123.145.51 port 10574 [preauth]
Apr  5 00:34:29 cls sshd[1372263]: Invalid user odoo from 206.123.145.73 port 49980
Apr  5 00:34:32 cls sshd[1372263]: pam_unix(sshd:auth): check pass; user unknown
Apr  5 00:34:32 cls sshd[1372263]: pam_unix(sshd:auth): authentication failure; logname= uid=0 euid=0 tty=ssh ruser= rhost=206.123.145.73 
Apr  5 00:34:34 cls sshd[1372263]: Failed password for invalid user odoo from 206.123.145.73 port 49980 ssh2
Apr  5 00:34:36 cls sshd[1372263]: Connection closed by invalid user odoo 206.123.145.73 port 49980 [preauth]
Apr  5 00:34:39 cls sshd[1372269]: Invalid user kunliangLiu from 206.123.145.57 port 18466
Apr  5 00:34:41 cls sshd[1372269]: pam_unix(sshd:auth): check pass; user unknown
Apr  5 00:34:41 cls sshd[1372269]: pam_unix(sshd:auth): authentication failure; logname= uid=0 euid=0 tty=ssh ruser= rhost=206.123.145.57 
Apr  5 00:34:43 cls sshd[1372269]: Failed password for invalid user kunliangLiu from 206.123.145.57 port 18466 ssh2
Apr  5 00:34:47 cls sshd[1372269]: Connection closed by invalid user kunliangLiu 206.123.145.57 port 18466 [preauth]
Apr  5 00:34:54 cls sshd[1372271]: pam_unix(sshd:auth): authentication failure; logname= uid=0 euid=0 tty=ssh ruser= rhost=130.12.181.101  user=avahi
Apr  5 00:34:56 cls sshd[1372271]: Failed password for avahi from 130.12.181.101 port 5508 ssh2
Apr  5 00:34:58 cls sshd[1372274]: Invalid user ota from 206.123.145.54 port 40240
Apr  5 00:34:59 cls sshd[1372273]: Invalid user kaldi-master from 130.12.181.100 port 34430
Apr  5 00:34:59 cls sshd[1372271]: Connection closed by authenticating user avahi 130.12.181.101 port 5508 [preauth]
Apr  5 00:35:00 cls sshd[1372274]: pam_unix(sshd:auth): check pass; user unknown
Apr  5 00:35:00 cls sshd[1372274]: pam_unix(sshd:auth): authentication failure; logname= uid=0 euid=0 tty=ssh ruser= rhost=206.123.145.54 
Apr  5 00:35:01 cls sshd[1372273]: pam_unix(sshd:auth): check pass; user unknown
Apr  5 00:35:01 cls sshd[1372273]: pam_unix(sshd:auth): authentication failure; logname= uid=0 euid=0 tty=ssh ruser= rhost=130.12.181.100 
Apr  5 00:35:02 cls sshd[1372274]: Failed password for invalid user ota from 206.123.145.54 port 40240 ssh2
Apr  5 00:35:03 cls sshd[1372273]: Failed password for invalid user kaldi-master from 130.12.181.100 port 34430 ssh2
Apr  5 00:35:06 cls sshd[1372274]: Connection closed by invalid user ota 206.123.145.54 port 40240 [preauth]
Apr  5 00:35:07 cls sshd[1372273]: Connection closed by invalid user kaldi-master 130.12.181.100 port 34430 [preauth]
Apr  5 00:35:40 cls sshd[1372280]: Invalid user fbm from 130.12.181.103 port 17884
Apr  5 00:35:41 cls sshd[1372281]: Invalid user qihang from 130.12.181.97 port 6894
Apr  5 00:35:42 cls sshd[1372280]: pam_unix(sshd:auth): check pass; user unknown
Apr  5 00:35:42 cls sshd[1372280]: pam_unix(sshd:auth): authentication failure; logname= uid=0 euid=0 tty=ssh ruser= rhost=130.12.181.103 
Apr  5 00:35:44 cls sshd[1372281]: pam_unix(sshd:auth): check pass; user unknown
Apr  5 00:35:44 cls sshd[1372281]: pam_unix(sshd:auth): authentication failure; logname= uid=0 euid=0 tty=ssh ruser= rhost=130.12.181.97 
Apr  5 00:35:45 cls sshd[1372280]: Failed password for invalid user fbm from 130.12.181.103 port 17884 ssh2
Apr  5 00:35:46 cls sshd[1372281]: Failed password for invalid user qihang from 130.12.181.97 port 6894 ssh2
Apr  5 00:35:48 cls sshd[1372280]: Connection closed by invalid user fbm 130.12.181.103 port 17884 [preauth]
Apr  5 00:35:50 cls sshd[1372281]: Connection closed by invalid user qihang 130.12.181.97 port 6894 [preauth]
Apr  5 00:35:53 cls sshd[1372287]: Invalid user zhaochangle from 130.12.181.99 port 59020
Apr  5 00:35:55 cls sshd[1372287]: pam_unix(sshd:auth): check pass; user unknown
Apr  5 00:35:55 cls sshd[1372287]: pam_unix(sshd:auth): authentication failure; logname= uid=0 euid=0 tty=ssh ruser= rhost=130.12.181.99 
Apr  5 00:35:57 cls sshd[1372287]: Failed password for invalid user zhaochangle from 130.12.181.99 port 59020 ssh2
Apr  5 00:36:00 cls sshd[1372287]: Connection closed by invalid user zhaochangle 130.12.181.99 port 59020 [preauth]
Apr  5 00:36:14 cls sshd[1372289]: Invalid user ls from 206.123.145.56 port 16988
Apr  5 00:36:16 cls sshd[1372289]: pam_unix(sshd:auth): check pass; user unknown
Apr  5 00:36:16 cls sshd[1372289]: pam_unix(sshd:auth): authentication failure; logname= uid=0 euid=0 tty=ssh ruser= rhost=206.123.145.56 
Apr  5 00:36:18 cls sshd[1372289]: Failed password for invalid user ls from 206.123.145.56 port 16988 ssh2
Apr  5 00:36:22 cls sshd[1372295]: Invalid user weilun from 206.123.145.20 port 60998
Apr  5 00:36:22 cls sshd[1372289]: Connection closed by invalid user ls 206.123.145.56 port 16988 [preauth]
Apr  5 00:36:23 cls sshd[1372295]: pam_unix(sshd:auth): check pass; user unknown
Apr  5 00:36:23 cls sshd[1372295]: pam_unix(sshd:auth): authentication failure; logname= uid=0 euid=0 tty=ssh ruser= rhost=206.123.145.20 
Apr  5 00:36:25 cls sshd[1372295]: Failed password for invalid user weilun from 206.123.145.20 port 60998 ssh2
Apr  5 00:36:29 cls sshd[1372295]: Connection closed by invalid user weilun 206.123.145.20 port 60998 [preauth]
Apr  5 00:36:43 cls sshd[1372297]: Invalid user td2 from 206.123.145.72 port 58026
Apr  5 00:36:46 cls sshd[1372297]: pam_unix(sshd:auth): check pass; user unknown
Apr  5 00:36:46 cls sshd[1372297]: pam_unix(sshd:auth): authentication failure; logname= uid=0 euid=0 tty=ssh ruser= rhost=206.123.145.72 
Apr  5 00:36:47 cls sshd[1372297]: Failed password for invalid user td2 from 206.123.145.72 port 58026 ssh2
Apr  5 00:36:50 cls sshd[1372297]: Connection closed by invalid user td2 206.123.145.72 port 58026 [preauth]
Apr  5 00:37:21 cls sshd[1372299]: Invalid user gus from 206.123.145.69 port 36338
Apr  5 00:37:22 cls sshd[1372299]: pam_unix(sshd:auth): check pass; user unknown
Apr  5 00:37:22 cls sshd[1372299]: pam_unix(sshd:auth): authentication failure; logname= uid=0 euid=0 tty=ssh ruser= rhost=206.123.145.69 
Apr  5 00:37:24 cls sshd[1372299]: Failed password for invalid user gus from 206.123.145.69 port 36338 ssh2
Apr  5 00:37:28 cls sshd[1372299]: Connection closed by invalid user gus 206.123.145.69 port 36338 [preauth]
Apr  5 00:37:33 cls sshd[1372301]: Invalid user yuepx from 130.12.181.102 port 19934
Apr  5 00:37:34 cls sshd[1372302]: Invalid user gaofanqi from 130.12.181.108 port 46324
Apr  5 00:37:35 cls sshd[1372301]: pam_unix(sshd:auth): check pass; user unknown
Apr  5 00:37:35 cls sshd[1372301]: pam_unix(sshd:auth): authentication failure; logname= uid=0 euid=0 tty=ssh ruser= rhost=130.12.181.102 
Apr  5 00:37:36 cls sshd[1372302]: pam_unix(sshd:auth): check pass; user unknown
Apr  5 00:37:36 cls sshd[1372302]: pam_unix(sshd:auth): authentication failure; logname= uid=0 euid=0 tty=ssh ruser= rhost=130.12.181.108 
Apr  5 00:37:37 cls sshd[1372304]: Invalid user upload from 206.123.145.76 port 20114
Apr  5 00:37:38 cls sshd[1372301]: Failed password for invalid user yuepx from 130.12.181.102 port 19934 ssh2
Apr  5 00:37:38 cls sshd[1372302]: Failed password for invalid user gaofanqi from 130.12.181.108 port 46324 ssh2
Apr  5 00:37:40 cls sshd[1372301]: Connection closed by invalid user yuepx 130.12.181.102 port 19934 [preauth]
Apr  5 00:37:40 cls sshd[1372304]: pam_unix(sshd:auth): check pass; user unknown
Apr  5 00:37:40 cls sshd[1372304]: pam_unix(sshd:auth): authentication failure; logname= uid=0 euid=0 tty=ssh ruser= rhost=206.123.145.76 
Apr  5 00:37:42 cls sshd[1372304]: Failed password for invalid user upload from 206.123.145.76 port 20114 ssh2
Apr  5 00:37:42 cls sshd[1372302]: Connection closed by invalid user gaofanqi 130.12.181.108 port 46324 [preauth]
Apr  5 00:37:43 cls sshd[1372304]: Connection closed by invalid user upload 206.123.145.76 port 20114 [preauth]
Apr  5 00:37:56 cls sshd[1372307]: Invalid user hyper from 130.12.181.98 port 54272
Apr  5 00:37:58 cls sshd[1372307]: pam_unix(sshd:auth): check pass; user unknown
Apr  5 00:37:58 cls sshd[1372307]: pam_unix(sshd:auth): authentication failure; logname= uid=0 euid=0 tty=ssh ruser= rhost=130.12.181.98 
Apr  5 00:38:00 cls sshd[1372307]: Failed password for invalid user hyper from 130.12.181.98 port 54272 ssh2
Apr  5 00:38:04 cls sshd[1372307]: Connection closed by invalid user hyper 130.12.181.98 port 54272 [preauth]
Apr  5 00:38:32 cls sshd[1372339]: Invalid user fivem from 206.123.145.75 port 44378
Apr  5 00:38:33 cls sshd[1372337]: pam_unix(sshd:auth): authentication failure; logname= uid=0 euid=0 tty=ssh ruser= rhost=206.123.145.78  user=root
Apr  5 00:38:34 cls sshd[1372340]: Invalid user scanner from 130.12.181.107 port 26464
Apr  5 00:38:34 cls sshd[1372339]: pam_unix(sshd:auth): check pass; user unknown
Apr  5 00:38:34 cls sshd[1372339]: pam_unix(sshd:auth): authentication failure; logname= uid=0 euid=0 tty=ssh ruser= rhost=206.123.145.75 
Apr  5 00:38:35 cls sshd[1372337]: Failed password for root from 206.123.145.78 port 60966 ssh2
Apr  5 00:38:36 cls sshd[1372339]: Failed password for invalid user fivem from 206.123.145.75 port 44378 ssh2
Apr  5 00:38:36 cls sshd[1372340]: pam_unix(sshd:auth): check pass; user unknown
Apr  5 00:38:36 cls sshd[1372340]: pam_unix(sshd:auth): authentication failure; logname= uid=0 euid=0 tty=ssh ruser= rhost=130.12.181.107 
Apr  5 00:38:38 cls sshd[1372337]: Connection closed by authenticating user root 206.123.145.78 port 60966 [preauth]
Apr  5 00:38:38 cls sshd[1372340]: Failed password for invalid user scanner from 130.12.181.107 port 26464 ssh2
Apr  5 00:38:38 cls sshd[1372343]: Invalid user iexcel from 206.123.145.52 port 51074
Apr  5 00:38:39 cls sshd[1372339]: Connection closed by invalid user fivem 206.123.145.75 port 44378 [preauth]
Apr  5 00:38:41 cls sshd[1372340]: Connection closed by invalid user scanner 130.12.181.107 port 26464 [preauth]
Apr  5 00:38:41 cls sshd[1372343]: pam_unix(sshd:auth): check pass; user unknown
Apr  5 00:38:41 cls sshd[1372343]: pam_unix(sshd:auth): authentication failure; logname= uid=0 euid=0 tty=ssh ruser= rhost=206.123.145.52 
Apr  5 00:38:43 cls sshd[1372344]: Invalid user epg from 206.123.145.55 port 41720
Apr  5 00:38:44 cls sshd[1372343]: Failed password for invalid user iexcel from 206.123.145.52 port 51074 ssh2
Apr  5 00:38:45 cls sshd[1372344]: pam_unix(sshd:auth): check pass; user unknown
Apr  5 00:38:45 cls sshd[1372344]: pam_unix(sshd:auth): authentication failure; logname= uid=0 euid=0 tty=ssh ruser= rhost=206.123.145.55 
Apr  5 00:38:47 cls sshd[1372344]: Failed password for invalid user epg from 206.123.145.55 port 41720 ssh2
Apr  5 00:38:48 cls sshd[1372347]: Invalid user stnk3c from 206.123.145.53 port 13696
Apr  5 00:38:49 cls sshd[1372343]: Connection closed by invalid user iexcel 206.123.145.52 port 51074 [preauth]
Apr  5 00:38:50 cls sshd[1372344]: Connection closed by invalid user epg 206.123.145.55 port 41720 [preauth]
Apr  5 00:38:53 cls sshd[1372347]: pam_unix(sshd:auth): check pass; user unknown
Apr  5 00:38:53 cls sshd[1372347]: pam_unix(sshd:auth): authentication failure; logname= uid=0 euid=0 tty=ssh ruser= rhost=206.123.145.53 
Apr  5 00:38:55 cls sshd[1372347]: Failed password for invalid user stnk3c from 206.123.145.53 port 13696 ssh2
Apr  5 00:38:56 cls sshd[1372347]: Connection closed by invalid user stnk3c 206.123.145.53 port 13696 [preauth]
Apr  5 00:38:58 cls sshd[1372351]: Invalid user zjime from 206.123.145.50 port 37656
Apr  5 00:39:00 cls sshd[1372351]: pam_unix(sshd:auth): check pass; user unknown
Apr  5 00:39:00 cls sshd[1372351]: pam_unix(sshd:auth): authentication failure; logname= uid=0 euid=0 tty=ssh ruser= rhost=206.123.145.50 
Apr  5 00:39:01 cls CRON[1372714]: pam_unix(cron:session): session opened for user root by (uid=0)
Apr  5 00:39:01 cls CRON[1372714]: pam_unix(cron:session): session closed for user root
Apr  5 00:39:02 cls sshd[1372351]: Failed password for invalid user zjime from 206.123.145.50 port 37656 ssh2
Apr  5 00:39:03 cls sshd[1372355]: Invalid user guanby from 130.12.181.104 port 21338
Apr  5 00:39:05 cls sshd[1372356]: pam_unix(sshd:auth): authentication failure; logname= uid=0 euid=0 tty=ssh ruser= rhost=206.123.145.79  user=root
Apr  5 00:39:05 cls sshd[1372355]: pam_unix(sshd:auth): check pass; user unknown
Apr  5 00:39:05 cls sshd[1372355]: pam_unix(sshd:auth): authentication failure; logname= uid=0 euid=0 tty=ssh ruser= rhost=130.12.181.104 
Apr  5 00:39:06 cls sshd[1372351]: Connection closed by invalid user zjime 206.123.145.50 port 37656 [preauth]
Apr  5 00:39:07 cls sshd[1372356]: Failed password for root from 206.123.145.79 port 58038 ssh2
Apr  5 00:39:07 cls sshd[1372355]: Failed password for invalid user guanby from 130.12.181.104 port 21338 ssh2
Apr  5 00:39:07 cls sshd[1372357]: Invalid user youxiong from 206.123.145.49 port 48214
Apr  5 00:39:09 cls sshd[1372357]: pam_unix(sshd:auth): check pass; user unknown
Apr  5 00:39:09 cls sshd[1372357]: pam_unix(sshd:auth): authentication failure; logname= uid=0 euid=0 tty=ssh ruser= rhost=206.123.145.49 
Apr  5 00:39:10 cls sshd[1372355]: Connection closed by invalid user guanby 130.12.181.104 port 21338 [preauth]
Apr  5 00:39:10 cls sshd[1372725]: Invalid user liyuqing from 206.123.145.46 port 64656
Apr  5 00:39:11 cls sshd[1372356]: Connection closed by authenticating user root 206.123.145.79 port 58038 [preauth]
Apr  5 00:39:11 cls sshd[1372357]: Failed password for invalid user youxiong from 206.123.145.49 port 48214 ssh2
Apr  5 00:39:12 cls sshd[1372725]: pam_unix(sshd:auth): check pass; user unknown
Apr  5 00:39:12 cls sshd[1372725]: pam_unix(sshd:auth): authentication failure; logname= uid=0 euid=0 tty=ssh ruser= rhost=206.123.145.46 
Apr  5 00:39:14 cls sshd[1372725]: Failed password for invalid user liyuqing from 206.123.145.46 port 64656 ssh2
Apr  5 00:39:15 cls sshd[1372357]: Connection closed by invalid user youxiong 206.123.145.49 port 48214 [preauth]
Apr  5 00:39:17 cls sshd[1372725]: Connection closed by invalid user liyuqing 206.123.145.46 port 64656 [preauth]
Apr  5 00:39:52 cls sshd[1372792]: Invalid user cron from 206.123.145.48 port 34662
Apr  5 00:39:56 cls sshd[1372792]: pam_unix(sshd:auth): check pass; user unknown
Apr  5 00:39:56 cls sshd[1372792]: pam_unix(sshd:auth): authentication failure; logname= uid=0 euid=0 tty=ssh ruser= rhost=206.123.145.48 
Apr  5 00:39:58 cls sshd[1372792]: Failed password for invalid user cron from 206.123.145.48 port 34662 ssh2
Apr  5 00:40:01 cls sshd[1372792]: Connection closed by invalid user cron 206.123.145.48 port 34662 [preauth]
Apr  5 00:40:45 cls sshd[1372840]: Invalid user centos from 206.123.145.74 port 13894
Apr  5 00:40:48 cls sshd[1372840]: pam_unix(sshd:auth): check pass; user unknown
Apr  5 00:40:48 cls sshd[1372840]: pam_unix(sshd:auth): authentication failure; logname= uid=0 euid=0 tty=ssh ruser= rhost=206.123.145.74 
Apr  5 00:40:49 cls sshd[1372840]: Failed password for invalid user centos from 206.123.145.74 port 13894 ssh2
Apr  5 00:40:52 cls sshd[1372840]: Connection closed by invalid user centos 206.123.145.74 port 13894 [preauth]
Apr  5 00:40:54 cls sshd[1372842]: Invalid user osm from 130.12.181.105 port 36920
Apr  5 00:40:56 cls sshd[1372842]: pam_unix(sshd:auth): check pass; user unknown
Apr  5 00:40:56 cls sshd[1372842]: pam_unix(sshd:auth): authentication failure; logname= uid=0 euid=0 tty=ssh ruser= rhost=130.12.181.105 
Apr  5 00:40:58 cls sshd[1372842]: Failed password for invalid user osm from 130.12.181.105 port 36920 ssh2
Apr  5 00:41:00 cls sshd[1372842]: Connection closed by invalid user osm 130.12.181.105 port 36920 [preauth]
Apr  5 00:41:52 cls sshd[1372897]: Invalid user dengwt from 130.12.181.106 port 27336
Apr  5 00:41:54 cls sshd[1372897]: pam_unix(sshd:auth): check pass; user unknown
Apr  5 00:41:54 cls sshd[1372897]: pam_unix(sshd:auth): authentication failure; logname= uid=0 euid=0 tty=ssh ruser= rhost=130.12.181.106 
Apr  5 00:41:55 cls sshd[1372897]: Failed password for invalid user dengwt from 130.12.181.106 port 27336 ssh2
Apr  5 00:41:57 cls sshd[1372897]: Connection closed by invalid user dengwt 130.12.181.106 port 27336 [preauth]
Apr  5 00:42:01 cls sshd[1372899]: Invalid user globalflash from 206.123.145.70 port 39480
Apr  5 00:42:03 cls sshd[1372899]: pam_unix(sshd:auth): check pass; user unknown
Apr  5 00:42:03 cls sshd[1372899]: pam_unix(sshd:auth): authentication failure; logname= uid=0 euid=0 tty=ssh ruser= rhost=206.123.145.70 
Apr  5 00:42:05 cls sshd[1372899]: Failed password for invalid user globalflash from 206.123.145.70 port 39480 ssh2
Apr  5 00:42:10 cls sshd[1372899]: Connection closed by invalid user globalflash 206.123.145.70 port 39480 [preauth]
Apr  5 00:42:15 cls sshd[1372901]: Invalid user vfy from 130.12.181.109 port 5130
Apr  5 00:42:17 cls sshd[1372901]: pam_unix(sshd:auth): check pass; user unknown
Apr  5 00:42:17 cls sshd[1372901]: pam_unix(sshd:auth): authentication failure; logname= uid=0 euid=0 tty=ssh ruser= rhost=130.12.181.109 
Apr  5 00:42:18 cls sshd[1372901]: Failed password for invalid user vfy from 130.12.181.109 port 5130 ssh2
Apr  5 00:42:22 cls sshd[1372901]: Connection closed by invalid user vfy 130.12.181.109 port 5130 [preauth]
Apr  5 00:43:00 cls sshd[1372960]: Invalid user barsha from 206.123.145.51 port 50884
Apr  5 00:43:02 cls sshd[1372960]: pam_unix(sshd:auth): check pass; user unknown
Apr  5 00:43:02 cls sshd[1372960]: pam_unix(sshd:auth): authentication failure; logname= uid=0 euid=0 tty=ssh ruser= rhost=206.123.145.51 
Apr  5 00:43:05 cls sshd[1372960]: Failed password for invalid user barsha from 206.123.145.51 port 50884 ssh2
Apr  5 00:43:08 cls sshd[1372960]: Connection closed by invalid user barsha 206.123.145.51 port 50884 [preauth]
Apr  5 00:43:11 cls sshd[1372962]: Invalid user zengyingyue from 206.123.145.77 port 59390
Apr  5 00:43:13 cls sshd[1372962]: pam_unix(sshd:auth): check pass; user unknown
Apr  5 00:43:13 cls sshd[1372962]: pam_unix(sshd:auth): authentication failure; logname= uid=0 euid=0 tty=ssh ruser= rhost=206.123.145.77 
Apr  5 00:43:15 cls sshd[1372962]: Failed password for invalid user zengyingyue from 206.123.145.77 port 59390 ssh2
Apr  5 00:43:18 cls sshd[1372965]: Invalid user cramirez from 130.12.181.100 port 19032
Apr  5 00:43:18 cls sshd[1372964]: Invalid user ceshi from 130.12.181.101 port 39910
Apr  5 00:43:19 cls sshd[1372962]: Connection closed by invalid user zengyingyue 206.123.145.77 port 59390 [preauth]
Apr  5 00:43:20 cls sshd[1372964]: pam_unix(sshd:auth): check pass; user unknown
Apr  5 00:43:20 cls sshd[1372964]: pam_unix(sshd:auth): authentication failure; logname= uid=0 euid=0 tty=ssh ruser= rhost=130.12.181.101 
Apr  5 00:43:20 cls sshd[1372965]: pam_unix(sshd:auth): check pass; user unknown
Apr  5 00:43:20 cls sshd[1372965]: pam_unix(sshd:auth): authentication failure; logname= uid=0 euid=0 tty=ssh ruser= rhost=130.12.181.100 
Apr  5 00:43:22 cls sshd[1372964]: Failed password for invalid user ceshi from 130.12.181.101 port 39910 ssh2
Apr  5 00:43:22 cls sshd[1372965]: Failed password for invalid user cramirez from 130.12.181.100 port 19032 ssh2
Apr  5 00:43:24 cls sshd[1372964]: Connection closed by invalid user ceshi 130.12.181.101 port 39910 [preauth]
Apr  5 00:43:26 cls sshd[1372965]: Connection closed by invalid user cramirez 130.12.181.100 port 19032 [preauth]
Apr  5 00:43:30 cls sshd[1372968]: Invalid user pebbles from 206.123.145.71 port 29258
Apr  5 00:43:33 cls sshd[1372968]: pam_unix(sshd:auth): check pass; user unknown
Apr  5 00:43:33 cls sshd[1372968]: pam_unix(sshd:auth): authentication failure; logname= uid=0 euid=0 tty=ssh ruser= rhost=206.123.145.71 
Apr  5 00:43:35 cls sshd[1372968]: Failed password for invalid user pebbles from 206.123.145.71 port 29258 ssh2
Apr  5 00:43:39 cls sshd[1372968]: Connection closed by invalid user pebbles 206.123.145.71 port 29258 [preauth]
Apr  5 00:43:42 cls sshd[1373011]: Invalid user qinchenchen from 206.123.145.57 port 17454
Apr  5 00:43:43 cls sshd[1373011]: pam_unix(sshd:auth): check pass; user unknown
Apr  5 00:43:43 cls sshd[1373011]: pam_unix(sshd:auth): authentication failure; logname= uid=0 euid=0 tty=ssh ruser= rhost=206.123.145.57 
Apr  5 00:43:46 cls sshd[1373011]: Failed password for invalid user qinchenchen from 206.123.145.57 port 17454 ssh2
Apr  5 00:43:50 cls sshd[1373011]: Connection closed by invalid user qinchenchen 206.123.145.57 port 17454 [preauth]
Apr  5 00:43:56 cls sshd[1373018]: pam_unix(sshd:auth): authentication failure; logname= uid=0 euid=0 tty=ssh ruser= rhost=206.123.145.54  user=root
Apr  5 00:43:59 cls sshd[1373018]: Failed password for root from 206.123.145.54 port 29240 ssh2
Apr  5 00:44:01 cls sshd[1373018]: Connection closed by authenticating user root 206.123.145.54 port 29240 [preauth]
Apr  5 00:44:05 cls sshd[1373020]: Invalid user yzhou from 206.123.145.73 port 55560
Apr  5 00:44:07 cls sshd[1373020]: pam_unix(sshd:auth): check pass; user unknown
Apr  5 00:44:07 cls sshd[1373020]: pam_unix(sshd:auth): authentication failure; logname= uid=0 euid=0 tty=ssh ruser= rhost=206.123.145.73 
Apr  5 00:44:08 cls sshd[1373022]: pam_unix(sshd:auth): authentication failure; logname= uid=0 euid=0 tty=ssh ruser= rhost=130.12.181.97  user=root
Apr  5 00:44:10 cls sshd[1373020]: Failed password for invalid user yzhou from 206.123.145.73 port 55560 ssh2
Apr  5 00:44:10 cls sshd[1373024]: Invalid user cyliu from 130.12.181.103 port 49808
Apr  5 00:44:10 cls sshd[1373022]: Failed password for root from 130.12.181.97 port 23522 ssh2
Apr  5 00:44:12 cls sshd[1373024]: pam_unix(sshd:auth): check pass; user unknown
Apr  5 00:44:12 cls sshd[1373024]: pam_unix(sshd:auth): authentication failure; logname= uid=0 euid=0 tty=ssh ruser= rhost=130.12.181.103 
Apr  5 00:44:12 cls sshd[1373025]: Invalid user wangyiwen from 130.12.181.99 port 62652
Apr  5 00:44:12 cls sshd[1373022]: Connection closed by authenticating user root 130.12.181.97 port 23522 [preauth]
Apr  5 00:44:13 cls sshd[1373020]: Connection closed by invalid user yzhou 206.123.145.73 port 55560 [preauth]
Apr  5 00:44:14 cls sshd[1373024]: Failed password for invalid user cyliu from 130.12.181.103 port 49808 ssh2
Apr  5 00:44:15 cls sshd[1373025]: pam_unix(sshd:auth): check pass; user unknown
Apr  5 00:44:15 cls sshd[1373025]: pam_unix(sshd:auth): authentication failure; logname= uid=0 euid=0 tty=ssh ruser= rhost=130.12.181.99 
Apr  5 00:44:17 cls sshd[1373025]: Failed password for invalid user wangyiwen from 130.12.181.99 port 62652 ssh2
Apr  5 00:44:18 cls sshd[1373024]: Connection closed by invalid user cyliu 130.12.181.103 port 49808 [preauth]
Apr  5 00:44:19 cls sshd[1373025]: Connection closed by invalid user wangyiwen 130.12.181.99 port 62652 [preauth]
Apr  5 00:44:53 cls sshd[1373074]: Invalid user mhx2 from 130.12.181.98 port 10132
Apr  5 00:44:55 cls sshd[1373074]: pam_unix(sshd:auth): check pass; user unknown
Apr  5 00:44:55 cls sshd[1373074]: pam_unix(sshd:auth): authentication failure; logname= uid=0 euid=0 tty=ssh ruser= rhost=130.12.181.98 
Apr  5 00:44:57 cls sshd[1373074]: Failed password for invalid user mhx2 from 130.12.181.98 port 10132 ssh2
Apr  5 00:45:00 cls sshd[1373074]: Connection closed by invalid user mhx2 130.12.181.98 port 10132 [preauth]
Apr  5 00:45:38 cls sshd[1373079]: pam_unix(sshd:auth): authentication failure; logname= uid=0 euid=0 tty=ssh ruser= rhost=206.123.145.56  user=root
Apr  5 00:45:41 cls sshd[1373079]: Failed password for root from 206.123.145.56 port 24922 ssh2
Apr  5 00:45:44 cls sshd[1373079]: Connection closed by authenticating user root 206.123.145.56 port 24922 [preauth]
Apr  5 00:45:57 cls sshd[1373113]: Invalid user dmt from 206.123.145.20 port 15410
Apr  5 00:45:59 cls sshd[1373113]: pam_unix(sshd:auth): check pass; user unknown
Apr  5 00:45:59 cls sshd[1373113]: pam_unix(sshd:auth): authentication failure; logname= uid=0 euid=0 tty=ssh ruser= rhost=206.123.145.20 
Apr  5 00:46:00 cls sshd[1373115]: Invalid user limingxuan from 130.12.181.108 port 24016
Apr  5 00:46:01 cls sshd[1373113]: Failed password for invalid user dmt from 206.123.145.20 port 15410 ssh2
Apr  5 00:46:02 cls sshd[1373115]: pam_unix(sshd:auth): check pass; user unknown
Apr  5 00:46:02 cls sshd[1373115]: pam_unix(sshd:auth): authentication failure; logname= uid=0 euid=0 tty=ssh ruser= rhost=130.12.181.108 
Apr  5 00:46:03 cls sshd[1373117]: Invalid user wll from 130.12.181.102 port 6060
Apr  5 00:46:04 cls sshd[1373115]: Failed password for invalid user limingxuan from 130.12.181.108 port 24016 ssh2
Apr  5 00:46:04 cls sshd[1373113]: Connection closed by invalid user dmt 206.123.145.20 port 15410 [preauth]
Apr  5 00:46:05 cls sshd[1373117]: pam_unix(sshd:auth): check pass; user unknown
Apr  5 00:46:05 cls sshd[1373117]: pam_unix(sshd:auth): authentication failure; logname= uid=0 euid=0 tty=ssh ruser= rhost=130.12.181.102 
Apr  5 00:46:07 cls sshd[1373115]: Connection closed by invalid user limingxuan 130.12.181.108 port 24016 [preauth]
Apr  5 00:46:07 cls sshd[1373117]: Failed password for invalid user wll from 130.12.181.102 port 6060 ssh2
Apr  5 00:46:12 cls sshd[1373117]: Connection closed by invalid user wll 130.12.181.102 port 6060 [preauth]
Apr  5 00:46:42 cls sshd[1373153]: Invalid user user from 206.123.145.72 port 31244
Apr  5 00:46:44 cls sshd[1373155]: Invalid user takaki from 130.12.181.107 port 52380
Apr  5 00:46:44 cls sshd[1373153]: pam_unix(sshd:auth): check pass; user unknown
Apr  5 00:46:44 cls sshd[1373153]: pam_unix(sshd:auth): authentication failure; logname= uid=0 euid=0 tty=ssh ruser= rhost=206.123.145.72 
Apr  5 00:46:46 cls sshd[1373155]: pam_unix(sshd:auth): check pass; user unknown
Apr  5 00:46:46 cls sshd[1373155]: pam_unix(sshd:auth): authentication failure; logname= uid=0 euid=0 tty=ssh ruser= rhost=130.12.181.107 
Apr  5 00:46:47 cls sshd[1373153]: Failed password for invalid user user from 206.123.145.72 port 31244 ssh2
Apr  5 00:46:47 cls sshd[1373155]: Failed password for invalid user takaki from 130.12.181.107 port 52380 ssh2
Apr  5 00:46:51 cls sshd[1373153]: Connection closed by invalid user user 206.123.145.72 port 31244 [preauth]
Apr  5 00:46:51 cls sshd[1373155]: Connection closed by invalid user takaki 130.12.181.107 port 52380 [preauth]
Apr  5 00:47:04 cls sshd[1373161]: Invalid user chiaht from 206.123.145.69 port 61004
Apr  5 00:47:06 cls sshd[1373161]: pam_unix(sshd:auth): check pass; user unknown
Apr  5 00:47:06 cls sshd[1373161]: pam_unix(sshd:auth): authentication failure; logname= uid=0 euid=0 tty=ssh ruser= rhost=206.123.145.69 
Apr  5 00:47:08 cls sshd[1373161]: Failed password for invalid user chiaht from 206.123.145.69 port 61004 ssh2
Apr  5 00:47:09 cls sshd[1373161]: Connection closed by invalid user chiaht 206.123.145.69 port 61004 [preauth]
Apr  5 00:47:22 cls sshd[1373163]: Invalid user crayfish from 206.123.145.76 port 30724
Apr  5 00:47:24 cls sshd[1373163]: pam_unix(sshd:auth): check pass; user unknown
Apr  5 00:47:24 cls sshd[1373163]: pam_unix(sshd:auth): authentication failure; logname= uid=0 euid=0 tty=ssh ruser= rhost=206.123.145.76 
Apr  5 00:47:25 cls sshd[1373163]: Failed password for invalid user crayfish from 206.123.145.76 port 30724 ssh2
Apr  5 00:47:28 cls sshd[1373163]: Connection closed by invalid user crayfish 206.123.145.76 port 30724 [preauth]
Apr  5 00:47:33 cls sshd[1373165]: Invalid user osmc from 130.12.181.104 port 11714
Apr  5 00:47:35 cls sshd[1373165]: pam_unix(sshd:auth): check pass; user unknown
Apr  5 00:47:35 cls sshd[1373165]: pam_unix(sshd:auth): authentication failure; logname= uid=0 euid=0 tty=ssh ruser= rhost=130.12.181.104 
Apr  5 00:47:36 cls sshd[1373165]: Failed password for invalid user osmc from 130.12.181.104 port 11714 ssh2
Apr  5 00:47:39 cls sshd[1373165]: Connection closed by invalid user osmc 130.12.181.104 port 11714 [preauth]
Apr  5 00:47:56 cls sshd[1373191]: pam_unix(sshd:auth): authentication failure; logname= uid=0 euid=0 tty=ssh ruser= rhost=206.123.145.78  user=root
Apr  5 00:47:57 cls sshd[1373192]: pam_unix(sshd:auth): authentication failure; logname= uid=0 euid=0 tty=ssh ruser= rhost=206.123.145.55  user=root
Apr  5 00:47:58 cls sshd[1373191]: Failed password for root from 206.123.145.78 port 27326 ssh2
Apr  5 00:48:00 cls sshd[1373192]: Failed password for root from 206.123.145.55 port 23354 ssh2
Apr  5 00:48:02 cls sshd[1373191]: Connection closed by authenticating user root 206.123.145.78 port 27326 [preauth]
Apr  5 00:48:03 cls sshd[1373192]: Connection closed by authenticating user root 206.123.145.55 port 23354 [preauth]
Apr  5 00:48:06 cls sshd[1373195]: Invalid user chang from 206.123.145.52 port 7880
Apr  5 00:48:08 cls sshd[1373195]: pam_unix(sshd:auth): check pass; user unknown
Apr  5 00:48:08 cls sshd[1373195]: pam_unix(sshd:auth): authentication failure; logname= uid=0 euid=0 tty=ssh ruser= rhost=206.123.145.52 
Apr  5 00:48:10 cls sshd[1373195]: Failed password for invalid user chang from 206.123.145.52 port 7880 ssh2
