Apr  5 03:48:55 cls sshd[1382820]: Invalid user bb2 from 130.12.181.97 port 62426
Apr  5 03:48:56 cls sshd[1382820]: pam_unix(sshd:auth): check pass; user unknown
Apr  5 03:48:56 cls sshd[1382820]: pam_unix(sshd:auth): authentication failure; logname= uid=0 euid=0 tty=ssh ruser= rhost=130.12.181.97 
Apr  5 03:48:58 cls sshd[1382818]: Connection closed by invalid user kunshi 130.12.181.107 port 58636 [preauth]
Apr  5 03:48:59 cls sshd[1382820]: Failed password for invalid user bb2 from 130.12.181.97 port 62426 ssh2
Apr  5 03:49:02 cls sshd[1382820]: Connection closed by invalid user bb2 130.12.181.97 port 62426 [preauth]
Apr  5 03:49:16 cls sshd[1382822]: Invalid user yzr from 206.123.145.79 port 15946
Apr  5 03:49:17 cls sshd[1382822]: pam_unix(sshd:auth): check pass; user unknown
Apr  5 03:49:17 cls sshd[1382822]: pam_unix(sshd:auth): authentication failure; logname= uid=0 euid=0 tty=ssh ruser= rhost=206.123.145.79 
Apr  5 03:49:19 cls sshd[1382822]: Failed password for invalid user yzr from 206.123.145.79 port 15946 ssh2
Apr  5 03:49:24 cls sshd[1382822]: Connection closed by invalid user yzr 206.123.145.79 port 15946 [preauth]
Apr  5 03:49:49 cls sshd[1382850]: Invalid user amolele from 206.123.145.54 port 18108
Apr  5 03:49:52 cls sshd[1382850]: pam_unix(sshd:auth): check pass; user unknown
Apr  5 03:49:52 cls sshd[1382850]: pam_unix(sshd:auth): authentication failure; logname= uid=0 euid=0 tty=ssh ruser= rhost=206.123.145.54 
Apr  5 03:49:54 cls sshd[1382850]: Failed password for invalid user amolele from 206.123.145.54 port 18108 ssh2
Apr  5 03:49:56 cls sshd[1382850]: Connection closed by invalid user amolele 206.123.145.54 port 18108 [preauth]
Apr  5 03:49:58 cls sshd[1382852]: Invalid user kajal from 130.12.181.102 port 16966
Apr  5 03:49:59 cls sshd[1382852]: pam_unix(sshd:auth): check pass; user unknown
Apr  5 03:49:59 cls sshd[1382852]: pam_unix(sshd:auth): authentication failure; logname= uid=0 euid=0 tty=ssh ruser= rhost=130.12.181.102 
Apr  5 03:50:01 cls sshd[1382852]: Failed password for invalid user kajal from 130.12.181.102 port 16966 ssh2
Apr  5 03:50:05 cls sshd[1382852]: Connection closed by invalid user kajal 130.12.181.102 port 16966 [preauth]
Apr  5 03:50:31 cls sshd[1382854]: pam_unix(sshd:auth): authentication failure; logname= uid=0 euid=0 tty=ssh ruser= rhost=206.123.145.56  user=root
Apr  5 03:50:33 cls sshd[1382854]: Failed password for root from 206.123.145.56 port 31458 ssh2
Apr  5 03:50:36 cls sshd[1382854]: Connection closed by authenticating user root 206.123.145.56 port 31458 [preauth]
Apr  5 03:51:25 cls sshd[1382895]: Invalid user btserver from 206.123.145.72 port 32448
Apr  5 03:51:26 cls sshd[1382895]: pam_unix(sshd:auth): check pass; user unknown
Apr  5 03:51:26 cls sshd[1382895]: pam_unix(sshd:auth): authentication failure; logname= uid=0 euid=0 tty=ssh ruser= rhost=206.123.145.72 
Apr  5 03:51:29 cls sshd[1382895]: Failed password for invalid user btserver from 206.123.145.72 port 32448 ssh2
Apr  5 03:51:31 cls sshd[1382895]: Connection closed by invalid user btserver 206.123.145.72 port 32448 [preauth]
Apr  5 03:51:48 cls sshd[1382931]: Invalid user zgt from 130.12.181.104 port 39128
Apr  5 03:51:50 cls sshd[1382931]: pam_unix(sshd:auth): check pass; user unknown
Apr  5 03:51:50 cls sshd[1382931]: pam_unix(sshd:auth): authentication failure; logname= uid=0 euid=0 tty=ssh ruser= rhost=130.12.181.104 
Apr  5 03:51:52 cls sshd[1382931]: Failed password for invalid user zgt from 130.12.181.104 port 39128 ssh2
Apr  5 03:51:54 cls sshd[1382931]: Connection closed by invalid user zgt 130.12.181.104 port 39128 [preauth]
Apr  5 03:52:02 cls sshd[1382934]: Invalid user fordlane from 206.123.145.73 port 50872
Apr  5 03:52:03 cls sshd[1382934]: pam_unix(sshd:auth): check pass; user unknown
Apr  5 03:52:03 cls sshd[1382934]: pam_unix(sshd:auth): authentication failure; logname= uid=0 euid=0 tty=ssh ruser= rhost=206.123.145.73 
Apr  5 03:52:05 cls sshd[1382934]: Failed password for invalid user fordlane from 206.123.145.73 port 50872 ssh2
Apr  5 03:52:06 cls sshd[1382936]: pam_unix(sshd:auth): authentication failure; logname= uid=0 euid=0 tty=ssh ruser= rhost=206.123.145.20  user=root
Apr  5 03:52:08 cls sshd[1382936]: Failed password for root from 206.123.145.20 port 39414 ssh2
Apr  5 03:52:09 cls sshd[1382934]: Connection closed by invalid user fordlane 206.123.145.73 port 50872 [preauth]
Apr  5 03:52:13 cls sshd[1382936]: Connection closed by authenticating user root 206.123.145.20 port 39414 [preauth]
Apr  5 03:52:30 cls sshd[1382938]: Invalid user lvt from 206.123.145.77 port 61912
Apr  5 03:52:32 cls sshd[1382940]: Invalid user wujiaqi from 206.123.145.74 port 36462
Apr  5 03:52:32 cls sshd[1382938]: pam_unix(sshd:auth): check pass; user unknown
Apr  5 03:52:32 cls sshd[1382938]: pam_unix(sshd:auth): authentication failure; logname= uid=0 euid=0 tty=ssh ruser= rhost=206.123.145.77 
Apr  5 03:52:35 cls sshd[1382938]: Failed password for invalid user lvt from 206.123.145.77 port 61912 ssh2
Apr  5 03:52:35 cls sshd[1382940]: pam_unix(sshd:auth): check pass; user unknown
Apr  5 03:52:35 cls sshd[1382940]: pam_unix(sshd:auth): authentication failure; logname= uid=0 euid=0 tty=ssh ruser= rhost=206.123.145.74 
Apr  5 03:52:37 cls sshd[1382940]: Failed password for invalid user wujiaqi from 206.123.145.74 port 36462 ssh2
Apr  5 03:52:38 cls sshd[1382940]: Connection closed by invalid user wujiaqi 206.123.145.74 port 36462 [preauth]
Apr  5 03:52:40 cls sshd[1382974]: Invalid user emendoza from 206.123.145.55 port 52500
Apr  5 03:52:41 cls sshd[1382938]: Connection closed by invalid user lvt 206.123.145.77 port 61912 [preauth]
Apr  5 03:52:42 cls sshd[1382974]: pam_unix(sshd:auth): check pass; user unknown
Apr  5 03:52:42 cls sshd[1382974]: pam_unix(sshd:auth): authentication failure; logname= uid=0 euid=0 tty=ssh ruser= rhost=206.123.145.55 
Apr  5 03:52:43 cls sshd[1382974]: Failed password for invalid user emendoza from 206.123.145.55 port 52500 ssh2
Apr  5 03:52:46 cls sshd[1382974]: Connection closed by invalid user emendoza 206.123.145.55 port 52500 [preauth]
Apr  5 03:53:05 cls sshd[1382982]: pam_unix(sshd:auth): authentication failure; logname= uid=0 euid=0 tty=ssh ruser= rhost=130.12.181.98  user=root
Apr  5 03:53:07 cls sshd[1382982]: Failed password for root from 130.12.181.98 port 3300 ssh2
Apr  5 03:53:10 cls sshd[1382982]: Connection closed by authenticating user root 130.12.181.98 port 3300 [preauth]
Apr  5 03:53:23 cls sshd[1382984]: Invalid user user from 206.123.145.46 port 16296
Apr  5 03:53:24 cls sshd[1382984]: pam_unix(sshd:auth): check pass; user unknown
Apr  5 03:53:24 cls sshd[1382984]: pam_unix(sshd:auth): authentication failure; logname= uid=0 euid=0 tty=ssh ruser= rhost=206.123.145.46 
Apr  5 03:53:24 cls sshd[1382986]: Invalid user wangzj from 130.12.181.106 port 41872
Apr  5 03:53:26 cls sshd[1382984]: Failed password for invalid user user from 206.123.145.46 port 16296 ssh2
Apr  5 03:53:27 cls sshd[1382986]: pam_unix(sshd:auth): check pass; user unknown
Apr  5 03:53:27 cls sshd[1382986]: pam_unix(sshd:auth): authentication failure; logname= uid=0 euid=0 tty=ssh ruser= rhost=130.12.181.106 
Apr  5 03:53:28 cls sshd[1382986]: Failed password for invalid user wangzj from 130.12.181.106 port 41872 ssh2
Apr  5 03:53:29 cls sshd[1382984]: Connection closed by invalid user user 206.123.145.46 port 16296 [preauth]
Apr  5 03:53:32 cls sshd[1382986]: Connection closed by invalid user wangzj 130.12.181.106 port 41872 [preauth]
Apr  5 03:53:32 cls sshd[1382988]: Invalid user wyy from 206.123.145.52 port 54834
Apr  5 03:53:34 cls sshd[1382988]: pam_unix(sshd:auth): check pass; user unknown
Apr  5 03:53:34 cls sshd[1382988]: pam_unix(sshd:auth): authentication failure; logname= uid=0 euid=0 tty=ssh ruser= rhost=206.123.145.52 
Apr  5 03:53:35 cls sshd[1382989]: Invalid user vagrant from 206.123.145.49 port 55564
Apr  5 03:53:35 cls sshd[1382988]: Failed password for invalid user wyy from 206.123.145.52 port 54834 ssh2
Apr  5 03:53:37 cls sshd[1382989]: pam_unix(sshd:auth): check pass; user unknown
Apr  5 03:53:37 cls sshd[1382989]: pam_unix(sshd:auth): authentication failure; logname= uid=0 euid=0 tty=ssh ruser= rhost=206.123.145.49 
Apr  5 03:53:38 cls sshd[1382988]: Connection closed by invalid user wyy 206.123.145.52 port 54834 [preauth]
Apr  5 03:53:39 cls sshd[1382989]: Failed password for invalid user vagrant from 206.123.145.49 port 55564 ssh2
Apr  5 03:53:44 cls sshd[1383026]: Invalid user mailtest from 103.218.241.179 port 60926
Apr  5 03:53:44 cls sshd[1383026]: pam_unix(sshd:auth): check pass; user unknown
Apr  5 03:53:44 cls sshd[1383026]: pam_unix(sshd:auth): authentication failure; logname= uid=0 euid=0 tty=ssh ruser= rhost=103.218.241.179 
Apr  5 03:53:44 cls sshd[1382989]: Connection closed by invalid user vagrant 206.123.145.49 port 55564 [preauth]
Apr  5 03:53:44 cls sshd[1383022]: Invalid user xuhx2 from 130.12.181.99 port 2330
Apr  5 03:53:46 cls sshd[1383026]: Failed password for invalid user mailtest from 103.218.241.179 port 60926 ssh2
Apr  5 03:53:46 cls sshd[1383022]: pam_unix(sshd:auth): check pass; user unknown
Apr  5 03:53:46 cls sshd[1383022]: pam_unix(sshd:auth): authentication failure; logname= uid=0 euid=0 tty=ssh ruser= rhost=130.12.181.99 
Apr  5 03:53:47 cls sshd[1383026]: Received disconnect from 103.218.241.179 port 60926:11: Bye Bye [preauth]
Apr  5 03:53:47 cls sshd[1383026]: Disconnected from invalid user mailtest 103.218.241.179 port 60926 [preauth]
Apr  5 03:53:48 cls sshd[1383022]: Failed password for invalid user xuhx2 from 130.12.181.99 port 2330 ssh2
Apr  5 03:53:49 cls sshd[1383024]: Invalid user hubenyi from 130.12.181.105 port 32144
Apr  5 03:53:51 cls sshd[1383024]: pam_unix(sshd:auth): check pass; user unknown
Apr  5 03:53:51 cls sshd[1383024]: pam_unix(sshd:auth): authentication failure; logname= uid=0 euid=0 tty=ssh ruser= rhost=130.12.181.105 
Apr  5 03:53:52 cls sshd[1383022]: Connection closed by invalid user xuhx2 130.12.181.99 port 2330 [preauth]
Apr  5 03:53:53 cls sshd[1383024]: Failed password for invalid user hubenyi from 130.12.181.105 port 32144 ssh2
Apr  5 03:53:55 cls sshd[1383024]: Connection closed by invalid user hubenyi 130.12.181.105 port 32144 [preauth]
Apr  5 03:54:12 cls sshd[1383028]: pam_unix(sshd:auth): authentication failure; logname= uid=0 euid=0 tty=ssh ruser= rhost=206.123.145.50  user=root
Apr  5 03:54:13 cls sshd[1383030]: Invalid user flink from 130.12.181.109 port 58268
Apr  5 03:54:14 cls sshd[1383028]: Failed password for root from 206.123.145.50 port 1650 ssh2
Apr  5 03:54:15 cls sshd[1383030]: pam_unix(sshd:auth): check pass; user unknown
Apr  5 03:54:15 cls sshd[1383030]: pam_unix(sshd:auth): authentication failure; logname= uid=0 euid=0 tty=ssh ruser= rhost=130.12.181.109 
Apr  5 03:54:16 cls sshd[1383028]: Connection closed by authenticating user root 206.123.145.50 port 1650 [preauth]
Apr  5 03:54:17 cls sshd[1383030]: Failed password for invalid user flink from 130.12.181.109 port 58268 ssh2
Apr  5 03:54:17 cls sshd[1383031]: Invalid user liwzh from 206.123.145.70 port 47426
Apr  5 03:54:20 cls sshd[1383031]: pam_unix(sshd:auth): check pass; user unknown
Apr  5 03:54:20 cls sshd[1383031]: pam_unix(sshd:auth): authentication failure; logname= uid=0 euid=0 tty=ssh ruser= rhost=206.123.145.70 
Apr  5 03:54:22 cls sshd[1383030]: Connection closed by invalid user flink 130.12.181.109 port 58268 [preauth]
Apr  5 03:54:22 cls sshd[1383031]: Failed password for invalid user liwzh from 206.123.145.70 port 47426 ssh2
Apr  5 03:54:24 cls sshd[1383034]: pam_unix(sshd:auth): authentication failure; logname= uid=0 euid=0 tty=ssh ruser= rhost=206.123.145.48  user=root
Apr  5 03:54:26 cls sshd[1383034]: Failed password for root from 206.123.145.48 port 53572 ssh2
Apr  5 03:54:27 cls sshd[1383031]: Connection closed by invalid user liwzh 206.123.145.70 port 47426 [preauth]
Apr  5 03:54:29 cls sshd[1383034]: Connection closed by authenticating user root 206.123.145.48 port 53572 [preauth]
Apr  5 03:54:34 cls sshd[1383038]: Invalid user geoeast1 from 130.12.181.101 port 56358
Apr  5 03:54:36 cls sshd[1383038]: pam_unix(sshd:auth): check pass; user unknown
Apr  5 03:54:36 cls sshd[1383038]: pam_unix(sshd:auth): authentication failure; logname= uid=0 euid=0 tty=ssh ruser= rhost=130.12.181.101 
Apr  5 03:54:36 cls sshd[1383052]: Invalid user yrli from 206.123.145.76 port 37108
Apr  5 03:54:38 cls sshd[1383038]: Failed password for invalid user geoeast1 from 130.12.181.101 port 56358 ssh2
Apr  5 03:54:38 cls sshd[1383052]: pam_unix(sshd:auth): check pass; user unknown
Apr  5 03:54:38 cls sshd[1383052]: pam_unix(sshd:auth): authentication failure; logname= uid=0 euid=0 tty=ssh ruser= rhost=206.123.145.76 
Apr  5 03:54:40 cls sshd[1383052]: Failed password for invalid user yrli from 206.123.145.76 port 37108 ssh2
Apr  5 03:54:40 cls sshd[1383070]: Invalid user internet from 206.123.145.53 port 37276
Apr  5 03:54:42 cls sshd[1383038]: Connection closed by invalid user geoeast1 130.12.181.101 port 56358 [preauth]
Apr  5 03:54:43 cls sshd[1383071]: Invalid user sunkw from 206.123.145.78 port 12608
Apr  5 03:54:44 cls sshd[1383052]: Connection closed by invalid user yrli 206.123.145.76 port 37108 [preauth]
Apr  5 03:54:44 cls sshd[1383070]: pam_unix(sshd:auth): check pass; user unknown
Apr  5 03:54:44 cls sshd[1383070]: pam_unix(sshd:auth): authentication failure; logname= uid=0 euid=0 tty=ssh ruser= rhost=206.123.145.53 
Apr  5 03:54:45 cls sshd[1383071]: pam_unix(sshd:auth): check pass; user unknown
Apr  5 03:54:45 cls sshd[1383071]: pam_unix(sshd:auth): authentication failure; logname= uid=0 euid=0 tty=ssh ruser= rhost=206.123.145.78 
Apr  5 03:54:46 cls sshd[1383070]: Failed password for invalid user internet from 206.123.145.53 port 37276 ssh2
Apr  5 03:54:47 cls sshd[1383071]: Failed password for invalid user sunkw from 206.123.145.78 port 12608 ssh2
Apr  5 03:54:49 cls sshd[1383070]: Connection closed by invalid user internet 206.123.145.53 port 37276 [preauth]
Apr  5 03:54:49 cls sshd[1383076]: pam_unix(sshd:auth): authentication failure; logname= uid=0 euid=0 tty=ssh ruser= rhost=130.12.181.100  user=root
Apr  5 03:54:50 cls sshd[1383071]: Connection closed by invalid user sunkw 206.123.145.78 port 12608 [preauth]
Apr  5 03:54:51 cls sshd[1383076]: Failed password for root from 130.12.181.100 port 12808 ssh2
Apr  5 03:54:54 cls sshd[1383076]: Connection closed by authenticating user root 130.12.181.100 port 12808 [preauth]
Apr  5 03:55:23 cls sshd[1383079]: Invalid user airloft from 130.12.181.103 port 46136
Apr  5 03:55:24 cls sshd[1383081]: Invalid user mailtest from 187.85.187.100 port 33666
Apr  5 03:55:24 cls sshd[1383081]: pam_unix(sshd:auth): check pass; user unknown
Apr  5 03:55:24 cls sshd[1383081]: pam_unix(sshd:auth): authentication failure; logname= uid=0 euid=0 tty=ssh ruser= rhost=187.85.187.100 
Apr  5 03:55:26 cls sshd[1383079]: pam_unix(sshd:auth): check pass; user unknown
Apr  5 03:55:26 cls sshd[1383079]: pam_unix(sshd:auth): authentication failure; logname= uid=0 euid=0 tty=ssh ruser= rhost=130.12.181.103 
Apr  5 03:55:27 cls sshd[1383081]: Failed password for invalid user mailtest from 187.85.187.100 port 33666 ssh2
Apr  5 03:55:28 cls sshd[1383081]: Received disconnect from 187.85.187.100 port 33666:11: Bye Bye [preauth]
Apr  5 03:55:28 cls sshd[1383081]: Disconnected from invalid user mailtest 187.85.187.100 port 33666 [preauth]
Apr  5 03:55:28 cls sshd[1383079]: Failed password for invalid user airloft from 130.12.181.103 port 46136 ssh2
Apr  5 03:55:32 cls sshd[1383079]: Connection closed by invalid user airloft 130.12.181.103 port 46136 [preauth]
Apr  5 03:55:32 cls sshd[1383083]: Invalid user safuan from 206.123.145.75 port 59004
Apr  5 03:55:34 cls sshd[1383083]: pam_unix(sshd:auth): check pass; user unknown
Apr  5 03:55:34 cls sshd[1383083]: pam_unix(sshd:auth): authentication failure; logname= uid=0 euid=0 tty=ssh ruser= rhost=206.123.145.75 
Apr  5 03:55:36 cls sshd[1383083]: Failed password for invalid user safuan from 206.123.145.75 port 59004 ssh2
Apr  5 03:55:40 cls sshd[1383083]: Connection closed by invalid user safuan 206.123.145.75 port 59004 [preauth]
Apr  5 03:57:07 cls sshd[1383162]: Invalid user zyou from 130.12.181.108 port 61102
Apr  5 03:57:09 cls sshd[1383162]: pam_unix(sshd:auth): check pass; user unknown
Apr  5 03:57:09 cls sshd[1383162]: pam_unix(sshd:auth): authentication failure; logname= uid=0 euid=0 tty=ssh ruser= rhost=130.12.181.108 
Apr  5 03:57:11 cls sshd[1383162]: Failed password for invalid user zyou from 130.12.181.108 port 61102 ssh2
Apr  5 03:57:13 cls sshd[1383165]: Invalid user hunan from 130.12.181.107 port 48738
Apr  5 03:57:14 cls sshd[1383162]: Connection closed by invalid user zyou 130.12.181.108 port 61102 [preauth]
Apr  5 03:57:14 cls sshd[1383164]: Invalid user xm from 206.123.145.71 port 57042
Apr  5 03:57:15 cls sshd[1383166]: Invalid user airloft from 130.12.181.97 port 15846
Apr  5 03:57:15 cls sshd[1383165]: pam_unix(sshd:auth): check pass; user unknown
Apr  5 03:57:15 cls sshd[1383165]: pam_unix(sshd:auth): authentication failure; logname= uid=0 euid=0 tty=ssh ruser= rhost=130.12.181.107 
Apr  5 03:57:16 cls sshd[1383164]: pam_unix(sshd:auth): check pass; user unknown
Apr  5 03:57:16 cls sshd[1383164]: pam_unix(sshd:auth): authentication failure; logname= uid=0 euid=0 tty=ssh ruser= rhost=206.123.145.71 
Apr  5 03:57:17 cls sshd[1383165]: Failed password for invalid user hunan from 130.12.181.107 port 48738 ssh2
Apr  5 03:57:17 cls sshd[1383164]: Failed password for invalid user xm from 206.123.145.71 port 57042 ssh2
Apr  5 03:57:17 cls sshd[1383166]: pam_unix(sshd:auth): check pass; user unknown
Apr  5 03:57:17 cls sshd[1383166]: pam_unix(sshd:auth): authentication failure; logname= uid=0 euid=0 tty=ssh ruser= rhost=130.12.181.97 
Apr  5 03:57:19 cls sshd[1383166]: Failed password for invalid user airloft from 130.12.181.97 port 15846 ssh2
Apr  5 03:57:19 cls sshd[1383165]: Connection closed by invalid user hunan 130.12.181.107 port 48738 [preauth]
Apr  5 03:57:20 cls sshd[1383164]: Connection closed by invalid user xm 206.123.145.71 port 57042 [preauth]
Apr  5 03:57:21 cls sshd[1383166]: Connection closed by invalid user airloft 130.12.181.97 port 15846 [preauth]
Apr  5 03:57:46 cls sshd[1383170]: pam_unix(sshd:auth): authentication failure; logname= uid=0 euid=0 tty=ssh ruser= rhost=206.123.145.57  user=root
Apr  5 03:57:47 cls sshd[1383210]: Invalid user leideng from 206.123.145.51 port 14382
Apr  5 03:57:48 cls sshd[1383170]: Failed password for root from 206.123.145.57 port 7114 ssh2
Apr  5 03:57:49 cls sshd[1383210]: pam_unix(sshd:auth): check pass; user unknown
Apr  5 03:57:49 cls sshd[1383210]: pam_unix(sshd:auth): authentication failure; logname= uid=0 euid=0 tty=ssh ruser= rhost=206.123.145.51 
Apr  5 03:57:51 cls sshd[1383170]: Connection closed by authenticating user root 206.123.145.57 port 7114 [preauth]
Apr  5 03:57:51 cls sshd[1383210]: Failed password for invalid user leideng from 206.123.145.51 port 14382 ssh2
Apr  5 03:57:54 cls sshd[1383210]: Connection closed by invalid user leideng 206.123.145.51 port 14382 [preauth]
Apr  5 03:57:58 cls sshd[1383214]: Invalid user if from 206.123.145.69 port 7682
Apr  5 03:58:00 cls sshd[1383214]: pam_unix(sshd:auth): check pass; user unknown
Apr  5 03:58:00 cls sshd[1383214]: pam_unix(sshd:auth): authentication failure; logname= uid=0 euid=0 tty=ssh ruser= rhost=206.123.145.69 
Apr  5 03:58:02 cls sshd[1383214]: Failed password for invalid user if from 206.123.145.69 port 7682 ssh2
Apr  5 03:58:07 cls sshd[1383214]: Connection closed by invalid user if 206.123.145.69 port 7682 [preauth]
Apr  5 03:58:30 cls sshd[1383216]: Invalid user zkyao from 130.12.181.102 port 1522
Apr  5 03:58:33 cls sshd[1383216]: pam_unix(sshd:auth): check pass; user unknown
Apr  5 03:58:33 cls sshd[1383216]: pam_unix(sshd:auth): authentication failure; logname= uid=0 euid=0 tty=ssh ruser= rhost=130.12.181.102 
Apr  5 03:58:35 cls sshd[1383216]: Failed password for invalid user zkyao from 130.12.181.102 port 1522 ssh2
Apr  5 03:58:39 cls sshd[1383216]: Connection closed by invalid user zkyao 130.12.181.102 port 1522 [preauth]
Apr  5 03:58:51 cls sshd[1383268]: pam_unix(sshd:auth): authentication failure; logname= uid=0 euid=0 tty=ssh ruser= rhost=103.218.241.179  user=root
Apr  5 03:58:52 cls sshd[1383268]: Failed password for root from 103.218.241.179 port 17370 ssh2
Apr  5 03:58:53 cls sshd[1383268]: Received disconnect from 103.218.241.179 port 17370:11: Bye Bye [preauth]
Apr  5 03:58:53 cls sshd[1383268]: Disconnected from authenticating user root 103.218.241.179 port 17370 [preauth]
Apr  5 03:58:54 cls sshd[1383266]: Invalid user ug from 206.123.145.79 port 19510
Apr  5 03:58:56 cls sshd[1383266]: pam_unix(sshd:auth): check pass; user unknown
Apr  5 03:58:56 cls sshd[1383266]: pam_unix(sshd:auth): authentication failure; logname= uid=0 euid=0 tty=ssh ruser= rhost=206.123.145.79 
Apr  5 03:58:59 cls sshd[1383266]: Failed password for invalid user ug from 206.123.145.79 port 19510 ssh2
Apr  5 03:59:03 cls sshd[1383270]: Invalid user fsdev from 206.123.145.54 port 61128
Apr  5 03:59:03 cls sshd[1383266]: Connection closed by invalid user ug 206.123.145.79 port 19510 [preauth]
Apr  5 03:59:03 cls sshd[1383270]: pam_unix(sshd:auth): check pass; user unknown
Apr  5 03:59:03 cls sshd[1383270]: pam_unix(sshd:auth): authentication failure; logname= uid=0 euid=0 tty=ssh ruser= rhost=206.123.145.54 
Apr  5 03:59:05 cls sshd[1383270]: Failed password for invalid user fsdev from 206.123.145.54 port 61128 ssh2
Apr  5 03:59:08 cls sshd[1383270]: Connection closed by invalid user fsdev 206.123.145.54 port 61128 [preauth]
Apr  5 03:59:26 cls sshd[1383272]: Invalid user usrbanco from 206.123.145.56 port 24852
Apr  5 03:59:29 cls sshd[1383272]: pam_unix(sshd:auth): check pass; user unknown
Apr  5 03:59:29 cls sshd[1383272]: pam_unix(sshd:auth): authentication failure; logname= uid=0 euid=0 tty=ssh ruser= rhost=206.123.145.56 
Apr  5 03:59:30 cls sshd[1383272]: Failed password for invalid user usrbanco from 206.123.145.56 port 24852 ssh2
Apr  5 03:59:32 cls sshd[1383272]: Connection closed by invalid user usrbanco 206.123.145.56 port 24852 [preauth]
Apr  5 03:59:44 cls sshd[1383305]: Invalid user user from 187.85.187.100 port 50994
Apr  5 03:59:44 cls sshd[1383305]: pam_unix(sshd:auth): check pass; user unknown
Apr  5 03:59:44 cls sshd[1383305]: pam_unix(sshd:auth): authentication failure; logname= uid=0 euid=0 tty=ssh ruser= rhost=187.85.187.100 
Apr  5 03:59:46 cls sshd[1383305]: Failed password for invalid user user from 187.85.187.100 port 50994 ssh2
Apr  5 03:59:48 cls sshd[1383305]: Received disconnect from 187.85.187.100 port 50994:11: Bye Bye [preauth]
Apr  5 03:59:48 cls sshd[1383305]: Disconnected from invalid user user 187.85.187.100 port 50994 [preauth]
Apr  5 03:59:59 cls sshd[1383321]: pam_unix(sshd:auth): authentication failure; logname= uid=0 euid=0 tty=ssh ruser= rhost=130.12.181.98  user=root
Apr  5 04:00:00 cls sshd[1383321]: Failed password for root from 130.12.181.98 port 10294 ssh2
Apr  5 04:00:01 cls CRON[1383324]: pam_unix(cron:session): session opened for user akriveia by (uid=0)
Apr  5 04:00:01 cls CRON[1383325]: pam_unix(cron:session): session opened for user akriveia by (uid=0)
Apr  5 04:00:01 cls CRON[1383326]: pam_unix(cron:session): session opened for user akriveia by (uid=0)
Apr  5 04:00:01 cls CRON[1383325]: pam_unix(cron:session): session closed for user akriveia
Apr  5 04:00:01 cls CRON[1383326]: pam_unix(cron:session): session closed for user akriveia
Apr  5 04:00:01 cls CRON[1383324]: pam_unix(cron:session): session closed for user akriveia
Apr  5 04:00:03 cls sshd[1383321]: Connection closed by authenticating user root 130.12.181.98 port 10294 [preauth]
Apr  5 04:00:18 cls sshd[1383342]: Invalid user penglai2010 from 130.12.181.104 port 49266
Apr  5 04:00:20 cls sshd[1383342]: pam_unix(sshd:auth): check pass; user unknown
Apr  5 04:00:20 cls sshd[1383342]: pam_unix(sshd:auth): authentication failure; logname= uid=0 euid=0 tty=ssh ruser= rhost=130.12.181.104 
Apr  5 04:00:22 cls sshd[1383342]: Failed password for invalid user penglai2010 from 130.12.181.104 port 49266 ssh2
Apr  5 04:00:25 cls sshd[1383342]: Connection closed by invalid user penglai2010 130.12.181.104 port 49266 [preauth]
Apr  5 04:00:58 cls sshd[1383370]: Invalid user vpsuser from 187.85.187.100 port 48696
Apr  5 04:00:58 cls sshd[1383370]: pam_unix(sshd:auth): check pass; user unknown
Apr  5 04:00:58 cls sshd[1383370]: pam_unix(sshd:auth): authentication failure; logname= uid=0 euid=0 tty=ssh ruser= rhost=187.85.187.100 
Apr  5 04:01:00 cls sshd[1383370]: Failed password for invalid user vpsuser from 187.85.187.100 port 48696 ssh2
Apr  5 04:01:02 cls sshd[1383370]: Received disconnect from 187.85.187.100 port 48696:11: Bye Bye [preauth]
Apr  5 04:01:02 cls sshd[1383370]: Disconnected from invalid user vpsuser 187.85.187.100 port 48696 [preauth]
Apr  5 04:01:10 cls sshd[1383379]: Invalid user claude from 103.218.241.179 port 59094
Apr  5 04:01:10 cls sshd[1383379]: pam_unix(sshd:auth): check pass; user unknown
Apr  5 04:01:10 cls sshd[1383379]: pam_unix(sshd:auth): authentication failure; logname= uid=0 euid=0 tty=ssh ruser= rhost=103.218.241.179 
Apr  5 04:01:12 cls sshd[1383379]: Failed password for invalid user claude from 103.218.241.179 port 59094 ssh2
Apr  5 04:01:13 cls sshd[1383379]: Received disconnect from 103.218.241.179 port 59094:11: Bye Bye [preauth]
Apr  5 04:01:13 cls sshd[1383379]: Disconnected from invalid user claude 103.218.241.179 port 59094 [preauth]
Apr  5 04:01:18 cls sshd[1383377]: Invalid user albertha from 206.123.145.72 port 43222
Apr  5 04:01:20 cls sshd[1383377]: pam_unix(sshd:auth): check pass; user unknown
Apr  5 04:01:20 cls sshd[1383377]: pam_unix(sshd:auth): authentication failure; logname= uid=0 euid=0 tty=ssh ruser= rhost=206.123.145.72 
Apr  5 04:01:22 cls sshd[1383377]: Failed password for invalid user albertha from 206.123.145.72 port 43222 ssh2
Apr  5 04:01:26 cls sshd[1383377]: Connection closed by invalid user albertha 206.123.145.72 port 43222 [preauth]
Apr  5 04:01:34 cls sshd[1383391]: Invalid user utande from 206.123.145.73 port 22628
Apr  5 04:01:34 cls sshd[1383390]: Invalid user student43 from 206.123.145.20 port 18928
Apr  5 04:01:36 cls sshd[1383391]: pam_unix(sshd:auth): check pass; user unknown
Apr  5 04:01:36 cls sshd[1383391]: pam_unix(sshd:auth): authentication failure; logname= uid=0 euid=0 tty=ssh ruser= rhost=206.123.145.73 
Apr  5 04:01:38 cls sshd[1383391]: Failed password for invalid user utande from 206.123.145.73 port 22628 ssh2
Apr  5 04:01:39 cls sshd[1383390]: pam_unix(sshd:auth): check pass; user unknown
Apr  5 04:01:39 cls sshd[1383390]: pam_unix(sshd:auth): authentication failure; logname= uid=0 euid=0 tty=ssh ruser= rhost=206.123.145.20 
Apr  5 04:01:41 cls sshd[1383391]: Connection closed by invalid user utande 206.123.145.73 port 22628 [preauth]
Apr  5 04:01:41 cls sshd[1383390]: Failed password for invalid user student43 from 206.123.145.20 port 18928 ssh2
Apr  5 04:01:42 cls sshd[1383390]: Connection closed by invalid user student43 206.123.145.20 port 18928 [preauth]
Apr  5 04:01:48 cls sshd[1383396]: Invalid user user58 from 130.12.181.106 port 52172
Apr  5 04:01:50 cls sshd[1383396]: pam_unix(sshd:auth): check pass; user unknown
Apr  5 04:01:50 cls sshd[1383396]: pam_unix(sshd:auth): authentication failure; logname= uid=0 euid=0 tty=ssh ruser= rhost=130.12.181.106 
Apr  5 04:01:51 cls sshd[1383426]: Invalid user bitrix from 206.123.145.55 port 43504
Apr  5 04:01:53 cls sshd[1383396]: Failed password for invalid user user58 from 130.12.181.106 port 52172 ssh2
Apr  5 04:01:55 cls sshd[1383396]: Connection closed by invalid user user58 130.12.181.106 port 52172 [preauth]
Apr  5 04:01:55 cls sshd[1383426]: pam_unix(sshd:auth): check pass; user unknown
Apr  5 04:01:55 cls sshd[1383426]: pam_unix(sshd:auth): authentication failure; logname= uid=0 euid=0 tty=ssh ruser= rhost=206.123.145.55 
Apr  5 04:01:57 cls sshd[1383426]: Failed password for invalid user bitrix from 206.123.145.55 port 43504 ssh2
Apr  5 04:01:59 cls sshd[1383428]: Invalid user baofei from 130.12.181.105 port 55610
Apr  5 04:02:02 cls sshd[1383428]: pam_unix(sshd:auth): check pass; user unknown
Apr  5 04:02:02 cls sshd[1383428]: pam_unix(sshd:auth): authentication failure; logname= uid=0 euid=0 tty=ssh ruser= rhost=130.12.181.105 
Apr  5 04:02:02 cls sshd[1383426]: Connection closed by invalid user bitrix 206.123.145.55 port 43504 [preauth]
Apr  5 04:02:02 cls sshd[1383430]: Invalid user hfn from 130.12.181.99 port 44822
Apr  5 04:02:03 cls sshd[1383428]: Failed password for invalid user baofei from 130.12.181.105 port 55610 ssh2
Apr  5 04:02:04 cls sshd[1383430]: pam_unix(sshd:auth): check pass; user unknown
Apr  5 04:02:04 cls sshd[1383430]: pam_unix(sshd:auth): authentication failure; logname= uid=0 euid=0 tty=ssh ruser= rhost=130.12.181.99 
Apr  5 04:02:06 cls sshd[1383432]: pam_unix(sshd:auth): authentication failure; logname= uid=0 euid=0 tty=ssh ruser= rhost=187.85.187.100  user=root
Apr  5 04:02:07 cls sshd[1383430]: Failed password for invalid user hfn from 130.12.181.99 port 44822 ssh2
Apr  5 04:02:07 cls sshd[1383428]: Connection closed by invalid user baofei 130.12.181.105 port 55610 [preauth]
Apr  5 04:02:08 cls sshd[1383432]: Failed password for root from 187.85.187.100 port 47740 ssh2
Apr  5 04:02:08 cls sshd[1383432]: Received disconnect from 187.85.187.100 port 47740:11: Bye Bye [preauth]
Apr  5 04:02:08 cls sshd[1383432]: Disconnected from authenticating user root 187.85.187.100 port 47740 [preauth]
Apr  5 04:02:10 cls sshd[1383430]: Connection closed by invalid user hfn 130.12.181.99 port 44822 [preauth]
Apr  5 04:02:16 cls sshd[1383434]: Invalid user amax2 from 206.123.145.74 port 6078
Apr  5 04:02:18 cls sshd[1383436]: Invalid user ysh from 206.123.145.77 port 29032
Apr  5 04:02:18 cls sshd[1383434]: pam_unix(sshd:auth): check pass; user unknown
Apr  5 04:02:18 cls sshd[1383434]: pam_unix(sshd:auth): authentication failure; logname= uid=0 euid=0 tty=ssh ruser= rhost=206.123.145.74 
Apr  5 04:02:19 cls sshd[1383436]: pam_unix(sshd:auth): check pass; user unknown
Apr  5 04:02:19 cls sshd[1383436]: pam_unix(sshd:auth): authentication failure; logname= uid=0 euid=0 tty=ssh ruser= rhost=206.123.145.77 
Apr  5 04:02:20 cls sshd[1383434]: Failed password for invalid user amax2 from 206.123.145.74 port 6078 ssh2
Apr  5 04:02:21 cls sshd[1383436]: Failed password for invalid user ysh from 206.123.145.77 port 29032 ssh2
Apr  5 04:02:25 cls sshd[1383436]: Connection closed by invalid user ysh 206.123.145.77 port 29032 [preauth]
Apr  5 04:02:25 cls sshd[1383434]: Connection closed by invalid user amax2 206.123.145.74 port 6078 [preauth]
Apr  5 04:02:26 cls sshd[1383438]: Invalid user jtjiang from 130.12.181.109 port 43974
Apr  5 04:02:29 cls sshd[1383438]: pam_unix(sshd:auth): check pass; user unknown
Apr  5 04:02:29 cls sshd[1383438]: pam_unix(sshd:auth): authentication failure; logname= uid=0 euid=0 tty=ssh ruser= rhost=130.12.181.109 
Apr  5 04:02:31 cls sshd[1383438]: Failed password for invalid user jtjiang from 130.12.181.109 port 43974 ssh2
Apr  5 04:02:34 cls sshd[1383438]: Connection closed by invalid user jtjiang 130.12.181.109 port 43974 [preauth]
Apr  5 04:02:44 cls sshd[1383440]: Invalid user wanyi from 206.123.145.52 port 64104
Apr  5 04:02:46 cls sshd[1383440]: pam_unix(sshd:auth): check pass; user unknown
Apr  5 04:02:46 cls sshd[1383440]: pam_unix(sshd:auth): authentication failure; logname= uid=0 euid=0 tty=ssh ruser= rhost=206.123.145.52 
Apr  5 04:02:46 cls sshd[1383441]: pam_unix(sshd:auth): authentication failure; logname= uid=0 euid=0 tty=ssh ruser= rhost=206.123.145.46  user=root
Apr  5 04:02:46 cls sshd[1383443]: pam_unix(sshd:auth): authentication failure; logname= uid=0 euid=0 tty=ssh ruser= rhost=206.123.145.49  user=root
Apr  5 04:02:47 cls sshd[1383440]: Failed password for invalid user wanyi from 206.123.145.52 port 64104 ssh2
Apr  5 04:02:48 cls sshd[1383441]: Failed password for root from 206.123.145.46 port 42210 ssh2
Apr  5 04:02:48 cls sshd[1383443]: Failed password for root from 206.123.145.49 port 19418 ssh2
Apr  5 04:02:50 cls sshd[1383440]: Connection closed by invalid user wanyi 206.123.145.52 port 64104 [preauth]
Apr  5 04:02:51 cls sshd[1383441]: Connection closed by authenticating user root 206.123.145.46 port 42210 [preauth]
Apr  5 04:02:52 cls sshd[1383443]: Connection closed by authenticating user root 206.123.145.49 port 19418 [preauth]
Apr  5 04:03:03 cls sshd[1383476]: pam_unix(sshd:auth): authentication failure; logname= uid=0 euid=0 tty=ssh ruser= rhost=130.12.181.101  user=root
Apr  5 04:03:06 cls sshd[1383476]: Failed password for root from 130.12.181.101 port 60456 ssh2
Apr  5 04:03:10 cls sshd[1383480]: pam_unix(sshd:auth): authentication failure; logname= uid=0 euid=0 tty=ssh ruser= rhost=187.85.187.100  user=root
Apr  5 04:03:10 cls sshd[1383476]: Connection closed by authenticating user root 130.12.181.101 port 60456 [preauth]
Apr  5 04:03:11 cls sshd[1383478]: Invalid user guest-8s2jyr from 130.12.181.100 port 6944
Apr  5 04:03:12 cls sshd[1383480]: Failed password for root from 187.85.187.100 port 34922 ssh2
Apr  5 04:03:13 cls sshd[1383478]: pam_unix(sshd:auth): check pass; user unknown
Apr  5 04:03:13 cls sshd[1383478]: pam_unix(sshd:auth): authentication failure; logname= uid=0 euid=0 tty=ssh ruser= rhost=130.12.181.100 
Apr  5 04:03:13 cls sshd[1383480]: Received disconnect from 187.85.187.100 port 34922:11: Bye Bye [preauth]
Apr  5 04:03:13 cls sshd[1383480]: Disconnected from authenticating user root 187.85.187.100 port 34922 [preauth]
Apr  5 04:03:15 cls sshd[1383478]: Failed password for invalid user guest-8s2jyr from 130.12.181.100 port 6944 ssh2
Apr  5 04:03:18 cls sshd[1383478]: Connection closed by invalid user guest-8s2jyr 130.12.181.100 port 6944 [preauth]
Apr  5 04:03:20 cls sshd[1383482]: Invalid user jbpark from 206.123.145.50 port 2758
Apr  5 04:03:21 cls sshd[1383482]: pam_unix(sshd:auth): check pass; user unknown
Apr  5 04:03:21 cls sshd[1383482]: pam_unix(sshd:auth): authentication failure; logname= uid=0 euid=0 tty=ssh ruser= rhost=206.123.145.50 
Apr  5 04:03:23 cls sshd[1383482]: Failed password for invalid user jbpark from 206.123.145.50 port 2758 ssh2
Apr  5 04:03:27 cls sshd[1383482]: Connection closed by invalid user jbpark 206.123.145.50 port 2758 [preauth]
Apr  5 04:03:27 cls sshd[1383484]: Invalid user user from 103.218.241.179 port 45816
Apr  5 04:03:27 cls sshd[1383484]: pam_unix(sshd:auth): check pass; user unknown
Apr  5 04:03:27 cls sshd[1383484]: pam_unix(sshd:auth): authentication failure; logname= uid=0 euid=0 tty=ssh ruser= rhost=103.218.241.179 
Apr  5 04:03:29 cls sshd[1383484]: Failed password for invalid user user from 103.218.241.179 port 45816 ssh2
Apr  5 04:03:30 cls sshd[1383484]: Received disconnect from 103.218.241.179 port 45816:11: Bye Bye [preauth]
Apr  5 04:03:30 cls sshd[1383484]: Disconnected from invalid user user 103.218.241.179 port 45816 [preauth]
Apr  5 04:03:39 cls sshd[1383486]: Invalid user aa from 206.123.145.70 port 42796
Apr  5 04:03:42 cls sshd[1383486]: pam_unix(sshd:auth): check pass; user unknown
Apr  5 04:03:42 cls sshd[1383486]: pam_unix(sshd:auth): authentication failure; logname= uid=0 euid=0 tty=ssh ruser= rhost=206.123.145.70 
Apr  5 04:03:42 cls sshd[1383487]: Invalid user arma from 206.123.145.48 port 7730
Apr  5 04:03:43 cls sshd[1383486]: Failed password for invalid user aa from 206.123.145.70 port 42796 ssh2
Apr  5 04:03:44 cls sshd[1383487]: pam_unix(sshd:auth): check pass; user unknown
Apr  5 04:03:44 cls sshd[1383487]: pam_unix(sshd:auth): authentication failure; logname= uid=0 euid=0 tty=ssh ruser= rhost=206.123.145.48 
Apr  5 04:03:46 cls sshd[1383487]: Failed password for invalid user arma from 206.123.145.48 port 7730 ssh2
Apr  5 04:03:46 cls sshd[1383486]: Connection closed by invalid user aa 206.123.145.70 port 42796 [preauth]
Apr  5 04:03:46 cls sshd[1383490]: Invalid user xsrao from 130.12.181.103 port 17998
Apr  5 04:03:47 cls sshd[1383487]: Connection closed by invalid user arma 206.123.145.48 port 7730 [preauth]
Apr  5 04:03:49 cls sshd[1383490]: pam_unix(sshd:auth): check pass; user unknown
Apr  5 04:03:49 cls sshd[1383490]: pam_unix(sshd:auth): authentication failure; logname= uid=0 euid=0 tty=ssh ruser= rhost=130.12.181.103 
Apr  5 04:03:51 cls sshd[1383490]: Failed password for invalid user xsrao from 130.12.181.103 port 17998 ssh2
Apr  5 04:03:55 cls sshd[1383490]: Connection closed by invalid user xsrao 130.12.181.103 port 17998 [preauth]
Apr  5 04:03:57 cls sshd[1383508]: Invalid user boris from 206.123.145.53 port 3176
Apr  5 04:04:00 cls sshd[1383508]: pam_unix(sshd:auth): check pass; user unknown
Apr  5 04:04:00 cls sshd[1383508]: pam_unix(sshd:auth): authentication failure; logname= uid=0 euid=0 tty=ssh ruser= rhost=206.123.145.53 
Apr  5 04:04:01 cls sshd[1383494]: pam_unix(sshd:auth): authentication failure; logname= uid=0 euid=0 tty=ssh ruser= rhost=206.123.145.78  user=root
Apr  5 04:04:02 cls sshd[1383508]: Failed password for invalid user boris from 206.123.145.53 port 3176 ssh2
Apr  5 04:04:02 cls sshd[1383494]: Failed password for root from 206.123.145.78 port 63846 ssh2
Apr  5 04:04:05 cls sshd[1383508]: Connection closed by invalid user boris 206.123.145.53 port 3176 [preauth]
Apr  5 04:04:07 cls sshd[1383494]: Connection closed by authenticating user root 206.123.145.78 port 63846 [preauth]
Apr  5 04:04:10 cls sshd[1383538]: Invalid user cartertb from 206.123.145.76 port 35250
Apr  5 04:04:12 cls sshd[1383538]: pam_unix(sshd:auth): check pass; user unknown
Apr  5 04:04:12 cls sshd[1383538]: pam_unix(sshd:auth): authentication failure; logname= uid=0 euid=0 tty=ssh ruser= rhost=206.123.145.76 
Apr  5 04:04:13 cls sshd[1383538]: Failed password for invalid user cartertb from 206.123.145.76 port 35250 ssh2
Apr  5 04:04:14 cls sshd[1383540]: Invalid user info from 187.85.187.100 port 48142
Apr  5 04:04:14 cls sshd[1383540]: pam_unix(sshd:auth): check pass; user unknown
Apr  5 04:04:14 cls sshd[1383540]: pam_unix(sshd:auth): authentication failure; logname= uid=0 euid=0 tty=ssh ruser= rhost=187.85.187.100 
Apr  5 04:04:15 cls sshd[1383538]: Connection closed by invalid user cartertb 206.123.145.76 port 35250 [preauth]
Apr  5 04:04:17 cls sshd[1383540]: Failed password for invalid user info from 187.85.187.100 port 48142 ssh2
Apr  5 04:04:17 cls sshd[1383540]: Received disconnect from 187.85.187.100 port 48142:11: Bye Bye [preauth]
Apr  5 04:04:17 cls sshd[1383540]: Disconnected from invalid user info 187.85.187.100 port 48142 [preauth]
Apr  5 04:04:37 cls sshd[1383545]: Invalid user dell from 206.123.145.75 port 29346
Apr  5 04:04:38 cls sshd[1383545]: pam_unix(sshd:auth): check pass; user unknown
Apr  5 04:04:38 cls sshd[1383545]: pam_unix(sshd:auth): authentication failure; logname= uid=0 euid=0 tty=ssh ruser= rhost=206.123.145.75 
Apr  5 04:04:41 cls sshd[1383545]: Failed password for invalid user dell from 206.123.145.75 port 29346 ssh2
Apr  5 04:04:44 cls sshd[1383545]: Connection closed by invalid user dell 206.123.145.75 port 29346 [preauth]
Apr  5 04:05:19 cls sshd[1383606]: pam_unix(sshd:auth): authentication failure; logname= uid=0 euid=0 tty=ssh ruser= rhost=187.85.187.100  user=root
Apr  5 04:05:21 cls sshd[1383606]: Failed password for root from 187.85.187.100 port 47936 ssh2
Apr  5 04:05:22 cls sshd[1383606]: Received disconnect from 187.85.187.100 port 47936:11: Bye Bye [preauth]
Apr  5 04:05:22 cls sshd[1383606]: Disconnected from authenticating user root 187.85.187.100 port 47936 [preauth]
Apr  5 04:05:23 cls sshd[1383604]: Invalid user rmd from 130.12.181.108 port 51378
Apr  5 04:05:25 cls sshd[1383604]: pam_unix(sshd:auth): check pass; user unknown
Apr  5 04:05:25 cls sshd[1383604]: pam_unix(sshd:auth): authentication failure; logname= uid=0 euid=0 tty=ssh ruser= rhost=130.12.181.108 
Apr  5 04:05:27 cls sshd[1383604]: Failed password for invalid user rmd from 130.12.181.108 port 51378 ssh2
Apr  5 04:05:30 cls sshd[1383604]: Connection closed by invalid user rmd 130.12.181.108 port 51378 [preauth]
Apr  5 04:05:31 cls sshd[1383609]: Invalid user gf from 130.12.181.97 port 29692
Apr  5 04:05:32 cls sshd[1383608]: Invalid user web from 130.12.181.107 port 62510
Apr  5 04:05:33 cls sshd[1383609]: pam_unix(sshd:auth): check pass; user unknown
Apr  5 04:05:33 cls sshd[1383609]: pam_unix(sshd:auth): authentication failure; logname= uid=0 euid=0 tty=ssh ruser= rhost=130.12.181.97 
Apr  5 04:05:34 cls sshd[1383608]: pam_unix(sshd:auth): check pass; user unknown
Apr  5 04:05:34 cls sshd[1383608]: pam_unix(sshd:auth): authentication failure; logname= uid=0 euid=0 tty=ssh ruser= rhost=130.12.181.107 
Apr  5 04:05:35 cls sshd[1383612]: pam_unix(sshd:auth): authentication failure; logname= uid=0 euid=0 tty=ssh ruser= rhost=103.218.241.179  user=root
Apr  5 04:05:35 cls sshd[1383609]: Failed password for invalid user gf from 130.12.181.97 port 29692 ssh2
Apr  5 04:05:36 cls sshd[1383608]: Failed password for invalid user web from 130.12.181.107 port 62510 ssh2
Apr  5 04:05:37 cls sshd[1383612]: Failed password for root from 103.218.241.179 port 32534 ssh2
Apr  5 04:05:38 cls sshd[1383612]: Received disconnect from 103.218.241.179 port 32534:11: Bye Bye [preauth]
Apr  5 04:05:38 cls sshd[1383612]: Disconnected from authenticating user root 103.218.241.179 port 32534 [preauth]
Apr  5 04:05:39 cls sshd[1383609]: Connection closed by invalid user gf 130.12.181.97 port 29692 [preauth]
Apr  5 04:05:39 cls sshd[1383608]: Connection closed by invalid user web 130.12.181.107 port 62510 [preauth]
Apr  5 04:06:21 cls sshd[1383670]: Invalid user user from 187.85.187.100 port 33660
Apr  5 04:06:21 cls sshd[1383670]: pam_unix(sshd:auth): check pass; user unknown
Apr  5 04:06:21 cls sshd[1383670]: pam_unix(sshd:auth): authentication failure; logname= uid=0 euid=0 tty=ssh ruser= rhost=187.85.187.100 
Apr  5 04:06:23 cls sshd[1383670]: Failed password for invalid user user from 187.85.187.100 port 33660 ssh2
Apr  5 04:06:24 cls sshd[1383670]: Received disconnect from 187.85.187.100 port 33660:11: Bye Bye [preauth]
Apr  5 04:06:24 cls sshd[1383670]: Disconnected from invalid user user 187.85.187.100 port 33660 [preauth]
Apr  5 04:06:45 cls sshd[1383672]: Invalid user vjaraba from 206.123.145.57 port 46144
Apr  5 04:06:47 cls sshd[1383672]: pam_unix(sshd:auth): check pass; user unknown
Apr  5 04:06:47 cls sshd[1383672]: pam_unix(sshd:auth): authentication failure; logname= uid=0 euid=0 tty=ssh ruser= rhost=206.123.145.57 
Apr  5 04:06:48 cls sshd[1383672]: Failed password for invalid user vjaraba from 206.123.145.57 port 46144 ssh2
Apr  5 04:06:51 cls sshd[1383674]: Invalid user ehf from 130.12.181.98 port 45790
Apr  5 04:06:53 cls sshd[1383674]: pam_unix(sshd:auth): check pass; user unknown
Apr  5 04:06:53 cls sshd[1383674]: pam_unix(sshd:auth): authentication failure; logname= uid=0 euid=0 tty=ssh ruser= rhost=130.12.181.98 
Apr  5 04:06:54 cls sshd[1383672]: Connection closed by invalid user vjaraba 206.123.145.57 port 46144 [preauth]
Apr  5 04:06:55 cls sshd[1383674]: Failed password for invalid user ehf from 130.12.181.98 port 45790 ssh2
Apr  5 04:06:58 cls sshd[1383674]: Connection closed by invalid user ehf 130.12.181.98 port 45790 [preauth]
Apr  5 04:07:01 cls sshd[1383676]: pam_unix(sshd:auth): authentication failure; logname= uid=0 euid=0 tty=ssh ruser= rhost=206.123.145.71  user=root
Apr  5 04:07:03 cls sshd[1383676]: Failed password for root from 206.123.145.71 port 61536 ssh2
Apr  5 04:07:03 cls sshd[1383678]: Invalid user luolaijuan from 206.123.145.51 port 24062
Apr  5 04:07:04 cls sshd[1383679]: Invalid user jane from 130.12.181.102 port 8328
Apr  5 04:07:06 cls sshd[1383678]: pam_unix(sshd:auth): check pass; user unknown
Apr  5 04:07:06 cls sshd[1383678]: pam_unix(sshd:auth): authentication failure; logname= uid=0 euid=0 tty=ssh ruser= rhost=206.123.145.51 
Apr  5 04:07:06 cls sshd[1383679]: pam_unix(sshd:auth): check pass; user unknown
Apr  5 04:07:06 cls sshd[1383679]: pam_unix(sshd:auth): authentication failure; logname= uid=0 euid=0 tty=ssh ruser= rhost=130.12.181.102 
Apr  5 04:07:07 cls sshd[1383676]: Connection closed by authenticating user root 206.123.145.71 port 61536 [preauth]
Apr  5 04:07:08 cls sshd[1383678]: Failed password for invalid user luolaijuan from 206.123.145.51 port 24062 ssh2
Apr  5 04:07:08 cls sshd[1383679]: Failed password for invalid user jane from 130.12.181.102 port 8328 ssh2
Apr  5 04:07:11 cls sshd[1383678]: Connection closed by invalid user luolaijuan 206.123.145.51 port 24062 [preauth]
Apr  5 04:07:11 cls sshd[1383679]: Connection closed by invalid user jane 130.12.181.102 port 8328 [preauth]
Apr  5 04:07:20 cls sshd[1383718]: Invalid user rdc from 206.123.145.69 port 64630
Apr  5 04:07:21 cls sshd[1383718]: pam_unix(sshd:auth): check pass; user unknown
Apr  5 04:07:21 cls sshd[1383718]: pam_unix(sshd:auth): authentication failure; logname= uid=0 euid=0 tty=ssh ruser= rhost=206.123.145.69 
Apr  5 04:07:23 cls sshd[1383718]: Failed password for invalid user rdc from 206.123.145.69 port 64630 ssh2
Apr  5 04:07:25 cls sshd[1383740]: pam_unix(sshd:auth): authentication failure; logname= uid=0 euid=0 tty=ssh ruser= rhost=187.85.187.100  user=root
Apr  5 04:07:26 cls sshd[1383718]: Connection closed by invalid user rdc 206.123.145.69 port 64630 [preauth]
Apr  5 04:07:28 cls sshd[1383740]: Failed password for root from 187.85.187.100 port 57454 ssh2
Apr  5 04:07:28 cls sshd[1383740]: Received disconnect from 187.85.187.100 port 57454:11: Bye Bye [preauth]
Apr  5 04:07:28 cls sshd[1383740]: Disconnected from authenticating user root 187.85.187.100 port 57454 [preauth]
Apr  5 04:07:46 cls sshd[1383742]: pam_unix(sshd:auth): authentication failure; logname= uid=0 euid=0 tty=ssh ruser= rhost=103.218.241.179  user=root
Apr  5 04:07:49 cls sshd[1383742]: Failed password for root from 103.218.241.179 port 19254 ssh2
Apr  5 04:07:49 cls sshd[1383742]: Received disconnect from 103.218.241.179 port 19254:11: Bye Bye [preauth]
Apr  5 04:07:49 cls sshd[1383742]: Disconnected from authenticating user root 103.218.241.179 port 19254 [preauth]
Apr  5 04:08:07 cls sshd[1383744]: pam_unix(sshd:auth): authentication failure; logname= uid=0 euid=0 tty=ssh ruser= rhost=206.123.145.54  user=root
Apr  5 04:08:10 cls sshd[1383744]: Failed password for root from 206.123.145.54 port 15306 ssh2
Apr  5 04:08:11 cls sshd[1383744]: Connection closed by authenticating user root 206.123.145.54 port 15306 [preauth]
Apr  5 04:08:12 cls sshd[1383746]: Invalid user uftp from 206.123.145.79 port 23490
Apr  5 04:08:14 cls sshd[1383746]: pam_unix(sshd:auth): check pass; user unknown
Apr  5 04:08:14 cls sshd[1383746]: pam_unix(sshd:auth): authentication failure; logname= uid=0 euid=0 tty=ssh ruser= rhost=206.123.145.79 
Apr  5 04:08:17 cls sshd[1383746]: Failed password for invalid user uftp from 206.123.145.79 port 23490 ssh2
Apr  5 04:08:18 cls sshd[1383748]: Invalid user ael from 206.123.145.56 port 34316
Apr  5 04:08:19 cls sshd[1383748]: pam_unix(sshd:auth): check pass; user unknown
Apr  5 04:08:19 cls sshd[1383748]: pam_unix(sshd:auth): authentication failure; logname= uid=0 euid=0 tty=ssh ruser= rhost=206.123.145.56 
Apr  5 04:08:21 cls sshd[1383748]: Failed password for invalid user ael from 206.123.145.56 port 34316 ssh2
Apr  5 04:08:21 cls sshd[1383746]: Connection closed by invalid user uftp 206.123.145.79 port 23490 [preauth]
Apr  5 04:08:23 cls sshd[1383748]: Connection closed by invalid user ael 206.123.145.56 port 34316 [preauth]
Apr  5 04:08:29 cls sshd[1383752]: Invalid user scan from 187.85.187.100 port 60028
Apr  5 04:08:29 cls sshd[1383752]: pam_unix(sshd:auth): check pass; user unknown
Apr  5 04:08:29 cls sshd[1383752]: pam_unix(sshd:auth): authentication failure; logname= uid=0 euid=0 tty=ssh ruser= rhost=187.85.187.100 
Apr  5 04:08:30 cls sshd[1383752]: Failed password for invalid user scan from 187.85.187.100 port 60028 ssh2
Apr  5 04:08:31 cls sshd[1383752]: Received disconnect from 187.85.187.100 port 60028:11: Bye Bye [preauth]
Apr  5 04:08:31 cls sshd[1383752]: Disconnected from invalid user scan 187.85.187.100 port 60028 [preauth]
Apr  5 04:08:31 cls sshd[1383750]: Invalid user airloft from 130.12.181.104 port 7724
Apr  5 04:08:34 cls sshd[1383750]: pam_unix(sshd:auth): check pass; user unknown
Apr  5 04:08:34 cls sshd[1383750]: pam_unix(sshd:auth): authentication failure; logname= uid=0 euid=0 tty=ssh ruser= rhost=130.12.181.104 
Apr  5 04:08:36 cls sshd[1383750]: Failed password for invalid user airloft from 130.12.181.104 port 7724 ssh2
Apr  5 04:08:38 cls sshd[1383750]: Connection closed by invalid user airloft 130.12.181.104 port 7724 [preauth]
Apr  5 04:09:01 cls CRON[1383785]: pam_unix(cron:session): session opened for user root by (uid=0)
Apr  5 04:09:01 cls CRON[1383785]: pam_unix(cron:session): session closed for user root
Apr  5 04:09:39 cls sshd[1384182]: pam_unix(sshd:auth): authentication failure; logname= uid=0 euid=0 tty=ssh ruser= rhost=187.85.187.100  user=root
Apr  5 04:09:41 cls sshd[1384182]: Failed password for root from 187.85.187.100 port 33122 ssh2
Apr  5 04:09:44 cls sshd[1384182]: Received disconnect from 187.85.187.100 port 33122:11: Bye Bye [preauth]
Apr  5 04:09:44 cls sshd[1384182]: Disconnected from authenticating user root 187.85.187.100 port 33122 [preauth]
Apr  5 04:09:59 cls sshd[1384198]: Invalid user scan from 103.218.241.179 port 60978
Apr  5 04:09:59 cls sshd[1384198]: pam_unix(sshd:auth): check pass; user unknown
Apr  5 04:09:59 cls sshd[1384198]: pam_unix(sshd:auth): authentication failure; logname= uid=0 euid=0 tty=ssh ruser= rhost=103.218.241.179 
