Mar 29 12:58:23 cls sshd[671625]: pam_unix(sshd:auth): authentication failure; logname= uid=0 euid=0 tty=ssh ruser= rhost=130.12.181.109 
Mar 29 12:58:25 cls sshd[671625]: Failed password for invalid user lvzhixiang from 130.12.181.109 port 5748 ssh2
Mar 29 12:58:27 cls sshd[671627]: Invalid user chan from 130.12.181.97 port 16070
Mar 29 12:58:27 cls sshd[671625]: Connection closed by invalid user lvzhixiang 130.12.181.109 port 5748 [preauth]
Mar 29 12:58:30 cls sshd[671627]: pam_unix(sshd:auth): check pass; user unknown
Mar 29 12:58:30 cls sshd[671627]: pam_unix(sshd:auth): authentication failure; logname= uid=0 euid=0 tty=ssh ruser= rhost=130.12.181.97 
Mar 29 12:58:32 cls sshd[671627]: Failed password for invalid user chan from 130.12.181.97 port 16070 ssh2
Mar 29 12:58:34 cls sshd[671629]: pam_unix(sshd:auth): authentication failure; logname= uid=0 euid=0 tty=ssh ruser= rhost=130.12.181.106  user=root
Mar 29 12:58:35 cls sshd[671627]: Connection closed by invalid user chan 130.12.181.97 port 16070 [preauth]
Mar 29 12:58:35 cls sshd[671629]: Failed password for root from 130.12.181.106 port 1194 ssh2
Mar 29 12:58:37 cls sshd[671629]: Connection closed by authenticating user root 130.12.181.106 port 1194 [preauth]
Mar 29 12:58:39 cls sshd[671633]: pam_unix(sshd:auth): authentication failure; logname= uid=0 euid=0 tty=ssh ruser= rhost=152.32.162.42  user=root
Mar 29 12:58:41 cls sshd[671631]: Invalid user elasticsearch from 130.12.181.103 port 37588
Mar 29 12:58:41 cls sshd[671633]: Failed password for root from 152.32.162.42 port 59014 ssh2
Mar 29 12:58:42 cls sshd[671633]: Received disconnect from 152.32.162.42 port 59014:11: Bye Bye [preauth]
Mar 29 12:58:42 cls sshd[671633]: Disconnected from authenticating user root 152.32.162.42 port 59014 [preauth]
Mar 29 12:58:42 cls sshd[671631]: pam_unix(sshd:auth): check pass; user unknown
Mar 29 12:58:42 cls sshd[671631]: pam_unix(sshd:auth): authentication failure; logname= uid=0 euid=0 tty=ssh ruser= rhost=130.12.181.103 
Mar 29 12:58:44 cls sshd[671631]: Failed password for invalid user elasticsearch from 130.12.181.103 port 37588 ssh2
Mar 29 12:58:48 cls sshd[671631]: Connection closed by invalid user elasticsearch 130.12.181.103 port 37588 [preauth]
Mar 29 12:58:51 cls sshd[671635]: Invalid user wordpress from 206.123.145.77 port 57610
Mar 29 12:58:52 cls sshd[671635]: pam_unix(sshd:auth): check pass; user unknown
Mar 29 12:58:52 cls sshd[671635]: pam_unix(sshd:auth): authentication failure; logname= uid=0 euid=0 tty=ssh ruser= rhost=206.123.145.77 
Mar 29 12:58:54 cls sshd[671635]: Failed password for invalid user wordpress from 206.123.145.77 port 57610 ssh2
Mar 29 12:58:56 cls sshd[671635]: Connection closed by invalid user wordpress 206.123.145.77 port 57610 [preauth]
Mar 29 12:58:58 cls sshd[671645]: pam_unix(sshd:auth): authentication failure; logname= uid=0 euid=0 tty=ssh ruser= rhost=102.88.137.80  user=root
Mar 29 12:58:59 cls sshd[671645]: Failed password for root from 102.88.137.80 port 17244 ssh2
Mar 29 12:59:00 cls sshd[671645]: Received disconnect from 102.88.137.80 port 17244:11: Bye Bye [preauth]
Mar 29 12:59:00 cls sshd[671645]: Disconnected from authenticating user root 102.88.137.80 port 17244 [preauth]
Mar 29 12:59:02 cls sshd[671637]: Invalid user zkyd from 206.123.145.79 port 58978
Mar 29 12:59:04 cls sshd[671637]: pam_unix(sshd:auth): check pass; user unknown
Mar 29 12:59:04 cls sshd[671637]: pam_unix(sshd:auth): authentication failure; logname= uid=0 euid=0 tty=ssh ruser= rhost=206.123.145.79 
Mar 29 12:59:05 cls sshd[671637]: Failed password for invalid user zkyd from 206.123.145.79 port 58978 ssh2
Mar 29 12:59:08 cls sshd[671637]: Connection closed by invalid user zkyd 206.123.145.79 port 58978 [preauth]
Mar 29 12:59:41 cls sshd[671713]: Invalid user sgq from 130.12.181.105 port 20928
Mar 29 12:59:43 cls sshd[671713]: pam_unix(sshd:auth): check pass; user unknown
Mar 29 12:59:43 cls sshd[671713]: pam_unix(sshd:auth): authentication failure; logname= uid=0 euid=0 tty=ssh ruser= rhost=130.12.181.105 
Mar 29 12:59:45 cls sshd[671713]: Failed password for invalid user sgq from 130.12.181.105 port 20928 ssh2
Mar 29 12:59:48 cls sshd[671713]: Connection closed by invalid user sgq 130.12.181.105 port 20928 [preauth]
Mar 29 12:59:50 cls sshd[671715]: Invalid user dipens from 206.123.145.78 port 62648
Mar 29 12:59:51 cls sshd[671715]: pam_unix(sshd:auth): check pass; user unknown
Mar 29 12:59:51 cls sshd[671715]: pam_unix(sshd:auth): authentication failure; logname= uid=0 euid=0 tty=ssh ruser= rhost=206.123.145.78 
Mar 29 12:59:54 cls sshd[671715]: Failed password for invalid user dipens from 206.123.145.78 port 62648 ssh2
Mar 29 12:59:56 cls sshd[671717]: Invalid user huawei from 130.12.181.98 port 14176
Mar 29 12:59:58 cls sshd[671717]: pam_unix(sshd:auth): check pass; user unknown
Mar 29 12:59:58 cls sshd[671717]: pam_unix(sshd:auth): authentication failure; logname= uid=0 euid=0 tty=ssh ruser= rhost=130.12.181.98 
Mar 29 12:59:58 cls sshd[671721]: pam_unix(sshd:auth): authentication failure; logname= uid=0 euid=0 tty=ssh ruser= rhost=152.32.162.42  user=root
Mar 29 12:59:59 cls sshd[671717]: Failed password for invalid user huawei from 130.12.181.98 port 14176 ssh2
Mar 29 13:00:00 cls sshd[671715]: Connection closed by invalid user dipens 206.123.145.78 port 62648 [preauth]
Mar 29 13:00:00 cls sshd[671721]: Failed password for root from 152.32.162.42 port 34458 ssh2
Mar 29 13:00:01 cls CRON[671735]: pam_unix(cron:session): session opened for user akriveia by (uid=0)
Mar 29 13:00:01 cls CRON[671736]: pam_unix(cron:session): session opened for user akriveia by (uid=0)
Mar 29 13:00:01 cls CRON[671737]: pam_unix(cron:session): session opened for user akriveia by (uid=0)
Mar 29 13:00:01 cls CRON[671736]: pam_unix(cron:session): session closed for user akriveia
Mar 29 13:00:01 cls CRON[671735]: pam_unix(cron:session): session closed for user akriveia
Mar 29 13:00:01 cls CRON[671737]: pam_unix(cron:session): session closed for user akriveia
Mar 29 13:00:01 cls sshd[671721]: Received disconnect from 152.32.162.42 port 34458:11: Bye Bye [preauth]
Mar 29 13:00:01 cls sshd[671721]: Disconnected from authenticating user root 152.32.162.42 port 34458 [preauth]
Mar 29 13:00:03 cls sshd[671717]: Connection closed by invalid user huawei 130.12.181.98 port 14176 [preauth]
Mar 29 13:00:16 cls sshd[671767]: Invalid user keydriver from 206.123.145.53 port 37494
Mar 29 13:00:19 cls sshd[671767]: pam_unix(sshd:auth): check pass; user unknown
Mar 29 13:00:19 cls sshd[671767]: pam_unix(sshd:auth): authentication failure; logname= uid=0 euid=0 tty=ssh ruser= rhost=206.123.145.53 
Mar 29 13:00:21 cls sshd[671767]: Failed password for invalid user keydriver from 206.123.145.53 port 37494 ssh2
Mar 29 13:00:22 cls sshd[671767]: Connection closed by invalid user keydriver 206.123.145.53 port 37494 [preauth]
Mar 29 13:00:23 cls sshd[671771]: Invalid user deploy from 206.123.145.56 port 18938
Mar 29 13:00:23 cls sshd[671773]: pam_unix(sshd:auth): authentication failure; logname= uid=0 euid=0 tty=ssh ruser= rhost=102.88.137.80  user=root
Mar 29 13:00:23 cls sshd[671771]: pam_unix(sshd:auth): check pass; user unknown
Mar 29 13:00:23 cls sshd[671771]: pam_unix(sshd:auth): authentication failure; logname= uid=0 euid=0 tty=ssh ruser= rhost=206.123.145.56 
Mar 29 13:00:25 cls sshd[671773]: Failed password for root from 102.88.137.80 port 1217 ssh2
Mar 29 13:00:25 cls sshd[671771]: Failed password for invalid user deploy from 206.123.145.56 port 18938 ssh2
Mar 29 13:00:26 cls sshd[671773]: Received disconnect from 102.88.137.80 port 1217:11: Bye Bye [preauth]
Mar 29 13:00:26 cls sshd[671773]: Disconnected from authenticating user root 102.88.137.80 port 1217 [preauth]
Mar 29 13:00:29 cls sshd[671771]: Connection closed by invalid user deploy 206.123.145.56 port 18938 [preauth]
Mar 29 13:00:33 cls sshd[671776]: Invalid user juho from 130.12.181.108 port 27348
Mar 29 13:00:33 cls sshd[671775]: Invalid user hyh from 130.12.181.102 port 62964
Mar 29 13:00:35 cls sshd[671776]: pam_unix(sshd:auth): check pass; user unknown
Mar 29 13:00:35 cls sshd[671776]: pam_unix(sshd:auth): authentication failure; logname= uid=0 euid=0 tty=ssh ruser= rhost=130.12.181.108 
Mar 29 13:00:35 cls sshd[671775]: pam_unix(sshd:auth): check pass; user unknown
Mar 29 13:00:35 cls sshd[671775]: pam_unix(sshd:auth): authentication failure; logname= uid=0 euid=0 tty=ssh ruser= rhost=130.12.181.102 
Mar 29 13:00:37 cls sshd[671776]: Failed password for invalid user juho from 130.12.181.108 port 27348 ssh2
Mar 29 13:00:37 cls sshd[671779]: Invalid user zhaoy from 206.123.145.46 port 28108
Mar 29 13:00:37 cls sshd[671775]: Failed password for invalid user hyh from 130.12.181.102 port 62964 ssh2
Mar 29 13:00:39 cls sshd[671779]: pam_unix(sshd:auth): check pass; user unknown
Mar 29 13:00:39 cls sshd[671779]: pam_unix(sshd:auth): authentication failure; logname= uid=0 euid=0 tty=ssh ruser= rhost=206.123.145.46 
Mar 29 13:00:39 cls sshd[671776]: Connection closed by invalid user juho 130.12.181.108 port 27348 [preauth]
Mar 29 13:00:41 cls sshd[671779]: Failed password for invalid user zhaoy from 206.123.145.46 port 28108 ssh2
Mar 29 13:00:41 cls sshd[671775]: Connection closed by invalid user hyh 130.12.181.102 port 62964 [preauth]
Mar 29 13:00:42 cls sshd[671781]: Invalid user user1 from 206.123.145.52 port 51444
Mar 29 13:00:44 cls sshd[671781]: pam_unix(sshd:auth): check pass; user unknown
Mar 29 13:00:44 cls sshd[671781]: pam_unix(sshd:auth): authentication failure; logname= uid=0 euid=0 tty=ssh ruser= rhost=206.123.145.52 
Mar 29 13:00:45 cls sshd[671779]: Connection closed by invalid user zhaoy 206.123.145.46 port 28108 [preauth]
Mar 29 13:00:46 cls sshd[671781]: Failed password for invalid user user1 from 206.123.145.52 port 51444 ssh2
Mar 29 13:00:49 cls sshd[671781]: Connection closed by invalid user user1 206.123.145.52 port 51444 [preauth]
Mar 29 13:00:59 cls sshd[671783]: pam_unix(sshd:auth): authentication failure; logname= uid=0 euid=0 tty=ssh ruser= rhost=206.123.145.69  user=root
Mar 29 13:00:59 cls sshd[671799]: pam_unix(sshd:auth): authentication failure; logname= uid=0 euid=0 tty=ssh ruser= rhost=165.154.6.66  user=root
Mar 29 13:01:01 cls sshd[671783]: Failed password for root from 206.123.145.69 port 64488 ssh2
Mar 29 13:01:01 cls sshd[671799]: Failed password for root from 165.154.6.66 port 34612 ssh2
Mar 29 13:01:02 cls sshd[671799]: Received disconnect from 165.154.6.66 port 34612:11: Bye Bye [preauth]
Mar 29 13:01:02 cls sshd[671799]: Disconnected from authenticating user root 165.154.6.66 port 34612 [preauth]
Mar 29 13:01:05 cls sshd[671783]: Connection closed by authenticating user root 206.123.145.69 port 64488 [preauth]
Mar 29 13:01:17 cls sshd[671877]: pam_unix(sshd:auth): authentication failure; logname= uid=0 euid=0 tty=ssh ruser= rhost=152.32.162.42  user=root
Mar 29 13:01:19 cls sshd[671877]: Failed password for root from 152.32.162.42 port 43156 ssh2
Mar 29 13:01:20 cls sshd[671877]: Received disconnect from 152.32.162.42 port 43156:11: Bye Bye [preauth]
Mar 29 13:01:20 cls sshd[671877]: Disconnected from authenticating user root 152.32.162.42 port 43156 [preauth]
Mar 29 13:01:27 cls sshd[671886]: pam_unix(sshd:auth): authentication failure; logname= uid=0 euid=0 tty=ssh ruser= rhost=201.149.53.243  user=root
Mar 29 13:01:30 cls sshd[671886]: Failed password for root from 201.149.53.243 port 1849 ssh2
Mar 29 13:01:33 cls sshd[671886]: Received disconnect from 201.149.53.243 port 1849:11: Bye Bye [preauth]
Mar 29 13:01:33 cls sshd[671886]: Disconnected from authenticating user root 201.149.53.243 port 1849 [preauth]
Mar 29 13:01:38 cls sshd[671888]: Invalid user yzll from 130.12.181.100 port 64740
Mar 29 13:01:41 cls sshd[671888]: pam_unix(sshd:auth): check pass; user unknown
Mar 29 13:01:41 cls sshd[671888]: pam_unix(sshd:auth): authentication failure; logname= uid=0 euid=0 tty=ssh ruser= rhost=130.12.181.100 
Mar 29 13:01:43 cls sshd[671888]: Failed password for invalid user yzll from 130.12.181.100 port 64740 ssh2
Mar 29 13:01:45 cls sshd[671888]: Connection closed by invalid user yzll 130.12.181.100 port 64740 [preauth]
Mar 29 13:01:51 cls sshd[671893]: pam_unix(sshd:auth): authentication failure; logname= uid=0 euid=0 tty=ssh ruser= rhost=102.88.137.80  user=root
Mar 29 13:01:53 cls sshd[671893]: Failed password for root from 102.88.137.80 port 33667 ssh2
Mar 29 13:01:56 cls sshd[671893]: Received disconnect from 102.88.137.80 port 33667:11: Bye Bye [preauth]
Mar 29 13:01:56 cls sshd[671893]: Disconnected from authenticating user root 102.88.137.80 port 33667 [preauth]
Mar 29 13:02:06 cls sshd[671895]: Invalid user test from 206.123.145.48 port 55758
Mar 29 13:02:07 cls sshd[671895]: pam_unix(sshd:auth): check pass; user unknown
Mar 29 13:02:07 cls sshd[671895]: pam_unix(sshd:auth): authentication failure; logname= uid=0 euid=0 tty=ssh ruser= rhost=206.123.145.48 
Mar 29 13:02:08 cls sshd[671909]: pam_unix(sshd:auth): authentication failure; logname= uid=0 euid=0 tty=ssh ruser= rhost=103.174.114.164  user=root
Mar 29 13:02:09 cls sshd[671895]: Failed password for invalid user test from 206.123.145.48 port 55758 ssh2
Mar 29 13:02:10 cls sshd[671909]: Failed password for root from 103.174.114.164 port 45818 ssh2
Mar 29 13:02:11 cls sshd[671907]: Invalid user lishen from 206.123.145.51 port 24340
Mar 29 13:02:11 cls sshd[671909]: Received disconnect from 103.174.114.164 port 45818:11: Bye Bye [preauth]
Mar 29 13:02:11 cls sshd[671909]: Disconnected from authenticating user root 103.174.114.164 port 45818 [preauth]
Mar 29 13:02:12 cls sshd[671895]: Connection closed by invalid user test 206.123.145.48 port 55758 [preauth]
Mar 29 13:02:13 cls sshd[671907]: pam_unix(sshd:auth): check pass; user unknown
Mar 29 13:02:13 cls sshd[671907]: pam_unix(sshd:auth): authentication failure; logname= uid=0 euid=0 tty=ssh ruser= rhost=206.123.145.51 
Mar 29 13:02:15 cls sshd[671907]: Failed password for invalid user lishen from 206.123.145.51 port 24340 ssh2
Mar 29 13:02:18 cls sshd[671907]: Connection closed by invalid user lishen 206.123.145.51 port 24340 [preauth]
Mar 29 13:02:19 cls sshd[671911]: Invalid user prime from 130.12.181.104 port 3966
Mar 29 13:02:21 cls sshd[671911]: pam_unix(sshd:auth): check pass; user unknown
Mar 29 13:02:21 cls sshd[671911]: pam_unix(sshd:auth): authentication failure; logname= uid=0 euid=0 tty=ssh ruser= rhost=130.12.181.104 
Mar 29 13:02:24 cls sshd[671911]: Failed password for invalid user prime from 130.12.181.104 port 3966 ssh2
Mar 29 13:02:27 cls sshd[671911]: Connection closed by invalid user prime 130.12.181.104 port 3966 [preauth]
Mar 29 13:02:30 cls sshd[671914]: Invalid user lad from 206.123.145.54 port 40348
Mar 29 13:02:34 cls sshd[671914]: pam_unix(sshd:auth): check pass; user unknown
Mar 29 13:02:34 cls sshd[671914]: pam_unix(sshd:auth): authentication failure; logname= uid=0 euid=0 tty=ssh ruser= rhost=206.123.145.54 
Mar 29 13:02:36 cls sshd[671914]: Failed password for invalid user lad from 206.123.145.54 port 40348 ssh2
Mar 29 13:02:38 cls sshd[671914]: Connection closed by invalid user lad 206.123.145.54 port 40348 [preauth]
Mar 29 13:02:41 cls sshd[671916]: pam_unix(sshd:auth): authentication failure; logname= uid=0 euid=0 tty=ssh ruser= rhost=152.32.162.42  user=root
Mar 29 13:02:43 cls sshd[671916]: Failed password for root from 152.32.162.42 port 60082 ssh2
Mar 29 13:02:43 cls sshd[671916]: Received disconnect from 152.32.162.42 port 60082:11: Bye Bye [preauth]
Mar 29 13:02:43 cls sshd[671916]: Disconnected from authenticating user root 152.32.162.42 port 60082 [preauth]
Mar 29 13:03:19 cls sshd[672020]: pam_unix(sshd:auth): authentication failure; logname= uid=0 euid=0 tty=ssh ruser= rhost=102.88.137.80  user=root
Mar 29 13:03:21 cls sshd[672020]: Failed password for root from 102.88.137.80 port 33495 ssh2
Mar 29 13:03:22 cls sshd[672020]: Received disconnect from 102.88.137.80 port 33495:11: Bye Bye [preauth]
Mar 29 13:03:22 cls sshd[672020]: Disconnected from authenticating user root 102.88.137.80 port 33495 [preauth]
Mar 29 13:03:33 cls sshd[672027]: Invalid user dipens from 206.123.145.70 port 14598
Mar 29 13:03:36 cls sshd[672027]: pam_unix(sshd:auth): check pass; user unknown
Mar 29 13:03:36 cls sshd[672027]: pam_unix(sshd:auth): authentication failure; logname= uid=0 euid=0 tty=ssh ruser= rhost=206.123.145.70 
Mar 29 13:03:38 cls sshd[672027]: Failed password for invalid user dipens from 206.123.145.70 port 14598 ssh2
Mar 29 13:03:41 cls sshd[672027]: Connection closed by invalid user dipens 206.123.145.70 port 14598 [preauth]
Mar 29 13:04:03 cls sshd[672033]: pam_unix(sshd:auth): authentication failure; logname= uid=0 euid=0 tty=ssh ruser= rhost=152.32.162.42  user=root
Mar 29 13:04:06 cls sshd[672033]: Failed password for root from 152.32.162.42 port 38596 ssh2
Mar 29 13:04:06 cls sshd[672033]: Received disconnect from 152.32.162.42 port 38596:11: Bye Bye [preauth]
Mar 29 13:04:06 cls sshd[672033]: Disconnected from authenticating user root 152.32.162.42 port 38596 [preauth]
Mar 29 13:04:10 cls sshd[672038]: pam_unix(sshd:auth): authentication failure; logname= uid=0 euid=0 tty=ssh ruser= rhost=165.154.6.66  user=root
Mar 29 13:04:13 cls sshd[672038]: Failed password for root from 165.154.6.66 port 35266 ssh2
Mar 29 13:04:15 cls sshd[672038]: Received disconnect from 165.154.6.66 port 35266:11: Bye Bye [preauth]
Mar 29 13:04:15 cls sshd[672038]: Disconnected from authenticating user root 165.154.6.66 port 35266 [preauth]
Mar 29 13:04:41 cls sshd[672040]: Invalid user hpc_bw_intel from 130.12.181.101 port 65262
Mar 29 13:04:44 cls sshd[672040]: pam_unix(sshd:auth): check pass; user unknown
Mar 29 13:04:44 cls sshd[672040]: pam_unix(sshd:auth): authentication failure; logname= uid=0 euid=0 tty=ssh ruser= rhost=130.12.181.101 
Mar 29 13:04:47 cls sshd[672040]: Failed password for invalid user hpc_bw_intel from 130.12.181.101 port 65262 ssh2
Mar 29 13:04:49 cls sshd[672042]: pam_unix(sshd:auth): authentication failure; logname= uid=0 euid=0 tty=ssh ruser= rhost=102.88.137.80  user=root
Mar 29 13:04:50 cls sshd[672040]: Connection closed by invalid user hpc_bw_intel 130.12.181.101 port 65262 [preauth]
Mar 29 13:04:50 cls sshd[672042]: Failed password for root from 102.88.137.80 port 49592 ssh2
Mar 29 13:04:52 cls sshd[672042]: Received disconnect from 102.88.137.80 port 49592:11: Bye Bye [preauth]
Mar 29 13:04:52 cls sshd[672042]: Disconnected from authenticating user root 102.88.137.80 port 49592 [preauth]
Mar 29 13:05:00 cls sshd[672044]: pam_unix(sshd:auth): authentication failure; logname= uid=0 euid=0 tty=ssh ruser= rhost=201.149.53.243  user=root
Mar 29 13:05:02 cls sshd[672044]: Failed password for root from 201.149.53.243 port 2849 ssh2
Mar 29 13:05:03 cls sshd[672044]: Received disconnect from 201.149.53.243 port 2849:11: Bye Bye [preauth]
Mar 29 13:05:03 cls sshd[672044]: Disconnected from authenticating user root 201.149.53.243 port 2849 [preauth]
Mar 29 13:05:22 cls sshd[672172]: pam_unix(sshd:auth): authentication failure; logname= uid=0 euid=0 tty=ssh ruser= rhost=152.32.162.42  user=root
Mar 29 13:05:24 cls sshd[672172]: Failed password for root from 152.32.162.42 port 56104 ssh2
Mar 29 13:05:25 cls sshd[672172]: Received disconnect from 152.32.162.42 port 56104:11: Bye Bye [preauth]
Mar 29 13:05:25 cls sshd[672172]: Disconnected from authenticating user root 152.32.162.42 port 56104 [preauth]
Mar 29 13:05:43 cls sshd[672174]: Invalid user imai from 130.12.181.107 port 27728
Mar 29 13:05:45 cls sshd[672174]: pam_unix(sshd:auth): check pass; user unknown
Mar 29 13:05:45 cls sshd[672174]: pam_unix(sshd:auth): authentication failure; logname= uid=0 euid=0 tty=ssh ruser= rhost=130.12.181.107 
Mar 29 13:05:48 cls sshd[672174]: Failed password for invalid user imai from 130.12.181.107 port 27728 ssh2
Mar 29 13:05:50 cls sshd[672174]: Connection closed by invalid user imai 130.12.181.107 port 27728 [preauth]
Mar 29 13:05:51 cls sshd[672176]: Invalid user zwj from 206.123.145.74 port 45780
Mar 29 13:05:55 cls sshd[672176]: pam_unix(sshd:auth): check pass; user unknown
Mar 29 13:05:55 cls sshd[672176]: pam_unix(sshd:auth): authentication failure; logname= uid=0 euid=0 tty=ssh ruser= rhost=206.123.145.74 
Mar 29 13:05:57 cls sshd[672176]: Failed password for invalid user zwj from 206.123.145.74 port 45780 ssh2
Mar 29 13:06:00 cls sshd[672176]: Connection closed by invalid user zwj 206.123.145.74 port 45780 [preauth]
Mar 29 13:06:01 cls sshd[672178]: pam_unix(sshd:auth): authentication failure; logname= uid=0 euid=0 tty=ssh ruser= rhost=206.123.145.71  user=root
Mar 29 13:06:03 cls sshd[672178]: Failed password for root from 206.123.145.71 port 59750 ssh2
Mar 29 13:06:06 cls sshd[672178]: Connection closed by authenticating user root 206.123.145.71 port 59750 [preauth]
Mar 29 13:06:14 cls sshd[672194]: pam_unix(sshd:auth): authentication failure; logname= uid=0 euid=0 tty=ssh ruser= rhost=102.88.137.80  user=root
Mar 29 13:06:16 cls sshd[672194]: Failed password for root from 102.88.137.80 port 1163 ssh2
Mar 29 13:06:17 cls sshd[672194]: Received disconnect from 102.88.137.80 port 1163:11: Bye Bye [preauth]
Mar 29 13:06:17 cls sshd[672194]: Disconnected from authenticating user root 102.88.137.80 port 1163 [preauth]
Mar 29 13:06:31 cls sshd[672208]: Invalid user ycc from 206.123.145.75 port 48780
Mar 29 13:06:33 cls sshd[672208]: pam_unix(sshd:auth): check pass; user unknown
Mar 29 13:06:33 cls sshd[672208]: pam_unix(sshd:auth): authentication failure; logname= uid=0 euid=0 tty=ssh ruser= rhost=206.123.145.75 
Mar 29 13:06:35 cls sshd[672208]: Failed password for invalid user ycc from 206.123.145.75 port 48780 ssh2
Mar 29 13:06:39 cls sshd[672208]: Connection closed by invalid user ycc 206.123.145.75 port 48780 [preauth]
Mar 29 13:06:41 cls sshd[672226]: pam_unix(sshd:auth): authentication failure; logname= uid=0 euid=0 tty=ssh ruser= rhost=152.32.162.42  user=root
Mar 29 13:06:42 cls sshd[672226]: Failed password for root from 152.32.162.42 port 51548 ssh2
Mar 29 13:06:44 cls sshd[672226]: Received disconnect from 152.32.162.42 port 51548:11: Bye Bye [preauth]
Mar 29 13:06:44 cls sshd[672226]: Disconnected from authenticating user root 152.32.162.42 port 51548 [preauth]
Mar 29 13:06:54 cls sshd[672244]: pam_unix(sshd:auth): authentication failure; logname= uid=0 euid=0 tty=ssh ruser= rhost=103.174.114.164  user=root
Mar 29 13:06:54 cls sshd[672234]: Invalid user testuser from 130.12.181.99 port 9778
Mar 29 13:06:55 cls sshd[672244]: Failed password for root from 103.174.114.164 port 57446 ssh2
Mar 29 13:06:56 cls sshd[672234]: pam_unix(sshd:auth): check pass; user unknown
Mar 29 13:06:56 cls sshd[672234]: pam_unix(sshd:auth): authentication failure; logname= uid=0 euid=0 tty=ssh ruser= rhost=130.12.181.99 
Mar 29 13:06:56 cls sshd[672244]: Received disconnect from 103.174.114.164 port 57446:11: Bye Bye [preauth]
Mar 29 13:06:56 cls sshd[672244]: Disconnected from authenticating user root 103.174.114.164 port 57446 [preauth]
Mar 29 13:06:58 cls sshd[672234]: Failed password for invalid user testuser from 130.12.181.99 port 9778 ssh2
Mar 29 13:07:02 cls sshd[672234]: Connection closed by invalid user testuser 130.12.181.99 port 9778 [preauth]
Mar 29 13:07:18 cls sshd[672263]: Invalid user dell from 130.12.181.98 port 23962
Mar 29 13:07:18 cls sshd[672266]: pam_unix(sshd:auth): authentication failure; logname= uid=0 euid=0 tty=ssh ruser= rhost=165.154.6.66  user=root
Mar 29 13:07:19 cls sshd[672263]: pam_unix(sshd:auth): check pass; user unknown
Mar 29 13:07:19 cls sshd[672263]: pam_unix(sshd:auth): authentication failure; logname= uid=0 euid=0 tty=ssh ruser= rhost=130.12.181.98 
Mar 29 13:07:19 cls sshd[672262]: Invalid user fuwei1 from 130.12.181.109 port 34994
Mar 29 13:07:20 cls sshd[672266]: Failed password for root from 165.154.6.66 port 42044 ssh2
Mar 29 13:07:21 cls sshd[672266]: Received disconnect from 165.154.6.66 port 42044:11: Bye Bye [preauth]
Mar 29 13:07:21 cls sshd[672266]: Disconnected from authenticating user root 165.154.6.66 port 42044 [preauth]
Mar 29 13:07:21 cls sshd[672263]: Failed password for invalid user dell from 130.12.181.98 port 23962 ssh2
Mar 29 13:07:21 cls sshd[672262]: pam_unix(sshd:auth): check pass; user unknown
Mar 29 13:07:21 cls sshd[672262]: pam_unix(sshd:auth): authentication failure; logname= uid=0 euid=0 tty=ssh ruser= rhost=130.12.181.109 
Mar 29 13:07:23 cls sshd[672263]: Connection closed by invalid user dell 130.12.181.98 port 23962 [preauth]
Mar 29 13:07:24 cls sshd[672262]: Failed password for invalid user fuwei1 from 130.12.181.109 port 34994 ssh2
Mar 29 13:07:28 cls sshd[672262]: Connection closed by invalid user fuwei1 130.12.181.109 port 34994 [preauth]
Mar 29 13:07:29 cls sshd[672270]: Invalid user damu from 206.123.145.73 port 58308
Mar 29 13:07:31 cls sshd[672270]: pam_unix(sshd:auth): check pass; user unknown
Mar 29 13:07:31 cls sshd[672270]: pam_unix(sshd:auth): authentication failure; logname= uid=0 euid=0 tty=ssh ruser= rhost=206.123.145.73 
Mar 29 13:07:31 cls sshd[672271]: Invalid user nguyenlc from 206.123.145.20 port 51770
Mar 29 13:07:32 cls sshd[672269]: pam_unix(sshd:auth): authentication failure; logname= uid=0 euid=0 tty=ssh ruser= rhost=130.12.181.97  user=root
Mar 29 13:07:33 cls sshd[672270]: Failed password for invalid user damu from 206.123.145.73 port 58308 ssh2
Mar 29 13:07:34 cls sshd[672271]: pam_unix(sshd:auth): check pass; user unknown
Mar 29 13:07:34 cls sshd[672271]: pam_unix(sshd:auth): authentication failure; logname= uid=0 euid=0 tty=ssh ruser= rhost=206.123.145.20 
Mar 29 13:07:34 cls sshd[672276]: Invalid user dmdba from 130.12.181.103 port 48320
Mar 29 13:07:35 cls sshd[672269]: Failed password for root from 130.12.181.97 port 62940 ssh2
Mar 29 13:07:36 cls sshd[672276]: pam_unix(sshd:auth): check pass; user unknown
Mar 29 13:07:36 cls sshd[672276]: pam_unix(sshd:auth): authentication failure; logname= uid=0 euid=0 tty=ssh ruser= rhost=130.12.181.103 
Mar 29 13:07:36 cls sshd[672271]: Failed password for invalid user nguyenlc from 206.123.145.20 port 51770 ssh2
Mar 29 13:07:36 cls sshd[672270]: Connection closed by invalid user damu 206.123.145.73 port 58308 [preauth]
Mar 29 13:07:37 cls sshd[672269]: Connection closed by authenticating user root 130.12.181.97 port 62940 [preauth]
Mar 29 13:07:37 cls sshd[672276]: Failed password for invalid user dmdba from 130.12.181.103 port 48320 ssh2
Mar 29 13:07:38 cls sshd[672283]: Invalid user labor from 130.12.181.106 port 48570
Mar 29 13:07:39 cls sshd[672286]: Invalid user hxeadm from 206.123.145.57 port 11840
Mar 29 13:07:40 cls sshd[672283]: pam_unix(sshd:auth): check pass; user unknown
Mar 29 13:07:40 cls sshd[672283]: pam_unix(sshd:auth): authentication failure; logname= uid=0 euid=0 tty=ssh ruser= rhost=130.12.181.106 
Mar 29 13:07:40 cls sshd[672271]: Connection closed by invalid user nguyenlc 206.123.145.20 port 51770 [preauth]
Mar 29 13:07:40 cls sshd[672276]: Connection closed by invalid user dmdba 130.12.181.103 port 48320 [preauth]
Mar 29 13:07:41 cls sshd[672286]: pam_unix(sshd:auth): check pass; user unknown
Mar 29 13:07:41 cls sshd[672286]: pam_unix(sshd:auth): authentication failure; logname= uid=0 euid=0 tty=ssh ruser= rhost=206.123.145.57 
Mar 29 13:07:41 cls sshd[672291]: Invalid user zxsl from 206.123.145.55 port 51090
Mar 29 13:07:41 cls sshd[672301]: pam_unix(sshd:auth): authentication failure; logname= uid=0 euid=0 tty=ssh ruser= rhost=102.88.137.80  user=root
Mar 29 13:07:42 cls sshd[672283]: Failed password for invalid user labor from 130.12.181.106 port 48570 ssh2
Mar 29 13:07:42 cls sshd[672286]: Failed password for invalid user hxeadm from 206.123.145.57 port 11840 ssh2
Mar 29 13:07:43 cls sshd[672301]: Failed password for root from 102.88.137.80 port 1151 ssh2
Mar 29 13:07:44 cls sshd[672301]: Received disconnect from 102.88.137.80 port 1151:11: Bye Bye [preauth]
Mar 29 13:07:44 cls sshd[672301]: Disconnected from authenticating user root 102.88.137.80 port 1151 [preauth]
Mar 29 13:07:45 cls sshd[672283]: Connection closed by invalid user labor 130.12.181.106 port 48570 [preauth]
Mar 29 13:07:45 cls sshd[672291]: pam_unix(sshd:auth): check pass; user unknown
Mar 29 13:07:45 cls sshd[672291]: pam_unix(sshd:auth): authentication failure; logname= uid=0 euid=0 tty=ssh ruser= rhost=206.123.145.55 
Mar 29 13:07:45 cls sshd[672286]: Connection closed by invalid user hxeadm 206.123.145.57 port 11840 [preauth]
Mar 29 13:07:47 cls sshd[672295]: pam_unix(sshd:auth): authentication failure; logname= uid=0 euid=0 tty=ssh ruser= rhost=206.123.145.49  user=root
Mar 29 13:07:48 cls sshd[672291]: Failed password for invalid user zxsl from 206.123.145.55 port 51090 ssh2
Mar 29 13:07:48 cls sshd[672295]: Failed password for root from 206.123.145.49 port 50370 ssh2
Mar 29 13:07:50 cls sshd[672291]: Connection closed by invalid user zxsl 206.123.145.55 port 51090 [preauth]
Mar 29 13:07:51 cls sshd[672295]: Connection closed by authenticating user root 206.123.145.49 port 50370 [preauth]
Mar 29 13:08:00 cls sshd[672317]: Invalid user ftpuser from 206.123.145.72 port 33458
Mar 29 13:08:03 cls sshd[672317]: pam_unix(sshd:auth): check pass; user unknown
Mar 29 13:08:03 cls sshd[672317]: pam_unix(sshd:auth): authentication failure; logname= uid=0 euid=0 tty=ssh ruser= rhost=206.123.145.72 
Mar 29 13:08:05 cls sshd[672325]: pam_unix(sshd:auth): authentication failure; logname= uid=0 euid=0 tty=ssh ruser= rhost=152.32.162.42  user=root
Mar 29 13:08:06 cls sshd[672317]: Failed password for invalid user ftpuser from 206.123.145.72 port 33458 ssh2
Mar 29 13:08:07 cls sshd[672325]: Failed password for root from 152.32.162.42 port 42636 ssh2
Mar 29 13:08:08 cls sshd[672325]: Received disconnect from 152.32.162.42 port 42636:11: Bye Bye [preauth]
Mar 29 13:08:08 cls sshd[672325]: Disconnected from authenticating user root 152.32.162.42 port 42636 [preauth]
Mar 29 13:08:09 cls sshd[672317]: Connection closed by invalid user ftpuser 206.123.145.72 port 33458 [preauth]
Mar 29 13:08:09 cls sshd[672323]: Invalid user nextcloud from 206.123.145.50 port 49382
Mar 29 13:08:11 cls sshd[672323]: pam_unix(sshd:auth): check pass; user unknown
Mar 29 13:08:11 cls sshd[672323]: pam_unix(sshd:auth): authentication failure; logname= uid=0 euid=0 tty=ssh ruser= rhost=206.123.145.50 
Mar 29 13:08:13 cls sshd[672323]: Failed password for invalid user nextcloud from 206.123.145.50 port 49382 ssh2
Mar 29 13:08:16 cls sshd[672323]: Connection closed by invalid user nextcloud 206.123.145.50 port 49382 [preauth]
Mar 29 13:08:29 cls sshd[672343]: Invalid user vbox from 206.123.145.76 port 47020
Mar 29 13:08:30 cls sshd[672343]: pam_unix(sshd:auth): check pass; user unknown
Mar 29 13:08:30 cls sshd[672343]: pam_unix(sshd:auth): authentication failure; logname= uid=0 euid=0 tty=ssh ruser= rhost=206.123.145.76 
Mar 29 13:08:32 cls sshd[672343]: Failed password for invalid user vbox from 206.123.145.76 port 47020 ssh2
Mar 29 13:08:33 cls sshd[672351]: pam_unix(sshd:auth): authentication failure; logname= uid=0 euid=0 tty=ssh ruser= rhost=201.149.53.243  user=root
Mar 29 13:08:34 cls sshd[672343]: Connection closed by invalid user vbox 206.123.145.76 port 47020 [preauth]
Mar 29 13:08:35 cls sshd[672351]: Failed password for root from 201.149.53.243 port 3445 ssh2
Mar 29 13:08:35 cls sshd[672351]: Received disconnect from 201.149.53.243 port 3445:11: Bye Bye [preauth]
Mar 29 13:08:35 cls sshd[672351]: Disconnected from authenticating user root 201.149.53.243 port 3445 [preauth]
Mar 29 13:08:51 cls sshd[672359]: Invalid user dell from 130.12.181.105 port 20084
Mar 29 13:08:53 cls sshd[672359]: pam_unix(sshd:auth): check pass; user unknown
Mar 29 13:08:53 cls sshd[672359]: pam_unix(sshd:auth): authentication failure; logname= uid=0 euid=0 tty=ssh ruser= rhost=130.12.181.105 
Mar 29 13:08:55 cls sshd[672359]: Failed password for invalid user dell from 130.12.181.105 port 20084 ssh2
Mar 29 13:08:59 cls sshd[672359]: Connection closed by invalid user dell 130.12.181.105 port 20084 [preauth]
Mar 29 13:09:01 cls CRON[672367]: pam_unix(cron:session): session opened for user root by (uid=0)
Mar 29 13:09:01 cls CRON[672367]: pam_unix(cron:session): session closed for user root
Mar 29 13:09:11 cls sshd[672765]: pam_unix(sshd:auth): authentication failure; logname= uid=0 euid=0 tty=ssh ruser= rhost=102.88.137.80  user=root
Mar 29 13:09:12 cls sshd[672765]: Failed password for root from 102.88.137.80 port 49628 ssh2
Mar 29 13:09:13 cls sshd[672369]: Invalid user jwliu from 206.123.145.77 port 34332
Mar 29 13:09:14 cls sshd[672765]: Received disconnect from 102.88.137.80 port 49628:11: Bye Bye [preauth]
Mar 29 13:09:14 cls sshd[672765]: Disconnected from authenticating user root 102.88.137.80 port 49628 [preauth]
Mar 29 13:09:15 cls sshd[672369]: pam_unix(sshd:auth): check pass; user unknown
Mar 29 13:09:15 cls sshd[672369]: pam_unix(sshd:auth): authentication failure; logname= uid=0 euid=0 tty=ssh ruser= rhost=206.123.145.77 
Mar 29 13:09:17 cls sshd[672369]: Failed password for invalid user jwliu from 206.123.145.77 port 34332 ssh2
Mar 29 13:09:19 cls sshd[672369]: Connection closed by invalid user jwliu 206.123.145.77 port 34332 [preauth]
Mar 29 13:09:31 cls sshd[672767]: Invalid user wxd from 130.12.181.102 port 18944
Mar 29 13:09:33 cls sshd[672767]: pam_unix(sshd:auth): check pass; user unknown
Mar 29 13:09:33 cls sshd[672767]: pam_unix(sshd:auth): authentication failure; logname= uid=0 euid=0 tty=ssh ruser= rhost=130.12.181.102 
Mar 29 13:09:35 cls sshd[672767]: Failed password for invalid user wxd from 130.12.181.102 port 18944 ssh2
Mar 29 13:09:37 cls sshd[672773]: pam_unix(sshd:auth): authentication failure; logname= uid=0 euid=0 tty=ssh ruser= rhost=152.32.162.42  user=root
Mar 29 13:09:38 cls sshd[672769]: pam_unix(sshd:auth): authentication failure; logname= uid=0 euid=0 tty=ssh ruser= rhost=206.123.145.79  user=root
Mar 29 13:09:38 cls sshd[672767]: Connection closed by invalid user wxd 130.12.181.102 port 18944 [preauth]
Mar 29 13:09:40 cls sshd[672773]: Failed password for root from 152.32.162.42 port 48612 ssh2
Mar 29 13:09:40 cls sshd[672773]: Received disconnect from 152.32.162.42 port 48612:11: Bye Bye [preauth]
Mar 29 13:09:40 cls sshd[672773]: Disconnected from authenticating user root 152.32.162.42 port 48612 [preauth]
Mar 29 13:09:40 cls sshd[672769]: Failed password for root from 206.123.145.79 port 22166 ssh2
Mar 29 13:09:40 cls sshd[672771]: Invalid user tanglong from 130.12.181.108 port 46334
Mar 29 13:09:41 cls sshd[672769]: Connection closed by authenticating user root 206.123.145.79 port 22166 [preauth]
Mar 29 13:09:42 cls sshd[672771]: pam_unix(sshd:auth): check pass; user unknown
Mar 29 13:09:42 cls sshd[672771]: pam_unix(sshd:auth): authentication failure; logname= uid=0 euid=0 tty=ssh ruser= rhost=130.12.181.108 
Mar 29 13:09:44 cls sshd[672771]: Failed password for invalid user tanglong from 130.12.181.108 port 46334 ssh2
Mar 29 13:09:48 cls sshd[672771]: Connection closed by invalid user tanglong 130.12.181.108 port 46334 [preauth]
Mar 29 13:09:54 cls sshd[672777]: Invalid user xdp from 206.123.145.78 port 13464
Mar 29 13:09:56 cls sshd[672777]: pam_unix(sshd:auth): check pass; user unknown
Mar 29 13:09:56 cls sshd[672777]: pam_unix(sshd:auth): authentication failure; logname= uid=0 euid=0 tty=ssh ruser= rhost=206.123.145.78 
Mar 29 13:09:58 cls sshd[672777]: Failed password for invalid user xdp from 206.123.145.78 port 13464 ssh2
Mar 29 13:10:01 cls sshd[672777]: Connection closed by invalid user xdp 206.123.145.78 port 13464 [preauth]
Mar 29 13:10:31 cls sshd[672795]: pam_unix(sshd:auth): authentication failure; logname= uid=0 euid=0 tty=ssh ruser= rhost=165.154.6.66  user=root
Mar 29 13:10:32 cls sshd[672795]: Failed password for root from 165.154.6.66 port 44688 ssh2
Mar 29 13:10:33 cls sshd[672795]: Received disconnect from 165.154.6.66 port 44688:11: Bye Bye [preauth]
Mar 29 13:10:33 cls sshd[672795]: Disconnected from authenticating user root 165.154.6.66 port 44688 [preauth]
Mar 29 13:10:34 cls sshd[672791]: Invalid user chaohb from 206.123.145.56 port 6878
Mar 29 13:10:35 cls sshd[672792]: Invalid user zhangxu from 130.12.181.100 port 18952
Mar 29 13:10:36 cls sshd[672791]: pam_unix(sshd:auth): check pass; user unknown
Mar 29 13:10:36 cls sshd[672791]: pam_unix(sshd:auth): authentication failure; logname= uid=0 euid=0 tty=ssh ruser= rhost=206.123.145.56 
Mar 29 13:10:37 cls sshd[672792]: pam_unix(sshd:auth): check pass; user unknown
Mar 29 13:10:37 cls sshd[672792]: pam_unix(sshd:auth): authentication failure; logname= uid=0 euid=0 tty=ssh ruser= rhost=130.12.181.100 
Mar 29 13:10:38 cls sshd[672791]: Failed password for invalid user chaohb from 206.123.145.56 port 6878 ssh2
Mar 29 13:10:39 cls sshd[672799]: pam_unix(sshd:auth): authentication failure; logname= uid=0 euid=0 tty=ssh ruser= rhost=102.88.137.80  user=root
Mar 29 13:10:40 cls sshd[672792]: Failed password for invalid user zhangxu from 130.12.181.100 port 18952 ssh2
Mar 29 13:10:40 cls sshd[672799]: Failed password for root from 102.88.137.80 port 33527 ssh2
Mar 29 13:10:41 cls sshd[672791]: Connection closed by invalid user chaohb 206.123.145.56 port 6878 [preauth]
Mar 29 13:10:42 cls sshd[672799]: Received disconnect from 102.88.137.80 port 33527:11: Bye Bye [preauth]
Mar 29 13:10:42 cls sshd[672799]: Disconnected from authenticating user root 102.88.137.80 port 33527 [preauth]
Mar 29 13:10:43 cls sshd[672792]: Connection closed by invalid user zhangxu 130.12.181.100 port 18952 [preauth]
Mar 29 13:10:44 cls sshd[672797]: pam_unix(sshd:auth): authentication failure; logname= uid=0 euid=0 tty=ssh ruser= rhost=206.123.145.53  user=root
Mar 29 13:10:45 cls sshd[672797]: Failed password for root from 206.123.145.53 port 10764 ssh2
Mar 29 13:10:49 cls sshd[672797]: Connection closed by authenticating user root 206.123.145.53 port 10764 [preauth]
Mar 29 13:10:55 cls sshd[672805]: Invalid user rroot from 206.123.145.52 port 4734
Mar 29 13:10:57 cls sshd[672805]: pam_unix(sshd:auth): check pass; user unknown
Mar 29 13:10:57 cls sshd[672805]: pam_unix(sshd:auth): authentication failure; logname= uid=0 euid=0 tty=ssh ruser= rhost=206.123.145.52 
Mar 29 13:10:58 cls sshd[672807]: Invalid user lin from 130.12.181.104 port 58324
Mar 29 13:10:59 cls sshd[672808]: Invalid user weiyang from 206.123.145.46 port 55922
Mar 29 13:11:00 cls sshd[672805]: Failed password for invalid user rroot from 206.123.145.52 port 4734 ssh2
Mar 29 13:11:01 cls sshd[672807]: pam_unix(sshd:auth): check pass; user unknown
Mar 29 13:11:01 cls sshd[672807]: pam_unix(sshd:auth): authentication failure; logname= uid=0 euid=0 tty=ssh ruser= rhost=130.12.181.104 
Mar 29 13:11:01 cls sshd[672808]: pam_unix(sshd:auth): check pass; user unknown
Mar 29 13:11:01 cls sshd[672808]: pam_unix(sshd:auth): authentication failure; logname= uid=0 euid=0 tty=ssh ruser= rhost=206.123.145.46 
Mar 29 13:11:01 cls sshd[672811]: pam_unix(sshd:auth): authentication failure; logname= uid=0 euid=0 tty=ssh ruser= rhost=152.32.162.42  user=root
Mar 29 13:11:02 cls sshd[672807]: Failed password for invalid user lin from 130.12.181.104 port 58324 ssh2
Mar 29 13:11:03 cls sshd[672808]: Failed password for invalid user weiyang from 206.123.145.46 port 55922 ssh2
Mar 29 13:11:03 cls sshd[672811]: Failed password for root from 152.32.162.42 port 38722 ssh2
Mar 29 13:11:04 cls sshd[672811]: Received disconnect from 152.32.162.42 port 38722:11: Bye Bye [preauth]
Mar 29 13:11:04 cls sshd[672811]: Disconnected from authenticating user root 152.32.162.42 port 38722 [preauth]
Mar 29 13:11:04 cls sshd[672807]: Connection closed by invalid user lin 130.12.181.104 port 58324 [preauth]
Mar 29 13:11:05 cls sshd[672805]: Connection closed by invalid user rroot 206.123.145.52 port 4734 [preauth]
Mar 29 13:11:08 cls sshd[672808]: Connection closed by invalid user weiyang 206.123.145.46 port 55922 [preauth]
Mar 29 13:11:15 cls sshd[672816]: Invalid user hivequeue from 206.123.145.69 port 27400
Mar 29 13:11:17 cls sshd[672816]: pam_unix(sshd:auth): check pass; user unknown
Mar 29 13:11:17 cls sshd[672816]: pam_unix(sshd:auth): authentication failure; logname= uid=0 euid=0 tty=ssh ruser= rhost=206.123.145.69 
Mar 29 13:11:18 cls sshd[672816]: Failed password for invalid user hivequeue from 206.123.145.69 port 27400 ssh2
Mar 29 13:11:19 cls sshd[672816]: Connection closed by invalid user hivequeue 206.123.145.69 port 27400 [preauth]
Mar 29 13:11:33 cls sshd[672834]: pam_unix(sshd:auth): authentication failure; logname= uid=0 euid=0 tty=ssh ruser= rhost=103.174.114.164  user=root
Mar 29 13:11:35 cls sshd[672834]: Failed password for root from 103.174.114.164 port 51740 ssh2
Mar 29 13:11:36 cls sshd[672834]: Received disconnect from 103.174.114.164 port 51740:11: Bye Bye [preauth]
Mar 29 13:11:36 cls sshd[672834]: Disconnected from authenticating user root 103.174.114.164 port 51740 [preauth]
Mar 29 13:12:04 cls sshd[672844]: pam_unix(sshd:auth): authentication failure; logname= uid=0 euid=0 tty=ssh ruser= rhost=206.123.145.48  user=root
Mar 29 13:12:04 cls sshd[672852]: Invalid user support from 206.123.145.51 port 4286
Mar 29 13:12:04 cls sshd[672860]: pam_unix(sshd:auth): authentication failure; logname= uid=0 euid=0 tty=ssh ruser= rhost=102.88.137.80  user=root
Mar 29 13:12:05 cls sshd[672852]: pam_unix(sshd:auth): check pass; user unknown
Mar 29 13:12:05 cls sshd[672852]: pam_unix(sshd:auth): authentication failure; logname= uid=0 euid=0 tty=ssh ruser= rhost=206.123.145.51 
Mar 29 13:12:05 cls sshd[672844]: Failed password for root from 206.123.145.48 port 21548 ssh2
Mar 29 13:12:06 cls sshd[672860]: Failed password for root from 102.88.137.80 port 1301 ssh2
Mar 29 13:12:07 cls sshd[672852]: Failed password for invalid user support from 206.123.145.51 port 4286 ssh2
Mar 29 13:12:07 cls sshd[672864]: pam_unix(sshd:auth): authentication failure; logname= uid=0 euid=0 tty=ssh ruser= rhost=201.149.53.243  user=root
Mar 29 13:12:07 cls sshd[672860]: Received disconnect from 102.88.137.80 port 1301:11: Bye Bye [preauth]
Mar 29 13:12:07 cls sshd[672860]: Disconnected from authenticating user root 102.88.137.80 port 1301 [preauth]
Mar 29 13:12:09 cls sshd[672864]: Failed password for root from 201.149.53.243 port 3721 ssh2
Mar 29 13:12:09 cls sshd[672844]: Connection closed by authenticating user root 206.123.145.48 port 21548 [preauth]
Mar 29 13:12:10 cls sshd[672864]: Received disconnect from 201.149.53.243 port 3721:11: Bye Bye [preauth]
Mar 29 13:12:10 cls sshd[672864]: Disconnected from authenticating user root 201.149.53.243 port 3721 [preauth]
Mar 29 13:12:10 cls sshd[672852]: Connection closed by invalid user support 206.123.145.51 port 4286 [preauth]
Mar 29 13:12:22 cls sshd[672877]: pam_unix(sshd:auth): authentication failure; logname= uid=0 euid=0 tty=ssh ruser= rhost=152.32.162.42  user=root
Mar 29 13:12:25 cls sshd[672877]: Failed password for root from 152.32.162.42 port 45158 ssh2
Mar 29 13:12:25 cls sshd[672877]: Received disconnect from 152.32.162.42 port 45158:11: Bye Bye [preauth]
Mar 29 13:12:25 cls sshd[672877]: Disconnected from authenticating user root 152.32.162.42 port 45158 [preauth]
Mar 29 13:12:50 cls sshd[672887]: pam_unix(sshd:auth): authentication failure; logname= uid=0 euid=0 tty=ssh ruser= rhost=206.123.145.54  user=root
Mar 29 13:12:52 cls sshd[672887]: Failed password for root from 206.123.145.54 port 20238 ssh2
Mar 29 13:12:54 cls sshd[672887]: Connection closed by authenticating user root 206.123.145.54 port 20238 [preauth]
Mar 29 13:13:12 cls sshd[672903]: pam_unix(sshd:auth): authentication failure; logname= uid=0 euid=0 tty=ssh ruser= rhost=45.207.221.76  user=root
Mar 29 13:13:14 cls sshd[672903]: Failed password for root from 45.207.221.76 port 48158 ssh2
Mar 29 13:13:15 cls sshd[672903]: Received disconnect from 45.207.221.76 port 48158:11: Bye Bye [preauth]
Mar 29 13:13:15 cls sshd[672903]: Disconnected from authenticating user root 45.207.221.76 port 48158 [preauth]
Mar 29 13:13:30 cls sshd[672975]: pam_unix(sshd:auth): authentication failure; logname= uid=0 euid=0 tty=ssh ruser= rhost=102.88.137.80  user=root
Mar 29 13:13:32 cls sshd[672975]: Failed password for root from 102.88.137.80 port 49436 ssh2
Mar 29 13:13:33 cls sshd[672975]: Received disconnect from 102.88.137.80 port 49436:11: Bye Bye [preauth]
Mar 29 13:13:33 cls sshd[672975]: Disconnected from authenticating user root 102.88.137.80 port 49436 [preauth]
Mar 29 13:13:33 cls sshd[672977]: pam_unix(sshd:auth): authentication failure; logname= uid=0 euid=0 tty=ssh ruser= rhost=165.154.6.66  user=root
Mar 29 13:13:36 cls sshd[672977]: Failed password for root from 165.154.6.66 port 37632 ssh2
Mar 29 13:13:36 cls sshd[672977]: Received disconnect from 165.154.6.66 port 37632:11: Bye Bye [preauth]
Mar 29 13:13:36 cls sshd[672977]: Disconnected from authenticating user root 165.154.6.66 port 37632 [preauth]
Mar 29 13:13:41 cls sshd[672979]: Invalid user hzj from 130.12.181.101 port 34246
Mar 29 13:13:44 cls sshd[672979]: pam_unix(sshd:auth): check pass; user unknown
Mar 29 13:13:44 cls sshd[672979]: pam_unix(sshd:auth): authentication failure; logname= uid=0 euid=0 tty=ssh ruser= rhost=130.12.181.101 
Mar 29 13:13:45 cls sshd[672979]: Failed password for invalid user hzj from 130.12.181.101 port 34246 ssh2
Mar 29 13:13:48 cls sshd[672979]: Connection closed by invalid user hzj 130.12.181.101 port 34246 [preauth]
Mar 29 13:13:54 cls sshd[672983]: pam_unix(sshd:auth): authentication failure; logname= uid=0 euid=0 tty=ssh ruser= rhost=152.32.162.42  user=root
Mar 29 13:13:56 cls sshd[672983]: Failed password for root from 152.32.162.42 port 51330 ssh2
Mar 29 13:13:57 cls sshd[672983]: Received disconnect from 152.32.162.42 port 51330:11: Bye Bye [preauth]
Mar 29 13:13:57 cls sshd[672983]: Disconnected from authenticating user root 152.32.162.42 port 51330 [preauth]
Mar 29 13:14:27 cls sshd[673043]: pam_unix(sshd:auth): authentication failure; logname= uid=0 euid=0 tty=ssh ruser= rhost=116.193.191.46  user=root
Mar 29 13:14:30 cls sshd[673043]: Failed password for root from 116.193.191.46 port 49122 ssh2
Mar 29 13:14:30 cls sshd[673043]: Received disconnect from 116.193.191.46 port 49122:11: Bye Bye [preauth]
Mar 29 13:14:30 cls sshd[673043]: Disconnected from authenticating user root 116.193.191.46 port 49122 [preauth]
Mar 29 13:14:32 cls sshd[673041]: Invalid user gongsiqiang from 130.12.181.98 port 36324
Mar 29 13:14:33 cls sshd[673041]: pam_unix(sshd:auth): check pass; user unknown
Mar 29 13:14:33 cls sshd[673041]: pam_unix(sshd:auth): authentication failure; logname= uid=0 euid=0 tty=ssh ruser= rhost=130.12.181.98 
Mar 29 13:14:35 cls sshd[673037]: pam_unix(sshd:auth): authentication failure; logname= uid=0 euid=0 tty=ssh ruser= rhost=206.123.145.70  user=root
Mar 29 13:14:35 cls sshd[673041]: Failed password for invalid user gongsiqiang from 130.12.181.98 port 36324 ssh2
Mar 29 13:14:36 cls sshd[673037]: Failed password for root from 206.123.145.70 port 30546 ssh2
Mar 29 13:14:39 cls sshd[673041]: Connection closed by invalid user gongsiqiang 130.12.181.98 port 36324 [preauth]
Mar 29 13:14:40 cls sshd[673037]: Connection closed by authenticating user root 206.123.145.70 port 30546 [preauth]
Mar 29 13:14:50 cls sshd[673045]: Invalid user developer from 130.12.181.107 port 26046
Mar 29 13:14:53 cls sshd[673045]: pam_unix(sshd:auth): check pass; user unknown
Mar 29 13:14:53 cls sshd[673045]: pam_unix(sshd:auth): authentication failure; logname= uid=0 euid=0 tty=ssh ruser= rhost=130.12.181.107 
Mar 29 13:14:55 cls sshd[673045]: Failed password for invalid user developer from 130.12.181.107 port 26046 ssh2
Mar 29 13:14:58 cls sshd[673045]: Connection closed by invalid user developer 130.12.181.107 port 26046 [preauth]
Mar 29 13:14:58 cls sshd[673047]: pam_unix(sshd:auth): authentication failure; logname= uid=0 euid=0 tty=ssh ruser= rhost=102.88.137.80  user=root
Mar 29 13:15:01 cls sshd[673047]: Failed password for root from 102.88.137.80 port 1389 ssh2
Mar 29 13:15:04 cls sshd[673047]: Received disconnect from 102.88.137.80 port 1389:11: Bye Bye [preauth]
Mar 29 13:15:04 cls sshd[673047]: Disconnected from authenticating user root 102.88.137.80 port 1389 [preauth]
Mar 29 13:15:21 cls sshd[673125]: pam_unix(sshd:auth): authentication failure; logname= uid=0 euid=0 tty=ssh ruser= rhost=152.32.162.42  user=root
Mar 29 13:15:24 cls sshd[673125]: Failed password for root from 152.32.162.42 port 33452 ssh2
Mar 29 13:15:24 cls sshd[673125]: Received disconnect from 152.32.162.42 port 33452:11: Bye Bye [preauth]
Mar 29 13:15:24 cls sshd[673125]: Disconnected from authenticating user root 152.32.162.42 port 33452 [preauth]
Mar 29 13:15:37 cls sshd[673127]: pam_unix(sshd:auth): authentication failure; logname= uid=0 euid=0 tty=ssh ruser= rhost=201.149.53.243  user=root
Mar 29 13:15:38 cls sshd[673127]: Failed password for root from 201.149.53.243 port 3417 ssh2
Mar 29 13:15:40 cls sshd[673127]: Received disconnect from 201.149.53.243 port 3417:11: Bye Bye [preauth]
Mar 29 13:15:40 cls sshd[673127]: Disconnected from authenticating user root 201.149.53.243 port 3417 [preauth]
Mar 29 13:15:54 cls sshd[673129]: Invalid user chenbl from 130.12.181.99 port 36194
Mar 29 13:15:57 cls sshd[673129]: pam_unix(sshd:auth): check pass; user unknown
Mar 29 13:15:57 cls sshd[673129]: pam_unix(sshd:auth): authentication failure; logname= uid=0 euid=0 tty=ssh ruser= rhost=130.12.181.99 
Mar 29 13:15:59 cls sshd[673129]: Failed password for invalid user chenbl from 130.12.181.99 port 36194 ssh2
Mar 29 13:16:04 cls sshd[673129]: Connection closed by invalid user chenbl 130.12.181.99 port 36194 [preauth]
Mar 29 13:16:17 cls sshd[673183]: pam_unix(sshd:auth): authentication failure; logname= uid=0 euid=0 tty=ssh ruser= rhost=103.174.114.164  user=root
Mar 29 13:16:19 cls sshd[673183]: Failed password for root from 103.174.114.164 port 55078 ssh2
