Mar 29 09:59:59 cls sshd[662290]: pam_unix(sshd:auth): authentication failure; logname= uid=0 euid=0 tty=ssh ruser= rhost=61.222.211.114  user=root
Mar 29 09:59:59 cls sshd[662287]: pam_unix(sshd:auth): authentication failure; logname= uid=0 euid=0 tty=ssh ruser= rhost=206.123.145.73  user=root
Mar 29 10:00:00 cls sshd[662286]: Failed password for invalid user zhanggzh from 206.123.145.48 port 35214 ssh2
Mar 29 10:00:01 cls sshd[662290]: Failed password for root from 61.222.211.114 port 42322 ssh2
Mar 29 10:00:01 cls sshd[662287]: Failed password for root from 206.123.145.73 port 46874 ssh2
Mar 29 10:00:01 cls CRON[662295]: pam_unix(cron:session): session opened for user akriveia by (uid=0)
Mar 29 10:00:01 cls CRON[662294]: pam_unix(cron:session): session opened for user akriveia by (uid=0)
Mar 29 10:00:01 cls CRON[662296]: pam_unix(cron:session): session opened for user akriveia by (uid=0)
Mar 29 10:00:01 cls CRON[662296]: pam_unix(cron:session): session closed for user akriveia
Mar 29 10:00:01 cls CRON[662294]: pam_unix(cron:session): session closed for user akriveia
Mar 29 10:00:01 cls CRON[662295]: pam_unix(cron:session): session closed for user akriveia
Mar 29 10:00:02 cls sshd[662290]: Received disconnect from 61.222.211.114 port 42322:11: Bye Bye [preauth]
Mar 29 10:00:02 cls sshd[662290]: Disconnected from authenticating user root 61.222.211.114 port 42322 [preauth]
Mar 29 10:00:03 cls sshd[662287]: Connection closed by authenticating user root 206.123.145.73 port 46874 [preauth]
Mar 29 10:00:04 cls sshd[662286]: Connection closed by invalid user zhanggzh 206.123.145.48 port 35214 [preauth]
Mar 29 10:00:28 cls sshd[662330]: Invalid user lhj from 130.12.181.97 port 51076
Mar 29 10:00:30 cls sshd[662330]: pam_unix(sshd:auth): check pass; user unknown
Mar 29 10:00:30 cls sshd[662330]: pam_unix(sshd:auth): authentication failure; logname= uid=0 euid=0 tty=ssh ruser= rhost=130.12.181.97 
Mar 29 10:00:32 cls sshd[662330]: Failed password for invalid user lhj from 130.12.181.97 port 51076 ssh2
Mar 29 10:00:35 cls sshd[662330]: Connection closed by invalid user lhj 130.12.181.97 port 51076 [preauth]
Mar 29 10:00:45 cls sshd[662332]: Invalid user wcx from 130.12.181.103 port 37342
Mar 29 10:00:47 cls sshd[662332]: pam_unix(sshd:auth): check pass; user unknown
Mar 29 10:00:47 cls sshd[662332]: pam_unix(sshd:auth): authentication failure; logname= uid=0 euid=0 tty=ssh ruser= rhost=130.12.181.103 
Mar 29 10:00:48 cls sshd[662332]: Failed password for invalid user wcx from 130.12.181.103 port 37342 ssh2
Mar 29 10:00:52 cls sshd[662332]: Connection closed by invalid user wcx 130.12.181.103 port 37342 [preauth]
Mar 29 10:00:57 cls sshd[662334]: Invalid user chris from 130.12.181.105 port 45242
Mar 29 10:00:59 cls sshd[662334]: pam_unix(sshd:auth): check pass; user unknown
Mar 29 10:00:59 cls sshd[662334]: pam_unix(sshd:auth): authentication failure; logname= uid=0 euid=0 tty=ssh ruser= rhost=130.12.181.105 
Mar 29 10:01:01 cls sshd[662334]: Failed password for invalid user chris from 130.12.181.105 port 45242 ssh2
Mar 29 10:01:02 cls sshd[662340]: Invalid user opt from 206.123.145.51 port 29656
Mar 29 10:01:03 cls sshd[662340]: pam_unix(sshd:auth): check pass; user unknown
Mar 29 10:01:03 cls sshd[662340]: pam_unix(sshd:auth): authentication failure; logname= uid=0 euid=0 tty=ssh ruser= rhost=206.123.145.51 
Mar 29 10:01:04 cls sshd[662334]: Connection closed by invalid user chris 130.12.181.105 port 45242 [preauth]
Mar 29 10:01:05 cls sshd[662340]: Failed password for invalid user opt from 206.123.145.51 port 29656 ssh2
Mar 29 10:01:07 cls sshd[662340]: Connection closed by invalid user opt 206.123.145.51 port 29656 [preauth]
Mar 29 10:01:50 cls sshd[662368]: Invalid user www from 130.12.181.109 port 36768
Mar 29 10:01:52 cls sshd[662368]: pam_unix(sshd:auth): check pass; user unknown
Mar 29 10:01:52 cls sshd[662368]: pam_unix(sshd:auth): authentication failure; logname= uid=0 euid=0 tty=ssh ruser= rhost=130.12.181.109 
Mar 29 10:01:54 cls sshd[662368]: Failed password for invalid user www from 130.12.181.109 port 36768 ssh2
Mar 29 10:01:57 cls sshd[662368]: Connection closed by invalid user www 130.12.181.109 port 36768 [preauth]
Mar 29 10:02:00 cls sshd[662372]: pam_unix(sshd:auth): authentication failure; logname= uid=0 euid=0 tty=ssh ruser= rhost=130.12.181.99  user=ubuntu
Mar 29 10:02:02 cls sshd[662372]: Failed password for ubuntu from 130.12.181.99 port 46758 ssh2
Mar 29 10:02:02 cls sshd[662378]: pam_unix(sshd:auth): authentication failure; logname= uid=0 euid=0 tty=ssh ruser= rhost=61.222.211.114  user=root
Mar 29 10:02:04 cls sshd[662372]: Connection closed by authenticating user ubuntu 130.12.181.99 port 46758 [preauth]
Mar 29 10:02:04 cls sshd[662378]: Failed password for root from 61.222.211.114 port 33908 ssh2
Mar 29 10:02:05 cls sshd[662378]: Received disconnect from 61.222.211.114 port 33908:11: Bye Bye [preauth]
Mar 29 10:02:05 cls sshd[662378]: Disconnected from authenticating user root 61.222.211.114 port 33908 [preauth]
Mar 29 10:02:06 cls sshd[662374]: Invalid user vcs from 206.123.145.79 port 35000
Mar 29 10:02:09 cls sshd[662382]: Invalid user sid from 206.123.145.75 port 50688
Mar 29 10:02:09 cls sshd[662374]: pam_unix(sshd:auth): check pass; user unknown
Mar 29 10:02:09 cls sshd[662374]: pam_unix(sshd:auth): authentication failure; logname= uid=0 euid=0 tty=ssh ruser= rhost=206.123.145.79 
Mar 29 10:02:11 cls sshd[662374]: Failed password for invalid user vcs from 206.123.145.79 port 35000 ssh2
Mar 29 10:02:11 cls sshd[662382]: pam_unix(sshd:auth): check pass; user unknown
Mar 29 10:02:11 cls sshd[662382]: pam_unix(sshd:auth): authentication failure; logname= uid=0 euid=0 tty=ssh ruser= rhost=206.123.145.75 
Mar 29 10:02:13 cls sshd[662382]: Failed password for invalid user sid from 206.123.145.75 port 50688 ssh2
Mar 29 10:02:14 cls sshd[662374]: Connection closed by invalid user vcs 206.123.145.79 port 35000 [preauth]
Mar 29 10:02:15 cls sshd[662382]: Connection closed by invalid user sid 206.123.145.75 port 50688 [preauth]
Mar 29 10:02:19 cls sshd[662392]: Invalid user admin from 206.123.145.70 port 60392
Mar 29 10:02:21 cls sshd[662392]: pam_unix(sshd:auth): check pass; user unknown
Mar 29 10:02:21 cls sshd[662392]: pam_unix(sshd:auth): authentication failure; logname= uid=0 euid=0 tty=ssh ruser= rhost=206.123.145.70 
Mar 29 10:02:22 cls sshd[662396]: Invalid user minio-user from 130.12.181.106 port 1204
Mar 29 10:02:22 cls sshd[662392]: Failed password for invalid user admin from 206.123.145.70 port 60392 ssh2
Mar 29 10:02:24 cls sshd[662396]: pam_unix(sshd:auth): check pass; user unknown
Mar 29 10:02:24 cls sshd[662396]: pam_unix(sshd:auth): authentication failure; logname= uid=0 euid=0 tty=ssh ruser= rhost=130.12.181.106 
Mar 29 10:02:25 cls sshd[662392]: Connection closed by invalid user admin 206.123.145.70 port 60392 [preauth]
Mar 29 10:02:26 cls sshd[662396]: Failed password for invalid user minio-user from 130.12.181.106 port 1204 ssh2
Mar 29 10:02:28 cls sshd[662396]: Connection closed by invalid user minio-user 130.12.181.106 port 1204 [preauth]
Mar 29 10:02:49 cls sshd[662422]: pam_unix(sshd:auth): authentication failure; logname= uid=0 euid=0 tty=ssh ruser= rhost=49.49.231.154  user=root
Mar 29 10:02:51 cls sshd[662422]: Failed password for root from 49.49.231.154 port 42802 ssh2
Mar 29 10:02:51 cls sshd[662422]: Received disconnect from 49.49.231.154 port 42802:11: Bye Bye [preauth]
Mar 29 10:02:51 cls sshd[662422]: Disconnected from authenticating user root 49.49.231.154 port 42802 [preauth]
Mar 29 10:03:09 cls sshd[662438]: pam_unix(sshd:auth): authentication failure; logname= uid=0 euid=0 tty=ssh ruser= rhost=103.183.75.204  user=root
Mar 29 10:03:11 cls sshd[662438]: Failed password for root from 103.183.75.204 port 44244 ssh2
Mar 29 10:03:11 cls sshd[662438]: Received disconnect from 103.183.75.204 port 44244:11: Bye Bye [preauth]
Mar 29 10:03:11 cls sshd[662438]: Disconnected from authenticating user root 103.183.75.204 port 44244 [preauth]
Mar 29 10:03:22 cls sshd[662450]: Invalid user maxiang from 130.12.181.108 port 26280
Mar 29 10:03:24 cls sshd[662450]: pam_unix(sshd:auth): check pass; user unknown
Mar 29 10:03:24 cls sshd[662450]: pam_unix(sshd:auth): authentication failure; logname= uid=0 euid=0 tty=ssh ruser= rhost=130.12.181.108 
Mar 29 10:03:26 cls sshd[662450]: Failed password for invalid user maxiang from 130.12.181.108 port 26280 ssh2
Mar 29 10:03:30 cls sshd[662450]: Connection closed by invalid user maxiang 130.12.181.108 port 26280 [preauth]
Mar 29 10:03:33 cls sshd[662454]: Invalid user wangxin from 206.123.145.77 port 59662
Mar 29 10:03:33 cls sshd[662456]: Invalid user guest from 130.12.181.102 port 14674
Mar 29 10:03:34 cls sshd[662454]: pam_unix(sshd:auth): check pass; user unknown
Mar 29 10:03:34 cls sshd[662454]: pam_unix(sshd:auth): authentication failure; logname= uid=0 euid=0 tty=ssh ruser= rhost=206.123.145.77 
Mar 29 10:03:35 cls sshd[662456]: pam_unix(sshd:auth): check pass; user unknown
Mar 29 10:03:35 cls sshd[662456]: pam_unix(sshd:auth): authentication failure; logname= uid=0 euid=0 tty=ssh ruser= rhost=130.12.181.102 
Mar 29 10:03:36 cls sshd[662454]: Failed password for invalid user wangxin from 206.123.145.77 port 59662 ssh2
Mar 29 10:03:37 cls sshd[662454]: Connection closed by invalid user wangxin 206.123.145.77 port 59662 [preauth]
Mar 29 10:03:37 cls sshd[662456]: Failed password for invalid user guest from 130.12.181.102 port 14674 ssh2
Mar 29 10:03:41 cls sshd[662456]: Connection closed by invalid user guest 130.12.181.102 port 14674 [preauth]
Mar 29 10:03:44 cls sshd[662462]: pam_unix(sshd:auth): authentication failure; logname= uid=0 euid=0 tty=ssh ruser= rhost=130.12.181.98  user=root
Mar 29 10:03:46 cls sshd[662464]: Invalid user support from 130.12.181.100 port 24898
Mar 29 10:03:46 cls sshd[662462]: Failed password for root from 130.12.181.98 port 5896 ssh2
Mar 29 10:03:47 cls sshd[662464]: pam_unix(sshd:auth): check pass; user unknown
Mar 29 10:03:47 cls sshd[662464]: pam_unix(sshd:auth): authentication failure; logname= uid=0 euid=0 tty=ssh ruser= rhost=130.12.181.100 
Mar 29 10:03:48 cls sshd[662462]: Connection closed by authenticating user root 130.12.181.98 port 5896 [preauth]
Mar 29 10:03:50 cls sshd[662464]: Failed password for invalid user support from 130.12.181.100 port 24898 ssh2
Mar 29 10:03:53 cls sshd[662464]: Connection closed by invalid user support 130.12.181.100 port 24898 [preauth]
Mar 29 10:04:12 cls sshd[662500]: pam_unix(sshd:auth): authentication failure; logname= uid=0 euid=0 tty=ssh ruser= rhost=61.222.211.114  user=root
Mar 29 10:04:13 cls sshd[662498]: Invalid user dcj from 206.123.145.71 port 43758
Mar 29 10:04:15 cls sshd[662500]: Failed password for root from 61.222.211.114 port 44410 ssh2
Mar 29 10:04:15 cls sshd[662500]: Received disconnect from 61.222.211.114 port 44410:11: Bye Bye [preauth]
Mar 29 10:04:15 cls sshd[662500]: Disconnected from authenticating user root 61.222.211.114 port 44410 [preauth]
Mar 29 10:04:15 cls sshd[662498]: pam_unix(sshd:auth): check pass; user unknown
Mar 29 10:04:15 cls sshd[662498]: pam_unix(sshd:auth): authentication failure; logname= uid=0 euid=0 tty=ssh ruser= rhost=206.123.145.71 
Mar 29 10:04:17 cls sshd[662498]: Failed password for invalid user dcj from 206.123.145.71 port 43758 ssh2
Mar 29 10:04:21 cls sshd[662498]: Connection closed by invalid user dcj 206.123.145.71 port 43758 [preauth]
Mar 29 10:04:30 cls sshd[662502]: pam_unix(sshd:auth): authentication failure; logname= uid=0 euid=0 tty=ssh ruser= rhost=101.52.130.122  user=root
Mar 29 10:04:32 cls sshd[662502]: Failed password for root from 101.52.130.122 port 56680 ssh2
Mar 29 10:04:52 cls sshd[662504]: Invalid user oracle from 206.123.145.76 port 28400
Mar 29 10:04:55 cls sshd[662504]: pam_unix(sshd:auth): check pass; user unknown
Mar 29 10:04:55 cls sshd[662504]: pam_unix(sshd:auth): authentication failure; logname= uid=0 euid=0 tty=ssh ruser= rhost=206.123.145.76 
Mar 29 10:04:57 cls sshd[662504]: Failed password for invalid user oracle from 206.123.145.76 port 28400 ssh2
Mar 29 10:04:59 cls sshd[662504]: Connection closed by invalid user oracle 206.123.145.76 port 28400 [preauth]
Mar 29 10:05:04 cls sshd[662512]: Invalid user liumg from 206.123.145.57 port 24614
Mar 29 10:05:07 cls sshd[662512]: pam_unix(sshd:auth): check pass; user unknown
Mar 29 10:05:07 cls sshd[662512]: pam_unix(sshd:auth): authentication failure; logname= uid=0 euid=0 tty=ssh ruser= rhost=206.123.145.57 
Mar 29 10:05:09 cls sshd[662512]: Failed password for invalid user liumg from 206.123.145.57 port 24614 ssh2
Mar 29 10:05:11 cls sshd[662514]: Invalid user csh from 206.123.145.69 port 17372
Mar 29 10:05:13 cls sshd[662512]: Connection closed by invalid user liumg 206.123.145.57 port 24614 [preauth]
Mar 29 10:05:15 cls sshd[662514]: pam_unix(sshd:auth): check pass; user unknown
Mar 29 10:05:15 cls sshd[662514]: pam_unix(sshd:auth): authentication failure; logname= uid=0 euid=0 tty=ssh ruser= rhost=206.123.145.69 
Mar 29 10:05:16 cls sshd[662514]: Failed password for invalid user csh from 206.123.145.69 port 17372 ssh2
Mar 29 10:05:17 cls sshd[662514]: Connection closed by invalid user csh 206.123.145.69 port 17372 [preauth]
Mar 29 10:05:27 cls sshd[662532]: Invalid user mytest from 130.12.181.104 port 21478
Mar 29 10:05:28 cls sshd[662530]: pam_unix(sshd:auth): authentication failure; logname= uid=0 euid=0 tty=ssh ruser= rhost=206.123.145.20  user=root
Mar 29 10:05:29 cls sshd[662532]: pam_unix(sshd:auth): check pass; user unknown
Mar 29 10:05:29 cls sshd[662532]: pam_unix(sshd:auth): authentication failure; logname= uid=0 euid=0 tty=ssh ruser= rhost=130.12.181.104 
Mar 29 10:05:30 cls sshd[662530]: Failed password for root from 206.123.145.20 port 28104 ssh2
Mar 29 10:05:31 cls sshd[662532]: Failed password for invalid user mytest from 130.12.181.104 port 21478 ssh2
Mar 29 10:05:33 cls sshd[662532]: Connection closed by invalid user mytest 130.12.181.104 port 21478 [preauth]
Mar 29 10:05:34 cls sshd[662530]: Connection closed by authenticating user root 206.123.145.20 port 28104 [preauth]
Mar 29 10:05:52 cls sshd[662534]: Invalid user user2 from 206.123.145.49 port 1882
Mar 29 10:05:56 cls sshd[662534]: pam_unix(sshd:auth): check pass; user unknown
Mar 29 10:05:56 cls sshd[662534]: pam_unix(sshd:auth): authentication failure; logname= uid=0 euid=0 tty=ssh ruser= rhost=206.123.145.49 
Mar 29 10:05:59 cls sshd[662536]: pam_unix(sshd:auth): authentication failure; logname= uid=0 euid=0 tty=ssh ruser= rhost=130.12.181.101  user=root
Mar 29 10:05:59 cls sshd[662534]: Failed password for invalid user user2 from 206.123.145.49 port 1882 ssh2
Mar 29 10:06:01 cls sshd[662536]: Failed password for root from 130.12.181.101 port 16830 ssh2
Mar 29 10:06:03 cls sshd[662534]: Connection closed by invalid user user2 206.123.145.49 port 1882 [preauth]
Mar 29 10:06:04 cls sshd[662536]: Connection closed by authenticating user root 130.12.181.101 port 16830 [preauth]
Mar 29 10:06:09 cls sshd[662545]: Invalid user lijian from 206.123.145.50 port 10198
Mar 29 10:06:10 cls sshd[662543]: pam_unix(sshd:auth): authentication failure; logname= uid=0 euid=0 tty=ssh ruser= rhost=206.123.145.78  user=root
Mar 29 10:06:11 cls sshd[662543]: Failed password for root from 206.123.145.78 port 60692 ssh2
Mar 29 10:06:12 cls sshd[662545]: pam_unix(sshd:auth): check pass; user unknown
Mar 29 10:06:12 cls sshd[662545]: pam_unix(sshd:auth): authentication failure; logname= uid=0 euid=0 tty=ssh ruser= rhost=206.123.145.50 
Mar 29 10:06:14 cls sshd[662545]: Failed password for invalid user lijian from 206.123.145.50 port 10198 ssh2
Mar 29 10:06:15 cls sshd[662543]: Connection closed by authenticating user root 206.123.145.78 port 60692 [preauth]
Mar 29 10:06:15 cls sshd[662553]: pam_unix(sshd:auth): authentication failure; logname= uid=0 euid=0 tty=ssh ruser= rhost=49.49.231.154  user=root
Mar 29 10:06:17 cls sshd[662553]: Failed password for root from 49.49.231.154 port 35356 ssh2
Mar 29 10:06:17 cls sshd[662545]: Connection closed by invalid user lijian 206.123.145.50 port 10198 [preauth]
Mar 29 10:06:18 cls sshd[662553]: Received disconnect from 49.49.231.154 port 35356:11: Bye Bye [preauth]
Mar 29 10:06:18 cls sshd[662553]: Disconnected from authenticating user root 49.49.231.154 port 35356 [preauth]
Mar 29 10:06:23 cls sshd[662559]: pam_unix(sshd:auth): authentication failure; logname= uid=0 euid=0 tty=ssh ruser= rhost=61.222.211.114  user=root
Mar 29 10:06:25 cls sshd[662559]: Failed password for root from 61.222.211.114 port 39494 ssh2
Mar 29 10:06:26 cls sshd[662559]: Received disconnect from 61.222.211.114 port 39494:11: Bye Bye [preauth]
Mar 29 10:06:26 cls sshd[662559]: Disconnected from authenticating user root 61.222.211.114 port 39494 [preauth]
Mar 29 10:06:35 cls sshd[662562]: pam_unix(sshd:auth): authentication failure; logname= uid=0 euid=0 tty=ssh ruser= rhost=206.123.145.55  user=usbmux
Mar 29 10:06:36 cls sshd[662561]: Invalid user leslie from 206.123.145.72 port 56566
Mar 29 10:06:37 cls sshd[662562]: Failed password for usbmux from 206.123.145.55 port 38744 ssh2
Mar 29 10:06:38 cls sshd[662561]: pam_unix(sshd:auth): check pass; user unknown
Mar 29 10:06:38 cls sshd[662561]: pam_unix(sshd:auth): authentication failure; logname= uid=0 euid=0 tty=ssh ruser= rhost=206.123.145.72 
Mar 29 10:06:40 cls sshd[662561]: Failed password for invalid user leslie from 206.123.145.72 port 56566 ssh2
Mar 29 10:06:42 cls sshd[662570]: pam_unix(sshd:auth): authentication failure; logname= uid=0 euid=0 tty=ssh ruser= rhost=103.183.75.204  user=root
Mar 29 10:06:42 cls sshd[662562]: Connection closed by authenticating user usbmux 206.123.145.55 port 38744 [preauth]
Mar 29 10:06:45 cls sshd[662570]: Failed password for root from 103.183.75.204 port 48942 ssh2
Mar 29 10:06:45 cls sshd[662561]: Connection closed by invalid user leslie 206.123.145.72 port 56566 [preauth]
Mar 29 10:06:45 cls sshd[662570]: Received disconnect from 103.183.75.204 port 48942:11: Bye Bye [preauth]
Mar 29 10:06:45 cls sshd[662570]: Disconnected from authenticating user root 103.183.75.204 port 48942 [preauth]
Mar 29 10:07:04 cls sshd[662578]: pam_unix(sshd:auth): authentication failure; logname= uid=0 euid=0 tty=ssh ruser= rhost=82.22.21.41  user=root
Mar 29 10:07:06 cls sshd[662578]: Failed password for root from 82.22.21.41 port 58920 ssh2
Mar 29 10:07:07 cls sshd[662578]: Received disconnect from 82.22.21.41 port 58920:11: Bye Bye [preauth]
Mar 29 10:07:07 cls sshd[662578]: Disconnected from authenticating user root 82.22.21.41 port 58920 [preauth]
Mar 29 10:07:19 cls sshd[662580]: Invalid user wan from 206.123.145.74 port 16342
Mar 29 10:07:21 cls sshd[662580]: pam_unix(sshd:auth): check pass; user unknown
Mar 29 10:07:21 cls sshd[662580]: pam_unix(sshd:auth): authentication failure; logname= uid=0 euid=0 tty=ssh ruser= rhost=206.123.145.74 
Mar 29 10:07:23 cls sshd[662580]: Failed password for invalid user wan from 206.123.145.74 port 16342 ssh2
Mar 29 10:07:25 cls sshd[662580]: Connection closed by invalid user wan 206.123.145.74 port 16342 [preauth]
Mar 29 10:07:58 cls sshd[662582]: Invalid user zqq from 130.12.181.107 port 42772
Mar 29 10:07:59 cls sshd[662582]: pam_unix(sshd:auth): check pass; user unknown
Mar 29 10:07:59 cls sshd[662582]: pam_unix(sshd:auth): authentication failure; logname= uid=0 euid=0 tty=ssh ruser= rhost=130.12.181.107 
Mar 29 10:08:01 cls sshd[662582]: Failed password for invalid user zqq from 130.12.181.107 port 42772 ssh2
Mar 29 10:08:06 cls sshd[662582]: Connection closed by invalid user zqq 130.12.181.107 port 42772 [preauth]
Mar 29 10:08:40 cls sshd[662590]: Invalid user apache from 206.123.145.53 port 58534
Mar 29 10:08:42 cls sshd[662590]: pam_unix(sshd:auth): check pass; user unknown
Mar 29 10:08:42 cls sshd[662590]: pam_unix(sshd:auth): authentication failure; logname= uid=0 euid=0 tty=ssh ruser= rhost=206.123.145.53 
Mar 29 10:08:43 cls sshd[662590]: Failed password for invalid user apache from 206.123.145.53 port 58534 ssh2
Mar 29 10:08:47 cls sshd[662590]: Connection closed by invalid user apache 206.123.145.53 port 58534 [preauth]
Mar 29 10:09:01 cls CRON[662599]: pam_unix(cron:session): session opened for user root by (uid=0)
Mar 29 10:09:01 cls CRON[662599]: pam_unix(cron:session): session closed for user root
Mar 29 10:09:03 cls sshd[662595]: Invalid user lhr from 206.123.145.56 port 56438
Mar 29 10:09:05 cls sshd[662595]: pam_unix(sshd:auth): check pass; user unknown
Mar 29 10:09:05 cls sshd[662595]: pam_unix(sshd:auth): authentication failure; logname= uid=0 euid=0 tty=ssh ruser= rhost=206.123.145.56 
Mar 29 10:09:07 cls sshd[662595]: Failed password for invalid user lhr from 206.123.145.56 port 56438 ssh2
Mar 29 10:09:07 cls sshd[662597]: Invalid user lpm from 130.12.181.97 port 18876
Mar 29 10:09:08 cls sshd[662597]: pam_unix(sshd:auth): check pass; user unknown
Mar 29 10:09:08 cls sshd[662597]: pam_unix(sshd:auth): authentication failure; logname= uid=0 euid=0 tty=ssh ruser= rhost=130.12.181.97 
Mar 29 10:09:11 cls sshd[662595]: Connection closed by invalid user lhr 206.123.145.56 port 56438 [preauth]
Mar 29 10:09:11 cls sshd[662597]: Failed password for invalid user lpm from 130.12.181.97 port 18876 ssh2
Mar 29 10:09:13 cls sshd[662597]: Connection closed by invalid user lpm 130.12.181.97 port 18876 [preauth]
Mar 29 10:09:25 cls sshd[662992]: Invalid user liziqi from 130.12.181.103 port 27986
Mar 29 10:09:26 cls sshd[662994]: pam_unix(sshd:auth): authentication failure; logname= uid=0 euid=0 tty=ssh ruser= rhost=171.25.158.57  user=root
Mar 29 10:09:27 cls sshd[662992]: pam_unix(sshd:auth): check pass; user unknown
Mar 29 10:09:27 cls sshd[662992]: pam_unix(sshd:auth): authentication failure; logname= uid=0 euid=0 tty=ssh ruser= rhost=130.12.181.103 
Mar 29 10:09:29 cls sshd[662994]: Failed password for root from 171.25.158.57 port 55794 ssh2
Mar 29 10:09:29 cls sshd[662994]: Received disconnect from 171.25.158.57 port 55794:11: Bye Bye [preauth]
Mar 29 10:09:29 cls sshd[662994]: Disconnected from authenticating user root 171.25.158.57 port 55794 [preauth]
Mar 29 10:09:29 cls sshd[662992]: Failed password for invalid user liziqi from 130.12.181.103 port 27986 ssh2
Mar 29 10:09:31 cls sshd[662996]: pam_unix(sshd:auth): authentication failure; logname= uid=0 euid=0 tty=ssh ruser= rhost=49.49.231.154  user=root
Mar 29 10:09:32 cls sshd[662992]: Connection closed by invalid user liziqi 130.12.181.103 port 27986 [preauth]
Mar 29 10:09:33 cls sshd[662996]: Failed password for root from 49.49.231.154 port 39798 ssh2
Mar 29 10:09:34 cls sshd[662996]: Received disconnect from 49.49.231.154 port 39798:11: Bye Bye [preauth]
Mar 29 10:09:34 cls sshd[662996]: Disconnected from authenticating user root 49.49.231.154 port 39798 [preauth]
Mar 29 10:09:48 cls sshd[663000]: Invalid user netflow from 130.12.181.105 port 21672
Mar 29 10:09:50 cls sshd[662999]: Invalid user posftp from 206.123.145.52 port 20568
Mar 29 10:09:50 cls sshd[663000]: pam_unix(sshd:auth): check pass; user unknown
Mar 29 10:09:50 cls sshd[663000]: pam_unix(sshd:auth): authentication failure; logname= uid=0 euid=0 tty=ssh ruser= rhost=130.12.181.105 
Mar 29 10:09:51 cls sshd[662998]: pam_unix(sshd:auth): authentication failure; logname= uid=0 euid=0 tty=ssh ruser= rhost=206.123.145.46  user=root
Mar 29 10:09:51 cls sshd[662999]: pam_unix(sshd:auth): check pass; user unknown
Mar 29 10:09:51 cls sshd[662999]: pam_unix(sshd:auth): authentication failure; logname= uid=0 euid=0 tty=ssh ruser= rhost=206.123.145.52 
Mar 29 10:09:53 cls sshd[663000]: Failed password for invalid user netflow from 130.12.181.105 port 21672 ssh2
Mar 29 10:09:53 cls sshd[662998]: Failed password for root from 206.123.145.46 port 61148 ssh2
Mar 29 10:09:53 cls sshd[662999]: Failed password for invalid user posftp from 206.123.145.52 port 20568 ssh2
Mar 29 10:09:55 cls sshd[663000]: Connection closed by invalid user netflow 130.12.181.105 port 21672 [preauth]
Mar 29 10:09:56 cls sshd[662998]: Connection closed by authenticating user root 206.123.145.46 port 61148 [preauth]
Mar 29 10:09:58 cls sshd[662999]: Connection closed by invalid user posftp 206.123.145.52 port 20568 [preauth]
Mar 29 10:10:09 cls sshd[663008]: pam_unix(sshd:auth): authentication failure; logname= uid=0 euid=0 tty=ssh ruser= rhost=103.183.75.204  user=root
Mar 29 10:10:11 cls sshd[663008]: Failed password for root from 103.183.75.204 port 55528 ssh2
Mar 29 10:10:11 cls sshd[663008]: Received disconnect from 103.183.75.204 port 55528:11: Bye Bye [preauth]
Mar 29 10:10:11 cls sshd[663008]: Disconnected from authenticating user root 103.183.75.204 port 55528 [preauth]
Mar 29 10:10:25 cls sshd[663020]: Invalid user guest from 206.123.145.48 port 27272
Mar 29 10:10:28 cls sshd[663020]: pam_unix(sshd:auth): check pass; user unknown
Mar 29 10:10:28 cls sshd[663020]: pam_unix(sshd:auth): authentication failure; logname= uid=0 euid=0 tty=ssh ruser= rhost=206.123.145.48 
Mar 29 10:10:29 cls sshd[663026]: Invalid user g from 206.123.145.54 port 5362
Mar 29 10:10:30 cls sshd[663020]: Failed password for invalid user guest from 206.123.145.48 port 27272 ssh2
Mar 29 10:10:31 cls sshd[663026]: pam_unix(sshd:auth): check pass; user unknown
Mar 29 10:10:31 cls sshd[663026]: pam_unix(sshd:auth): authentication failure; logname= uid=0 euid=0 tty=ssh ruser= rhost=206.123.145.54 
Mar 29 10:10:33 cls sshd[663020]: Connection closed by invalid user guest 206.123.145.48 port 27272 [preauth]
Mar 29 10:10:34 cls sshd[663026]: Failed password for invalid user g from 206.123.145.54 port 5362 ssh2
Mar 29 10:10:37 cls sshd[663026]: Connection closed by invalid user g 206.123.145.54 port 5362 [preauth]
Mar 29 10:10:39 cls sshd[663030]: Invalid user sykim from 130.12.181.109 port 23884
Mar 29 10:10:41 cls sshd[663033]: Invalid user user8 from 206.123.145.73 port 57770
Mar 29 10:10:41 cls sshd[663030]: pam_unix(sshd:auth): check pass; user unknown
Mar 29 10:10:41 cls sshd[663030]: pam_unix(sshd:auth): authentication failure; logname= uid=0 euid=0 tty=ssh ruser= rhost=130.12.181.109 
Mar 29 10:10:43 cls sshd[663030]: Failed password for invalid user sykim from 130.12.181.109 port 23884 ssh2
Mar 29 10:10:44 cls sshd[663033]: pam_unix(sshd:auth): check pass; user unknown
Mar 29 10:10:44 cls sshd[663033]: pam_unix(sshd:auth): authentication failure; logname= uid=0 euid=0 tty=ssh ruser= rhost=206.123.145.73 
Mar 29 10:10:46 cls sshd[663036]: Invalid user huashan from 130.12.181.99 port 35948
Mar 29 10:10:46 cls sshd[663030]: Connection closed by invalid user sykim 130.12.181.109 port 23884 [preauth]
Mar 29 10:10:47 cls sshd[663033]: Failed password for invalid user user8 from 206.123.145.73 port 57770 ssh2
Mar 29 10:10:48 cls sshd[663036]: pam_unix(sshd:auth): check pass; user unknown
Mar 29 10:10:48 cls sshd[663036]: pam_unix(sshd:auth): authentication failure; logname= uid=0 euid=0 tty=ssh ruser= rhost=130.12.181.99 
Mar 29 10:10:50 cls sshd[663036]: Failed password for invalid user huashan from 130.12.181.99 port 35948 ssh2
Mar 29 10:10:51 cls sshd[663033]: Connection closed by invalid user user8 206.123.145.73 port 57770 [preauth]
Mar 29 10:10:54 cls sshd[663036]: Connection closed by invalid user huashan 130.12.181.99 port 35948 [preauth]
Mar 29 10:11:03 cls sshd[663054]: Invalid user sftp from 130.12.181.98 port 28582
Mar 29 10:11:04 cls sshd[663054]: pam_unix(sshd:auth): check pass; user unknown
Mar 29 10:11:04 cls sshd[663054]: pam_unix(sshd:auth): authentication failure; logname= uid=0 euid=0 tty=ssh ruser= rhost=130.12.181.98 
Mar 29 10:11:06 cls sshd[663054]: Failed password for invalid user sftp from 130.12.181.98 port 28582 ssh2
Mar 29 10:11:09 cls sshd[663054]: Connection closed by invalid user sftp 130.12.181.98 port 28582 [preauth]
Mar 29 10:11:13 cls sshd[663064]: Invalid user jialinhui from 206.123.145.51 port 9916
Mar 29 10:11:16 cls sshd[663064]: pam_unix(sshd:auth): check pass; user unknown
Mar 29 10:11:16 cls sshd[663064]: pam_unix(sshd:auth): authentication failure; logname= uid=0 euid=0 tty=ssh ruser= rhost=206.123.145.51 
Mar 29 10:11:17 cls sshd[663064]: Failed password for invalid user jialinhui from 206.123.145.51 port 9916 ssh2
Mar 29 10:11:18 cls sshd[663072]: Invalid user sekaten from 130.12.181.106 port 3544
Mar 29 10:11:20 cls sshd[663064]: Connection closed by invalid user jialinhui 206.123.145.51 port 9916 [preauth]
Mar 29 10:11:20 cls sshd[663072]: pam_unix(sshd:auth): check pass; user unknown
Mar 29 10:11:20 cls sshd[663072]: pam_unix(sshd:auth): authentication failure; logname= uid=0 euid=0 tty=ssh ruser= rhost=130.12.181.106 
Mar 29 10:11:22 cls sshd[663072]: Failed password for invalid user sekaten from 130.12.181.106 port 3544 ssh2
Mar 29 10:11:25 cls sshd[663072]: Connection closed by invalid user sekaten 130.12.181.106 port 3544 [preauth]
Mar 29 10:12:19 cls sshd[663128]: pam_unix(sshd:auth): authentication failure; logname= uid=0 euid=0 tty=ssh ruser= rhost=206.123.145.79  user=root
Mar 29 10:12:20 cls sshd[663128]: Failed password for root from 206.123.145.79 port 29586 ssh2
Mar 29 10:12:21 cls sshd[663136]: Invalid user wangyuankun from 130.12.181.102 port 37406
Mar 29 10:12:23 cls sshd[663136]: pam_unix(sshd:auth): check pass; user unknown
Mar 29 10:12:23 cls sshd[663136]: pam_unix(sshd:auth): authentication failure; logname= uid=0 euid=0 tty=ssh ruser= rhost=130.12.181.102 
Mar 29 10:12:23 cls sshd[663128]: Connection closed by authenticating user root 206.123.145.79 port 29586 [preauth]
Mar 29 10:12:25 cls sshd[663142]: pam_unix(sshd:auth): authentication failure; logname= uid=0 euid=0 tty=ssh ruser= rhost=130.12.181.108  user=root
Mar 29 10:12:26 cls sshd[663136]: Failed password for invalid user wangyuankun from 130.12.181.102 port 37406 ssh2
Mar 29 10:12:27 cls sshd[663142]: Failed password for root from 130.12.181.108 port 3190 ssh2
Mar 29 10:12:28 cls sshd[663136]: Connection closed by invalid user wangyuankun 130.12.181.102 port 37406 [preauth]
Mar 29 10:12:30 cls sshd[663142]: Connection closed by authenticating user root 130.12.181.108 port 3190 [preauth]
Mar 29 10:12:33 cls sshd[663148]: pam_unix(sshd:auth): authentication failure; logname= uid=0 euid=0 tty=ssh ruser= rhost=206.123.145.75  user=root
Mar 29 10:12:35 cls sshd[663148]: Failed password for root from 206.123.145.75 port 56048 ssh2
Mar 29 10:12:36 cls sshd[663154]: pam_unix(sshd:auth): authentication failure; logname= uid=0 euid=0 tty=ssh ruser= rhost=130.12.181.100  user=root
Mar 29 10:12:38 cls sshd[663154]: Failed password for root from 130.12.181.100 port 13778 ssh2
Mar 29 10:12:39 cls sshd[663154]: Connection closed by authenticating user root 130.12.181.100 port 13778 [preauth]
Mar 29 10:12:39 cls sshd[663148]: Connection closed by authenticating user root 206.123.145.75 port 56048 [preauth]
Mar 29 10:12:53 cls sshd[663182]: pam_unix(sshd:auth): authentication failure; logname= uid=0 euid=0 tty=ssh ruser= rhost=49.49.231.154  user=root
Mar 29 10:12:55 cls sshd[663182]: Failed password for root from 49.49.231.154 port 37104 ssh2
Mar 29 10:12:55 cls sshd[663170]: pam_unix(sshd:auth): authentication failure; logname= uid=0 euid=0 tty=ssh ruser= rhost=206.123.145.70  user=root
Mar 29 10:12:56 cls sshd[663182]: Received disconnect from 49.49.231.154 port 37104:11: Bye Bye [preauth]
Mar 29 10:12:56 cls sshd[663182]: Disconnected from authenticating user root 49.49.231.154 port 37104 [preauth]
Mar 29 10:12:58 cls sshd[663170]: Failed password for root from 206.123.145.70 port 59004 ssh2
Mar 29 10:13:01 cls sshd[663170]: Connection closed by authenticating user root 206.123.145.70 port 59004 [preauth]
Mar 29 10:13:41 cls sshd[663212]: pam_unix(sshd:auth): authentication failure; logname= uid=0 euid=0 tty=ssh ruser= rhost=103.183.75.204  user=root
Mar 29 10:13:43 cls sshd[663212]: Failed password for root from 103.183.75.204 port 55576 ssh2
Mar 29 10:13:44 cls sshd[663212]: Received disconnect from 103.183.75.204 port 55576:11: Bye Bye [preauth]
Mar 29 10:13:44 cls sshd[663212]: Disconnected from authenticating user root 103.183.75.204 port 55576 [preauth]
Mar 29 10:14:00 cls sshd[663219]: pam_unix(sshd:auth): authentication failure; logname= uid=0 euid=0 tty=ssh ruser= rhost=206.123.145.77  user=root
Mar 29 10:14:02 cls sshd[663219]: Failed password for root from 206.123.145.77 port 4040 ssh2
Mar 29 10:14:07 cls sshd[663219]: Connection closed by authenticating user root 206.123.145.77 port 4040 [preauth]
Mar 29 10:14:13 cls sshd[663223]: pam_unix(sshd:auth): authentication failure; logname= uid=0 euid=0 tty=ssh ruser= rhost=130.12.181.104  user=root
Mar 29 10:14:15 cls sshd[663223]: Failed password for root from 130.12.181.104 port 48900 ssh2
Mar 29 10:14:17 cls sshd[663223]: Connection closed by authenticating user root 130.12.181.104 port 48900 [preauth]
Mar 29 10:14:50 cls sshd[663237]: Invalid user zhanglin from 130.12.181.101 port 18842
Mar 29 10:14:51 cls sshd[663238]: Invalid user oracle from 206.123.145.57 port 20020
Mar 29 10:14:53 cls sshd[663237]: pam_unix(sshd:auth): check pass; user unknown
Mar 29 10:14:53 cls sshd[663237]: pam_unix(sshd:auth): authentication failure; logname= uid=0 euid=0 tty=ssh ruser= rhost=130.12.181.101 
Mar 29 10:14:54 cls sshd[663238]: pam_unix(sshd:auth): check pass; user unknown
Mar 29 10:14:54 cls sshd[663238]: pam_unix(sshd:auth): authentication failure; logname= uid=0 euid=0 tty=ssh ruser= rhost=206.123.145.57 
Mar 29 10:14:55 cls sshd[663237]: Failed password for invalid user zhanglin from 130.12.181.101 port 18842 ssh2
Mar 29 10:14:56 cls sshd[663238]: Failed password for invalid user oracle from 206.123.145.57 port 20020 ssh2
Mar 29 10:14:57 cls sshd[663237]: Connection closed by invalid user zhanglin 130.12.181.101 port 18842 [preauth]
Mar 29 10:14:57 cls sshd[663238]: Connection closed by invalid user oracle 206.123.145.57 port 20020 [preauth]
Mar 29 10:15:17 cls sshd[663243]: Invalid user huanglei from 206.123.145.76 port 54100
Mar 29 10:15:19 cls sshd[663243]: pam_unix(sshd:auth): check pass; user unknown
Mar 29 10:15:19 cls sshd[663243]: pam_unix(sshd:auth): authentication failure; logname= uid=0 euid=0 tty=ssh ruser= rhost=206.123.145.76 
Mar 29 10:15:19 cls sshd[663252]: Invalid user client1 from 206.123.145.69 port 3466
Mar 29 10:15:20 cls sshd[663243]: Failed password for invalid user huanglei from 206.123.145.76 port 54100 ssh2
Mar 29 10:15:22 cls sshd[663252]: pam_unix(sshd:auth): check pass; user unknown
Mar 29 10:15:22 cls sshd[663252]: pam_unix(sshd:auth): authentication failure; logname= uid=0 euid=0 tty=ssh ruser= rhost=206.123.145.69 
Mar 29 10:15:23 cls sshd[663251]: Invalid user devops from 206.123.145.71 port 41868
Mar 29 10:15:24 cls sshd[663243]: Connection closed by invalid user huanglei 206.123.145.76 port 54100 [preauth]
Mar 29 10:15:24 cls sshd[663252]: Failed password for invalid user client1 from 206.123.145.69 port 3466 ssh2
Mar 29 10:15:25 cls sshd[663251]: pam_unix(sshd:auth): check pass; user unknown
Mar 29 10:15:25 cls sshd[663251]: pam_unix(sshd:auth): authentication failure; logname= uid=0 euid=0 tty=ssh ruser= rhost=206.123.145.71 
Mar 29 10:15:27 cls sshd[663251]: Failed password for invalid user devops from 206.123.145.71 port 41868 ssh2
Mar 29 10:15:28 cls sshd[663252]: Connection closed by invalid user client1 206.123.145.69 port 3466 [preauth]
Mar 29 10:15:30 cls sshd[663251]: Connection closed by invalid user devops 206.123.145.71 port 41868 [preauth]
Mar 29 10:15:40 cls sshd[663255]: pam_unix(sshd:auth): authentication failure; logname= uid=0 euid=0 tty=ssh ruser= rhost=206.123.145.20  user=ubuntu
Mar 29 10:15:42 cls sshd[663255]: Failed password for ubuntu from 206.123.145.20 port 52288 ssh2
Mar 29 10:15:46 cls sshd[663255]: Connection closed by authenticating user ubuntu 206.123.145.20 port 52288 [preauth]
Mar 29 10:15:58 cls sshd[663257]: Invalid user wxh from 206.123.145.50 port 27624
Mar 29 10:15:59 cls sshd[663257]: pam_unix(sshd:auth): check pass; user unknown
Mar 29 10:15:59 cls sshd[663257]: pam_unix(sshd:auth): authentication failure; logname= uid=0 euid=0 tty=ssh ruser= rhost=206.123.145.50 
Mar 29 10:16:01 cls sshd[663257]: Failed password for invalid user wxh from 206.123.145.50 port 27624 ssh2
Mar 29 10:16:05 cls sshd[663257]: Connection closed by invalid user wxh 206.123.145.50 port 27624 [preauth]
Mar 29 10:16:07 cls sshd[663259]: error: kex_exchange_identification: read: Connection reset by peer
Mar 29 10:16:18 cls sshd[663262]: Invalid user fengy from 206.123.145.49 port 46682
Mar 29 10:16:20 cls sshd[663276]: pam_unix(sshd:auth): authentication failure; logname= uid=0 euid=0 tty=ssh ruser= rhost=49.49.231.154  user=root
Mar 29 10:16:20 cls sshd[663262]: pam_unix(sshd:auth): check pass; user unknown
Mar 29 10:16:20 cls sshd[663262]: pam_unix(sshd:auth): authentication failure; logname= uid=0 euid=0 tty=ssh ruser= rhost=206.123.145.49 
Mar 29 10:16:21 cls sshd[663260]: pam_unix(sshd:auth): authentication failure; logname= uid=0 euid=0 tty=ssh ruser= rhost=206.123.145.78  user=root
Mar 29 10:16:22 cls sshd[663276]: Failed password for root from 49.49.231.154 port 64322 ssh2
Mar 29 10:16:23 cls sshd[663276]: Received disconnect from 49.49.231.154 port 64322:11: Bye Bye [preauth]
Mar 29 10:16:23 cls sshd[663276]: Disconnected from authenticating user root 49.49.231.154 port 64322 [preauth]
Mar 29 10:16:23 cls sshd[663262]: Failed password for invalid user fengy from 206.123.145.49 port 46682 ssh2
Mar 29 10:16:24 cls sshd[663260]: Failed password for root from 206.123.145.78 port 14646 ssh2
Mar 29 10:16:27 cls sshd[663262]: Connection closed by invalid user fengy 206.123.145.49 port 46682 [preauth]
Mar 29 10:16:27 cls sshd[663291]: pam_unix(sshd:auth): authentication failure; logname= uid=0 euid=0 tty=ssh ruser= rhost=82.22.21.41  user=root
Mar 29 10:16:28 cls sshd[663260]: Connection closed by authenticating user root 206.123.145.78 port 14646 [preauth]
Mar 29 10:16:30 cls sshd[663291]: Failed password for root from 82.22.21.41 port 47152 ssh2
Mar 29 10:16:30 cls sshd[663291]: Received disconnect from 82.22.21.41 port 47152:11: Bye Bye [preauth]
Mar 29 10:16:30 cls sshd[663291]: Disconnected from authenticating user root 82.22.21.41 port 47152 [preauth]
Mar 29 10:16:43 cls sshd[663297]: Invalid user wr from 206.123.145.55 port 59608
Mar 29 10:16:46 cls sshd[663297]: pam_unix(sshd:auth): check pass; user unknown
Mar 29 10:16:46 cls sshd[663297]: pam_unix(sshd:auth): authentication failure; logname= uid=0 euid=0 tty=ssh ruser= rhost=206.123.145.55 
Mar 29 10:16:47 cls sshd[663297]: Failed password for invalid user wr from 206.123.145.55 port 59608 ssh2
Mar 29 10:16:49 cls sshd[663297]: Connection closed by invalid user wr 206.123.145.55 port 59608 [preauth]
Mar 29 10:16:56 cls sshd[663303]: Invalid user xurui from 130.12.181.107 port 33468
Mar 29 10:16:58 cls sshd[663303]: pam_unix(sshd:auth): check pass; user unknown
Mar 29 10:16:58 cls sshd[663303]: pam_unix(sshd:auth): authentication failure; logname= uid=0 euid=0 tty=ssh ruser= rhost=130.12.181.107 
Mar 29 10:17:00 cls sshd[663303]: Failed password for invalid user xurui from 130.12.181.107 port 33468 ssh2
Mar 29 10:17:01 cls CRON[663305]: pam_unix(cron:session): session opened for user root by (uid=0)
Mar 29 10:17:01 cls CRON[663305]: pam_unix(cron:session): session closed for user root
Mar 29 10:17:02 cls sshd[663303]: Connection closed by invalid user xurui 130.12.181.107 port 33468 [preauth]
Mar 29 10:17:12 cls sshd[663308]: Invalid user utest from 206.123.145.72 port 22648
Mar 29 10:17:14 cls sshd[663314]: pam_unix(sshd:auth): authentication failure; logname= uid=0 euid=0 tty=ssh ruser= rhost=103.183.75.204  user=root
Mar 29 10:17:16 cls sshd[663308]: pam_unix(sshd:auth): check pass; user unknown
Mar 29 10:17:16 cls sshd[663308]: pam_unix(sshd:auth): authentication failure; logname= uid=0 euid=0 tty=ssh ruser= rhost=206.123.145.72 
Mar 29 10:17:17 cls sshd[663314]: Failed password for root from 103.183.75.204 port 42246 ssh2
Mar 29 10:17:17 cls sshd[663314]: Received disconnect from 103.183.75.204 port 42246:11: Bye Bye [preauth]
Mar 29 10:17:17 cls sshd[663314]: Disconnected from authenticating user root 103.183.75.204 port 42246 [preauth]
Mar 29 10:17:18 cls sshd[663308]: Failed password for invalid user utest from 206.123.145.72 port 22648 ssh2
Mar 29 10:17:22 cls sshd[663308]: Connection closed by invalid user utest 206.123.145.72 port 22648 [preauth]
Mar 29 10:17:48 cls sshd[663336]: pam_unix(sshd:auth): authentication failure; logname= uid=0 euid=0 tty=ssh ruser= rhost=171.25.158.57  user=root
Mar 29 10:17:50 cls sshd[663336]: Failed password for root from 171.25.158.57 port 52920 ssh2
Mar 29 10:17:51 cls sshd[663336]: Received disconnect from 171.25.158.57 port 52920:11: Bye Bye [preauth]
Mar 29 10:17:51 cls sshd[663336]: Disconnected from authenticating user root 171.25.158.57 port 52920 [preauth]
Mar 29 10:17:58 cls sshd[663338]: Invalid user sjkim from 206.123.145.74 port 50044
Mar 29 10:18:00 cls sshd[663338]: pam_unix(sshd:auth): check pass; user unknown
Mar 29 10:18:00 cls sshd[663338]: pam_unix(sshd:auth): authentication failure; logname= uid=0 euid=0 tty=ssh ruser= rhost=206.123.145.74 
Mar 29 10:18:02 cls sshd[663338]: Failed password for invalid user sjkim from 206.123.145.74 port 50044 ssh2
Mar 29 10:18:03 cls sshd[663338]: Connection closed by invalid user sjkim 206.123.145.74 port 50044 [preauth]
Mar 29 10:18:08 cls sshd[663346]: Invalid user readlog from 130.12.181.97 port 24242
Mar 29 10:18:10 cls sshd[663346]: pam_unix(sshd:auth): check pass; user unknown
Mar 29 10:18:10 cls sshd[663346]: pam_unix(sshd:auth): authentication failure; logname= uid=0 euid=0 tty=ssh ruser= rhost=130.12.181.97 
Mar 29 10:18:11 cls sshd[663346]: Failed password for invalid user readlog from 130.12.181.97 port 24242 ssh2
Mar 29 10:18:13 cls sshd[663346]: Connection closed by invalid user readlog 130.12.181.97 port 24242 [preauth]
Mar 29 10:18:17 cls sshd[663348]: Invalid user rhino from 130.12.181.103 port 7618
Mar 29 10:18:19 cls sshd[663348]: pam_unix(sshd:auth): check pass; user unknown
Mar 29 10:18:19 cls sshd[663348]: pam_unix(sshd:auth): authentication failure; logname= uid=0 euid=0 tty=ssh ruser= rhost=130.12.181.103 
Mar 29 10:18:20 cls sshd[663348]: Failed password for invalid user rhino from 130.12.181.103 port 7618 ssh2
Mar 29 10:18:23 cls sshd[663348]: Connection closed by invalid user rhino 130.12.181.103 port 7618 [preauth]
Mar 29 10:18:23 cls sshd[663350]: Invalid user oa from 206.123.145.53 port 45546
Mar 29 10:18:24 cls sshd[663351]: Invalid user devops from 130.12.181.98 port 37516
Mar 29 10:18:24 cls sshd[663350]: pam_unix(sshd:auth): check pass; user unknown
Mar 29 10:18:24 cls sshd[663350]: pam_unix(sshd:auth): authentication failure; logname= uid=0 euid=0 tty=ssh ruser= rhost=206.123.145.53 
Mar 29 10:18:26 cls sshd[663351]: pam_unix(sshd:auth): check pass; user unknown
Mar 29 10:18:26 cls sshd[663351]: pam_unix(sshd:auth): authentication failure; logname= uid=0 euid=0 tty=ssh ruser= rhost=130.12.181.98 
Mar 29 10:18:26 cls sshd[663350]: Failed password for invalid user oa from 206.123.145.53 port 45546 ssh2
Mar 29 10:18:29 cls sshd[663351]: Failed password for invalid user devops from 130.12.181.98 port 37516 ssh2
Mar 29 10:18:31 cls sshd[663350]: Connection closed by invalid user oa 206.123.145.53 port 45546 [preauth]
Mar 29 10:18:31 cls sshd[663351]: Connection closed by invalid user devops 130.12.181.98 port 37516 [preauth]
Mar 29 10:18:37 cls sshd[663354]: Invalid user qingjf from 130.12.181.105 port 8030
Mar 29 10:18:39 cls sshd[663354]: pam_unix(sshd:auth): check pass; user unknown
Mar 29 10:18:39 cls sshd[663354]: pam_unix(sshd:auth): authentication failure; logname= uid=0 euid=0 tty=ssh ruser= rhost=130.12.181.105 
Mar 29 10:18:41 cls sshd[663354]: Failed password for invalid user qingjf from 130.12.181.105 port 8030 ssh2
Mar 29 10:18:43 cls sshd[663354]: Connection closed by invalid user qingjf 130.12.181.105 port 8030 [preauth]
Mar 29 10:19:10 cls sshd[663373]: Invalid user razvan from 206.123.145.56 port 11534
Mar 29 10:19:12 cls sshd[663373]: pam_unix(sshd:auth): check pass; user unknown
Mar 29 10:19:12 cls sshd[663373]: pam_unix(sshd:auth): authentication failure; logname= uid=0 euid=0 tty=ssh ruser= rhost=206.123.145.56 
Mar 29 10:19:13 cls sshd[663388]: pam_unix(sshd:auth): authentication failure; logname= uid=0 euid=0 tty=ssh ruser= rhost=82.22.21.41  user=root
Mar 29 10:19:14 cls sshd[663373]: Failed password for invalid user razvan from 206.123.145.56 port 11534 ssh2
Mar 29 10:19:15 cls sshd[663388]: Failed password for root from 82.22.21.41 port 52322 ssh2
Mar 29 10:19:16 cls sshd[663388]: Received disconnect from 82.22.21.41 port 52322:11: Bye Bye [preauth]
Mar 29 10:19:16 cls sshd[663388]: Disconnected from authenticating user root 82.22.21.41 port 52322 [preauth]
Mar 29 10:19:16 cls sshd[663373]: Connection closed by invalid user razvan 206.123.145.56 port 11534 [preauth]
Mar 29 10:19:20 cls sshd[663387]: Invalid user dcf from 130.12.181.99 port 37536
Mar 29 10:19:23 cls sshd[663387]: pam_unix(sshd:auth): check pass; user unknown
Mar 29 10:19:23 cls sshd[663387]: pam_unix(sshd:auth): authentication failure; logname= uid=0 euid=0 tty=ssh ruser= rhost=130.12.181.99 
Mar 29 10:19:25 cls sshd[663387]: Failed password for invalid user dcf from 130.12.181.99 port 37536 ssh2
Mar 29 10:19:27 cls sshd[663387]: Connection closed by invalid user dcf 130.12.181.99 port 37536 [preauth]
Mar 29 10:19:27 cls sshd[663403]: Invalid user dms from 130.12.181.109 port 61296
Mar 29 10:19:29 cls sshd[663403]: pam_unix(sshd:auth): check pass; user unknown
Mar 29 10:19:29 cls sshd[663403]: pam_unix(sshd:auth): authentication failure; logname= uid=0 euid=0 tty=ssh ruser= rhost=130.12.181.109 
Mar 29 10:19:31 cls sshd[663403]: Failed password for invalid user dms from 130.12.181.109 port 61296 ssh2
Mar 29 10:19:33 cls sshd[663403]: Connection closed by invalid user dms 130.12.181.109 port 61296 [preauth]
Mar 29 10:19:43 cls sshd[663426]: pam_unix(sshd:auth): authentication failure; logname= uid=0 euid=0 tty=ssh ruser= rhost=49.49.231.154  user=root
Mar 29 10:19:45 cls sshd[663426]: Failed password for root from 49.49.231.154 port 53766 ssh2
Mar 29 10:19:46 cls sshd[663426]: Received disconnect from 49.49.231.154 port 53766:11: Bye Bye [preauth]
Mar 29 10:19:46 cls sshd[663426]: Disconnected from authenticating user root 49.49.231.154 port 53766 [preauth]
Mar 29 10:19:53 cls sshd[663431]: Invalid user deploy from 130.12.181.106 port 6666
Mar 29 10:19:54 cls sshd[663423]: pam_unix(sshd:auth): authentication failure; logname= uid=0 euid=0 tty=ssh ruser= rhost=206.123.145.46  user=root
Mar 29 10:19:55 cls sshd[663431]: pam_unix(sshd:auth): check pass; user unknown
Mar 29 10:19:55 cls sshd[663431]: pam_unix(sshd:auth): authentication failure; logname= uid=0 euid=0 tty=ssh ruser= rhost=130.12.181.106 
Mar 29 10:19:56 cls sshd[663423]: Failed password for root from 206.123.145.46 port 1136 ssh2
Mar 29 10:19:56 cls sshd[663431]: Failed password for invalid user deploy from 130.12.181.106 port 6666 ssh2
Mar 29 10:19:59 cls sshd[663423]: Connection closed by authenticating user root 206.123.145.46 port 1136 [preauth]
Mar 29 10:20:00 cls sshd[663431]: Connection closed by invalid user deploy 130.12.181.106 port 6666 [preauth]
Mar 29 10:20:00 cls sshd[663435]: Invalid user txf from 206.123.145.52 port 53956
Mar 29 10:20:05 cls sshd[663435]: pam_unix(sshd:auth): check pass; user unknown
Mar 29 10:20:05 cls sshd[663435]: pam_unix(sshd:auth): authentication failure; logname= uid=0 euid=0 tty=ssh ruser= rhost=206.123.145.52 
Mar 29 10:20:06 cls sshd[663435]: Failed password for invalid user txf from 206.123.145.52 port 53956 ssh2
Mar 29 10:20:09 cls sshd[663435]: Connection closed by invalid user txf 206.123.145.52 port 53956 [preauth]
Mar 29 10:20:27 cls sshd[663457]: Invalid user cyl from 206.123.145.48 port 10452
Mar 29 10:20:29 cls sshd[663457]: pam_unix(sshd:auth): check pass; user unknown
Mar 29 10:20:29 cls sshd[663457]: pam_unix(sshd:auth): authentication failure; logname= uid=0 euid=0 tty=ssh ruser= rhost=206.123.145.48 
Mar 29 10:20:31 cls sshd[663457]: Failed password for invalid user cyl from 206.123.145.48 port 10452 ssh2
Mar 29 10:20:35 cls sshd[663457]: Connection closed by invalid user cyl 206.123.145.48 port 10452 [preauth]
Mar 29 10:20:44 cls sshd[663483]: pam_unix(sshd:auth): authentication failure; logname= uid=0 euid=0 tty=ssh ruser= rhost=103.183.75.204  user=root
Mar 29 10:20:46 cls sshd[663483]: Failed password for root from 103.183.75.204 port 54348 ssh2
Mar 29 10:20:46 cls sshd[663483]: Received disconnect from 103.183.75.204 port 54348:11: Bye Bye [preauth]
Mar 29 10:20:46 cls sshd[663483]: Disconnected from authenticating user root 103.183.75.204 port 54348 [preauth]
Mar 29 10:20:47 cls sshd[663473]: Invalid user wangqm from 206.123.145.73 port 21342
Mar 29 10:20:48 cls sshd[663473]: pam_unix(sshd:auth): check pass; user unknown
Mar 29 10:20:48 cls sshd[663473]: pam_unix(sshd:auth): authentication failure; logname= uid=0 euid=0 tty=ssh ruser= rhost=206.123.145.73 
Mar 29 10:20:50 cls sshd[663473]: Failed password for invalid user wangqm from 206.123.145.73 port 21342 ssh2
Mar 29 10:20:54 cls sshd[663473]: Connection closed by invalid user wangqm 206.123.145.73 port 21342 [preauth]
Mar 29 10:21:01 cls sshd[663481]: Invalid user linaro from 206.123.145.54 port 30072
Mar 29 10:21:03 cls sshd[663481]: pam_unix(sshd:auth): check pass; user unknown
Mar 29 10:21:03 cls sshd[663481]: pam_unix(sshd:auth): authentication failure; logname= uid=0 euid=0 tty=ssh ruser= rhost=206.123.145.54 
Mar 29 10:21:05 cls sshd[663481]: Failed password for invalid user linaro from 206.123.145.54 port 30072 ssh2
Mar 29 10:21:06 cls sshd[663500]: Invalid user fms from 130.12.181.108 port 37548
Mar 29 10:21:08 cls sshd[663500]: pam_unix(sshd:auth): check pass; user unknown
