Mar 29 11:21:08 cls sshd[666584]: pam_unix(sshd:auth): authentication failure; logname= uid=0 euid=0 tty=ssh ruser= rhost=206.123.145.48 
Mar 29 11:21:08 cls sshd[666585]: Invalid user renzhc from 206.123.145.72 port 41798
Mar 29 11:21:10 cls sshd[666585]: pam_unix(sshd:auth): check pass; user unknown
Mar 29 11:21:10 cls sshd[666585]: pam_unix(sshd:auth): authentication failure; logname= uid=0 euid=0 tty=ssh ruser= rhost=206.123.145.72 
Mar 29 11:21:10 cls sshd[666584]: Failed password for invalid user sumu from 206.123.145.48 port 12168 ssh2
Mar 29 11:21:12 cls sshd[666584]: Connection closed by invalid user sumu 206.123.145.48 port 12168 [preauth]
Mar 29 11:21:12 cls sshd[666585]: Failed password for invalid user renzhc from 206.123.145.72 port 41798 ssh2
Mar 29 11:21:15 cls sshd[666585]: Connection closed by invalid user renzhc 206.123.145.72 port 41798 [preauth]
Mar 29 11:21:26 cls sshd[666593]: Invalid user qzy from 130.12.181.106 port 29512
Mar 29 11:21:26 cls sshd[666591]: pam_unix(sshd:auth): authentication failure; logname= uid=0 euid=0 tty=ssh ruser= rhost=206.123.145.51  user=root
Mar 29 11:21:28 cls sshd[666593]: pam_unix(sshd:auth): check pass; user unknown
Mar 29 11:21:28 cls sshd[666593]: pam_unix(sshd:auth): authentication failure; logname= uid=0 euid=0 tty=ssh ruser= rhost=130.12.181.106 
Mar 29 11:21:29 cls sshd[666591]: Failed password for root from 206.123.145.51 port 38668 ssh2
Mar 29 11:21:30 cls sshd[666593]: Failed password for invalid user qzy from 130.12.181.106 port 29512 ssh2
Mar 29 11:21:33 cls sshd[666593]: Connection closed by invalid user qzy 130.12.181.106 port 29512 [preauth]
Mar 29 11:21:35 cls sshd[666591]: Connection closed by authenticating user root 206.123.145.51 port 38668 [preauth]
Mar 29 11:22:01 cls sshd[666596]: pam_unix(sshd:auth): authentication failure; logname= uid=0 euid=0 tty=ssh ruser= rhost=171.25.158.57  user=root
Mar 29 11:22:04 cls sshd[666596]: Failed password for root from 171.25.158.57 port 48592 ssh2
Mar 29 11:22:07 cls sshd[666596]: Received disconnect from 171.25.158.57 port 48592:11: Bye Bye [preauth]
Mar 29 11:22:07 cls sshd[666596]: Disconnected from authenticating user root 171.25.158.57 port 48592 [preauth]
Mar 29 11:22:09 cls sshd[666595]: pam_unix(sshd:auth): authentication failure; logname= uid=0 euid=0 tty=ssh ruser= rhost=130.12.181.108  user=root
Mar 29 11:22:11 cls sshd[666595]: Failed password for root from 130.12.181.108 port 47894 ssh2
Mar 29 11:22:14 cls sshd[666595]: Connection closed by authenticating user root 130.12.181.108 port 47894 [preauth]
Mar 29 11:22:54 cls sshd[666601]: pam_unix(sshd:auth): authentication failure; logname= uid=0 euid=0 tty=ssh ruser= rhost=103.187.146.33  user=root
Mar 29 11:22:56 cls sshd[666601]: Failed password for root from 103.187.146.33 port 42670 ssh2
Mar 29 11:22:57 cls sshd[666601]: Received disconnect from 103.187.146.33 port 42670:11: Bye Bye [preauth]
Mar 29 11:22:57 cls sshd[666601]: Disconnected from authenticating user root 103.187.146.33 port 42670 [preauth]
Mar 29 11:22:58 cls sshd[666599]: Invalid user smb from 130.12.181.102 port 56988
Mar 29 11:22:59 cls sshd[666599]: pam_unix(sshd:auth): check pass; user unknown
Mar 29 11:22:59 cls sshd[666599]: pam_unix(sshd:auth): authentication failure; logname= uid=0 euid=0 tty=ssh ruser= rhost=130.12.181.102 
Mar 29 11:23:01 cls sshd[666599]: Failed password for invalid user smb from 130.12.181.102 port 56988 ssh2
Mar 29 11:23:04 cls sshd[666599]: Connection closed by invalid user smb 130.12.181.102 port 56988 [preauth]
Mar 29 11:23:04 cls sshd[666603]: Invalid user zhangjingjing from 130.12.181.100 port 9298
Mar 29 11:23:07 cls sshd[666603]: pam_unix(sshd:auth): check pass; user unknown
Mar 29 11:23:07 cls sshd[666603]: pam_unix(sshd:auth): authentication failure; logname= uid=0 euid=0 tty=ssh ruser= rhost=130.12.181.100 
Mar 29 11:23:10 cls sshd[666603]: Failed password for invalid user zhangjingjing from 130.12.181.100 port 9298 ssh2
Mar 29 11:23:13 cls sshd[666603]: Connection closed by invalid user zhangjingjing 130.12.181.100 port 9298 [preauth]
Mar 29 11:23:22 cls sshd[666605]: pam_unix(sshd:auth): authentication failure; logname= uid=0 euid=0 tty=ssh ruser= rhost=206.123.145.73  user=root
Mar 29 11:23:23 cls sshd[666615]: pam_unix(sshd:auth): authentication failure; logname= uid=0 euid=0 tty=ssh ruser= rhost=217.148.142.100  user=root
Mar 29 11:23:24 cls sshd[666605]: Failed password for root from 206.123.145.73 port 61228 ssh2
Mar 29 11:23:25 cls sshd[666615]: Failed password for root from 217.148.142.100 port 59104 ssh2
Mar 29 11:23:26 cls sshd[666615]: Received disconnect from 217.148.142.100 port 59104:11: Bye Bye [preauth]
Mar 29 11:23:26 cls sshd[666615]: Disconnected from authenticating user root 217.148.142.100 port 59104 [preauth]
Mar 29 11:23:27 cls sshd[666605]: Connection closed by authenticating user root 206.123.145.73 port 61228 [preauth]
Mar 29 11:23:53 cls sshd[666627]: Invalid user guest from 206.123.145.75 port 53330
Mar 29 11:23:55 cls sshd[666627]: pam_unix(sshd:auth): check pass; user unknown
Mar 29 11:23:55 cls sshd[666627]: pam_unix(sshd:auth): authentication failure; logname= uid=0 euid=0 tty=ssh ruser= rhost=206.123.145.75 
Mar 29 11:23:57 cls sshd[666627]: Failed password for invalid user guest from 206.123.145.75 port 53330 ssh2
Mar 29 11:23:59 cls sshd[666627]: Connection closed by invalid user guest 206.123.145.75 port 53330 [preauth]
Mar 29 11:24:35 cls sshd[666669]: Invalid user phanim from 130.12.181.98 port 57894
Mar 29 11:24:36 cls sshd[666669]: pam_unix(sshd:auth): check pass; user unknown
Mar 29 11:24:36 cls sshd[666669]: pam_unix(sshd:auth): authentication failure; logname= uid=0 euid=0 tty=ssh ruser= rhost=130.12.181.98 
Mar 29 11:24:38 cls sshd[666669]: Failed password for invalid user phanim from 130.12.181.98 port 57894 ssh2
Mar 29 11:24:41 cls sshd[666669]: Connection closed by invalid user phanim 130.12.181.98 port 57894 [preauth]
Mar 29 11:24:47 cls sshd[666686]: Invalid user appltest from 130.12.181.104 port 18582
Mar 29 11:24:49 cls sshd[666686]: pam_unix(sshd:auth): check pass; user unknown
Mar 29 11:24:49 cls sshd[666686]: pam_unix(sshd:auth): authentication failure; logname= uid=0 euid=0 tty=ssh ruser= rhost=130.12.181.104 
Mar 29 11:24:51 cls sshd[666686]: Failed password for invalid user appltest from 130.12.181.104 port 18582 ssh2
Mar 29 11:24:53 cls sshd[666686]: Connection closed by invalid user appltest 130.12.181.104 port 18582 [preauth]
Mar 29 11:25:13 cls sshd[666712]: Invalid user psr from 206.123.145.79 port 29452
Mar 29 11:25:16 cls sshd[666712]: pam_unix(sshd:auth): check pass; user unknown
Mar 29 11:25:16 cls sshd[666712]: pam_unix(sshd:auth): authentication failure; logname= uid=0 euid=0 tty=ssh ruser= rhost=206.123.145.79 
Mar 29 11:25:18 cls sshd[666712]: Failed password for invalid user psr from 206.123.145.79 port 29452 ssh2
Mar 29 11:25:20 cls sshd[666712]: Connection closed by invalid user psr 206.123.145.79 port 29452 [preauth]
Mar 29 11:25:49 cls sshd[666746]: Invalid user geou3 from 206.123.145.57 port 54860
Mar 29 11:25:49 cls sshd[666754]: pam_unix(sshd:auth): authentication failure; logname= uid=0 euid=0 tty=ssh ruser= rhost=171.25.158.57  user=root
Mar 29 11:25:51 cls sshd[666746]: pam_unix(sshd:auth): check pass; user unknown
Mar 29 11:25:51 cls sshd[666746]: pam_unix(sshd:auth): authentication failure; logname= uid=0 euid=0 tty=ssh ruser= rhost=206.123.145.57 
Mar 29 11:25:51 cls sshd[666754]: Failed password for root from 171.25.158.57 port 52584 ssh2
Mar 29 11:25:52 cls sshd[666754]: Received disconnect from 171.25.158.57 port 52584:11: Bye Bye [preauth]
Mar 29 11:25:52 cls sshd[666754]: Disconnected from authenticating user root 171.25.158.57 port 52584 [preauth]
Mar 29 11:25:53 cls sshd[666746]: Failed password for invalid user geou3 from 206.123.145.57 port 54860 ssh2
Mar 29 11:25:56 cls sshd[666746]: Connection closed by invalid user geou3 206.123.145.57 port 54860 [preauth]
Mar 29 11:25:59 cls sshd[666756]: pam_unix(sshd:auth): authentication failure; logname= uid=0 euid=0 tty=ssh ruser= rhost=130.12.181.101  user=root
Mar 29 11:26:01 cls sshd[666756]: Failed password for root from 130.12.181.101 port 11338 ssh2
Mar 29 11:26:03 cls sshd[666756]: Connection closed by authenticating user root 130.12.181.101 port 11338 [preauth]
Mar 29 11:26:09 cls sshd[666783]: pam_unix(sshd:auth): authentication failure; logname= uid=0 euid=0 tty=ssh ruser= rhost=103.187.146.33  user=root
Mar 29 11:26:11 cls sshd[666783]: Failed password for root from 103.187.146.33 port 40282 ssh2
Mar 29 11:26:12 cls sshd[666783]: Received disconnect from 103.187.146.33 port 40282:11: Bye Bye [preauth]
Mar 29 11:26:12 cls sshd[666783]: Disconnected from authenticating user root 103.187.146.33 port 40282 [preauth]
Mar 29 11:26:12 cls sshd[666777]: Invalid user scf from 206.123.145.76 port 45890
Mar 29 11:26:14 cls sshd[666787]: pam_unix(sshd:auth): authentication failure; logname= uid=0 euid=0 tty=ssh ruser= rhost=217.148.142.100  user=root
Mar 29 11:26:14 cls sshd[666777]: pam_unix(sshd:auth): check pass; user unknown
Mar 29 11:26:14 cls sshd[666777]: pam_unix(sshd:auth): authentication failure; logname= uid=0 euid=0 tty=ssh ruser= rhost=206.123.145.76 
Mar 29 11:26:16 cls sshd[666787]: Failed password for root from 217.148.142.100 port 34190 ssh2
Mar 29 11:26:16 cls sshd[666777]: Failed password for invalid user scf from 206.123.145.76 port 45890 ssh2
Mar 29 11:26:16 cls sshd[666787]: Received disconnect from 217.148.142.100 port 34190:11: Bye Bye [preauth]
Mar 29 11:26:16 cls sshd[666787]: Disconnected from authenticating user root 217.148.142.100 port 34190 [preauth]
Mar 29 11:26:19 cls sshd[666777]: Connection closed by invalid user scf 206.123.145.76 port 45890 [preauth]
Mar 29 11:26:28 cls sshd[666813]: pam_unix(sshd:auth): authentication failure; logname= uid=0 euid=0 tty=ssh ruser= rhost=159.223.8.62  user=root
Mar 29 11:26:31 cls sshd[666813]: Failed password for root from 159.223.8.62 port 48380 ssh2
Mar 29 11:26:31 cls sshd[666813]: Received disconnect from 159.223.8.62 port 48380:11: Bye Bye [preauth]
Mar 29 11:26:31 cls sshd[666813]: Disconnected from authenticating user root 159.223.8.62 port 48380 [preauth]
Mar 29 11:26:33 cls sshd[666801]: Invalid user oracle from 206.123.145.20 port 23392
Mar 29 11:26:35 cls sshd[666801]: pam_unix(sshd:auth): check pass; user unknown
Mar 29 11:26:35 cls sshd[666801]: pam_unix(sshd:auth): authentication failure; logname= uid=0 euid=0 tty=ssh ruser= rhost=206.123.145.20 
Mar 29 11:26:37 cls sshd[666801]: Failed password for invalid user oracle from 206.123.145.20 port 23392 ssh2
Mar 29 11:26:39 cls sshd[666801]: Connection closed by invalid user oracle 206.123.145.20 port 23392 [preauth]
Mar 29 11:26:40 cls sshd[666822]: Invalid user www from 206.123.145.50 port 60788
Mar 29 11:26:44 cls sshd[666819]: Invalid user fileowner from 206.123.145.77 port 53762
Mar 29 11:26:46 cls sshd[666819]: pam_unix(sshd:auth): check pass; user unknown
Mar 29 11:26:46 cls sshd[666819]: pam_unix(sshd:auth): authentication failure; logname= uid=0 euid=0 tty=ssh ruser= rhost=206.123.145.77 
Mar 29 11:26:47 cls sshd[666822]: pam_unix(sshd:auth): check pass; user unknown
Mar 29 11:26:47 cls sshd[666822]: pam_unix(sshd:auth): authentication failure; logname= uid=0 euid=0 tty=ssh ruser= rhost=206.123.145.50 
Mar 29 11:26:48 cls sshd[666819]: Failed password for invalid user fileowner from 206.123.145.77 port 53762 ssh2
Mar 29 11:26:49 cls sshd[666822]: Failed password for invalid user www from 206.123.145.50 port 60788 ssh2
Mar 29 11:26:52 cls sshd[666819]: Connection closed by invalid user fileowner 206.123.145.77 port 53762 [preauth]
Mar 29 11:26:52 cls sshd[666831]: pam_unix(sshd:auth): authentication failure; logname= uid=0 euid=0 tty=ssh ruser= rhost=206.123.145.49  user=root
Mar 29 11:26:52 cls sshd[666822]: Connection closed by invalid user www 206.123.145.50 port 60788 [preauth]
Mar 29 11:26:53 cls sshd[666832]: pam_unix(sshd:auth): authentication failure; logname= uid=0 euid=0 tty=ssh ruser= rhost=206.123.145.78  user=root
Mar 29 11:26:54 cls sshd[666831]: Failed password for root from 206.123.145.49 port 22464 ssh2
Mar 29 11:26:56 cls sshd[666832]: Failed password for root from 206.123.145.78 port 56230 ssh2
Mar 29 11:26:57 cls sshd[666831]: Connection closed by authenticating user root 206.123.145.49 port 22464 [preauth]
Mar 29 11:26:59 cls sshd[666832]: Connection closed by authenticating user root 206.123.145.78 port 56230 [preauth]
Mar 29 11:27:01 cls sshd[666849]: Invalid user wys from 206.123.145.55 port 46678
Mar 29 11:27:04 cls sshd[666849]: pam_unix(sshd:auth): check pass; user unknown
Mar 29 11:27:04 cls sshd[666849]: pam_unix(sshd:auth): authentication failure; logname= uid=0 euid=0 tty=ssh ruser= rhost=206.123.145.55 
Mar 29 11:27:06 cls sshd[666849]: Failed password for invalid user wys from 206.123.145.55 port 46678 ssh2
Mar 29 11:27:10 cls sshd[666849]: Connection closed by invalid user wys 206.123.145.55 port 46678 [preauth]
Mar 29 11:27:12 cls sshd[666859]: Invalid user test3 from 130.12.181.107 port 47036
Mar 29 11:27:14 cls sshd[666859]: pam_unix(sshd:auth): check pass; user unknown
Mar 29 11:27:14 cls sshd[666859]: pam_unix(sshd:auth): authentication failure; logname= uid=0 euid=0 tty=ssh ruser= rhost=130.12.181.107 
Mar 29 11:27:16 cls sshd[666859]: Failed password for invalid user test3 from 130.12.181.107 port 47036 ssh2
Mar 29 11:27:21 cls sshd[666859]: Connection closed by invalid user test3 130.12.181.107 port 47036 [preauth]
Mar 29 11:27:41 cls sshd[666881]: Invalid user lwk from 206.123.145.69 port 45262
Mar 29 11:27:43 cls sshd[666881]: pam_unix(sshd:auth): check pass; user unknown
Mar 29 11:27:43 cls sshd[666881]: pam_unix(sshd:auth): authentication failure; logname= uid=0 euid=0 tty=ssh ruser= rhost=206.123.145.69 
Mar 29 11:27:45 cls sshd[666881]: Failed password for invalid user lwk from 206.123.145.69 port 45262 ssh2
Mar 29 11:27:46 cls sshd[666885]: Invalid user burakeserol from 206.123.145.70 port 25610
Mar 29 11:27:48 cls sshd[666885]: pam_unix(sshd:auth): check pass; user unknown
Mar 29 11:27:48 cls sshd[666885]: pam_unix(sshd:auth): authentication failure; logname= uid=0 euid=0 tty=ssh ruser= rhost=206.123.145.70 
Mar 29 11:27:49 cls sshd[666881]: Connection closed by invalid user lwk 206.123.145.69 port 45262 [preauth]
Mar 29 11:27:51 cls sshd[666885]: Failed password for invalid user burakeserol from 206.123.145.70 port 25610 ssh2
Mar 29 11:27:54 cls sshd[666885]: Connection closed by invalid user burakeserol 206.123.145.70 port 25610 [preauth]
Mar 29 11:28:42 cls sshd[666901]: pam_unix(sshd:auth): authentication failure; logname= uid=0 euid=0 tty=ssh ruser= rhost=206.123.145.53  user=ubuntu
Mar 29 11:28:44 cls sshd[666901]: Failed password for ubuntu from 206.123.145.53 port 7806 ssh2
Mar 29 11:28:48 cls sshd[666901]: Connection closed by authenticating user ubuntu 206.123.145.53 port 7806 [preauth]
Mar 29 11:28:52 cls sshd[666903]: pam_unix(sshd:auth): authentication failure; logname= uid=0 euid=0 tty=ssh ruser= rhost=130.12.181.103  user=root
Mar 29 11:28:53 cls sshd[666903]: Failed password for root from 130.12.181.103 port 10292 ssh2
Mar 29 11:28:57 cls sshd[666903]: Connection closed by authenticating user root 130.12.181.103 port 10292 [preauth]
Mar 29 11:29:06 cls sshd[666905]: Invalid user sysadmin from 206.123.145.71 port 44292
Mar 29 11:29:07 cls sshd[666913]: pam_unix(sshd:auth): authentication failure; logname= uid=0 euid=0 tty=ssh ruser= rhost=217.148.142.100  user=root
Mar 29 11:29:09 cls sshd[666913]: Failed password for root from 217.148.142.100 port 52236 ssh2
Mar 29 11:29:09 cls sshd[666905]: pam_unix(sshd:auth): check pass; user unknown
Mar 29 11:29:09 cls sshd[666905]: pam_unix(sshd:auth): authentication failure; logname= uid=0 euid=0 tty=ssh ruser= rhost=206.123.145.71 
Mar 29 11:29:10 cls sshd[666913]: Received disconnect from 217.148.142.100 port 52236:11: Bye Bye [preauth]
Mar 29 11:29:10 cls sshd[666913]: Disconnected from authenticating user root 217.148.142.100 port 52236 [preauth]
Mar 29 11:29:10 cls sshd[666905]: Failed password for invalid user sysadmin from 206.123.145.71 port 44292 ssh2
Mar 29 11:29:12 cls sshd[666909]: Invalid user alarm from 206.123.145.56 port 25756
Mar 29 11:29:13 cls sshd[666910]: pam_unix(sshd:auth): authentication failure; logname= uid=0 euid=0 tty=ssh ruser= rhost=130.12.181.99  user=root
Mar 29 11:29:14 cls sshd[666905]: Connection closed by invalid user sysadmin 206.123.145.71 port 44292 [preauth]
Mar 29 11:29:15 cls sshd[666909]: pam_unix(sshd:auth): check pass; user unknown
Mar 29 11:29:15 cls sshd[666909]: pam_unix(sshd:auth): authentication failure; logname= uid=0 euid=0 tty=ssh ruser= rhost=206.123.145.56 
Mar 29 11:29:15 cls sshd[666910]: Failed password for root from 130.12.181.99 port 64168 ssh2
Mar 29 11:29:16 cls sshd[666909]: Failed password for invalid user alarm from 206.123.145.56 port 25756 ssh2
Mar 29 11:29:18 cls sshd[666910]: Connection closed by authenticating user root 130.12.181.99 port 64168 [preauth]
Mar 29 11:29:19 cls sshd[666909]: Connection closed by invalid user alarm 206.123.145.56 port 25756 [preauth]
Mar 29 11:29:23 cls sshd[666916]: Invalid user wangyi from 130.12.181.97 port 30098
Mar 29 11:29:25 cls sshd[666916]: pam_unix(sshd:auth): check pass; user unknown
Mar 29 11:29:25 cls sshd[666916]: pam_unix(sshd:auth): authentication failure; logname= uid=0 euid=0 tty=ssh ruser= rhost=130.12.181.97 
Mar 29 11:29:27 cls sshd[666916]: Failed password for invalid user wangyi from 130.12.181.97 port 30098 ssh2
Mar 29 11:29:28 cls sshd[666926]: pam_unix(sshd:auth): authentication failure; logname= uid=0 euid=0 tty=ssh ruser= rhost=103.187.146.33  user=root
Mar 29 11:29:29 cls sshd[666916]: Connection closed by invalid user wangyi 130.12.181.97 port 30098 [preauth]
Mar 29 11:29:30 cls sshd[666926]: Failed password for root from 103.187.146.33 port 36000 ssh2
Mar 29 11:29:31 cls sshd[666926]: Received disconnect from 103.187.146.33 port 36000:11: Bye Bye [preauth]
Mar 29 11:29:31 cls sshd[666926]: Disconnected from authenticating user root 103.187.146.33 port 36000 [preauth]
Mar 29 11:29:46 cls sshd[666928]: Invalid user panda from 130.12.181.109 port 5206
Mar 29 11:29:46 cls sshd[666929]: Invalid user mkk from 130.12.181.105 port 29228
Mar 29 11:29:48 cls sshd[666928]: pam_unix(sshd:auth): check pass; user unknown
Mar 29 11:29:48 cls sshd[666929]: pam_unix(sshd:auth): check pass; user unknown
Mar 29 11:29:48 cls sshd[666929]: pam_unix(sshd:auth): authentication failure; logname= uid=0 euid=0 tty=ssh ruser= rhost=130.12.181.105 
Mar 29 11:29:48 cls sshd[666928]: pam_unix(sshd:auth): authentication failure; logname= uid=0 euid=0 tty=ssh ruser= rhost=130.12.181.109 
Mar 29 11:29:50 cls sshd[666928]: Failed password for invalid user panda from 130.12.181.109 port 5206 ssh2
Mar 29 11:29:50 cls sshd[666929]: Failed password for invalid user mkk from 130.12.181.105 port 29228 ssh2
Mar 29 11:29:52 cls sshd[666928]: Connection closed by invalid user panda 130.12.181.109 port 5206 [preauth]
Mar 29 11:29:52 cls sshd[666929]: Connection closed by invalid user mkk 130.12.181.105 port 29228 [preauth]
Mar 29 11:29:59 cls sshd[666932]: Invalid user liuws from 206.123.145.46 port 6468
Mar 29 11:30:02 cls sshd[666932]: pam_unix(sshd:auth): check pass; user unknown
Mar 29 11:30:02 cls sshd[666932]: pam_unix(sshd:auth): authentication failure; logname= uid=0 euid=0 tty=ssh ruser= rhost=206.123.145.46 
Mar 29 11:30:04 cls sshd[666932]: Failed password for invalid user liuws from 206.123.145.46 port 6468 ssh2
Mar 29 11:30:10 cls sshd[666932]: Connection closed by invalid user liuws 206.123.145.46 port 6468 [preauth]
Mar 29 11:30:17 cls sshd[666934]: Invalid user test from 130.12.181.106 port 26760
Mar 29 11:30:19 cls sshd[666934]: pam_unix(sshd:auth): check pass; user unknown
Mar 29 11:30:19 cls sshd[666934]: pam_unix(sshd:auth): authentication failure; logname= uid=0 euid=0 tty=ssh ruser= rhost=130.12.181.106 
Mar 29 11:30:21 cls sshd[666934]: Failed password for invalid user test from 130.12.181.106 port 26760 ssh2
Mar 29 11:30:24 cls sshd[666934]: Connection closed by invalid user test 130.12.181.106 port 26760 [preauth]
Mar 29 11:30:36 cls sshd[666936]: Invalid user libo from 206.123.145.52 port 13744
Mar 29 11:30:39 cls sshd[666936]: pam_unix(sshd:auth): check pass; user unknown
Mar 29 11:30:39 cls sshd[666936]: pam_unix(sshd:auth): authentication failure; logname= uid=0 euid=0 tty=ssh ruser= rhost=206.123.145.52 
Mar 29 11:30:40 cls sshd[666936]: Failed password for invalid user libo from 206.123.145.52 port 13744 ssh2
Mar 29 11:30:44 cls sshd[666936]: Connection closed by invalid user libo 206.123.145.52 port 13744 [preauth]
Mar 29 11:31:03 cls sshd[666944]: pam_unix(sshd:auth): authentication failure; logname= uid=0 euid=0 tty=ssh ruser= rhost=159.223.8.62  user=root
Mar 29 11:31:03 cls sshd[666939]: Invalid user yangzhong from 130.12.181.108 port 55468
Mar 29 11:31:05 cls sshd[666944]: Failed password for root from 159.223.8.62 port 49368 ssh2
Mar 29 11:31:05 cls sshd[666944]: Received disconnect from 159.223.8.62 port 49368:11: Bye Bye [preauth]
Mar 29 11:31:05 cls sshd[666944]: Disconnected from authenticating user root 159.223.8.62 port 49368 [preauth]
Mar 29 11:31:05 cls sshd[666939]: pam_unix(sshd:auth): check pass; user unknown
Mar 29 11:31:05 cls sshd[666939]: pam_unix(sshd:auth): authentication failure; logname= uid=0 euid=0 tty=ssh ruser= rhost=130.12.181.108 
Mar 29 11:31:06 cls sshd[666938]: pam_unix(sshd:auth): authentication failure; logname= uid=0 euid=0 tty=ssh ruser= rhost=206.123.145.74  user=root
Mar 29 11:31:07 cls sshd[666939]: Failed password for invalid user yangzhong from 130.12.181.108 port 55468 ssh2
Mar 29 11:31:08 cls sshd[666938]: Failed password for root from 206.123.145.74 port 62228 ssh2
Mar 29 11:31:11 cls sshd[666943]: pam_unix(sshd:auth): authentication failure; logname= uid=0 euid=0 tty=ssh ruser= rhost=206.123.145.54  user=root
Mar 29 11:31:11 cls sshd[666938]: Connection closed by authenticating user root 206.123.145.74 port 62228 [preauth]
Mar 29 11:31:11 cls sshd[666939]: Connection closed by invalid user yangzhong 130.12.181.108 port 55468 [preauth]
Mar 29 11:31:12 cls sshd[666943]: Failed password for root from 206.123.145.54 port 21180 ssh2
Mar 29 11:31:18 cls sshd[666943]: Connection closed by authenticating user root 206.123.145.54 port 21180 [preauth]
Mar 29 11:31:23 cls sshd[666947]: Invalid user lamp from 206.123.145.48 port 59864
Mar 29 11:31:24 cls sshd[666947]: pam_unix(sshd:auth): check pass; user unknown
Mar 29 11:31:24 cls sshd[666947]: pam_unix(sshd:auth): authentication failure; logname= uid=0 euid=0 tty=ssh ruser= rhost=206.123.145.48 
Mar 29 11:31:26 cls sshd[666947]: Failed password for invalid user lamp from 206.123.145.48 port 59864 ssh2
Mar 29 11:31:29 cls sshd[666954]: Invalid user ilyas from 206.123.145.51 port 21408
Mar 29 11:31:29 cls sshd[666947]: Connection closed by invalid user lamp 206.123.145.48 port 59864 [preauth]
Mar 29 11:31:30 cls sshd[666954]: pam_unix(sshd:auth): check pass; user unknown
Mar 29 11:31:30 cls sshd[666954]: pam_unix(sshd:auth): authentication failure; logname= uid=0 euid=0 tty=ssh ruser= rhost=206.123.145.51 
Mar 29 11:31:32 cls sshd[666954]: Failed password for invalid user ilyas from 206.123.145.51 port 21408 ssh2
Mar 29 11:31:37 cls sshd[666954]: Connection closed by invalid user ilyas 206.123.145.51 port 21408 [preauth]
Mar 29 11:31:42 cls sshd[666956]: Invalid user guan from 130.12.181.102 port 18266
Mar 29 11:31:44 cls sshd[666956]: pam_unix(sshd:auth): check pass; user unknown
Mar 29 11:31:44 cls sshd[666956]: pam_unix(sshd:auth): authentication failure; logname= uid=0 euid=0 tty=ssh ruser= rhost=130.12.181.102 
Mar 29 11:31:46 cls sshd[666956]: Failed password for invalid user guan from 130.12.181.102 port 18266 ssh2
Mar 29 11:31:51 cls sshd[666960]: pam_unix(sshd:auth): authentication failure; logname= uid=0 euid=0 tty=ssh ruser= rhost=217.148.142.100  user=root
Mar 29 11:31:51 cls sshd[666956]: Connection closed by invalid user guan 130.12.181.102 port 18266 [preauth]
Mar 29 11:31:52 cls sshd[666960]: Failed password for root from 217.148.142.100 port 60542 ssh2
Mar 29 11:31:54 cls sshd[666960]: Received disconnect from 217.148.142.100 port 60542:11: Bye Bye [preauth]
Mar 29 11:31:54 cls sshd[666960]: Disconnected from authenticating user root 217.148.142.100 port 60542 [preauth]
Mar 29 11:31:56 cls sshd[666958]: Invalid user guobj from 206.123.145.72 port 44826
Mar 29 11:31:57 cls sshd[666962]: Invalid user dev from 130.12.181.98 port 3622
Mar 29 11:31:58 cls sshd[666958]: pam_unix(sshd:auth): check pass; user unknown
Mar 29 11:31:58 cls sshd[666958]: pam_unix(sshd:auth): authentication failure; logname= uid=0 euid=0 tty=ssh ruser= rhost=206.123.145.72 
Mar 29 11:31:59 cls sshd[666962]: pam_unix(sshd:auth): check pass; user unknown
Mar 29 11:31:59 cls sshd[666962]: pam_unix(sshd:auth): authentication failure; logname= uid=0 euid=0 tty=ssh ruser= rhost=130.12.181.98 
Mar 29 11:32:00 cls sshd[666958]: Failed password for invalid user guobj from 206.123.145.72 port 44826 ssh2
Mar 29 11:32:01 cls sshd[666962]: Failed password for invalid user dev from 130.12.181.98 port 3622 ssh2
Mar 29 11:32:01 cls sshd[666964]: Invalid user jinrong from 130.12.181.100 port 51318
Mar 29 11:32:03 cls sshd[666958]: Connection closed by invalid user guobj 206.123.145.72 port 44826 [preauth]
Mar 29 11:32:04 cls sshd[666964]: pam_unix(sshd:auth): check pass; user unknown
Mar 29 11:32:04 cls sshd[666964]: pam_unix(sshd:auth): authentication failure; logname= uid=0 euid=0 tty=ssh ruser= rhost=130.12.181.100 
Mar 29 11:32:04 cls sshd[666962]: Connection closed by invalid user dev 130.12.181.98 port 3622 [preauth]
Mar 29 11:32:06 cls sshd[666964]: Failed password for invalid user jinrong from 130.12.181.100 port 51318 ssh2
Mar 29 11:32:08 cls sshd[666964]: Connection closed by invalid user jinrong 130.12.181.100 port 51318 [preauth]
Mar 29 11:32:40 cls sshd[666966]: pam_unix(sshd:auth): authentication failure; logname= uid=0 euid=0 tty=ssh ruser= rhost=103.187.146.33  user=root
Mar 29 11:32:42 cls sshd[666966]: Failed password for root from 103.187.146.33 port 48650 ssh2
Mar 29 11:32:43 cls sshd[666966]: Received disconnect from 103.187.146.33 port 48650:11: Bye Bye [preauth]
Mar 29 11:32:43 cls sshd[666966]: Disconnected from authenticating user root 103.187.146.33 port 48650 [preauth]
Mar 29 11:33:34 cls sshd[666968]: pam_unix(sshd:auth): authentication failure; logname= uid=0 euid=0 tty=ssh ruser= rhost=130.12.181.104  user=root
Mar 29 11:33:37 cls sshd[666968]: Failed password for root from 130.12.181.104 port 13250 ssh2
Mar 29 11:33:39 cls sshd[666970]: Invalid user angel from 206.123.145.73 port 49584
Mar 29 11:33:39 cls sshd[666968]: Connection closed by authenticating user root 130.12.181.104 port 13250 [preauth]
Mar 29 11:33:40 cls sshd[666970]: pam_unix(sshd:auth): check pass; user unknown
Mar 29 11:33:40 cls sshd[666970]: pam_unix(sshd:auth): authentication failure; logname= uid=0 euid=0 tty=ssh ruser= rhost=206.123.145.73 
Mar 29 11:33:42 cls sshd[666970]: Failed password for invalid user angel from 206.123.145.73 port 49584 ssh2
Mar 29 11:33:45 cls sshd[666970]: Connection closed by invalid user angel 206.123.145.73 port 49584 [preauth]
Mar 29 11:33:59 cls sshd[666973]: Invalid user mjxy from 206.123.145.75 port 64530
Mar 29 11:34:00 cls sshd[666973]: pam_unix(sshd:auth): check pass; user unknown
Mar 29 11:34:00 cls sshd[666973]: pam_unix(sshd:auth): authentication failure; logname= uid=0 euid=0 tty=ssh ruser= rhost=206.123.145.75 
Mar 29 11:34:02 cls sshd[666973]: Failed password for invalid user mjxy from 206.123.145.75 port 64530 ssh2
Mar 29 11:34:05 cls sshd[666973]: Connection closed by invalid user mjxy 206.123.145.75 port 64530 [preauth]
Mar 29 11:34:48 cls sshd[666975]: pam_unix(sshd:auth): authentication failure; logname= uid=0 euid=0 tty=ssh ruser= rhost=217.148.142.100  user=root
Mar 29 11:34:50 cls sshd[666975]: Failed password for root from 217.148.142.100 port 33944 ssh2
Mar 29 11:34:51 cls sshd[666975]: Received disconnect from 217.148.142.100 port 33944:11: Bye Bye [preauth]
Mar 29 11:34:51 cls sshd[666975]: Disconnected from authenticating user root 217.148.142.100 port 33944 [preauth]
Mar 29 11:34:56 cls sshd[666977]: Invalid user lai from 130.12.181.101 port 4104
Mar 29 11:34:59 cls sshd[666977]: pam_unix(sshd:auth): check pass; user unknown
Mar 29 11:34:59 cls sshd[666977]: pam_unix(sshd:auth): authentication failure; logname= uid=0 euid=0 tty=ssh ruser= rhost=130.12.181.101 
Mar 29 11:35:00 cls sshd[666977]: Failed password for invalid user lai from 130.12.181.101 port 4104 ssh2
Mar 29 11:35:03 cls sshd[666977]: Connection closed by invalid user lai 130.12.181.101 port 4104 [preauth]
Mar 29 11:35:33 cls sshd[666991]: Invalid user ops from 206.123.145.79 port 2446
Mar 29 11:35:36 cls sshd[666991]: pam_unix(sshd:auth): check pass; user unknown
Mar 29 11:35:36 cls sshd[666991]: pam_unix(sshd:auth): authentication failure; logname= uid=0 euid=0 tty=ssh ruser= rhost=206.123.145.79 
Mar 29 11:35:38 cls sshd[666991]: Failed password for invalid user ops from 206.123.145.79 port 2446 ssh2
Mar 29 11:35:41 cls sshd[666991]: Connection closed by invalid user ops 206.123.145.79 port 2446 [preauth]
Mar 29 11:36:00 cls sshd[667017]: pam_unix(sshd:auth): authentication failure; logname= uid=0 euid=0 tty=ssh ruser= rhost=103.187.146.33  user=root
Mar 29 11:36:00 cls sshd[667005]: Invalid user yangxu from 130.12.181.107 port 55680
Mar 29 11:36:02 cls sshd[667017]: Failed password for root from 103.187.146.33 port 42566 ssh2
Mar 29 11:36:02 cls sshd[667017]: Received disconnect from 103.187.146.33 port 42566:11: Bye Bye [preauth]
Mar 29 11:36:02 cls sshd[667017]: Disconnected from authenticating user root 103.187.146.33 port 42566 [preauth]
Mar 29 11:36:03 cls sshd[667005]: pam_unix(sshd:auth): check pass; user unknown
Mar 29 11:36:03 cls sshd[667005]: pam_unix(sshd:auth): authentication failure; logname= uid=0 euid=0 tty=ssh ruser= rhost=130.12.181.107 
Mar 29 11:36:04 cls sshd[667011]: pam_unix(sshd:auth): authentication failure; logname= uid=0 euid=0 tty=ssh ruser= rhost=206.123.145.57  user=root
Mar 29 11:36:05 cls sshd[667005]: Failed password for invalid user yangxu from 130.12.181.107 port 55680 ssh2
Mar 29 11:36:06 cls sshd[667011]: Failed password for root from 206.123.145.57 port 35320 ssh2
Mar 29 11:36:06 cls sshd[667005]: Connection closed by invalid user yangxu 130.12.181.107 port 55680 [preauth]
Mar 29 11:36:08 cls sshd[667011]: Connection closed by authenticating user root 206.123.145.57 port 35320 [preauth]
Mar 29 11:36:27 cls sshd[667049]: Invalid user zhaoxuekun from 206.123.145.76 port 23674
Mar 29 11:36:28 cls sshd[667043]: Invalid user deploy from 206.123.145.20 port 46268
Mar 29 11:36:29 cls sshd[667042]: Invalid user gc from 206.123.145.49 port 45604
Mar 29 11:36:29 cls sshd[667049]: pam_unix(sshd:auth): check pass; user unknown
Mar 29 11:36:29 cls sshd[667049]: pam_unix(sshd:auth): authentication failure; logname= uid=0 euid=0 tty=ssh ruser= rhost=206.123.145.76 
Mar 29 11:36:29 cls sshd[667043]: pam_unix(sshd:auth): check pass; user unknown
Mar 29 11:36:29 cls sshd[667043]: pam_unix(sshd:auth): authentication failure; logname= uid=0 euid=0 tty=ssh ruser= rhost=206.123.145.20 
Mar 29 11:36:31 cls sshd[667049]: Failed password for invalid user zhaoxuekun from 206.123.145.76 port 23674 ssh2
Mar 29 11:36:31 cls sshd[667043]: Failed password for invalid user deploy from 206.123.145.20 port 46268 ssh2
Mar 29 11:36:32 cls sshd[667043]: Connection closed by invalid user deploy 206.123.145.20 port 46268 [preauth]
Mar 29 11:36:32 cls sshd[667042]: pam_unix(sshd:auth): check pass; user unknown
Mar 29 11:36:32 cls sshd[667042]: pam_unix(sshd:auth): authentication failure; logname= uid=0 euid=0 tty=ssh ruser= rhost=206.123.145.49 
Mar 29 11:36:34 cls sshd[667049]: Connection closed by invalid user zhaoxuekun 206.123.145.76 port 23674 [preauth]
Mar 29 11:36:34 cls sshd[667042]: Failed password for invalid user gc from 206.123.145.49 port 45604 ssh2
Mar 29 11:36:36 cls sshd[667042]: Connection closed by invalid user gc 206.123.145.49 port 45604 [preauth]
Mar 29 11:37:00 cls sshd[667083]: Invalid user dmdba from 206.123.145.50 port 55988
Mar 29 11:37:02 cls sshd[667083]: pam_unix(sshd:auth): check pass; user unknown
Mar 29 11:37:02 cls sshd[667083]: pam_unix(sshd:auth): authentication failure; logname= uid=0 euid=0 tty=ssh ruser= rhost=206.123.145.50 
Mar 29 11:37:02 cls sshd[667084]: Invalid user fuhui from 206.123.145.77 port 49562
Mar 29 11:37:04 cls sshd[667084]: pam_unix(sshd:auth): check pass; user unknown
Mar 29 11:37:04 cls sshd[667084]: pam_unix(sshd:auth): authentication failure; logname= uid=0 euid=0 tty=ssh ruser= rhost=206.123.145.77 
Mar 29 11:37:04 cls sshd[667083]: Failed password for invalid user dmdba from 206.123.145.50 port 55988 ssh2
Mar 29 11:37:05 cls sshd[667084]: Failed password for invalid user fuhui from 206.123.145.77 port 49562 ssh2
Mar 29 11:37:06 cls sshd[667083]: Connection closed by invalid user dmdba 206.123.145.50 port 55988 [preauth]
Mar 29 11:37:08 cls sshd[667084]: Connection closed by invalid user fuhui 206.123.145.77 port 49562 [preauth]
Mar 29 11:37:12 cls sshd[667089]: pam_unix(sshd:auth): authentication failure; logname= uid=0 euid=0 tty=ssh ruser= rhost=206.123.145.78  user=root
Mar 29 11:37:14 cls sshd[667089]: Failed password for root from 206.123.145.78 port 45916 ssh2
Mar 29 11:37:16 cls sshd[667097]: Invalid user chaihaoye from 206.123.145.55 port 29722
Mar 29 11:37:19 cls sshd[667097]: pam_unix(sshd:auth): check pass; user unknown
Mar 29 11:37:19 cls sshd[667097]: pam_unix(sshd:auth): authentication failure; logname= uid=0 euid=0 tty=ssh ruser= rhost=206.123.145.55 
Mar 29 11:37:19 cls sshd[667089]: Connection closed by authenticating user root 206.123.145.78 port 45916 [preauth]
Mar 29 11:37:21 cls sshd[667097]: Failed password for invalid user chaihaoye from 206.123.145.55 port 29722 ssh2
Mar 29 11:37:24 cls sshd[667097]: Connection closed by invalid user chaihaoye 206.123.145.55 port 29722 [preauth]
Mar 29 11:37:50 cls sshd[667131]: Invalid user zhangbo from 130.12.181.103 port 49510
Mar 29 11:37:53 cls sshd[667131]: pam_unix(sshd:auth): check pass; user unknown
Mar 29 11:37:53 cls sshd[667131]: pam_unix(sshd:auth): authentication failure; logname= uid=0 euid=0 tty=ssh ruser= rhost=130.12.181.103 
Mar 29 11:37:55 cls sshd[667131]: Failed password for invalid user zhangbo from 130.12.181.103 port 49510 ssh2
Mar 29 11:37:57 cls sshd[667131]: Connection closed by invalid user zhangbo 130.12.181.103 port 49510 [preauth]
Mar 29 11:37:58 cls sshd[667133]: pam_unix(sshd:auth): authentication failure; logname= uid=0 euid=0 tty=ssh ruser= rhost=206.123.145.69  user=root
Mar 29 11:38:00 cls sshd[667133]: Failed password for root from 206.123.145.69 port 39458 ssh2
Mar 29 11:38:02 cls sshd[667133]: Connection closed by authenticating user root 206.123.145.69 port 39458 [preauth]
Mar 29 11:38:08 cls sshd[667139]: pam_unix(sshd:auth): authentication failure; logname= uid=0 euid=0 tty=ssh ruser= rhost=130.12.181.99  user=root
Mar 29 11:38:10 cls sshd[667139]: Failed password for root from 130.12.181.99 port 62380 ssh2
Mar 29 11:38:13 cls sshd[667139]: Connection closed by authenticating user root 130.12.181.99 port 62380 [preauth]
Mar 29 11:38:22 cls sshd[667145]: Invalid user fengzch from 206.123.145.70 port 17916
Mar 29 11:38:23 cls sshd[667143]: pam_unix(sshd:auth): authentication failure; logname= uid=0 euid=0 tty=ssh ruser= rhost=130.12.181.97  user=root
Mar 29 11:38:24 cls sshd[667145]: pam_unix(sshd:auth): check pass; user unknown
Mar 29 11:38:24 cls sshd[667145]: pam_unix(sshd:auth): authentication failure; logname= uid=0 euid=0 tty=ssh ruser= rhost=206.123.145.70 
Mar 29 11:38:25 cls sshd[667143]: Failed password for root from 130.12.181.97 port 41356 ssh2
Mar 29 11:38:26 cls sshd[667145]: Failed password for invalid user fengzch from 206.123.145.70 port 17916 ssh2
Mar 29 11:38:28 cls sshd[667143]: Connection closed by authenticating user root 130.12.181.97 port 41356 [preauth]
Mar 29 11:38:30 cls sshd[667145]: Connection closed by invalid user fengzch 206.123.145.70 port 17916 [preauth]
Mar 29 11:38:34 cls sshd[667149]: Invalid user chenxi from 130.12.181.109 port 65132
Mar 29 11:38:35 cls sshd[667149]: pam_unix(sshd:auth): check pass; user unknown
Mar 29 11:38:35 cls sshd[667149]: pam_unix(sshd:auth): authentication failure; logname= uid=0 euid=0 tty=ssh ruser= rhost=130.12.181.109 
Mar 29 11:38:38 cls sshd[667149]: Failed password for invalid user chenxi from 130.12.181.109 port 65132 ssh2
Mar 29 11:38:40 cls sshd[667149]: Connection closed by invalid user chenxi 130.12.181.109 port 65132 [preauth]
Mar 29 11:38:53 cls sshd[667165]: Invalid user fangfang from 130.12.181.105 port 37424
Mar 29 11:38:55 cls sshd[667165]: pam_unix(sshd:auth): check pass; user unknown
Mar 29 11:38:55 cls sshd[667165]: pam_unix(sshd:auth): authentication failure; logname= uid=0 euid=0 tty=ssh ruser= rhost=130.12.181.105 
Mar 29 11:38:55 cls sshd[667167]: Invalid user admin from 130.12.181.106 port 65302
Mar 29 11:38:57 cls sshd[667165]: Failed password for invalid user fangfang from 130.12.181.105 port 37424 ssh2
Mar 29 11:38:57 cls sshd[667167]: pam_unix(sshd:auth): check pass; user unknown
Mar 29 11:38:57 cls sshd[667167]: pam_unix(sshd:auth): authentication failure; logname= uid=0 euid=0 tty=ssh ruser= rhost=130.12.181.106 
Mar 29 11:39:00 cls sshd[667165]: Connection closed by invalid user fangfang 130.12.181.105 port 37424 [preauth]
Mar 29 11:39:00 cls sshd[667167]: Failed password for invalid user admin from 130.12.181.106 port 65302 ssh2
Mar 29 11:39:01 cls CRON[667496]: pam_unix(cron:session): session opened for user root by (uid=0)
Mar 29 11:39:01 cls CRON[667496]: pam_unix(cron:session): session closed for user root
Mar 29 11:39:03 cls sshd[667167]: Connection closed by invalid user admin 130.12.181.106 port 65302 [preauth]
Mar 29 11:39:09 cls sshd[667171]: Invalid user visa from 206.123.145.53 port 23492
Mar 29 11:39:11 cls sshd[667171]: pam_unix(sshd:auth): check pass; user unknown
Mar 29 11:39:11 cls sshd[667171]: pam_unix(sshd:auth): authentication failure; logname= uid=0 euid=0 tty=ssh ruser= rhost=206.123.145.53 
Mar 29 11:39:12 cls sshd[667171]: Failed password for invalid user visa from 206.123.145.53 port 23492 ssh2
Mar 29 11:39:14 cls sshd[667171]: Connection closed by invalid user visa 206.123.145.53 port 23492 [preauth]
Mar 29 11:39:16 cls sshd[667560]: Invalid user andrei from 130.12.181.98 port 37590
Mar 29 11:39:18 cls sshd[667560]: pam_unix(sshd:auth): check pass; user unknown
Mar 29 11:39:18 cls sshd[667560]: pam_unix(sshd:auth): authentication failure; logname= uid=0 euid=0 tty=ssh ruser= rhost=130.12.181.98 
Mar 29 11:39:19 cls sshd[667560]: Failed password for invalid user andrei from 130.12.181.98 port 37590 ssh2
Mar 29 11:39:20 cls sshd[667564]: pam_unix(sshd:auth): authentication failure; logname= uid=0 euid=0 tty=ssh ruser= rhost=103.187.146.33  user=root
Mar 29 11:39:20 cls sshd[667561]: Invalid user kadmin from 206.123.145.56 port 55032
Mar 29 11:39:21 cls sshd[667561]: pam_unix(sshd:auth): check pass; user unknown
Mar 29 11:39:21 cls sshd[667561]: pam_unix(sshd:auth): authentication failure; logname= uid=0 euid=0 tty=ssh ruser= rhost=206.123.145.56 
Mar 29 11:39:22 cls sshd[667564]: Failed password for root from 103.187.146.33 port 34698 ssh2
Mar 29 11:39:23 cls sshd[667560]: Connection closed by invalid user andrei 130.12.181.98 port 37590 [preauth]
Mar 29 11:39:24 cls sshd[667561]: Failed password for invalid user kadmin from 206.123.145.56 port 55032 ssh2
Mar 29 11:39:25 cls sshd[667564]: Received disconnect from 103.187.146.33 port 34698:11: Bye Bye [preauth]
Mar 29 11:39:25 cls sshd[667564]: Disconnected from authenticating user root 103.187.146.33 port 34698 [preauth]
Mar 29 11:39:28 cls sshd[667561]: Connection closed by invalid user kadmin 206.123.145.56 port 55032 [preauth]
Mar 29 11:39:56 cls sshd[667578]: Invalid user parasuram from 206.123.145.71 port 6822
Mar 29 11:39:59 cls sshd[667578]: pam_unix(sshd:auth): check pass; user unknown
Mar 29 11:39:59 cls sshd[667578]: pam_unix(sshd:auth): authentication failure; logname= uid=0 euid=0 tty=ssh ruser= rhost=206.123.145.71 
Mar 29 11:40:01 cls sshd[667578]: Failed password for invalid user parasuram from 206.123.145.71 port 6822 ssh2
Mar 29 11:40:04 cls sshd[667578]: Connection closed by invalid user parasuram 206.123.145.71 port 6822 [preauth]
Mar 29 11:40:07 cls sshd[667582]: Invalid user oracle from 130.12.181.108 port 29726
Mar 29 11:40:09 cls sshd[667582]: pam_unix(sshd:auth): check pass; user unknown
Mar 29 11:40:09 cls sshd[667582]: pam_unix(sshd:auth): authentication failure; logname= uid=0 euid=0 tty=ssh ruser= rhost=130.12.181.108 
Mar 29 11:40:11 cls sshd[667582]: Failed password for invalid user oracle from 130.12.181.108 port 29726 ssh2
Mar 29 11:40:16 cls sshd[667584]: Invalid user admin from 206.123.145.46 port 1258
Mar 29 11:40:16 cls sshd[667582]: Connection closed by invalid user oracle 130.12.181.108 port 29726 [preauth]
Mar 29 11:40:17 cls sshd[667584]: pam_unix(sshd:auth): check pass; user unknown
Mar 29 11:40:17 cls sshd[667584]: pam_unix(sshd:auth): authentication failure; logname= uid=0 euid=0 tty=ssh ruser= rhost=206.123.145.46 
Mar 29 11:40:19 cls sshd[667584]: Failed password for invalid user admin from 206.123.145.46 port 1258 ssh2
Mar 29 11:40:23 cls sshd[667584]: Connection closed by invalid user admin 206.123.145.46 port 1258 [preauth]
Mar 29 11:40:31 cls sshd[667586]: pam_unix(sshd:auth): authentication failure; logname= uid=0 euid=0 tty=ssh ruser= rhost=130.12.181.102  user=root
Mar 29 11:40:31 cls sshd[667588]: pam_unix(sshd:auth): authentication failure; logname= uid=0 euid=0 tty=ssh ruser= rhost=206.123.145.52  user=root
Mar 29 11:40:33 cls sshd[667586]: Failed password for root from 130.12.181.102 port 32848 ssh2
Mar 29 11:40:33 cls sshd[667588]: Failed password for root from 206.123.145.52 port 38032 ssh2
Mar 29 11:40:36 cls sshd[667588]: Connection closed by authenticating user root 206.123.145.52 port 38032 [preauth]
Mar 29 11:40:36 cls sshd[667586]: Connection closed by authenticating user root 130.12.181.102 port 32848 [preauth]
Mar 29 11:40:47 cls sshd[667600]: pam_unix(sshd:auth): authentication failure; logname= uid=0 euid=0 tty=ssh ruser= rhost=130.12.181.100  user=root
Mar 29 11:40:49 cls sshd[667600]: Failed password for root from 130.12.181.100 port 43392 ssh2
Mar 29 11:40:51 cls sshd[667600]: Connection closed by authenticating user root 130.12.181.100 port 43392 [preauth]
Mar 29 11:41:22 cls sshd[667605]: Invalid user sammy from 206.123.145.54 port 39230
Mar 29 11:41:25 cls sshd[667605]: pam_unix(sshd:auth): check pass; user unknown
Mar 29 11:41:25 cls sshd[667605]: pam_unix(sshd:auth): authentication failure; logname= uid=0 euid=0 tty=ssh ruser= rhost=206.123.145.54 
Mar 29 11:41:26 cls sshd[667605]: Failed password for invalid user sammy from 206.123.145.54 port 39230 ssh2
Mar 29 11:41:29 cls sshd[667605]: Connection closed by invalid user sammy 206.123.145.54 port 39230 [preauth]
Mar 29 11:41:33 cls sshd[667616]: Invalid user lnx from 206.123.145.51 port 20138
Mar 29 11:41:33 cls sshd[667615]: Invalid user guosiqi from 206.123.145.74 port 61258
Mar 29 11:41:34 cls sshd[667618]: Invalid user menu from 206.123.145.48 port 44362
Mar 29 11:41:35 cls sshd[667616]: pam_unix(sshd:auth): check pass; user unknown
Mar 29 11:41:35 cls sshd[667616]: pam_unix(sshd:auth): authentication failure; logname= uid=0 euid=0 tty=ssh ruser= rhost=206.123.145.51 
Mar 29 11:41:35 cls sshd[667615]: pam_unix(sshd:auth): check pass; user unknown
Mar 29 11:41:35 cls sshd[667615]: pam_unix(sshd:auth): authentication failure; logname= uid=0 euid=0 tty=ssh ruser= rhost=206.123.145.74 
Mar 29 11:41:36 cls sshd[667618]: pam_unix(sshd:auth): check pass; user unknown
Mar 29 11:41:36 cls sshd[667618]: pam_unix(sshd:auth): authentication failure; logname= uid=0 euid=0 tty=ssh ruser= rhost=206.123.145.48 
Mar 29 11:41:36 cls sshd[667616]: Failed password for invalid user lnx from 206.123.145.51 port 20138 ssh2
Mar 29 11:41:37 cls sshd[667615]: Failed password for invalid user guosiqi from 206.123.145.74 port 61258 ssh2
Mar 29 11:41:37 cls sshd[667618]: Failed password for invalid user menu from 206.123.145.48 port 44362 ssh2
Mar 29 11:41:39 cls sshd[667615]: Connection closed by invalid user guosiqi 206.123.145.74 port 61258 [preauth]
Mar 29 11:41:40 cls sshd[667616]: Connection closed by invalid user lnx 206.123.145.51 port 20138 [preauth]
Mar 29 11:41:40 cls sshd[667618]: Connection closed by invalid user menu 206.123.145.48 port 44362 [preauth]
Mar 29 11:42:23 cls sshd[667635]: Invalid user admin from 130.12.181.104 port 43476
Mar 29 11:42:25 cls sshd[667635]: pam_unix(sshd:auth): check pass; user unknown
Mar 29 11:42:25 cls sshd[667635]: pam_unix(sshd:auth): authentication failure; logname= uid=0 euid=0 tty=ssh ruser= rhost=130.12.181.104 
Mar 29 11:42:27 cls sshd[667635]: Failed password for invalid user admin from 130.12.181.104 port 43476 ssh2
Mar 29 11:42:29 cls sshd[667639]: Invalid user batch from 206.123.145.72 port 20516
Mar 29 11:42:31 cls sshd[667635]: Connection closed by invalid user admin 130.12.181.104 port 43476 [preauth]
Mar 29 11:42:32 cls sshd[667639]: pam_unix(sshd:auth): check pass; user unknown
Mar 29 11:42:32 cls sshd[667639]: pam_unix(sshd:auth): authentication failure; logname= uid=0 euid=0 tty=ssh ruser= rhost=206.123.145.72 
Mar 29 11:42:33 cls sshd[667639]: Failed password for invalid user batch from 206.123.145.72 port 20516 ssh2
Mar 29 11:42:37 cls sshd[667639]: Connection closed by invalid user batch 206.123.145.72 port 20516 [preauth]
Mar 29 11:42:39 cls sshd[667663]: pam_unix(sshd:auth): authentication failure; logname= uid=0 euid=0 tty=ssh ruser= rhost=103.187.146.33  user=root
Mar 29 11:42:41 cls sshd[667663]: Failed password for root from 103.187.146.33 port 60622 ssh2
Mar 29 11:42:42 cls sshd[667663]: Received disconnect from 103.187.146.33 port 60622:11: Bye Bye [preauth]
Mar 29 11:42:42 cls sshd[667663]: Disconnected from authenticating user root 103.187.146.33 port 60622 [preauth]
Mar 29 11:44:04 cls sshd[667711]: Invalid user nas from 206.123.145.75 port 15624
Mar 29 11:44:04 cls sshd[667710]: pam_unix(sshd:auth): authentication failure; logname= uid=0 euid=0 tty=ssh ruser= rhost=130.12.181.101  user=root
Mar 29 11:44:05 cls sshd[667710]: Failed password for root from 130.12.181.101 port 48380 ssh2
Mar 29 11:44:05 cls sshd[667711]: pam_unix(sshd:auth): check pass; user unknown
Mar 29 11:44:05 cls sshd[667711]: pam_unix(sshd:auth): authentication failure; logname= uid=0 euid=0 tty=ssh ruser= rhost=206.123.145.75 
Mar 29 11:44:06 cls sshd[667707]: Invalid user yulong from 206.123.145.73 port 44356
Mar 29 11:44:07 cls sshd[667711]: Failed password for invalid user nas from 206.123.145.75 port 15624 ssh2
Mar 29 11:44:07 cls sshd[667710]: Connection closed by authenticating user root 130.12.181.101 port 48380 [preauth]
Mar 29 11:44:09 cls sshd[667707]: pam_unix(sshd:auth): check pass; user unknown
Mar 29 11:44:09 cls sshd[667707]: pam_unix(sshd:auth): authentication failure; logname= uid=0 euid=0 tty=ssh ruser= rhost=206.123.145.73 
Mar 29 11:44:11 cls sshd[667707]: Failed password for invalid user yulong from 206.123.145.73 port 44356 ssh2
Mar 29 11:44:11 cls sshd[667711]: Connection closed by invalid user nas 206.123.145.75 port 15624 [preauth]
Mar 29 11:44:14 cls sshd[667707]: Connection closed by invalid user yulong 206.123.145.73 port 44356 [preauth]
Mar 29 11:44:54 cls sshd[667761]: Invalid user ggm from 130.12.181.107 port 46364
Mar 29 11:44:56 cls sshd[667761]: pam_unix(sshd:auth): check pass; user unknown
Mar 29 11:44:56 cls sshd[667761]: pam_unix(sshd:auth): authentication failure; logname= uid=0 euid=0 tty=ssh ruser= rhost=130.12.181.107 
Mar 29 11:44:58 cls sshd[667761]: Failed password for invalid user ggm from 130.12.181.107 port 46364 ssh2
Mar 29 11:45:01 cls sshd[667761]: Connection closed by invalid user ggm 130.12.181.107 port 46364 [preauth]
Mar 29 11:46:03 cls sshd[667799]: Invalid user yangyi from 206.123.145.79 port 5384
Mar 29 11:46:04 cls sshd[667801]: Invalid user zjx from 206.123.145.20 port 13946
Mar 29 11:46:05 cls sshd[667799]: pam_unix(sshd:auth): check pass; user unknown
Mar 29 11:46:05 cls sshd[667799]: pam_unix(sshd:auth): authentication failure; logname= uid=0 euid=0 tty=ssh ruser= rhost=206.123.145.79 
Mar 29 11:46:07 cls sshd[667799]: Failed password for invalid user yangyi from 206.123.145.79 port 5384 ssh2
Mar 29 11:46:07 cls sshd[667801]: pam_unix(sshd:auth): check pass; user unknown
Mar 29 11:46:07 cls sshd[667801]: pam_unix(sshd:auth): authentication failure; logname= uid=0 euid=0 tty=ssh ruser= rhost=206.123.145.20 
Mar 29 11:46:09 cls sshd[667801]: Failed password for invalid user zjx from 206.123.145.20 port 13946 ssh2
Mar 29 11:46:09 cls sshd[667809]: pam_unix(sshd:auth): authentication failure; logname= uid=0 euid=0 tty=ssh ruser= rhost=103.187.146.33  user=root
Mar 29 11:46:10 cls sshd[667799]: Connection closed by invalid user yangyi 206.123.145.79 port 5384 [preauth]
Mar 29 11:46:11 cls sshd[667801]: Connection closed by invalid user zjx 206.123.145.20 port 13946 [preauth]
Mar 29 11:46:11 cls sshd[667809]: Failed password for root from 103.187.146.33 port 50510 ssh2
Mar 29 11:46:12 cls sshd[667809]: Received disconnect from 103.187.146.33 port 50510:11: Bye Bye [preauth]
Mar 29 11:46:12 cls sshd[667809]: Disconnected from authenticating user root 103.187.146.33 port 50510 [preauth]
Mar 29 11:46:19 cls sshd[667811]: Invalid user tagih3 from 206.123.145.57 port 12564
Mar 29 11:46:21 cls sshd[667811]: pam_unix(sshd:auth): check pass; user unknown
