Mar 29 00:23:25 cls sshd[631663]: Connection closed by invalid user wangmx3 206.123.145.54 port 51438 [preauth]
Mar 29 00:23:40 cls sshd[631679]: Invalid user server from 130.12.181.108 port 18898
Mar 29 00:23:42 cls sshd[631679]: pam_unix(sshd:auth): check pass; user unknown
Mar 29 00:23:42 cls sshd[631679]: pam_unix(sshd:auth): authentication failure; logname= uid=0 euid=0 tty=ssh ruser= rhost=130.12.181.108 
Mar 29 00:23:44 cls sshd[631679]: Failed password for invalid user server from 130.12.181.108 port 18898 ssh2
Mar 29 00:23:46 cls sshd[631679]: Connection closed by invalid user server 130.12.181.108 port 18898 [preauth]
Mar 29 00:23:53 cls sshd[631689]: Invalid user gitlab from 206.123.145.75 port 60364
Mar 29 00:23:54 cls sshd[631690]: Invalid user openstack from 130.12.181.102 port 38616
Mar 29 00:23:54 cls sshd[631691]: Invalid user ttt from 206.123.145.76 port 37738
Mar 29 00:23:55 cls sshd[631690]: pam_unix(sshd:auth): check pass; user unknown
Mar 29 00:23:55 cls sshd[631690]: pam_unix(sshd:auth): authentication failure; logname= uid=0 euid=0 tty=ssh ruser= rhost=130.12.181.102 
Mar 29 00:23:55 cls sshd[631691]: pam_unix(sshd:auth): check pass; user unknown
Mar 29 00:23:55 cls sshd[631691]: pam_unix(sshd:auth): authentication failure; logname= uid=0 euid=0 tty=ssh ruser= rhost=206.123.145.76 
Mar 29 00:23:56 cls sshd[631697]: Invalid user cjpl-trf from 130.12.181.107 port 65462
Mar 29 00:23:56 cls sshd[631689]: pam_unix(sshd:auth): check pass; user unknown
Mar 29 00:23:56 cls sshd[631689]: pam_unix(sshd:auth): authentication failure; logname= uid=0 euid=0 tty=ssh ruser= rhost=206.123.145.75 
Mar 29 00:23:57 cls sshd[631690]: Failed password for invalid user openstack from 130.12.181.102 port 38616 ssh2
Mar 29 00:23:57 cls sshd[631691]: Failed password for invalid user ttt from 206.123.145.76 port 37738 ssh2
Mar 29 00:23:57 cls sshd[631697]: pam_unix(sshd:auth): check pass; user unknown
Mar 29 00:23:57 cls sshd[631697]: pam_unix(sshd:auth): authentication failure; logname= uid=0 euid=0 tty=ssh ruser= rhost=130.12.181.107 
Mar 29 00:23:58 cls sshd[631689]: Failed password for invalid user gitlab from 206.123.145.75 port 60364 ssh2
Mar 29 00:24:00 cls sshd[631697]: Failed password for invalid user cjpl-trf from 130.12.181.107 port 65462 ssh2
Mar 29 00:24:00 cls sshd[631690]: Connection closed by invalid user openstack 130.12.181.102 port 38616 [preauth]
Mar 29 00:24:01 cls sshd[631689]: Connection closed by invalid user gitlab 206.123.145.75 port 60364 [preauth]
Mar 29 00:24:01 cls sshd[631697]: Connection closed by invalid user cjpl-trf 130.12.181.107 port 65462 [preauth]
Mar 29 00:24:01 cls sshd[631691]: Connection closed by invalid user ttt 206.123.145.76 port 37738 [preauth]
Mar 29 00:24:41 cls sshd[631746]: pam_unix(sshd:auth): authentication failure; logname= uid=0 euid=0 tty=ssh ruser= rhost=81.192.46.45  user=root
Mar 29 00:24:43 cls sshd[631746]: Failed password for root from 81.192.46.45 port 54852 ssh2
Mar 29 00:24:44 cls sshd[631746]: Received disconnect from 81.192.46.45 port 54852:11: Bye Bye [preauth]
Mar 29 00:24:44 cls sshd[631746]: Disconnected from authenticating user root 81.192.46.45 port 54852 [preauth]
Mar 29 00:25:00 cls sshd[631750]: Invalid user devops from 130.12.181.106 port 12798
Mar 29 00:25:02 cls sshd[631750]: pam_unix(sshd:auth): check pass; user unknown
Mar 29 00:25:02 cls sshd[631750]: pam_unix(sshd:auth): authentication failure; logname= uid=0 euid=0 tty=ssh ruser= rhost=130.12.181.106 
Mar 29 00:25:04 cls sshd[631750]: Failed password for invalid user devops from 130.12.181.106 port 12798 ssh2
Mar 29 00:25:06 cls sshd[631750]: Connection closed by invalid user devops 130.12.181.106 port 12798 [preauth]
Mar 29 00:25:55 cls sshd[631767]: Invalid user kangle from 206.123.145.48 port 52034
Mar 29 00:25:56 cls sshd[631767]: pam_unix(sshd:auth): check pass; user unknown
Mar 29 00:25:56 cls sshd[631767]: pam_unix(sshd:auth): authentication failure; logname= uid=0 euid=0 tty=ssh ruser= rhost=206.123.145.48 
Mar 29 00:25:59 cls sshd[631767]: Failed password for invalid user kangle from 206.123.145.48 port 52034 ssh2
Mar 29 00:26:01 cls sshd[631767]: Connection closed by invalid user kangle 206.123.145.48 port 52034 [preauth]
Mar 29 00:26:04 cls sshd[631771]: Invalid user alisufi from 206.123.145.74 port 9904
Mar 29 00:26:05 cls sshd[631771]: pam_unix(sshd:auth): check pass; user unknown
Mar 29 00:26:05 cls sshd[631771]: pam_unix(sshd:auth): authentication failure; logname= uid=0 euid=0 tty=ssh ruser= rhost=206.123.145.74 
Mar 29 00:26:07 cls sshd[631771]: Failed password for invalid user alisufi from 206.123.145.74 port 9904 ssh2
Mar 29 00:26:09 cls sshd[631771]: Connection closed by invalid user alisufi 206.123.145.74 port 9904 [preauth]
Mar 29 00:26:22 cls sshd[631778]: Invalid user andin from 206.123.145.56 port 3078
Mar 29 00:26:23 cls sshd[631778]: pam_unix(sshd:auth): check pass; user unknown
Mar 29 00:26:23 cls sshd[631778]: pam_unix(sshd:auth): authentication failure; logname= uid=0 euid=0 tty=ssh ruser= rhost=206.123.145.56 
Mar 29 00:26:26 cls sshd[631778]: Failed password for invalid user andin from 206.123.145.56 port 3078 ssh2
Mar 29 00:26:29 cls sshd[631780]: Invalid user sistemas from 130.12.181.104 port 8880
Mar 29 00:26:29 cls sshd[631778]: Connection closed by invalid user andin 206.123.145.56 port 3078 [preauth]
Mar 29 00:26:30 cls sshd[631780]: pam_unix(sshd:auth): check pass; user unknown
Mar 29 00:26:30 cls sshd[631780]: pam_unix(sshd:auth): authentication failure; logname= uid=0 euid=0 tty=ssh ruser= rhost=130.12.181.104 
Mar 29 00:26:31 cls sshd[631780]: Failed password for invalid user sistemas from 130.12.181.104 port 8880 ssh2
Mar 29 00:26:33 cls sshd[631780]: Connection closed by invalid user sistemas 130.12.181.104 port 8880 [preauth]
Mar 29 00:26:41 cls sshd[631801]: Invalid user hmt from 130.12.181.100 port 10346
Mar 29 00:26:43 cls sshd[631801]: pam_unix(sshd:auth): check pass; user unknown
Mar 29 00:26:43 cls sshd[631801]: pam_unix(sshd:auth): authentication failure; logname= uid=0 euid=0 tty=ssh ruser= rhost=130.12.181.100 
Mar 29 00:26:45 cls sshd[631801]: Failed password for invalid user hmt from 130.12.181.100 port 10346 ssh2
Mar 29 00:26:48 cls sshd[631801]: Connection closed by invalid user hmt 130.12.181.100 port 10346 [preauth]
Mar 29 00:26:50 cls sshd[631803]: Invalid user haproxy from 206.123.145.53 port 30208
Mar 29 00:26:51 cls sshd[631803]: pam_unix(sshd:auth): check pass; user unknown
Mar 29 00:26:51 cls sshd[631803]: pam_unix(sshd:auth): authentication failure; logname= uid=0 euid=0 tty=ssh ruser= rhost=206.123.145.53 
Mar 29 00:26:52 cls sshd[631803]: Failed password for invalid user haproxy from 206.123.145.53 port 30208 ssh2
Mar 29 00:26:54 cls sshd[631803]: Connection closed by invalid user haproxy 206.123.145.53 port 30208 [preauth]
Mar 29 00:26:54 cls sshd[631805]: Invalid user djw from 206.123.145.70 port 40656
Mar 29 00:26:57 cls sshd[631805]: pam_unix(sshd:auth): check pass; user unknown
Mar 29 00:26:57 cls sshd[631805]: pam_unix(sshd:auth): authentication failure; logname= uid=0 euid=0 tty=ssh ruser= rhost=206.123.145.70 
Mar 29 00:27:00 cls sshd[631805]: Failed password for invalid user djw from 206.123.145.70 port 40656 ssh2
Mar 29 00:27:03 cls sshd[631805]: Connection closed by invalid user djw 206.123.145.70 port 40656 [preauth]
Mar 29 00:27:45 cls sshd[631837]: pam_unix(sshd:auth): authentication failure; logname= uid=0 euid=0 tty=ssh ruser= rhost=57.128.223.80  user=root
Mar 29 00:27:47 cls sshd[631837]: Failed password for root from 57.128.223.80 port 55106 ssh2
Mar 29 00:27:48 cls sshd[631837]: Received disconnect from 57.128.223.80 port 55106:11: Bye Bye [preauth]
Mar 29 00:27:48 cls sshd[631837]: Disconnected from authenticating user root 57.128.223.80 port 55106 [preauth]
Mar 29 00:28:01 cls sshd[631847]: pam_unix(sshd:auth): authentication failure; logname= uid=0 euid=0 tty=ssh ruser= rhost=147.135.251.134  user=root
Mar 29 00:28:02 cls sshd[631847]: Failed password for root from 147.135.251.134 port 41026 ssh2
Mar 29 00:28:03 cls sshd[631847]: Received disconnect from 147.135.251.134 port 41026:11: Bye Bye [preauth]
Mar 29 00:28:03 cls sshd[631847]: Disconnected from authenticating user root 147.135.251.134 port 41026 [preauth]
Mar 29 00:28:39 cls sshd[631861]: pam_unix(sshd:auth): authentication failure; logname= uid=0 euid=0 tty=ssh ruser= rhost=181.23.38.190  user=root
Mar 29 00:28:41 cls sshd[631861]: Failed password for root from 181.23.38.190 port 59470 ssh2
Mar 29 00:28:42 cls sshd[631861]: Received disconnect from 181.23.38.190 port 59470:11: Bye Bye [preauth]
Mar 29 00:28:42 cls sshd[631861]: Disconnected from authenticating user root 181.23.38.190 port 59470 [preauth]
Mar 29 00:29:15 cls sshd[631895]: Invalid user hoo from 206.123.145.52 port 28484
Mar 29 00:29:16 cls sshd[631895]: pam_unix(sshd:auth): check pass; user unknown
Mar 29 00:29:16 cls sshd[631895]: pam_unix(sshd:auth): authentication failure; logname= uid=0 euid=0 tty=ssh ruser= rhost=206.123.145.52 
Mar 29 00:29:19 cls sshd[631895]: Failed password for invalid user hoo from 206.123.145.52 port 28484 ssh2
Mar 29 00:29:22 cls sshd[631903]: Invalid user zhengjj from 206.123.145.77 port 9628
Mar 29 00:29:22 cls sshd[631895]: Connection closed by invalid user hoo 206.123.145.52 port 28484 [preauth]
Mar 29 00:29:22 cls sshd[631903]: pam_unix(sshd:auth): check pass; user unknown
Mar 29 00:29:22 cls sshd[631903]: pam_unix(sshd:auth): authentication failure; logname= uid=0 euid=0 tty=ssh ruser= rhost=206.123.145.77 
Mar 29 00:29:24 cls sshd[631907]: Invalid user zky from 206.123.145.20 port 8750
Mar 29 00:29:25 cls sshd[631903]: Failed password for invalid user zhengjj from 206.123.145.77 port 9628 ssh2
Mar 29 00:29:26 cls sshd[631907]: pam_unix(sshd:auth): check pass; user unknown
Mar 29 00:29:26 cls sshd[631907]: pam_unix(sshd:auth): authentication failure; logname= uid=0 euid=0 tty=ssh ruser= rhost=206.123.145.20 
Mar 29 00:29:26 cls sshd[631903]: Connection closed by invalid user zhengjj 206.123.145.77 port 9628 [preauth]
Mar 29 00:29:27 cls sshd[631907]: Failed password for invalid user zky from 206.123.145.20 port 8750 ssh2
Mar 29 00:29:29 cls sshd[631907]: Connection closed by invalid user zky 206.123.145.20 port 8750 [preauth]
Mar 29 00:29:42 cls sshd[631919]: pam_unix(sshd:auth): authentication failure; logname= uid=0 euid=0 tty=ssh ruser= rhost=81.192.46.45  user=root
Mar 29 00:29:44 cls sshd[631919]: Failed password for root from 81.192.46.45 port 38066 ssh2
Mar 29 00:29:45 cls sshd[631919]: Received disconnect from 81.192.46.45 port 38066:11: Bye Bye [preauth]
Mar 29 00:29:45 cls sshd[631919]: Disconnected from authenticating user root 81.192.46.45 port 38066 [preauth]
Mar 29 00:30:05 cls sshd[631925]: Invalid user data from 130.12.181.99 port 61636
Mar 29 00:30:06 cls sshd[631925]: pam_unix(sshd:auth): check pass; user unknown
Mar 29 00:30:06 cls sshd[631925]: pam_unix(sshd:auth): authentication failure; logname= uid=0 euid=0 tty=ssh ruser= rhost=130.12.181.99 
Mar 29 00:30:09 cls sshd[631925]: Failed password for invalid user data from 130.12.181.99 port 61636 ssh2
Mar 29 00:30:11 cls sshd[631929]: Invalid user abs from 130.12.181.103 port 20898
Mar 29 00:30:11 cls sshd[631925]: Connection closed by invalid user data 130.12.181.99 port 61636 [preauth]
Mar 29 00:30:12 cls sshd[631929]: pam_unix(sshd:auth): check pass; user unknown
Mar 29 00:30:12 cls sshd[631929]: pam_unix(sshd:auth): authentication failure; logname= uid=0 euid=0 tty=ssh ruser= rhost=130.12.181.103 
Mar 29 00:30:13 cls sshd[631931]: Invalid user jlu from 206.123.145.78 port 12296
Mar 29 00:30:14 cls sshd[631931]: pam_unix(sshd:auth): check pass; user unknown
Mar 29 00:30:14 cls sshd[631931]: pam_unix(sshd:auth): authentication failure; logname= uid=0 euid=0 tty=ssh ruser= rhost=206.123.145.78 
Mar 29 00:30:15 cls sshd[631929]: Failed password for invalid user abs from 130.12.181.103 port 20898 ssh2
Mar 29 00:30:16 cls sshd[631931]: Failed password for invalid user jlu from 206.123.145.78 port 12296 ssh2
Mar 29 00:30:17 cls sshd[631929]: Connection closed by invalid user abs 130.12.181.103 port 20898 [preauth]
Mar 29 00:30:17 cls sshd[631931]: Connection closed by invalid user jlu 206.123.145.78 port 12296 [preauth]
Mar 29 00:30:18 cls sshd[631944]: pam_unix(sshd:auth): authentication failure; logname= uid=0 euid=0 tty=ssh ruser= rhost=27.112.78.170  user=root
Mar 29 00:30:18 cls sshd[631937]: Invalid user liubo from 130.12.181.101 port 35910
Mar 29 00:30:19 cls sshd[631938]: Invalid user zhangjian from 206.123.145.50 port 54078
Mar 29 00:30:20 cls sshd[631937]: pam_unix(sshd:auth): check pass; user unknown
Mar 29 00:30:20 cls sshd[631937]: pam_unix(sshd:auth): authentication failure; logname= uid=0 euid=0 tty=ssh ruser= rhost=130.12.181.101 
Mar 29 00:30:20 cls sshd[631938]: pam_unix(sshd:auth): check pass; user unknown
Mar 29 00:30:20 cls sshd[631938]: pam_unix(sshd:auth): authentication failure; logname= uid=0 euid=0 tty=ssh ruser= rhost=206.123.145.50 
Mar 29 00:30:20 cls sshd[631940]: Invalid user yangjinman from 206.123.145.49 port 37472
Mar 29 00:30:21 cls sshd[631944]: Failed password for root from 27.112.78.170 port 37146 ssh2
Mar 29 00:30:21 cls sshd[631940]: pam_unix(sshd:auth): check pass; user unknown
Mar 29 00:30:21 cls sshd[631940]: pam_unix(sshd:auth): authentication failure; logname= uid=0 euid=0 tty=ssh ruser= rhost=206.123.145.49 
Mar 29 00:30:22 cls sshd[631948]: pam_unix(sshd:auth): authentication failure; logname= uid=0 euid=0 tty=ssh ruser= rhost=118.193.33.3  user=root
Mar 29 00:30:22 cls sshd[631937]: Failed password for invalid user liubo from 130.12.181.101 port 35910 ssh2
Mar 29 00:30:22 cls sshd[631938]: Failed password for invalid user zhangjian from 206.123.145.50 port 54078 ssh2
Mar 29 00:30:23 cls sshd[631937]: Connection closed by invalid user liubo 130.12.181.101 port 35910 [preauth]
Mar 29 00:30:24 cls sshd[631944]: Received disconnect from 27.112.78.170 port 37146:11: Bye Bye [preauth]
Mar 29 00:30:24 cls sshd[631944]: Disconnected from authenticating user root 27.112.78.170 port 37146 [preauth]
Mar 29 00:30:24 cls sshd[631940]: Failed password for invalid user yangjinman from 206.123.145.49 port 37472 ssh2
Mar 29 00:30:24 cls sshd[631948]: Failed password for root from 118.193.33.3 port 56762 ssh2
Mar 29 00:30:24 cls sshd[631948]: Received disconnect from 118.193.33.3 port 56762:11: Bye Bye [preauth]
Mar 29 00:30:24 cls sshd[631948]: Disconnected from authenticating user root 118.193.33.3 port 56762 [preauth]
Mar 29 00:30:25 cls sshd[631938]: Connection closed by invalid user zhangjian 206.123.145.50 port 54078 [preauth]
Mar 29 00:30:27 cls sshd[631940]: Connection closed by invalid user yangjinman 206.123.145.49 port 37472 [preauth]
Mar 29 00:30:37 cls sshd[631955]: Invalid user developer from 130.12.181.109 port 31344
Mar 29 00:30:38 cls sshd[631954]: pam_unix(sshd:auth): authentication failure; logname= uid=0 euid=0 tty=ssh ruser= rhost=130.12.181.97  user=root
Mar 29 00:30:38 cls sshd[631955]: pam_unix(sshd:auth): check pass; user unknown
Mar 29 00:30:38 cls sshd[631955]: pam_unix(sshd:auth): authentication failure; logname= uid=0 euid=0 tty=ssh ruser= rhost=130.12.181.109 
Mar 29 00:30:40 cls sshd[631954]: Failed password for root from 130.12.181.97 port 19086 ssh2
Mar 29 00:30:40 cls sshd[631955]: Failed password for invalid user developer from 130.12.181.109 port 31344 ssh2
Mar 29 00:30:41 cls sshd[631958]: Invalid user matthew from 130.12.181.98 port 11572
Mar 29 00:30:42 cls sshd[631958]: pam_unix(sshd:auth): check pass; user unknown
Mar 29 00:30:42 cls sshd[631958]: pam_unix(sshd:auth): authentication failure; logname= uid=0 euid=0 tty=ssh ruser= rhost=130.12.181.98 
Mar 29 00:30:43 cls sshd[631955]: Connection closed by invalid user developer 130.12.181.109 port 31344 [preauth]
Mar 29 00:30:43 cls sshd[631954]: Connection closed by authenticating user root 130.12.181.97 port 19086 [preauth]
Mar 29 00:30:44 cls sshd[631958]: Failed password for invalid user matthew from 130.12.181.98 port 11572 ssh2
Mar 29 00:30:46 cls sshd[631958]: Connection closed by invalid user matthew 130.12.181.98 port 11572 [preauth]
Mar 29 00:31:00 cls sshd[631965]: Invalid user jiakai from 130.12.181.105 port 36808
Mar 29 00:31:00 cls sshd[631964]: Invalid user lishan from 206.123.145.79 port 12960
Mar 29 00:31:01 cls sshd[631965]: pam_unix(sshd:auth): check pass; user unknown
Mar 29 00:31:01 cls sshd[631965]: pam_unix(sshd:auth): authentication failure; logname= uid=0 euid=0 tty=ssh ruser= rhost=130.12.181.105 
Mar 29 00:31:01 cls sshd[631964]: pam_unix(sshd:auth): check pass; user unknown
Mar 29 00:31:01 cls sshd[631964]: pam_unix(sshd:auth): authentication failure; logname= uid=0 euid=0 tty=ssh ruser= rhost=206.123.145.79 
Mar 29 00:31:03 cls sshd[631965]: Failed password for invalid user jiakai from 130.12.181.105 port 36808 ssh2
Mar 29 00:31:04 cls sshd[631964]: Failed password for invalid user lishan from 206.123.145.79 port 12960 ssh2
Mar 29 00:31:05 cls sshd[631965]: Connection closed by invalid user jiakai 130.12.181.105 port 36808 [preauth]
Mar 29 00:31:06 cls sshd[631964]: Connection closed by invalid user lishan 206.123.145.79 port 12960 [preauth]
Mar 29 00:32:05 cls sshd[631980]: pam_unix(sshd:auth): authentication failure; logname= uid=0 euid=0 tty=ssh ruser= rhost=206.123.145.71  user=root
Mar 29 00:32:07 cls sshd[631980]: Failed password for root from 206.123.145.71 port 41108 ssh2
Mar 29 00:32:09 cls sshd[631980]: Connection closed by authenticating user root 206.123.145.71 port 41108 [preauth]
Mar 29 00:32:15 cls sshd[631998]: pam_unix(sshd:auth): authentication failure; logname= uid=0 euid=0 tty=ssh ruser= rhost=57.128.223.80  user=root
Mar 29 00:32:17 cls sshd[631994]: pam_unix(sshd:auth): authentication failure; logname= uid=0 euid=0 tty=ssh ruser= rhost=206.123.145.72  user=root
Mar 29 00:32:17 cls sshd[631998]: Failed password for root from 57.128.223.80 port 57656 ssh2
Mar 29 00:32:18 cls sshd[631998]: Received disconnect from 57.128.223.80 port 57656:11: Bye Bye [preauth]
Mar 29 00:32:18 cls sshd[631998]: Disconnected from authenticating user root 57.128.223.80 port 57656 [preauth]
Mar 29 00:32:19 cls sshd[631994]: Failed password for root from 206.123.145.72 port 47738 ssh2
Mar 29 00:32:21 cls sshd[631994]: Connection closed by authenticating user root 206.123.145.72 port 47738 [preauth]
Mar 29 00:32:50 cls sshd[632032]: pam_unix(sshd:auth): authentication failure; logname= uid=0 euid=0 tty=ssh ruser= rhost=147.135.251.134  user=root
Mar 29 00:32:50 cls sshd[632024]: Invalid user openproject from 206.123.145.73 port 1540
Mar 29 00:32:52 cls sshd[632024]: pam_unix(sshd:auth): check pass; user unknown
Mar 29 00:32:52 cls sshd[632024]: pam_unix(sshd:auth): authentication failure; logname= uid=0 euid=0 tty=ssh ruser= rhost=206.123.145.73 
Mar 29 00:32:52 cls sshd[632032]: Failed password for root from 147.135.251.134 port 61692 ssh2
Mar 29 00:32:53 cls sshd[632024]: Failed password for invalid user openproject from 206.123.145.73 port 1540 ssh2
Mar 29 00:32:55 cls sshd[632032]: Received disconnect from 147.135.251.134 port 61692:11: Bye Bye [preauth]
Mar 29 00:32:55 cls sshd[632032]: Disconnected from authenticating user root 147.135.251.134 port 61692 [preauth]
Mar 29 00:32:59 cls sshd[632024]: Connection closed by invalid user openproject 206.123.145.73 port 1540 [preauth]
Mar 29 00:33:06 cls sshd[632042]: Invalid user sftptest from 206.123.145.51 port 31158
Mar 29 00:33:07 cls sshd[632042]: pam_unix(sshd:auth): check pass; user unknown
Mar 29 00:33:07 cls sshd[632042]: pam_unix(sshd:auth): authentication failure; logname= uid=0 euid=0 tty=ssh ruser= rhost=206.123.145.51 
Mar 29 00:33:09 cls sshd[632042]: Failed password for invalid user sftptest from 206.123.145.51 port 31158 ssh2
Mar 29 00:33:10 cls sshd[632042]: Connection closed by invalid user sftptest 206.123.145.51 port 31158 [preauth]
Mar 29 00:33:17 cls sshd[632058]: Invalid user zxf from 130.12.181.107 port 48098
Mar 29 00:33:18 cls sshd[632058]: pam_unix(sshd:auth): check pass; user unknown
Mar 29 00:33:18 cls sshd[632058]: pam_unix(sshd:auth): authentication failure; logname= uid=0 euid=0 tty=ssh ruser= rhost=130.12.181.107 
Mar 29 00:33:18 cls sshd[632061]: Invalid user lvlu from 130.12.181.108 port 29870
Mar 29 00:33:19 cls sshd[632061]: pam_unix(sshd:auth): check pass; user unknown
Mar 29 00:33:19 cls sshd[632061]: pam_unix(sshd:auth): authentication failure; logname= uid=0 euid=0 tty=ssh ruser= rhost=130.12.181.108 
Mar 29 00:33:19 cls sshd[632058]: Failed password for invalid user zxf from 130.12.181.107 port 48098 ssh2
Mar 29 00:33:21 cls sshd[632061]: Failed password for invalid user lvlu from 130.12.181.108 port 29870 ssh2
Mar 29 00:33:22 cls sshd[632068]: Invalid user lzy from 206.123.145.69 port 18908
Mar 29 00:33:22 cls sshd[632058]: Connection closed by invalid user zxf 130.12.181.107 port 48098 [preauth]
Mar 29 00:33:23 cls sshd[632061]: Connection closed by invalid user lvlu 130.12.181.108 port 29870 [preauth]
Mar 29 00:33:23 cls sshd[632068]: pam_unix(sshd:auth): check pass; user unknown
Mar 29 00:33:23 cls sshd[632068]: pam_unix(sshd:auth): authentication failure; logname= uid=0 euid=0 tty=ssh ruser= rhost=206.123.145.69 
Mar 29 00:33:25 cls sshd[632072]: Invalid user hx from 206.123.145.55 port 1698
Mar 29 00:33:25 cls sshd[632068]: Failed password for invalid user lzy from 206.123.145.69 port 18908 ssh2
Mar 29 00:33:27 cls sshd[632072]: pam_unix(sshd:auth): check pass; user unknown
Mar 29 00:33:27 cls sshd[632072]: pam_unix(sshd:auth): authentication failure; logname= uid=0 euid=0 tty=ssh ruser= rhost=206.123.145.55 
Mar 29 00:33:28 cls sshd[632068]: Connection closed by invalid user lzy 206.123.145.69 port 18908 [preauth]
Mar 29 00:33:29 cls sshd[632072]: Failed password for invalid user hx from 206.123.145.55 port 1698 ssh2
Mar 29 00:33:30 cls sshd[632072]: Connection closed by invalid user hx 206.123.145.55 port 1698 [preauth]
Mar 29 00:33:32 cls sshd[632073]: pam_unix(sshd:auth): authentication failure; logname= uid=0 euid=0 tty=ssh ruser= rhost=206.123.145.57  user=root
Mar 29 00:33:34 cls sshd[632073]: Failed password for root from 206.123.145.57 port 61734 ssh2
Mar 29 00:33:36 cls sshd[632088]: Invalid user hadoop from 206.123.145.75 port 24502
Mar 29 00:33:37 cls sshd[632073]: Connection closed by authenticating user root 206.123.145.57 port 61734 [preauth]
Mar 29 00:33:37 cls sshd[632088]: pam_unix(sshd:auth): check pass; user unknown
Mar 29 00:33:37 cls sshd[632088]: pam_unix(sshd:auth): authentication failure; logname= uid=0 euid=0 tty=ssh ruser= rhost=206.123.145.75 
Mar 29 00:33:39 cls sshd[632088]: Failed password for invalid user hadoop from 206.123.145.75 port 24502 ssh2
Mar 29 00:33:41 cls sshd[632088]: Connection closed by invalid user hadoop 206.123.145.75 port 24502 [preauth]
Mar 29 00:33:55 cls sshd[632108]: Invalid user hyh19 from 206.123.145.54 port 12090
Mar 29 00:33:55 cls sshd[632108]: pam_unix(sshd:auth): check pass; user unknown
Mar 29 00:33:55 cls sshd[632108]: pam_unix(sshd:auth): authentication failure; logname= uid=0 euid=0 tty=ssh ruser= rhost=206.123.145.54 
Mar 29 00:33:57 cls sshd[632108]: Failed password for invalid user hyh19 from 206.123.145.54 port 12090 ssh2
Mar 29 00:33:58 cls sshd[632112]: Invalid user nagata from 206.123.145.46 port 65102
Mar 29 00:34:00 cls sshd[632108]: Connection closed by invalid user hyh19 206.123.145.54 port 12090 [preauth]
Mar 29 00:34:02 cls sshd[632112]: pam_unix(sshd:auth): check pass; user unknown
Mar 29 00:34:02 cls sshd[632112]: pam_unix(sshd:auth): authentication failure; logname= uid=0 euid=0 tty=ssh ruser= rhost=206.123.145.46 
Mar 29 00:34:04 cls sshd[632112]: Failed password for invalid user nagata from 206.123.145.46 port 65102 ssh2
Mar 29 00:34:06 cls sshd[632112]: Connection closed by invalid user nagata 206.123.145.46 port 65102 [preauth]
Mar 29 00:34:17 cls sshd[632132]: Invalid user hehl from 130.12.181.102 port 64672
Mar 29 00:34:18 cls sshd[632132]: pam_unix(sshd:auth): check pass; user unknown
Mar 29 00:34:18 cls sshd[632132]: pam_unix(sshd:auth): authentication failure; logname= uid=0 euid=0 tty=ssh ruser= rhost=130.12.181.102 
Mar 29 00:34:20 cls sshd[632132]: Failed password for invalid user hehl from 130.12.181.102 port 64672 ssh2
Mar 29 00:34:23 cls sshd[632132]: Connection closed by invalid user hehl 130.12.181.102 port 64672 [preauth]
Mar 29 00:34:29 cls sshd[632138]: Invalid user ftp from 206.123.145.76 port 40472
Mar 29 00:34:30 cls sshd[632138]: pam_unix(sshd:auth): check pass; user unknown
Mar 29 00:34:30 cls sshd[632138]: pam_unix(sshd:auth): authentication failure; logname= uid=0 euid=0 tty=ssh ruser= rhost=206.123.145.76 
Mar 29 00:34:32 cls sshd[632138]: Failed password for invalid user ftp from 206.123.145.76 port 40472 ssh2
Mar 29 00:34:33 cls sshd[632146]: Invalid user test from 130.12.181.106 port 3506
Mar 29 00:34:34 cls sshd[632138]: Connection closed by invalid user ftp 206.123.145.76 port 40472 [preauth]
Mar 29 00:34:34 cls sshd[632146]: pam_unix(sshd:auth): check pass; user unknown
Mar 29 00:34:34 cls sshd[632146]: pam_unix(sshd:auth): authentication failure; logname= uid=0 euid=0 tty=ssh ruser= rhost=130.12.181.106 
Mar 29 00:34:35 cls sshd[632146]: Failed password for invalid user test from 130.12.181.106 port 3506 ssh2
Mar 29 00:34:37 cls sshd[632146]: Connection closed by invalid user test 130.12.181.106 port 3506 [preauth]
Mar 29 00:34:49 cls sshd[632148]: pam_unix(sshd:auth): authentication failure; logname= uid=0 euid=0 tty=ssh ruser= rhost=81.192.46.45  user=root
Mar 29 00:34:51 cls sshd[632148]: Failed password for root from 81.192.46.45 port 50136 ssh2
Mar 29 00:34:52 cls sshd[632148]: Received disconnect from 81.192.46.45 port 50136:11: Bye Bye [preauth]
Mar 29 00:34:52 cls sshd[632148]: Disconnected from authenticating user root 81.192.46.45 port 50136 [preauth]
Mar 29 00:35:16 cls sshd[632156]: pam_unix(sshd:auth): authentication failure; logname= uid=0 euid=0 tty=ssh ruser= rhost=118.193.33.3  user=root
Mar 29 00:35:18 cls sshd[632156]: Failed password for root from 118.193.33.3 port 44972 ssh2
Mar 29 00:35:19 cls sshd[632156]: Received disconnect from 118.193.33.3 port 44972:11: Bye Bye [preauth]
Mar 29 00:35:19 cls sshd[632156]: Disconnected from authenticating user root 118.193.33.3 port 44972 [preauth]
Mar 29 00:35:46 cls sshd[632163]: Invalid user hufang from 130.12.181.104 port 51790
Mar 29 00:35:47 cls sshd[632163]: pam_unix(sshd:auth): check pass; user unknown
Mar 29 00:35:47 cls sshd[632163]: pam_unix(sshd:auth): authentication failure; logname= uid=0 euid=0 tty=ssh ruser= rhost=130.12.181.104 
Mar 29 00:35:48 cls sshd[632163]: Failed password for invalid user hufang from 130.12.181.104 port 51790 ssh2
Mar 29 00:35:50 cls sshd[632163]: Connection closed by invalid user hufang 130.12.181.104 port 51790 [preauth]
Mar 29 00:36:02 cls sshd[632165]: Invalid user temp from 206.123.145.48 port 45536
Mar 29 00:36:02 cls sshd[632165]: pam_unix(sshd:auth): check pass; user unknown
Mar 29 00:36:02 cls sshd[632165]: pam_unix(sshd:auth): authentication failure; logname= uid=0 euid=0 tty=ssh ruser= rhost=206.123.145.48 
Mar 29 00:36:04 cls sshd[632165]: Failed password for invalid user temp from 206.123.145.48 port 45536 ssh2
Mar 29 00:36:06 cls sshd[632165]: Connection closed by invalid user temp 206.123.145.48 port 45536 [preauth]
Mar 29 00:36:06 cls sshd[632167]: Invalid user simple from 206.123.145.56 port 6418
Mar 29 00:36:08 cls sshd[632167]: pam_unix(sshd:auth): check pass; user unknown
Mar 29 00:36:08 cls sshd[632167]: pam_unix(sshd:auth): authentication failure; logname= uid=0 euid=0 tty=ssh ruser= rhost=206.123.145.56 
Mar 29 00:36:10 cls sshd[632167]: Failed password for invalid user simple from 206.123.145.56 port 6418 ssh2
Mar 29 00:36:12 cls sshd[632167]: Connection closed by invalid user simple 206.123.145.56 port 6418 [preauth]
Mar 29 00:36:16 cls sshd[632172]: Invalid user shazb from 130.12.181.100 port 24172
Mar 29 00:36:17 cls sshd[632172]: pam_unix(sshd:auth): check pass; user unknown
Mar 29 00:36:17 cls sshd[632172]: pam_unix(sshd:auth): authentication failure; logname= uid=0 euid=0 tty=ssh ruser= rhost=130.12.181.100 
Mar 29 00:36:19 cls sshd[632172]: Failed password for invalid user shazb from 130.12.181.100 port 24172 ssh2
Mar 29 00:36:22 cls sshd[632172]: Connection closed by invalid user shazb 130.12.181.100 port 24172 [preauth]
Mar 29 00:36:37 cls sshd[632180]: pam_unix(sshd:auth): authentication failure; logname= uid=0 euid=0 tty=ssh ruser= rhost=57.128.223.80  user=root
Mar 29 00:36:38 cls sshd[632178]: Invalid user ykuang from 206.123.145.74 port 62924
Mar 29 00:36:39 cls sshd[632180]: Failed password for root from 57.128.223.80 port 34604 ssh2
Mar 29 00:36:40 cls sshd[632178]: pam_unix(sshd:auth): check pass; user unknown
Mar 29 00:36:40 cls sshd[632178]: pam_unix(sshd:auth): authentication failure; logname= uid=0 euid=0 tty=ssh ruser= rhost=206.123.145.74 
Mar 29 00:36:40 cls sshd[632180]: Received disconnect from 57.128.223.80 port 34604:11: Bye Bye [preauth]
Mar 29 00:36:40 cls sshd[632180]: Disconnected from authenticating user root 57.128.223.80 port 34604 [preauth]
Mar 29 00:36:41 cls sshd[632178]: Failed password for invalid user ykuang from 206.123.145.74 port 62924 ssh2
Mar 29 00:36:42 cls sshd[632178]: Connection closed by invalid user ykuang 206.123.145.74 port 62924 [preauth]
Mar 29 00:37:06 cls sshd[632186]: Invalid user sugon_test from 206.123.145.53 port 23550
Mar 29 00:37:07 cls sshd[632186]: pam_unix(sshd:auth): check pass; user unknown
Mar 29 00:37:07 cls sshd[632186]: pam_unix(sshd:auth): authentication failure; logname= uid=0 euid=0 tty=ssh ruser= rhost=206.123.145.53 
Mar 29 00:37:09 cls sshd[632186]: Failed password for invalid user sugon_test from 206.123.145.53 port 23550 ssh2
Mar 29 00:37:11 cls sshd[632186]: Connection closed by invalid user sugon_test 206.123.145.53 port 23550 [preauth]
Mar 29 00:37:29 cls sshd[632194]: pam_unix(sshd:auth): authentication failure; logname= uid=0 euid=0 tty=ssh ruser= rhost=181.23.38.190  user=root
Mar 29 00:37:31 cls sshd[632194]: Failed password for root from 181.23.38.190 port 48112 ssh2
Mar 29 00:37:31 cls sshd[632200]: pam_unix(sshd:auth): authentication failure; logname= uid=0 euid=0 tty=ssh ruser= rhost=147.135.251.134  user=root
Mar 29 00:37:32 cls sshd[632194]: Received disconnect from 181.23.38.190 port 48112:11: Bye Bye [preauth]
Mar 29 00:37:32 cls sshd[632194]: Disconnected from authenticating user root 181.23.38.190 port 48112 [preauth]
Mar 29 00:37:33 cls sshd[632200]: Failed password for root from 147.135.251.134 port 13402 ssh2
Mar 29 00:37:34 cls sshd[632200]: Received disconnect from 147.135.251.134 port 13402:11: Bye Bye [preauth]
Mar 29 00:37:34 cls sshd[632200]: Disconnected from authenticating user root 147.135.251.134 port 13402 [preauth]
Mar 29 00:38:05 cls sshd[632204]: Invalid user asaiteja from 206.123.145.70 port 55024
Mar 29 00:38:06 cls sshd[632204]: pam_unix(sshd:auth): check pass; user unknown
Mar 29 00:38:06 cls sshd[632204]: pam_unix(sshd:auth): authentication failure; logname= uid=0 euid=0 tty=ssh ruser= rhost=206.123.145.70 
Mar 29 00:38:08 cls sshd[632204]: Failed password for invalid user asaiteja from 206.123.145.70 port 55024 ssh2
Mar 29 00:38:11 cls sshd[632204]: Connection closed by invalid user asaiteja 206.123.145.70 port 55024 [preauth]
Mar 29 00:38:47 cls sshd[632230]: Invalid user test from 130.12.181.98 port 60102
Mar 29 00:38:49 cls sshd[632230]: pam_unix(sshd:auth): check pass; user unknown
Mar 29 00:38:49 cls sshd[632230]: pam_unix(sshd:auth): authentication failure; logname= uid=0 euid=0 tty=ssh ruser= rhost=130.12.181.98 
Mar 29 00:38:51 cls sshd[632230]: Failed password for invalid user test from 130.12.181.98 port 60102 ssh2
Mar 29 00:38:53 cls sshd[632230]: Connection closed by invalid user test 130.12.181.98 port 60102 [preauth]
Mar 29 00:39:01 cls CRON[632450]: pam_unix(cron:session): session opened for user root by (uid=0)
Mar 29 00:39:01 cls CRON[632450]: pam_unix(cron:session): session closed for user root
Mar 29 00:39:42 cls sshd[632665]: Invalid user fengpeng from 206.123.145.52 port 44214
Mar 29 00:39:43 cls sshd[632665]: pam_unix(sshd:auth): check pass; user unknown
Mar 29 00:39:43 cls sshd[632665]: pam_unix(sshd:auth): authentication failure; logname= uid=0 euid=0 tty=ssh ruser= rhost=206.123.145.52 
Mar 29 00:39:45 cls sshd[632665]: Failed password for invalid user fengpeng from 206.123.145.52 port 44214 ssh2
Mar 29 00:39:45 cls sshd[632664]: pam_unix(sshd:auth): authentication failure; logname= uid=0 euid=0 tty=ssh ruser= rhost=206.123.145.77  user=ubuntu
Mar 29 00:39:47 cls sshd[632664]: Failed password for ubuntu from 206.123.145.77 port 13990 ssh2
Mar 29 00:39:48 cls sshd[632668]: Invalid user zl from 130.12.181.99 port 47480
Mar 29 00:39:49 cls sshd[632665]: Connection closed by invalid user fengpeng 206.123.145.52 port 44214 [preauth]
Mar 29 00:39:49 cls sshd[632668]: pam_unix(sshd:auth): check pass; user unknown
Mar 29 00:39:49 cls sshd[632668]: pam_unix(sshd:auth): authentication failure; logname= uid=0 euid=0 tty=ssh ruser= rhost=130.12.181.99 
Mar 29 00:39:49 cls sshd[632664]: Connection closed by authenticating user ubuntu 206.123.145.77 port 13990 [preauth]
Mar 29 00:39:51 cls sshd[632668]: Failed password for invalid user zl from 130.12.181.99 port 47480 ssh2
Mar 29 00:39:51 cls sshd[632670]: Invalid user sales from 130.12.181.109 port 47544
Mar 29 00:39:53 cls sshd[632670]: pam_unix(sshd:auth): check pass; user unknown
Mar 29 00:39:53 cls sshd[632670]: pam_unix(sshd:auth): authentication failure; logname= uid=0 euid=0 tty=ssh ruser= rhost=130.12.181.109 
Mar 29 00:39:54 cls sshd[632668]: Connection closed by invalid user zl 130.12.181.99 port 47480 [preauth]
Mar 29 00:39:54 cls sshd[632671]: Invalid user zhaorq from 206.123.145.20 port 14768
Mar 29 00:39:54 cls sshd[632670]: Failed password for invalid user sales from 130.12.181.109 port 47544 ssh2
Mar 29 00:39:55 cls sshd[632671]: pam_unix(sshd:auth): check pass; user unknown
Mar 29 00:39:55 cls sshd[632671]: pam_unix(sshd:auth): authentication failure; logname= uid=0 euid=0 tty=ssh ruser= rhost=206.123.145.20 
Mar 29 00:39:56 cls sshd[632670]: Connection closed by invalid user sales 130.12.181.109 port 47544 [preauth]
Mar 29 00:39:56 cls sshd[632680]: pam_unix(sshd:auth): authentication failure; logname= uid=0 euid=0 tty=ssh ruser= rhost=81.192.46.45  user=root
Mar 29 00:39:57 cls sshd[632671]: Failed password for invalid user zhaorq from 206.123.145.20 port 14768 ssh2
Mar 29 00:39:58 cls sshd[632674]: Invalid user menglq from 130.12.181.103 port 1024
Mar 29 00:39:58 cls sshd[632680]: Failed password for root from 81.192.46.45 port 52618 ssh2
Mar 29 00:39:59 cls sshd[632680]: Received disconnect from 81.192.46.45 port 52618:11: Bye Bye [preauth]
Mar 29 00:39:59 cls sshd[632680]: Disconnected from authenticating user root 81.192.46.45 port 52618 [preauth]
Mar 29 00:39:59 cls sshd[632674]: pam_unix(sshd:auth): check pass; user unknown
Mar 29 00:39:59 cls sshd[632674]: pam_unix(sshd:auth): authentication failure; logname= uid=0 euid=0 tty=ssh ruser= rhost=130.12.181.103 
Mar 29 00:40:00 cls sshd[632671]: Connection closed by invalid user zhaorq 206.123.145.20 port 14768 [preauth]
Mar 29 00:40:01 cls sshd[632674]: Failed password for invalid user menglq from 130.12.181.103 port 1024 ssh2
Mar 29 00:40:03 cls sshd[632674]: Connection closed by invalid user menglq 130.12.181.103 port 1024 [preauth]
Mar 29 00:40:11 cls sshd[632700]: pam_unix(sshd:auth): authentication failure; logname= uid=0 euid=0 tty=ssh ruser= rhost=118.193.33.3  user=root
Mar 29 00:40:13 cls sshd[632694]: Invalid user ftpuser from 130.12.181.97 port 24350
Mar 29 00:40:13 cls sshd[632700]: Failed password for root from 118.193.33.3 port 60170 ssh2
Mar 29 00:40:14 cls sshd[632700]: Received disconnect from 118.193.33.3 port 60170:11: Bye Bye [preauth]
Mar 29 00:40:14 cls sshd[632700]: Disconnected from authenticating user root 118.193.33.3 port 60170 [preauth]
Mar 29 00:40:14 cls sshd[632704]: pam_unix(sshd:auth): authentication failure; logname= uid=0 euid=0 tty=ssh ruser= rhost=27.112.78.170  user=root
Mar 29 00:40:15 cls sshd[632694]: pam_unix(sshd:auth): check pass; user unknown
Mar 29 00:40:15 cls sshd[632694]: pam_unix(sshd:auth): authentication failure; logname= uid=0 euid=0 tty=ssh ruser= rhost=130.12.181.97 
Mar 29 00:40:16 cls sshd[632704]: Failed password for root from 27.112.78.170 port 57598 ssh2
Mar 29 00:40:17 cls sshd[632704]: Received disconnect from 27.112.78.170 port 57598:11: Bye Bye [preauth]
Mar 29 00:40:17 cls sshd[632704]: Disconnected from authenticating user root 27.112.78.170 port 57598 [preauth]
Mar 29 00:40:17 cls sshd[632694]: Failed password for invalid user ftpuser from 130.12.181.97 port 24350 ssh2
Mar 29 00:40:20 cls sshd[632694]: Connection closed by invalid user ftpuser 130.12.181.97 port 24350 [preauth]
Mar 29 00:40:24 cls sshd[632710]: Invalid user ocean from 206.123.145.78 port 29878
Mar 29 00:40:25 cls sshd[632710]: pam_unix(sshd:auth): check pass; user unknown
Mar 29 00:40:25 cls sshd[632710]: pam_unix(sshd:auth): authentication failure; logname= uid=0 euid=0 tty=ssh ruser= rhost=206.123.145.78 
Mar 29 00:40:26 cls sshd[632708]: pam_unix(sshd:auth): authentication failure; logname= uid=0 euid=0 tty=ssh ruser= rhost=130.12.181.101  user=root
Mar 29 00:40:27 cls sshd[632710]: Failed password for invalid user ocean from 206.123.145.78 port 29878 ssh2
Mar 29 00:40:28 cls sshd[632708]: Failed password for root from 130.12.181.101 port 5132 ssh2
Mar 29 00:40:29 cls sshd[632710]: Connection closed by invalid user ocean 206.123.145.78 port 29878 [preauth]
Mar 29 00:40:30 cls sshd[632708]: Connection closed by authenticating user root 130.12.181.101 port 5132 [preauth]
Mar 29 00:40:31 cls sshd[632713]: Invalid user lixh from 130.12.181.105 port 34448
Mar 29 00:40:32 cls sshd[632713]: pam_unix(sshd:auth): check pass; user unknown
Mar 29 00:40:32 cls sshd[632713]: pam_unix(sshd:auth): authentication failure; logname= uid=0 euid=0 tty=ssh ruser= rhost=130.12.181.105 
Mar 29 00:40:34 cls sshd[632713]: Failed password for invalid user lixh from 130.12.181.105 port 34448 ssh2
Mar 29 00:40:37 cls sshd[632713]: Connection closed by invalid user lixh 130.12.181.105 port 34448 [preauth]
Mar 29 00:40:48 cls sshd[632715]: Invalid user ygb from 206.123.145.50 port 35430
Mar 29 00:40:51 cls sshd[632715]: pam_unix(sshd:auth): check pass; user unknown
Mar 29 00:40:51 cls sshd[632715]: pam_unix(sshd:auth): authentication failure; logname= uid=0 euid=0 tty=ssh ruser= rhost=206.123.145.50 
Mar 29 00:40:54 cls sshd[632715]: Failed password for invalid user ygb from 206.123.145.50 port 35430 ssh2
Mar 29 00:40:57 cls sshd[632715]: Connection closed by invalid user ygb 206.123.145.50 port 35430 [preauth]
Mar 29 00:41:21 cls sshd[632719]: pam_unix(sshd:auth): authentication failure; logname= uid=0 euid=0 tty=ssh ruser= rhost=57.128.223.80  user=root
Mar 29 00:41:23 cls sshd[632719]: Failed password for root from 57.128.223.80 port 44088 ssh2
Mar 29 00:41:23 cls sshd[632719]: Received disconnect from 57.128.223.80 port 44088:11: Bye Bye [preauth]
Mar 29 00:41:23 cls sshd[632719]: Disconnected from authenticating user root 57.128.223.80 port 44088 [preauth]
Mar 29 00:41:33 cls sshd[632721]: Invalid user nginx from 206.123.145.49 port 47866
Mar 29 00:41:34 cls sshd[632721]: pam_unix(sshd:auth): check pass; user unknown
Mar 29 00:41:34 cls sshd[632721]: pam_unix(sshd:auth): authentication failure; logname= uid=0 euid=0 tty=ssh ruser= rhost=206.123.145.49 
Mar 29 00:41:36 cls sshd[632721]: Failed password for invalid user nginx from 206.123.145.49 port 47866 ssh2
Mar 29 00:41:38 cls sshd[632721]: Connection closed by invalid user nginx 206.123.145.49 port 47866 [preauth]
Mar 29 00:41:55 cls sshd[632724]: Invalid user tangyijie from 206.123.145.79 port 33698
Mar 29 00:41:57 cls sshd[632724]: pam_unix(sshd:auth): check pass; user unknown
Mar 29 00:41:57 cls sshd[632724]: pam_unix(sshd:auth): authentication failure; logname= uid=0 euid=0 tty=ssh ruser= rhost=206.123.145.79 
Mar 29 00:42:00 cls sshd[632724]: Failed password for invalid user tangyijie from 206.123.145.79 port 33698 ssh2
Mar 29 00:42:01 cls sshd[632724]: Connection closed by invalid user tangyijie 206.123.145.79 port 33698 [preauth]
Mar 29 00:42:37 cls sshd[632726]: Invalid user yfli from 206.123.145.71 port 65026
Mar 29 00:42:38 cls sshd[632726]: pam_unix(sshd:auth): check pass; user unknown
Mar 29 00:42:38 cls sshd[632726]: pam_unix(sshd:auth): authentication failure; logname= uid=0 euid=0 tty=ssh ruser= rhost=206.123.145.71 
Mar 29 00:42:40 cls sshd[632726]: Failed password for invalid user yfli from 206.123.145.71 port 65026 ssh2
Mar 29 00:42:43 cls sshd[632726]: Connection closed by invalid user yfli 206.123.145.71 port 65026 [preauth]
Mar 29 00:42:53 cls sshd[632728]: Invalid user ADMIN from 130.12.181.107 port 17216
Mar 29 00:42:54 cls sshd[632729]: pam_unix(sshd:auth): authentication failure; logname= uid=0 euid=0 tty=ssh ruser= rhost=130.12.181.108  user=root
Mar 29 00:42:54 cls sshd[632728]: pam_unix(sshd:auth): check pass; user unknown
Mar 29 00:42:54 cls sshd[632728]: pam_unix(sshd:auth): authentication failure; logname= uid=0 euid=0 tty=ssh ruser= rhost=130.12.181.107 
Mar 29 00:42:56 cls sshd[632729]: Failed password for root from 130.12.181.108 port 26620 ssh2
Mar 29 00:42:56 cls sshd[632728]: Failed password for invalid user ADMIN from 130.12.181.107 port 17216 ssh2
Mar 29 00:42:58 cls sshd[632728]: Connection closed by invalid user ADMIN 130.12.181.107 port 17216 [preauth]
Mar 29 00:42:58 cls sshd[632729]: Connection closed by authenticating user root 130.12.181.108 port 26620 [preauth]
Mar 29 00:43:02 cls sshd[632732]: Invalid user app from 206.123.145.72 port 19852
Mar 29 00:43:04 cls sshd[632732]: pam_unix(sshd:auth): check pass; user unknown
Mar 29 00:43:04 cls sshd[632732]: pam_unix(sshd:auth): authentication failure; logname= uid=0 euid=0 tty=ssh ruser= rhost=206.123.145.72 
Mar 29 00:43:06 cls sshd[632732]: Failed password for invalid user app from 206.123.145.72 port 19852 ssh2
Mar 29 00:43:11 cls sshd[632732]: Connection closed by invalid user app 206.123.145.72 port 19852 [preauth]
Mar 29 00:43:29 cls sshd[632734]: Invalid user zhanhongchao from 206.123.145.73 port 20186
Mar 29 00:43:31 cls sshd[632734]: pam_unix(sshd:auth): check pass; user unknown
Mar 29 00:43:31 cls sshd[632734]: pam_unix(sshd:auth): authentication failure; logname= uid=0 euid=0 tty=ssh ruser= rhost=206.123.145.73 
Mar 29 00:43:33 cls sshd[632734]: Failed password for invalid user zhanhongchao from 206.123.145.73 port 20186 ssh2
Mar 29 00:43:37 cls sshd[632734]: Connection closed by invalid user zhanhongchao 206.123.145.73 port 20186 [preauth]
Mar 29 00:43:44 cls sshd[632736]: pam_unix(sshd:auth): authentication failure; logname= uid=0 euid=0 tty=ssh ruser= rhost=206.123.145.57  user=ubuntu
Mar 29 00:43:46 cls sshd[632736]: Failed password for ubuntu from 206.123.145.57 port 10828 ssh2
Mar 29 00:43:49 cls sshd[632738]: Invalid user sax from 206.123.145.55 port 54642
Mar 29 00:43:49 cls sshd[632736]: Connection closed by authenticating user ubuntu 206.123.145.57 port 10828 [preauth]
Mar 29 00:43:50 cls sshd[632738]: pam_unix(sshd:auth): check pass; user unknown
Mar 29 00:43:50 cls sshd[632738]: pam_unix(sshd:auth): authentication failure; logname= uid=0 euid=0 tty=ssh ruser= rhost=206.123.145.55 
Mar 29 00:43:52 cls sshd[632738]: Failed password for invalid user sax from 206.123.145.55 port 54642 ssh2
Mar 29 00:43:54 cls sshd[632738]: Connection closed by invalid user sax 206.123.145.55 port 54642 [preauth]
Mar 29 00:43:55 cls sshd[632740]: Invalid user sbc from 206.123.145.75 port 10288
Mar 29 00:43:56 cls sshd[632740]: pam_unix(sshd:auth): check pass; user unknown
Mar 29 00:43:56 cls sshd[632740]: pam_unix(sshd:auth): authentication failure; logname= uid=0 euid=0 tty=ssh ruser= rhost=206.123.145.75 
Mar 29 00:43:57 cls sshd[632743]: Invalid user xinhao from 130.12.181.106 port 57316
Mar 29 00:43:58 cls sshd[632741]: pam_unix(sshd:auth): authentication failure; logname= uid=0 euid=0 tty=ssh ruser= rhost=206.123.145.69  user=root
Mar 29 00:43:58 cls sshd[632740]: Failed password for invalid user sbc from 206.123.145.75 port 10288 ssh2
Mar 29 00:43:59 cls sshd[632745]: Invalid user yicheng from 206.123.145.51 port 30046
Mar 29 00:43:59 cls sshd[632743]: pam_unix(sshd:auth): check pass; user unknown
Mar 29 00:43:59 cls sshd[632743]: pam_unix(sshd:auth): authentication failure; logname= uid=0 euid=0 tty=ssh ruser= rhost=130.12.181.106 
Mar 29 00:44:00 cls sshd[632745]: pam_unix(sshd:auth): check pass; user unknown
Mar 29 00:44:00 cls sshd[632745]: pam_unix(sshd:auth): authentication failure; logname= uid=0 euid=0 tty=ssh ruser= rhost=206.123.145.51 
Mar 29 00:44:00 cls sshd[632740]: Connection closed by invalid user sbc 206.123.145.75 port 10288 [preauth]
Mar 29 00:44:00 cls sshd[632741]: Failed password for root from 206.123.145.69 port 48100 ssh2
Mar 29 00:44:01 cls sshd[632743]: Failed password for invalid user xinhao from 130.12.181.106 port 57316 ssh2
Mar 29 00:44:01 cls sshd[632745]: Failed password for invalid user yicheng from 206.123.145.51 port 30046 ssh2
Mar 29 00:44:03 cls sshd[632741]: Connection closed by authenticating user root 206.123.145.69 port 48100 [preauth]
Mar 29 00:44:03 cls sshd[632745]: Connection closed by invalid user yicheng 206.123.145.51 port 30046 [preauth]
Mar 29 00:44:04 cls sshd[632743]: Connection closed by invalid user xinhao 130.12.181.106 port 57316 [preauth]
Mar 29 00:44:31 cls sshd[632748]: pam_unix(sshd:auth): authentication failure; logname= uid=0 euid=0 tty=ssh ruser= rhost=130.12.181.102  user=root
Mar 29 00:44:33 cls sshd[632748]: Failed password for root from 130.12.181.102 port 6390 ssh2
Mar 29 00:44:35 cls sshd[632748]: Connection closed by authenticating user root 130.12.181.102 port 6390 [preauth]
Mar 29 00:44:58 cls sshd[632750]: Invalid user test from 206.123.145.76 port 16022
Mar 29 00:44:59 cls sshd[632750]: pam_unix(sshd:auth): check pass; user unknown
Mar 29 00:44:59 cls sshd[632750]: pam_unix(sshd:auth): authentication failure; logname= uid=0 euid=0 tty=ssh ruser= rhost=206.123.145.76 
Mar 29 00:45:01 cls sshd[632750]: Failed password for invalid user test from 206.123.145.76 port 16022 ssh2
Mar 29 00:45:02 cls sshd[632750]: Connection closed by invalid user test 206.123.145.76 port 16022 [preauth]
Mar 29 00:45:03 cls sshd[632752]: Invalid user liqy from 130.12.181.104 port 44062
Mar 29 00:45:04 cls sshd[632754]: pam_unix(sshd:auth): authentication failure; logname= uid=0 euid=0 tty=ssh ruser= rhost=81.192.46.45  user=root
Mar 29 00:45:04 cls sshd[632752]: pam_unix(sshd:auth): check pass; user unknown
Mar 29 00:45:04 cls sshd[632752]: pam_unix(sshd:auth): authentication failure; logname= uid=0 euid=0 tty=ssh ruser= rhost=130.12.181.104 
Mar 29 00:45:07 cls sshd[632754]: Failed password for root from 81.192.46.45 port 41906 ssh2
Mar 29 00:45:07 cls sshd[632752]: Failed password for invalid user liqy from 130.12.181.104 port 44062 ssh2
Mar 29 00:45:07 cls sshd[632754]: Received disconnect from 81.192.46.45 port 41906:11: Bye Bye [preauth]
Mar 29 00:45:07 cls sshd[632754]: Disconnected from authenticating user root 81.192.46.45 port 41906 [preauth]
Mar 29 00:45:09 cls sshd[632752]: Connection closed by invalid user liqy 130.12.181.104 port 44062 [preauth]
Mar 29 00:45:09 cls sshd[632760]: pam_unix(sshd:auth): authentication failure; logname= uid=0 euid=0 tty=ssh ruser= rhost=118.193.33.3  user=root
Mar 29 00:45:11 cls sshd[632756]: Invalid user ljp from 206.123.145.54 port 15464
Mar 29 00:45:12 cls sshd[632760]: Failed password for root from 118.193.33.3 port 56490 ssh2
Mar 29 00:45:12 cls sshd[632760]: Received disconnect from 118.193.33.3 port 56490:11: Bye Bye [preauth]
Mar 29 00:45:12 cls sshd[632760]: Disconnected from authenticating user root 118.193.33.3 port 56490 [preauth]
Mar 29 00:45:12 cls sshd[632756]: pam_unix(sshd:auth): check pass; user unknown
Mar 29 00:45:12 cls sshd[632756]: pam_unix(sshd:auth): authentication failure; logname= uid=0 euid=0 tty=ssh ruser= rhost=206.123.145.54 
Mar 29 00:45:13 cls sshd[632757]: Invalid user chaoxu from 206.123.145.46 port 64886
Mar 29 00:45:14 cls sshd[632756]: Failed password for invalid user ljp from 206.123.145.54 port 15464 ssh2
Mar 29 00:45:15 cls sshd[632757]: pam_unix(sshd:auth): check pass; user unknown
Mar 29 00:45:15 cls sshd[632757]: pam_unix(sshd:auth): authentication failure; logname= uid=0 euid=0 tty=ssh ruser= rhost=206.123.145.46 
Mar 29 00:45:17 cls sshd[632757]: Failed password for invalid user chaoxu from 206.123.145.46 port 64886 ssh2
Mar 29 00:45:18 cls sshd[632756]: Connection closed by invalid user ljp 206.123.145.54 port 15464 [preauth]
Mar 29 00:45:20 cls sshd[632757]: Connection closed by invalid user chaoxu 206.123.145.46 port 64886 [preauth]
Mar 29 00:45:37 cls sshd[632763]: Invalid user liqing from 130.12.181.100 port 54276
Mar 29 00:45:39 cls sshd[632763]: pam_unix(sshd:auth): check pass; user unknown
Mar 29 00:45:39 cls sshd[632763]: pam_unix(sshd:auth): authentication failure; logname= uid=0 euid=0 tty=ssh ruser= rhost=130.12.181.100 
Mar 29 00:45:42 cls sshd[632763]: Failed password for invalid user liqing from 130.12.181.100 port 54276 ssh2
Mar 29 00:45:44 cls sshd[632763]: Connection closed by invalid user liqing 130.12.181.100 port 54276 [preauth]
Mar 29 00:46:04 cls sshd[632765]: Invalid user ai from 206.123.145.56 port 51674
Mar 29 00:46:05 cls sshd[632765]: pam_unix(sshd:auth): check pass; user unknown
Mar 29 00:46:05 cls sshd[632765]: pam_unix(sshd:auth): authentication failure; logname= uid=0 euid=0 tty=ssh ruser= rhost=206.123.145.56 
Mar 29 00:46:06 cls sshd[632765]: Failed password for invalid user ai from 206.123.145.56 port 51674 ssh2
