Mar 29 12:11:35 cls sshd[669112]: Connection closed by invalid user pedido 206.123.145.51 port 21042 [preauth]
Mar 29 12:11:37 cls sshd[669114]: Invalid user centos from 130.12.181.107 port 17446
Mar 29 12:11:39 cls sshd[669115]: pam_unix(sshd:auth): authentication failure; logname= uid=0 euid=0 tty=ssh ruser= rhost=206.123.145.54  user=ubuntu
Mar 29 12:11:39 cls sshd[669114]: pam_unix(sshd:auth): check pass; user unknown
Mar 29 12:11:39 cls sshd[669114]: pam_unix(sshd:auth): authentication failure; logname= uid=0 euid=0 tty=ssh ruser= rhost=130.12.181.107 
Mar 29 12:11:40 cls sshd[669115]: Failed password for ubuntu from 206.123.145.54 port 25254 ssh2
Mar 29 12:11:41 cls sshd[669114]: Failed password for invalid user centos from 130.12.181.107 port 17446 ssh2
Mar 29 12:11:43 cls sshd[669115]: Connection closed by authenticating user ubuntu 206.123.145.54 port 25254 [preauth]
Mar 29 12:11:44 cls sshd[669114]: Connection closed by invalid user centos 130.12.181.107 port 17446 [preauth]
Mar 29 12:11:49 cls sshd[669122]: Invalid user chaitra from 206.123.145.48 port 41958
Mar 29 12:11:51 cls sshd[669122]: pam_unix(sshd:auth): check pass; user unknown
Mar 29 12:11:51 cls sshd[669122]: pam_unix(sshd:auth): authentication failure; logname= uid=0 euid=0 tty=ssh ruser= rhost=206.123.145.48 
Mar 29 12:11:53 cls sshd[669122]: Failed password for invalid user chaitra from 206.123.145.48 port 41958 ssh2
Mar 29 12:11:55 cls sshd[669122]: Connection closed by invalid user chaitra 206.123.145.48 port 41958 [preauth]
Mar 29 12:12:00 cls sshd[669125]: Invalid user lifu from 206.123.145.71 port 42904
Mar 29 12:12:02 cls sshd[669125]: pam_unix(sshd:auth): check pass; user unknown
Mar 29 12:12:02 cls sshd[669125]: pam_unix(sshd:auth): authentication failure; logname= uid=0 euid=0 tty=ssh ruser= rhost=206.123.145.71 
Mar 29 12:12:04 cls sshd[669125]: Failed password for invalid user lifu from 206.123.145.71 port 42904 ssh2
Mar 29 12:12:09 cls sshd[669125]: Connection closed by invalid user lifu 206.123.145.71 port 42904 [preauth]
Mar 29 12:12:54 cls sshd[669145]: Invalid user git from 206.123.145.74 port 18760
Mar 29 12:12:56 cls sshd[669145]: pam_unix(sshd:auth): check pass; user unknown
Mar 29 12:12:56 cls sshd[669145]: pam_unix(sshd:auth): authentication failure; logname= uid=0 euid=0 tty=ssh ruser= rhost=206.123.145.74 
Mar 29 12:12:58 cls sshd[669145]: Failed password for invalid user git from 206.123.145.74 port 18760 ssh2
Mar 29 12:13:00 cls sshd[669145]: Connection closed by invalid user git 206.123.145.74 port 18760 [preauth]
Mar 29 12:13:27 cls sshd[669155]: Invalid user mqtt from 130.12.181.103 port 3594
Mar 29 12:13:30 cls sshd[669155]: pam_unix(sshd:auth): check pass; user unknown
Mar 29 12:13:30 cls sshd[669155]: pam_unix(sshd:auth): authentication failure; logname= uid=0 euid=0 tty=ssh ruser= rhost=130.12.181.103 
Mar 29 12:13:31 cls sshd[669155]: Failed password for invalid user mqtt from 130.12.181.103 port 3594 ssh2
Mar 29 12:13:33 cls sshd[669155]: Connection closed by invalid user mqtt 130.12.181.103 port 3594 [preauth]
Mar 29 12:13:35 cls sshd[669159]: pam_unix(sshd:auth): authentication failure; logname= uid=0 euid=0 tty=ssh ruser= rhost=130.12.181.99  user=root
Mar 29 12:13:37 cls sshd[669159]: Failed password for root from 130.12.181.99 port 5684 ssh2
Mar 29 12:13:41 cls sshd[669159]: Connection closed by authenticating user root 130.12.181.99 port 5684 [preauth]
Mar 29 12:13:41 cls sshd[669161]: Invalid user yucheng from 130.12.181.97 port 59914
Mar 29 12:13:43 cls sshd[669161]: pam_unix(sshd:auth): check pass; user unknown
Mar 29 12:13:43 cls sshd[669161]: pam_unix(sshd:auth): authentication failure; logname= uid=0 euid=0 tty=ssh ruser= rhost=130.12.181.97 
Mar 29 12:13:45 cls sshd[669161]: Failed password for invalid user yucheng from 130.12.181.97 port 59914 ssh2
Mar 29 12:13:49 cls sshd[669161]: Connection closed by invalid user yucheng 130.12.181.97 port 59914 [preauth]
Mar 29 12:14:04 cls sshd[669169]: Invalid user devops from 130.12.181.109 port 30032
Mar 29 12:14:06 cls sshd[669169]: pam_unix(sshd:auth): check pass; user unknown
Mar 29 12:14:06 cls sshd[669169]: pam_unix(sshd:auth): authentication failure; logname= uid=0 euid=0 tty=ssh ruser= rhost=130.12.181.109 
Mar 29 12:14:07 cls sshd[669170]: Invalid user ltb from 130.12.181.106 port 52056
Mar 29 12:14:08 cls sshd[669169]: Failed password for invalid user devops from 130.12.181.109 port 30032 ssh2
Mar 29 12:14:09 cls sshd[669170]: pam_unix(sshd:auth): check pass; user unknown
Mar 29 12:14:09 cls sshd[669170]: pam_unix(sshd:auth): authentication failure; logname= uid=0 euid=0 tty=ssh ruser= rhost=130.12.181.106 
Mar 29 12:14:10 cls sshd[669169]: Connection closed by invalid user devops 130.12.181.109 port 30032 [preauth]
Mar 29 12:14:11 cls sshd[669170]: Failed password for invalid user ltb from 130.12.181.106 port 52056 ssh2
Mar 29 12:14:11 cls sshd[669173]: Invalid user christian from 130.12.181.105 port 31340
Mar 29 12:14:13 cls sshd[669173]: pam_unix(sshd:auth): check pass; user unknown
Mar 29 12:14:13 cls sshd[669173]: pam_unix(sshd:auth): authentication failure; logname= uid=0 euid=0 tty=ssh ruser= rhost=130.12.181.105 
Mar 29 12:14:14 cls sshd[669170]: Connection closed by invalid user ltb 130.12.181.106 port 52056 [preauth]
Mar 29 12:14:15 cls sshd[669173]: Failed password for invalid user christian from 130.12.181.105 port 31340 ssh2
Mar 29 12:14:19 cls sshd[669173]: Connection closed by invalid user christian 130.12.181.105 port 31340 [preauth]
Mar 29 12:14:37 cls sshd[669187]: Invalid user haichao from 206.123.145.72 port 5280
Mar 29 12:14:38 cls sshd[669187]: pam_unix(sshd:auth): check pass; user unknown
Mar 29 12:14:38 cls sshd[669187]: pam_unix(sshd:auth): authentication failure; logname= uid=0 euid=0 tty=ssh ruser= rhost=206.123.145.72 
Mar 29 12:14:41 cls sshd[669187]: Failed password for invalid user haichao from 206.123.145.72 port 5280 ssh2
Mar 29 12:14:45 cls sshd[669189]: Invalid user luojianhui from 206.123.145.75 port 35356
Mar 29 12:14:46 cls sshd[669189]: pam_unix(sshd:auth): check pass; user unknown
Mar 29 12:14:46 cls sshd[669189]: pam_unix(sshd:auth): authentication failure; logname= uid=0 euid=0 tty=ssh ruser= rhost=206.123.145.75 
Mar 29 12:14:46 cls sshd[669187]: Connection closed by invalid user haichao 206.123.145.72 port 5280 [preauth]
Mar 29 12:14:48 cls sshd[669189]: Failed password for invalid user luojianhui from 206.123.145.75 port 35356 ssh2
Mar 29 12:14:51 cls sshd[669189]: Connection closed by invalid user luojianhui 206.123.145.75 port 35356 [preauth]
Mar 29 12:15:25 cls sshd[669207]: Invalid user wenhy from 206.123.145.73 port 17338
Mar 29 12:15:27 cls sshd[669207]: pam_unix(sshd:auth): check pass; user unknown
Mar 29 12:15:27 cls sshd[669207]: pam_unix(sshd:auth): authentication failure; logname= uid=0 euid=0 tty=ssh ruser= rhost=206.123.145.73 
Mar 29 12:15:30 cls sshd[669207]: Failed password for invalid user wenhy from 206.123.145.73 port 17338 ssh2
Mar 29 12:15:32 cls sshd[669207]: Connection closed by invalid user wenhy 206.123.145.73 port 17338 [preauth]
Mar 29 12:15:36 cls sshd[669209]: Invalid user dzx from 130.12.181.108 port 10860
Mar 29 12:15:38 cls sshd[669209]: pam_unix(sshd:auth): check pass; user unknown
Mar 29 12:15:38 cls sshd[669209]: pam_unix(sshd:auth): authentication failure; logname= uid=0 euid=0 tty=ssh ruser= rhost=130.12.181.108 
Mar 29 12:15:40 cls sshd[669209]: Failed password for invalid user dzx from 130.12.181.108 port 10860 ssh2
Mar 29 12:15:42 cls sshd[669209]: Connection closed by invalid user dzx 130.12.181.108 port 10860 [preauth]
Mar 29 12:15:57 cls sshd[669213]: Invalid user sdbadmin from 130.12.181.98 port 16048
Mar 29 12:15:59 cls sshd[669213]: pam_unix(sshd:auth): check pass; user unknown
Mar 29 12:15:59 cls sshd[669213]: pam_unix(sshd:auth): authentication failure; logname= uid=0 euid=0 tty=ssh ruser= rhost=130.12.181.98 
Mar 29 12:16:01 cls sshd[669213]: Failed password for invalid user sdbadmin from 130.12.181.98 port 16048 ssh2
Mar 29 12:16:02 cls sshd[669219]: pam_unix(sshd:auth): authentication failure; logname= uid=0 euid=0 tty=ssh ruser= rhost=130.12.181.102  user=root
Mar 29 12:16:04 cls sshd[669213]: Connection closed by invalid user sdbadmin 130.12.181.98 port 16048 [preauth]
Mar 29 12:16:04 cls sshd[669219]: Failed password for root from 130.12.181.102 port 55376 ssh2
Mar 29 12:16:07 cls sshd[669219]: Connection closed by authenticating user root 130.12.181.102 port 55376 [preauth]
Mar 29 12:16:12 cls sshd[669231]: Invalid user eemre from 130.12.181.100 port 29290
Mar 29 12:16:14 cls sshd[669231]: pam_unix(sshd:auth): check pass; user unknown
Mar 29 12:16:14 cls sshd[669231]: pam_unix(sshd:auth): authentication failure; logname= uid=0 euid=0 tty=ssh ruser= rhost=130.12.181.100 
Mar 29 12:16:15 cls sshd[669237]: Invalid user hyun from 206.123.145.20 port 53244
Mar 29 12:16:16 cls sshd[669231]: Failed password for invalid user eemre from 130.12.181.100 port 29290 ssh2
Mar 29 12:16:17 cls sshd[669237]: pam_unix(sshd:auth): check pass; user unknown
Mar 29 12:16:17 cls sshd[669237]: pam_unix(sshd:auth): authentication failure; logname= uid=0 euid=0 tty=ssh ruser= rhost=206.123.145.20 
Mar 29 12:16:19 cls sshd[669237]: Failed password for invalid user hyun from 206.123.145.20 port 53244 ssh2
Mar 29 12:16:20 cls sshd[669231]: Connection closed by invalid user eemre 130.12.181.100 port 29290 [preauth]
Mar 29 12:16:24 cls sshd[669237]: Connection closed by invalid user hyun 206.123.145.20 port 53244 [preauth]
Mar 29 12:16:47 cls sshd[669269]: Invalid user develop from 206.123.145.55 port 53722
Mar 29 12:16:48 cls sshd[669269]: pam_unix(sshd:auth): check pass; user unknown
Mar 29 12:16:48 cls sshd[669269]: pam_unix(sshd:auth): authentication failure; logname= uid=0 euid=0 tty=ssh ruser= rhost=206.123.145.55 
Mar 29 12:16:50 cls sshd[669269]: Failed password for invalid user develop from 206.123.145.55 port 53722 ssh2
Mar 29 12:16:52 cls sshd[669269]: Connection closed by invalid user develop 206.123.145.55 port 53722 [preauth]
Mar 29 12:16:56 cls sshd[669281]: pam_unix(sshd:auth): authentication failure; logname= uid=0 euid=0 tty=ssh ruser= rhost=206.123.145.50  user=root
Mar 29 12:16:57 cls sshd[669285]: Invalid user yangsen from 206.123.145.57 port 1130
Mar 29 12:16:58 cls sshd[669281]: Failed password for root from 206.123.145.50 port 15364 ssh2
Mar 29 12:16:59 cls sshd[669288]: Invalid user dipens from 206.123.145.49 port 51796
Mar 29 12:17:00 cls sshd[669288]: pam_unix(sshd:auth): check pass; user unknown
Mar 29 12:17:00 cls sshd[669288]: pam_unix(sshd:auth): authentication failure; logname= uid=0 euid=0 tty=ssh ruser= rhost=206.123.145.49 
Mar 29 12:17:00 cls sshd[669285]: pam_unix(sshd:auth): check pass; user unknown
Mar 29 12:17:00 cls sshd[669285]: pam_unix(sshd:auth): authentication failure; logname= uid=0 euid=0 tty=ssh ruser= rhost=206.123.145.57 
Mar 29 12:17:01 cls CRON[669301]: pam_unix(cron:session): session opened for user root by (uid=0)
Mar 29 12:17:01 cls CRON[669301]: pam_unix(cron:session): session closed for user root
Mar 29 12:17:01 cls sshd[669281]: Connection closed by authenticating user root 206.123.145.50 port 15364 [preauth]
Mar 29 12:17:02 cls sshd[669288]: Failed password for invalid user dipens from 206.123.145.49 port 51796 ssh2
Mar 29 12:17:02 cls sshd[669285]: Failed password for invalid user yangsen from 206.123.145.57 port 1130 ssh2
Mar 29 12:17:05 cls sshd[669285]: Connection closed by invalid user yangsen 206.123.145.57 port 1130 [preauth]
Mar 29 12:17:06 cls sshd[669288]: Connection closed by invalid user dipens 206.123.145.49 port 51796 [preauth]
Mar 29 12:17:08 cls sshd[669295]: Invalid user oceanbase from 206.123.145.79 port 35542
Mar 29 12:17:09 cls sshd[669295]: pam_unix(sshd:auth): check pass; user unknown
Mar 29 12:17:09 cls sshd[669295]: pam_unix(sshd:auth): authentication failure; logname= uid=0 euid=0 tty=ssh ruser= rhost=206.123.145.79 
Mar 29 12:17:11 cls sshd[669295]: Failed password for invalid user oceanbase from 206.123.145.79 port 35542 ssh2
Mar 29 12:17:15 cls sshd[669295]: Connection closed by invalid user oceanbase 206.123.145.79 port 35542 [preauth]
Mar 29 12:17:16 cls sshd[669310]: Invalid user mini from 206.123.145.76 port 54482
Mar 29 12:17:19 cls sshd[669310]: pam_unix(sshd:auth): check pass; user unknown
Mar 29 12:17:19 cls sshd[669310]: pam_unix(sshd:auth): authentication failure; logname= uid=0 euid=0 tty=ssh ruser= rhost=206.123.145.76 
Mar 29 12:17:20 cls sshd[669310]: Failed password for invalid user mini from 206.123.145.76 port 54482 ssh2
Mar 29 12:17:25 cls sshd[669310]: Connection closed by invalid user mini 206.123.145.76 port 54482 [preauth]
Mar 29 12:17:51 cls sshd[669344]: Invalid user tiandy from 206.123.145.77 port 25274
Mar 29 12:17:52 cls sshd[669344]: pam_unix(sshd:auth): check pass; user unknown
Mar 29 12:17:52 cls sshd[669344]: pam_unix(sshd:auth): authentication failure; logname= uid=0 euid=0 tty=ssh ruser= rhost=206.123.145.77 
Mar 29 12:17:54 cls sshd[669344]: Failed password for invalid user tiandy from 206.123.145.77 port 25274 ssh2
Mar 29 12:17:54 cls sshd[669350]: Invalid user user03 from 130.12.181.104 port 49068
Mar 29 12:17:56 cls sshd[669350]: pam_unix(sshd:auth): check pass; user unknown
Mar 29 12:17:56 cls sshd[669350]: pam_unix(sshd:auth): authentication failure; logname= uid=0 euid=0 tty=ssh ruser= rhost=130.12.181.104 
Mar 29 12:17:58 cls sshd[669350]: Failed password for invalid user user03 from 130.12.181.104 port 49068 ssh2
Mar 29 12:17:59 cls sshd[669344]: Connection closed by invalid user tiandy 206.123.145.77 port 25274 [preauth]
Mar 29 12:18:01 cls sshd[669350]: Connection closed by invalid user user03 130.12.181.104 port 49068 [preauth]
Mar 29 12:18:20 cls sshd[669372]: pam_unix(sshd:auth): authentication failure; logname= uid=0 euid=0 tty=ssh ruser= rhost=206.123.145.78  user=root
Mar 29 12:18:22 cls sshd[669372]: Failed password for root from 206.123.145.78 port 4540 ssh2
Mar 29 12:18:24 cls sshd[669372]: Connection closed by authenticating user root 206.123.145.78 port 4540 [preauth]
Mar 29 12:19:16 cls sshd[669402]: Invalid user tongtech from 130.12.181.101 port 53626
Mar 29 12:19:18 cls sshd[669402]: pam_unix(sshd:auth): check pass; user unknown
Mar 29 12:19:18 cls sshd[669402]: pam_unix(sshd:auth): authentication failure; logname= uid=0 euid=0 tty=ssh ruser= rhost=130.12.181.101 
Mar 29 12:19:19 cls sshd[669408]: Invalid user cs601 from 206.123.145.69 port 5274
Mar 29 12:19:20 cls sshd[669408]: pam_unix(sshd:auth): check pass; user unknown
Mar 29 12:19:20 cls sshd[669408]: pam_unix(sshd:auth): authentication failure; logname= uid=0 euid=0 tty=ssh ruser= rhost=206.123.145.69 
Mar 29 12:19:21 cls sshd[669402]: Failed password for invalid user tongtech from 130.12.181.101 port 53626 ssh2
Mar 29 12:19:22 cls sshd[669408]: Failed password for invalid user cs601 from 206.123.145.69 port 5274 ssh2
Mar 29 12:19:24 cls sshd[669402]: Connection closed by invalid user tongtech 130.12.181.101 port 53626 [preauth]
Mar 29 12:19:26 cls sshd[669408]: Connection closed by invalid user cs601 206.123.145.69 port 5274 [preauth]
Mar 29 12:19:48 cls sshd[669432]: Invalid user linhai1 from 206.123.145.56 port 18086
Mar 29 12:19:50 cls sshd[669432]: pam_unix(sshd:auth): check pass; user unknown
Mar 29 12:19:50 cls sshd[669432]: pam_unix(sshd:auth): authentication failure; logname= uid=0 euid=0 tty=ssh ruser= rhost=206.123.145.56 
Mar 29 12:19:52 cls sshd[669432]: Failed password for invalid user linhai1 from 206.123.145.56 port 18086 ssh2
Mar 29 12:19:55 cls sshd[669432]: Connection closed by invalid user linhai1 206.123.145.56 port 18086 [preauth]
Mar 29 12:20:04 cls sshd[669438]: Invalid user caros from 206.123.145.53 port 25986
Mar 29 12:20:07 cls sshd[669438]: pam_unix(sshd:auth): check pass; user unknown
Mar 29 12:20:07 cls sshd[669438]: pam_unix(sshd:auth): authentication failure; logname= uid=0 euid=0 tty=ssh ruser= rhost=206.123.145.53 
Mar 29 12:20:09 cls sshd[669438]: Failed password for invalid user caros from 206.123.145.53 port 25986 ssh2
Mar 29 12:20:13 cls sshd[669438]: Connection closed by invalid user caros 206.123.145.53 port 25986 [preauth]
Mar 29 12:20:16 cls sshd[669442]: Invalid user shiwei from 206.123.145.52 port 9706
Mar 29 12:20:18 cls sshd[669442]: pam_unix(sshd:auth): check pass; user unknown
Mar 29 12:20:18 cls sshd[669442]: pam_unix(sshd:auth): authentication failure; logname= uid=0 euid=0 tty=ssh ruser= rhost=206.123.145.52 
Mar 29 12:20:20 cls sshd[669442]: Failed password for invalid user shiwei from 206.123.145.52 port 9706 ssh2
Mar 29 12:20:24 cls sshd[669442]: Connection closed by invalid user shiwei 206.123.145.52 port 9706 [preauth]
Mar 29 12:20:27 cls sshd[669460]: pam_unix(sshd:auth): authentication failure; logname= uid=0 euid=0 tty=ssh ruser= rhost=103.174.114.164  user=root
Mar 29 12:20:29 cls sshd[669460]: Failed password for root from 103.174.114.164 port 52200 ssh2
Mar 29 12:20:30 cls sshd[669460]: Received disconnect from 103.174.114.164 port 52200:11: Bye Bye [preauth]
Mar 29 12:20:30 cls sshd[669460]: Disconnected from authenticating user root 103.174.114.164 port 52200 [preauth]
Mar 29 12:20:30 cls sshd[669457]: Invalid user default from 130.12.181.107 port 5868
Mar 29 12:20:30 cls sshd[669456]: Invalid user laiyi from 206.123.145.46 port 32718
Mar 29 12:20:32 cls sshd[669457]: pam_unix(sshd:auth): check pass; user unknown
Mar 29 12:20:32 cls sshd[669457]: pam_unix(sshd:auth): authentication failure; logname= uid=0 euid=0 tty=ssh ruser= rhost=130.12.181.107 
Mar 29 12:20:32 cls sshd[669456]: pam_unix(sshd:auth): check pass; user unknown
Mar 29 12:20:32 cls sshd[669456]: pam_unix(sshd:auth): authentication failure; logname= uid=0 euid=0 tty=ssh ruser= rhost=206.123.145.46 
Mar 29 12:20:34 cls sshd[669457]: Failed password for invalid user default from 130.12.181.107 port 5868 ssh2
Mar 29 12:20:34 cls sshd[669456]: Failed password for invalid user laiyi from 206.123.145.46 port 32718 ssh2
Mar 29 12:20:36 cls sshd[669457]: Connection closed by invalid user default 130.12.181.107 port 5868 [preauth]
Mar 29 12:20:37 cls sshd[669456]: Connection closed by invalid user laiyi 206.123.145.46 port 32718 [preauth]
Mar 29 12:20:41 cls sshd[669462]: Invalid user bob from 206.123.145.70 port 44948
Mar 29 12:20:42 cls sshd[669462]: pam_unix(sshd:auth): check pass; user unknown
Mar 29 12:20:42 cls sshd[669462]: pam_unix(sshd:auth): authentication failure; logname= uid=0 euid=0 tty=ssh ruser= rhost=206.123.145.70 
Mar 29 12:20:43 cls sshd[669462]: Failed password for invalid user bob from 206.123.145.70 port 44948 ssh2
Mar 29 12:20:46 cls sshd[669462]: Connection closed by invalid user bob 206.123.145.70 port 44948 [preauth]
Mar 29 12:21:45 cls sshd[669479]: Invalid user training from 206.123.145.51 port 2462
Mar 29 12:21:48 cls sshd[669479]: pam_unix(sshd:auth): check pass; user unknown
Mar 29 12:21:48 cls sshd[669479]: pam_unix(sshd:auth): authentication failure; logname= uid=0 euid=0 tty=ssh ruser= rhost=206.123.145.51 
Mar 29 12:21:51 cls sshd[669479]: Failed password for invalid user training from 206.123.145.51 port 2462 ssh2
Mar 29 12:21:55 cls sshd[669482]: Invalid user chenjian from 206.123.145.54 port 3920
Mar 29 12:21:57 cls sshd[669482]: pam_unix(sshd:auth): check pass; user unknown
Mar 29 12:21:57 cls sshd[669482]: pam_unix(sshd:auth): authentication failure; logname= uid=0 euid=0 tty=ssh ruser= rhost=206.123.145.54 
Mar 29 12:21:57 cls sshd[669479]: Connection closed by invalid user training 206.123.145.51 port 2462 [preauth]
Mar 29 12:21:59 cls sshd[669482]: Failed password for invalid user chenjian from 206.123.145.54 port 3920 ssh2
Mar 29 12:22:01 cls sshd[669482]: Connection closed by invalid user chenjian 206.123.145.54 port 3920 [preauth]
Mar 29 12:22:05 cls sshd[669485]: pam_unix(sshd:auth): authentication failure; logname= uid=0 euid=0 tty=ssh ruser= rhost=206.123.145.48  user=ubuntu
Mar 29 12:22:07 cls sshd[669485]: Failed password for ubuntu from 206.123.145.48 port 30548 ssh2
Mar 29 12:22:09 cls sshd[669485]: Connection closed by authenticating user ubuntu 206.123.145.48 port 30548 [preauth]
Mar 29 12:22:18 cls sshd[669487]: Invalid user devops from 130.12.181.103 port 60060
Mar 29 12:22:21 cls sshd[669487]: pam_unix(sshd:auth): check pass; user unknown
Mar 29 12:22:21 cls sshd[669487]: pam_unix(sshd:auth): authentication failure; logname= uid=0 euid=0 tty=ssh ruser= rhost=130.12.181.103 
Mar 29 12:22:23 cls sshd[669487]: Failed password for invalid user devops from 130.12.181.103 port 60060 ssh2
Mar 29 12:22:24 cls sshd[669491]: Invalid user zxq from 130.12.181.99 port 26980
Mar 29 12:22:26 cls sshd[669487]: Connection closed by invalid user devops 130.12.181.103 port 60060 [preauth]
Mar 29 12:22:27 cls sshd[669491]: pam_unix(sshd:auth): check pass; user unknown
Mar 29 12:22:27 cls sshd[669491]: pam_unix(sshd:auth): authentication failure; logname= uid=0 euid=0 tty=ssh ruser= rhost=130.12.181.99 
Mar 29 12:22:29 cls sshd[669493]: Invalid user user1 from 130.12.181.97 port 50376
Mar 29 12:22:29 cls sshd[669491]: Failed password for invalid user zxq from 130.12.181.99 port 26980 ssh2
Mar 29 12:22:31 cls sshd[669493]: pam_unix(sshd:auth): check pass; user unknown
Mar 29 12:22:31 cls sshd[669493]: pam_unix(sshd:auth): authentication failure; logname= uid=0 euid=0 tty=ssh ruser= rhost=130.12.181.97 
Mar 29 12:22:31 cls sshd[669491]: Connection closed by invalid user zxq 130.12.181.99 port 26980 [preauth]
Mar 29 12:22:33 cls sshd[669493]: Failed password for invalid user user1 from 130.12.181.97 port 50376 ssh2
Mar 29 12:22:37 cls sshd[669493]: Connection closed by invalid user user1 130.12.181.97 port 50376 [preauth]
Mar 29 12:22:44 cls sshd[669511]: pam_unix(sshd:auth): authentication failure; logname= uid=0 euid=0 tty=ssh ruser= rhost=130.12.181.109  user=root
Mar 29 12:22:46 cls sshd[669511]: Failed password for root from 130.12.181.109 port 1710 ssh2
Mar 29 12:22:49 cls sshd[669511]: Connection closed by authenticating user root 130.12.181.109 port 1710 [preauth]
Mar 29 12:22:58 cls sshd[669526]: Invalid user lzw from 130.12.181.106 port 28802
Mar 29 12:22:59 cls sshd[669523]: Invalid user jrath from 206.123.145.71 port 61010
Mar 29 12:23:00 cls sshd[669526]: pam_unix(sshd:auth): check pass; user unknown
Mar 29 12:23:00 cls sshd[669526]: pam_unix(sshd:auth): authentication failure; logname= uid=0 euid=0 tty=ssh ruser= rhost=130.12.181.106 
Mar 29 12:23:01 cls sshd[669523]: pam_unix(sshd:auth): check pass; user unknown
Mar 29 12:23:01 cls sshd[669523]: pam_unix(sshd:auth): authentication failure; logname= uid=0 euid=0 tty=ssh ruser= rhost=206.123.145.71 
Mar 29 12:23:02 cls sshd[669526]: Failed password for invalid user lzw from 130.12.181.106 port 28802 ssh2
Mar 29 12:23:03 cls sshd[669523]: Failed password for invalid user jrath from 206.123.145.71 port 61010 ssh2
Mar 29 12:23:04 cls sshd[669526]: Connection closed by invalid user lzw 130.12.181.106 port 28802 [preauth]
Mar 29 12:23:05 cls sshd[669523]: Connection closed by invalid user jrath 206.123.145.71 port 61010 [preauth]
Mar 29 12:23:13 cls sshd[669531]: Invalid user admin01 from 130.12.181.105 port 43030
Mar 29 12:23:15 cls sshd[669531]: pam_unix(sshd:auth): check pass; user unknown
Mar 29 12:23:15 cls sshd[669531]: pam_unix(sshd:auth): authentication failure; logname= uid=0 euid=0 tty=ssh ruser= rhost=130.12.181.105 
Mar 29 12:23:15 cls sshd[669533]: Invalid user jkim from 130.12.181.98 port 31722
Mar 29 12:23:17 cls sshd[669533]: pam_unix(sshd:auth): check pass; user unknown
Mar 29 12:23:17 cls sshd[669533]: pam_unix(sshd:auth): authentication failure; logname= uid=0 euid=0 tty=ssh ruser= rhost=130.12.181.98 
Mar 29 12:23:17 cls sshd[669531]: Failed password for invalid user admin01 from 130.12.181.105 port 43030 ssh2
Mar 29 12:23:19 cls sshd[669533]: Failed password for invalid user jkim from 130.12.181.98 port 31722 ssh2
Mar 29 12:23:21 cls sshd[669531]: Connection closed by invalid user admin01 130.12.181.105 port 43030 [preauth]
Mar 29 12:23:22 cls sshd[669533]: Connection closed by invalid user jkim 130.12.181.98 port 31722 [preauth]
Mar 29 12:23:26 cls sshd[669541]: Invalid user tanhy from 206.123.145.74 port 62672
Mar 29 12:23:29 cls sshd[669541]: pam_unix(sshd:auth): check pass; user unknown
Mar 29 12:23:29 cls sshd[669541]: pam_unix(sshd:auth): authentication failure; logname= uid=0 euid=0 tty=ssh ruser= rhost=206.123.145.74 
Mar 29 12:23:31 cls sshd[669541]: Failed password for invalid user tanhy from 206.123.145.74 port 62672 ssh2
Mar 29 12:23:33 cls sshd[669541]: Connection closed by invalid user tanhy 206.123.145.74 port 62672 [preauth]
Mar 29 12:24:25 cls sshd[669587]: Invalid user mia from 130.12.181.108 port 57984
Mar 29 12:24:27 cls sshd[669587]: pam_unix(sshd:auth): check pass; user unknown
Mar 29 12:24:27 cls sshd[669587]: pam_unix(sshd:auth): authentication failure; logname= uid=0 euid=0 tty=ssh ruser= rhost=130.12.181.108 
Mar 29 12:24:29 cls sshd[669587]: Failed password for invalid user mia from 130.12.181.108 port 57984 ssh2
Mar 29 12:24:33 cls sshd[669587]: Connection closed by invalid user mia 130.12.181.108 port 57984 [preauth]
Mar 29 12:24:48 cls sshd[669611]: Invalid user darshb from 130.12.181.102 port 2708
Mar 29 12:24:50 cls sshd[669611]: pam_unix(sshd:auth): check pass; user unknown
Mar 29 12:24:50 cls sshd[669611]: pam_unix(sshd:auth): authentication failure; logname= uid=0 euid=0 tty=ssh ruser= rhost=130.12.181.102 
Mar 29 12:24:53 cls sshd[669611]: Failed password for invalid user darshb from 130.12.181.102 port 2708 ssh2
Mar 29 12:24:57 cls sshd[669611]: Connection closed by invalid user darshb 130.12.181.102 port 2708 [preauth]
Mar 29 12:25:05 cls sshd[669629]: Invalid user wuxintong from 206.123.145.75 port 54862
Mar 29 12:25:08 cls sshd[669629]: pam_unix(sshd:auth): check pass; user unknown
Mar 29 12:25:08 cls sshd[669629]: pam_unix(sshd:auth): authentication failure; logname= uid=0 euid=0 tty=ssh ruser= rhost=206.123.145.75 
Mar 29 12:25:10 cls sshd[669629]: Failed password for invalid user wuxintong from 206.123.145.75 port 54862 ssh2
Mar 29 12:25:12 cls sshd[669629]: Connection closed by invalid user wuxintong 206.123.145.75 port 54862 [preauth]
Mar 29 12:25:13 cls sshd[669647]: Invalid user gly from 206.123.145.72 port 19084
Mar 29 12:25:15 cls sshd[669639]: pam_unix(sshd:auth): authentication failure; logname= uid=0 euid=0 tty=ssh ruser= rhost=130.12.181.100  user=root
Mar 29 12:25:17 cls sshd[669639]: Failed password for root from 130.12.181.100 port 40832 ssh2
Mar 29 12:25:17 cls sshd[669647]: pam_unix(sshd:auth): check pass; user unknown
Mar 29 12:25:17 cls sshd[669647]: pam_unix(sshd:auth): authentication failure; logname= uid=0 euid=0 tty=ssh ruser= rhost=206.123.145.72 
Mar 29 12:25:18 cls sshd[669647]: Failed password for invalid user gly from 206.123.145.72 port 19084 ssh2
Mar 29 12:25:19 cls sshd[669639]: Connection closed by authenticating user root 130.12.181.100 port 40832 [preauth]
Mar 29 12:25:22 cls sshd[669647]: Connection closed by invalid user gly 206.123.145.72 port 19084 [preauth]
Mar 29 12:25:42 cls sshd[669665]: Invalid user admin from 206.123.145.73 port 8256
Mar 29 12:25:44 cls sshd[669665]: pam_unix(sshd:auth): check pass; user unknown
Mar 29 12:25:44 cls sshd[669665]: pam_unix(sshd:auth): authentication failure; logname= uid=0 euid=0 tty=ssh ruser= rhost=206.123.145.73 
Mar 29 12:25:46 cls sshd[669665]: Failed password for invalid user admin from 206.123.145.73 port 8256 ssh2
Mar 29 12:25:48 cls sshd[669665]: Connection closed by invalid user admin 206.123.145.73 port 8256 [preauth]
Mar 29 12:26:44 cls sshd[669715]: Invalid user qvb from 206.123.145.20 port 50074
Mar 29 12:26:44 cls sshd[669719]: Invalid user guest from 130.12.181.104 port 61484
Mar 29 12:26:46 cls sshd[669715]: pam_unix(sshd:auth): check pass; user unknown
Mar 29 12:26:46 cls sshd[669715]: pam_unix(sshd:auth): authentication failure; logname= uid=0 euid=0 tty=ssh ruser= rhost=206.123.145.20 
Mar 29 12:26:47 cls sshd[669719]: pam_unix(sshd:auth): check pass; user unknown
Mar 29 12:26:47 cls sshd[669719]: pam_unix(sshd:auth): authentication failure; logname= uid=0 euid=0 tty=ssh ruser= rhost=130.12.181.104 
Mar 29 12:26:48 cls sshd[669715]: Failed password for invalid user qvb from 206.123.145.20 port 50074 ssh2
Mar 29 12:26:48 cls sshd[669721]: pam_unix(sshd:auth): authentication failure; logname= uid=0 euid=0 tty=ssh ruser= rhost=206.123.145.49  user=root
Mar 29 12:26:48 cls sshd[669719]: Failed password for invalid user guest from 130.12.181.104 port 61484 ssh2
Mar 29 12:26:50 cls sshd[669721]: Failed password for root from 206.123.145.49 port 18798 ssh2
Mar 29 12:26:51 cls sshd[669719]: Connection closed by invalid user guest 130.12.181.104 port 61484 [preauth]
Mar 29 12:26:52 cls sshd[669715]: Connection closed by invalid user qvb 206.123.145.20 port 50074 [preauth]
Mar 29 12:26:53 cls sshd[669721]: Connection closed by authenticating user root 206.123.145.49 port 18798 [preauth]
Mar 29 12:27:00 cls sshd[669726]: Invalid user lml from 206.123.145.57 port 40368
Mar 29 12:27:01 cls sshd[669726]: pam_unix(sshd:auth): check pass; user unknown
Mar 29 12:27:01 cls sshd[669726]: pam_unix(sshd:auth): authentication failure; logname= uid=0 euid=0 tty=ssh ruser= rhost=206.123.145.57 
Mar 29 12:27:03 cls sshd[669727]: Invalid user zby from 206.123.145.55 port 47052
Mar 29 12:27:03 cls sshd[669726]: Failed password for invalid user lml from 206.123.145.57 port 40368 ssh2
Mar 29 12:27:05 cls sshd[669727]: pam_unix(sshd:auth): check pass; user unknown
Mar 29 12:27:05 cls sshd[669727]: pam_unix(sshd:auth): authentication failure; logname= uid=0 euid=0 tty=ssh ruser= rhost=206.123.145.55 
Mar 29 12:27:05 cls sshd[669732]: Invalid user yyy from 206.123.145.50 port 5276
Mar 29 12:27:05 cls sshd[669726]: Connection closed by invalid user lml 206.123.145.57 port 40368 [preauth]
Mar 29 12:27:06 cls sshd[669727]: Failed password for invalid user zby from 206.123.145.55 port 47052 ssh2
Mar 29 12:27:07 cls sshd[669732]: pam_unix(sshd:auth): check pass; user unknown
Mar 29 12:27:07 cls sshd[669732]: pam_unix(sshd:auth): authentication failure; logname= uid=0 euid=0 tty=ssh ruser= rhost=206.123.145.50 
Mar 29 12:27:09 cls sshd[669732]: Failed password for invalid user yyy from 206.123.145.50 port 5276 ssh2
Mar 29 12:27:10 cls sshd[669727]: Connection closed by invalid user zby 206.123.145.55 port 47052 [preauth]
Mar 29 12:27:12 cls sshd[669732]: Connection closed by invalid user yyy 206.123.145.50 port 5276 [preauth]
Mar 29 12:27:22 cls sshd[669738]: pam_unix(sshd:auth): authentication failure; logname= uid=0 euid=0 tty=ssh ruser= rhost=206.123.145.79  user=root
Mar 29 12:27:24 cls sshd[669738]: Failed password for root from 206.123.145.79 port 24530 ssh2
Mar 29 12:27:27 cls sshd[669738]: Connection closed by authenticating user root 206.123.145.79 port 24530 [preauth]
Mar 29 12:27:33 cls sshd[669742]: Invalid user tech from 206.123.145.76 port 40792
Mar 29 12:27:35 cls sshd[669742]: pam_unix(sshd:auth): check pass; user unknown
Mar 29 12:27:35 cls sshd[669742]: pam_unix(sshd:auth): authentication failure; logname= uid=0 euid=0 tty=ssh ruser= rhost=206.123.145.76 
Mar 29 12:27:36 cls sshd[669742]: Failed password for invalid user tech from 206.123.145.76 port 40792 ssh2
Mar 29 12:27:38 cls sshd[669742]: Connection closed by invalid user tech 206.123.145.76 port 40792 [preauth]
Mar 29 12:27:58 cls sshd[669758]: Invalid user john from 206.123.145.77 port 13252
Mar 29 12:28:00 cls sshd[669758]: pam_unix(sshd:auth): check pass; user unknown
Mar 29 12:28:00 cls sshd[669758]: pam_unix(sshd:auth): authentication failure; logname= uid=0 euid=0 tty=ssh ruser= rhost=206.123.145.77 
Mar 29 12:28:02 cls sshd[669758]: Failed password for invalid user john from 206.123.145.77 port 13252 ssh2
Mar 29 12:28:05 cls sshd[669758]: Connection closed by invalid user john 206.123.145.77 port 13252 [preauth]
Mar 29 12:28:20 cls sshd[669764]: Invalid user admin from 130.12.181.101 port 14232
Mar 29 12:28:22 cls sshd[669764]: pam_unix(sshd:auth): check pass; user unknown
Mar 29 12:28:22 cls sshd[669764]: pam_unix(sshd:auth): authentication failure; logname= uid=0 euid=0 tty=ssh ruser= rhost=130.12.181.101 
Mar 29 12:28:24 cls sshd[669763]: Invalid user SSS from 206.123.145.78 port 62146
Mar 29 12:28:25 cls sshd[669764]: Failed password for invalid user admin from 130.12.181.101 port 14232 ssh2
Mar 29 12:28:27 cls sshd[669763]: pam_unix(sshd:auth): check pass; user unknown
Mar 29 12:28:27 cls sshd[669763]: pam_unix(sshd:auth): authentication failure; logname= uid=0 euid=0 tty=ssh ruser= rhost=206.123.145.78 
Mar 29 12:28:29 cls sshd[669763]: Failed password for invalid user SSS from 206.123.145.78 port 62146 ssh2
Mar 29 12:28:29 cls sshd[669764]: Connection closed by invalid user admin 130.12.181.101 port 14232 [preauth]
Mar 29 12:28:33 cls sshd[669763]: Connection closed by invalid user SSS 206.123.145.78 port 62146 [preauth]
Mar 29 12:29:24 cls sshd[669775]: pam_unix(sshd:auth): authentication failure; logname= uid=0 euid=0 tty=ssh ruser= rhost=103.174.114.164  user=root
Mar 29 12:29:25 cls sshd[669775]: Failed password for root from 103.174.114.164 port 41028 ssh2
Mar 29 12:29:26 cls sshd[669775]: Received disconnect from 103.174.114.164 port 41028:11: Bye Bye [preauth]
Mar 29 12:29:26 cls sshd[669775]: Disconnected from authenticating user root 103.174.114.164 port 41028 [preauth]
Mar 29 12:29:33 cls sshd[669777]: Invalid user huwf from 130.12.181.107 port 51110
Mar 29 12:29:36 cls sshd[669777]: pam_unix(sshd:auth): check pass; user unknown
Mar 29 12:29:36 cls sshd[669777]: pam_unix(sshd:auth): authentication failure; logname= uid=0 euid=0 tty=ssh ruser= rhost=130.12.181.107 
Mar 29 12:29:37 cls sshd[669777]: Failed password for invalid user huwf from 130.12.181.107 port 51110 ssh2
Mar 29 12:29:40 cls sshd[669777]: Connection closed by invalid user huwf 130.12.181.107 port 51110 [preauth]
Mar 29 12:29:40 cls sshd[669791]: Invalid user SF from 206.123.145.69 port 29100
Mar 29 12:29:42 cls sshd[669791]: pam_unix(sshd:auth): check pass; user unknown
Mar 29 12:29:42 cls sshd[669791]: pam_unix(sshd:auth): authentication failure; logname= uid=0 euid=0 tty=ssh ruser= rhost=206.123.145.69 
Mar 29 12:29:44 cls sshd[669791]: Failed password for invalid user SF from 206.123.145.69 port 29100 ssh2
Mar 29 12:29:48 cls sshd[669791]: Connection closed by invalid user SF 206.123.145.69 port 29100 [preauth]
Mar 29 12:29:54 cls sshd[669793]: Invalid user tibero from 206.123.145.53 port 38984
Mar 29 12:29:58 cls sshd[669793]: pam_unix(sshd:auth): check pass; user unknown
Mar 29 12:29:58 cls sshd[669793]: pam_unix(sshd:auth): authentication failure; logname= uid=0 euid=0 tty=ssh ruser= rhost=206.123.145.53 
Mar 29 12:30:00 cls sshd[669793]: Failed password for invalid user tibero from 206.123.145.53 port 38984 ssh2
Mar 29 12:30:02 cls sshd[669795]: Invalid user huangzihan from 206.123.145.56 port 40752
Mar 29 12:30:03 cls sshd[669793]: Connection closed by invalid user tibero 206.123.145.53 port 38984 [preauth]
Mar 29 12:30:05 cls sshd[669795]: pam_unix(sshd:auth): check pass; user unknown
Mar 29 12:30:05 cls sshd[669795]: pam_unix(sshd:auth): authentication failure; logname= uid=0 euid=0 tty=ssh ruser= rhost=206.123.145.56 
Mar 29 12:30:07 cls sshd[669795]: Failed password for invalid user huangzihan from 206.123.145.56 port 40752 ssh2
Mar 29 12:30:10 cls sshd[669795]: Connection closed by invalid user huangzihan 206.123.145.56 port 40752 [preauth]
Mar 29 12:30:11 cls sshd[669797]: Invalid user support from 206.123.145.52 port 50572
Mar 29 12:30:13 cls sshd[669797]: pam_unix(sshd:auth): check pass; user unknown
Mar 29 12:30:13 cls sshd[669797]: pam_unix(sshd:auth): authentication failure; logname= uid=0 euid=0 tty=ssh ruser= rhost=206.123.145.52 
Mar 29 12:30:15 cls sshd[669797]: Failed password for invalid user support from 206.123.145.52 port 50572 ssh2
Mar 29 12:30:18 cls sshd[669797]: Connection closed by invalid user support 206.123.145.52 port 50572 [preauth]
Mar 29 12:30:22 cls sshd[669799]: Invalid user hengshi from 206.123.145.46 port 63528
Mar 29 12:30:25 cls sshd[669799]: pam_unix(sshd:auth): check pass; user unknown
Mar 29 12:30:25 cls sshd[669799]: pam_unix(sshd:auth): authentication failure; logname= uid=0 euid=0 tty=ssh ruser= rhost=206.123.145.46 
Mar 29 12:30:27 cls sshd[669799]: Failed password for invalid user hengshi from 206.123.145.46 port 63528 ssh2
Mar 29 12:30:30 cls sshd[669799]: Connection closed by invalid user hengshi 206.123.145.46 port 63528 [preauth]
Mar 29 12:30:36 cls sshd[669817]: pam_unix(sshd:auth): authentication failure; logname= uid=0 euid=0 tty=ssh ruser= rhost=130.12.181.98  user=root
Mar 29 12:30:38 cls sshd[669817]: Failed password for root from 130.12.181.98 port 47222 ssh2
Mar 29 12:30:41 cls sshd[669817]: Connection closed by authenticating user root 130.12.181.98 port 47222 [preauth]
Mar 29 12:31:14 cls sshd[669843]: Invalid user obus from 206.123.145.70 port 39554
Mar 29 12:31:15 cls sshd[669843]: pam_unix(sshd:auth): check pass; user unknown
Mar 29 12:31:15 cls sshd[669843]: pam_unix(sshd:auth): authentication failure; logname= uid=0 euid=0 tty=ssh ruser= rhost=206.123.145.70 
Mar 29 12:31:17 cls sshd[669843]: Failed password for invalid user obus from 206.123.145.70 port 39554 ssh2
Mar 29 12:31:20 cls sshd[669843]: Connection closed by invalid user obus 206.123.145.70 port 39554 [preauth]
Mar 29 12:31:20 cls sshd[669847]: Invalid user huidi from 130.12.181.99 port 47452
Mar 29 12:31:22 cls sshd[669847]: pam_unix(sshd:auth): check pass; user unknown
Mar 29 12:31:22 cls sshd[669847]: pam_unix(sshd:auth): authentication failure; logname= uid=0 euid=0 tty=ssh ruser= rhost=130.12.181.99 
Mar 29 12:31:22 cls sshd[669851]: Invalid user shryu from 130.12.181.103 port 14224
Mar 29 12:31:24 cls sshd[669851]: pam_unix(sshd:auth): check pass; user unknown
Mar 29 12:31:24 cls sshd[669851]: pam_unix(sshd:auth): authentication failure; logname= uid=0 euid=0 tty=ssh ruser= rhost=130.12.181.103 
Mar 29 12:31:25 cls sshd[669847]: Failed password for invalid user huidi from 130.12.181.99 port 47452 ssh2
Mar 29 12:31:26 cls sshd[669851]: Failed password for invalid user shryu from 130.12.181.103 port 14224 ssh2
Mar 29 12:31:27 cls sshd[669847]: Connection closed by invalid user huidi 130.12.181.99 port 47452 [preauth]
Mar 29 12:31:30 cls sshd[669860]: Invalid user zsz from 130.12.181.97 port 24458
Mar 29 12:31:31 cls sshd[669851]: Connection closed by invalid user shryu 130.12.181.103 port 14224 [preauth]
Mar 29 12:31:31 cls sshd[669861]: Invalid user es from 130.12.181.109 port 28880
Mar 29 12:31:32 cls sshd[669860]: pam_unix(sshd:auth): check pass; user unknown
Mar 29 12:31:32 cls sshd[669860]: pam_unix(sshd:auth): authentication failure; logname= uid=0 euid=0 tty=ssh ruser= rhost=130.12.181.97 
Mar 29 12:31:33 cls sshd[669861]: pam_unix(sshd:auth): check pass; user unknown
Mar 29 12:31:33 cls sshd[669861]: pam_unix(sshd:auth): authentication failure; logname= uid=0 euid=0 tty=ssh ruser= rhost=130.12.181.109 
Mar 29 12:31:34 cls sshd[669860]: Failed password for invalid user zsz from 130.12.181.97 port 24458 ssh2
Mar 29 12:31:35 cls sshd[669861]: Failed password for invalid user es from 130.12.181.109 port 28880 ssh2
Mar 29 12:31:37 cls sshd[669861]: Connection closed by invalid user es 130.12.181.109 port 28880 [preauth]
Mar 29 12:31:38 cls sshd[669860]: Connection closed by invalid user zsz 130.12.181.97 port 24458 [preauth]
Mar 29 12:31:42 cls sshd[669877]: Invalid user dbus from 206.123.145.51 port 45506
Mar 29 12:31:44 cls sshd[669877]: pam_unix(sshd:auth): check pass; user unknown
Mar 29 12:31:44 cls sshd[669877]: pam_unix(sshd:auth): authentication failure; logname= uid=0 euid=0 tty=ssh ruser= rhost=206.123.145.51 
Mar 29 12:31:44 cls sshd[669876]: pam_unix(sshd:auth): authentication failure; logname= uid=0 euid=0 tty=ssh ruser= rhost=206.123.145.48  user=root
Mar 29 12:31:46 cls sshd[669877]: Failed password for invalid user dbus from 206.123.145.51 port 45506 ssh2
Mar 29 12:31:46 cls sshd[669876]: Failed password for root from 206.123.145.48 port 22498 ssh2
Mar 29 12:31:47 cls sshd[669877]: Connection closed by invalid user dbus 206.123.145.51 port 45506 [preauth]
Mar 29 12:31:48 cls sshd[669876]: Connection closed by authenticating user root 206.123.145.48 port 22498 [preauth]
Mar 29 12:31:54 cls sshd[669888]: Invalid user temp from 130.12.181.106 port 56608
Mar 29 12:31:56 cls sshd[669888]: pam_unix(sshd:auth): check pass; user unknown
Mar 29 12:31:56 cls sshd[669888]: pam_unix(sshd:auth): authentication failure; logname= uid=0 euid=0 tty=ssh ruser= rhost=130.12.181.106 
Mar 29 12:31:58 cls sshd[669888]: Failed password for invalid user temp from 130.12.181.106 port 56608 ssh2
Mar 29 12:31:59 cls sshd[669892]: Invalid user czy from 206.123.145.54 port 59230
Mar 29 12:32:01 cls sshd[669892]: pam_unix(sshd:auth): check pass; user unknown
Mar 29 12:32:01 cls sshd[669892]: pam_unix(sshd:auth): authentication failure; logname= uid=0 euid=0 tty=ssh ruser= rhost=206.123.145.54 
Mar 29 12:32:01 cls sshd[669888]: Connection closed by invalid user temp 130.12.181.106 port 56608 [preauth]
Mar 29 12:32:03 cls sshd[669892]: Failed password for invalid user czy from 206.123.145.54 port 59230 ssh2
Mar 29 12:32:06 cls sshd[669892]: Connection closed by invalid user czy 206.123.145.54 port 59230 [preauth]
Mar 29 12:32:19 cls sshd[669917]: Invalid user admin from 130.12.181.105 port 32720
Mar 29 12:32:21 cls sshd[669917]: pam_unix(sshd:auth): check pass; user unknown
Mar 29 12:32:21 cls sshd[669917]: pam_unix(sshd:auth): authentication failure; logname= uid=0 euid=0 tty=ssh ruser= rhost=130.12.181.105 
Mar 29 12:32:23 cls sshd[669917]: Failed password for invalid user admin from 130.12.181.105 port 32720 ssh2
Mar 29 12:32:29 cls sshd[669917]: Connection closed by invalid user admin 130.12.181.105 port 32720 [preauth]
Mar 29 12:33:21 cls sshd[669949]: pam_unix(sshd:auth): authentication failure; logname= uid=0 euid=0 tty=ssh ruser= rhost=130.12.181.108  user=root
Mar 29 12:33:23 cls sshd[669949]: Failed password for root from 130.12.181.108 port 22980 ssh2
Mar 29 12:33:26 cls sshd[669949]: Connection closed by authenticating user root 130.12.181.108 port 22980 [preauth]
Mar 29 12:33:40 cls sshd[669955]: Invalid user a from 206.123.145.71 port 43830
Mar 29 12:33:43 cls sshd[669955]: pam_unix(sshd:auth): check pass; user unknown
Mar 29 12:33:43 cls sshd[669955]: pam_unix(sshd:auth): authentication failure; logname= uid=0 euid=0 tty=ssh ruser= rhost=206.123.145.71 
Mar 29 12:33:45 cls sshd[669955]: Failed password for invalid user a from 206.123.145.71 port 43830 ssh2
Mar 29 12:33:47 cls sshd[669955]: Connection closed by invalid user a 206.123.145.71 port 43830 [preauth]
Mar 29 12:33:51 cls sshd[669973]: Invalid user yly from 130.12.181.102 port 59240
Mar 29 12:33:53 cls sshd[669973]: pam_unix(sshd:auth): check pass; user unknown
Mar 29 12:33:53 cls sshd[669973]: pam_unix(sshd:auth): authentication failure; logname= uid=0 euid=0 tty=ssh ruser= rhost=130.12.181.102 
Mar 29 12:33:54 cls sshd[669973]: Failed password for invalid user yly from 130.12.181.102 port 59240 ssh2
Mar 29 12:33:57 cls sshd[669973]: Connection closed by invalid user yly 130.12.181.102 port 59240 [preauth]
Mar 29 12:34:01 cls sshd[669981]: Invalid user elasticsearch from 206.123.145.74 port 52410
Mar 29 12:34:03 cls sshd[669981]: pam_unix(sshd:auth): check pass; user unknown
Mar 29 12:34:03 cls sshd[669981]: pam_unix(sshd:auth): authentication failure; logname= uid=0 euid=0 tty=ssh ruser= rhost=206.123.145.74 
Mar 29 12:34:04 cls sshd[669992]: pam_unix(sshd:auth): authentication failure; logname= uid=0 euid=0 tty=ssh ruser= rhost=103.174.114.164  user=root
Mar 29 12:34:05 cls sshd[669981]: Failed password for invalid user elasticsearch from 206.123.145.74 port 52410 ssh2
Mar 29 12:34:06 cls sshd[669992]: Failed password for root from 103.174.114.164 port 60962 ssh2
Mar 29 12:34:07 cls sshd[669992]: Received disconnect from 103.174.114.164 port 60962:11: Bye Bye [preauth]
Mar 29 12:34:07 cls sshd[669992]: Disconnected from authenticating user root 103.174.114.164 port 60962 [preauth]
Mar 29 12:34:09 cls sshd[669981]: Connection closed by invalid user elasticsearch 206.123.145.74 port 52410 [preauth]
Mar 29 12:34:10 cls sshd[669989]: Invalid user lhw from 130.12.181.100 port 32512
Mar 29 12:34:12 cls sshd[669989]: pam_unix(sshd:auth): check pass; user unknown
Mar 29 12:34:12 cls sshd[669989]: pam_unix(sshd:auth): authentication failure; logname= uid=0 euid=0 tty=ssh ruser= rhost=130.12.181.100 
Mar 29 12:34:13 cls sshd[669989]: Failed password for invalid user lhw from 130.12.181.100 port 32512 ssh2
Mar 29 12:34:16 cls sshd[669989]: Connection closed by invalid user lhw 130.12.181.100 port 32512 [preauth]
Mar 29 12:35:29 cls sshd[670027]: pam_unix(sshd:auth): authentication failure; logname= uid=0 euid=0 tty=ssh ruser= rhost=130.12.181.104  user=ubuntu
Mar 29 12:35:30 cls sshd[670027]: Failed password for ubuntu from 130.12.181.104 port 14550 ssh2
Mar 29 12:35:33 cls sshd[670027]: Connection closed by authenticating user ubuntu 130.12.181.104 port 14550 [preauth]
Mar 29 12:35:36 cls sshd[670029]: Invalid user RPM from 206.123.145.75 port 24782
Mar 29 12:35:38 cls sshd[670029]: pam_unix(sshd:auth): check pass; user unknown
Mar 29 12:35:38 cls sshd[670029]: pam_unix(sshd:auth): authentication failure; logname= uid=0 euid=0 tty=ssh ruser= rhost=206.123.145.75 
Mar 29 12:35:41 cls sshd[670029]: Failed password for invalid user RPM from 206.123.145.75 port 24782 ssh2
Mar 29 12:35:44 cls sshd[670029]: Connection closed by invalid user RPM 206.123.145.75 port 24782 [preauth]
Mar 29 12:35:59 cls sshd[670069]: pam_unix(sshd:auth): authentication failure; logname= uid=0 euid=0 tty=ssh ruser= rhost=201.149.53.243  user=root
Mar 29 12:36:01 cls sshd[670069]: Failed password for root from 201.149.53.243 port 6022 ssh2
Mar 29 12:36:02 cls sshd[670069]: Received disconnect from 201.149.53.243 port 6022:11: Bye Bye [preauth]
Mar 29 12:36:02 cls sshd[670069]: Disconnected from authenticating user root 201.149.53.243 port 6022 [preauth]
Mar 29 12:36:03 cls sshd[670067]: Invalid user station from 206.123.145.72 port 50404
Mar 29 12:36:04 cls sshd[670067]: pam_unix(sshd:auth): check pass; user unknown
Mar 29 12:36:04 cls sshd[670067]: pam_unix(sshd:auth): authentication failure; logname= uid=0 euid=0 tty=ssh ruser= rhost=206.123.145.72 
Mar 29 12:36:06 cls sshd[670067]: Failed password for invalid user station from 206.123.145.72 port 50404 ssh2
Mar 29 12:36:08 cls sshd[670067]: Connection closed by invalid user station 206.123.145.72 port 50404 [preauth]
Mar 29 12:36:24 cls sshd[670071]: Invalid user aziz from 206.123.145.73 port 54390
Mar 29 12:36:26 cls sshd[670071]: pam_unix(sshd:auth): check pass; user unknown
Mar 29 12:36:26 cls sshd[670071]: pam_unix(sshd:auth): authentication failure; logname= uid=0 euid=0 tty=ssh ruser= rhost=206.123.145.73 
Mar 29 12:36:28 cls sshd[670071]: Failed password for invalid user aziz from 206.123.145.73 port 54390 ssh2
Mar 29 12:36:30 cls sshd[670071]: Connection closed by invalid user aziz 206.123.145.73 port 54390 [preauth]
Mar 29 12:36:46 cls sshd[670079]: Invalid user abhishek from 206.123.145.20 port 37170
Mar 29 12:36:49 cls sshd[670079]: pam_unix(sshd:auth): check pass; user unknown
Mar 29 12:36:49 cls sshd[670079]: pam_unix(sshd:auth): authentication failure; logname= uid=0 euid=0 tty=ssh ruser= rhost=206.123.145.20 
Mar 29 12:36:50 cls sshd[670079]: Failed password for invalid user abhishek from 206.123.145.20 port 37170 ssh2
Mar 29 12:36:53 cls sshd[670079]: Connection closed by invalid user abhishek 206.123.145.20 port 37170 [preauth]
Mar 29 12:37:01 cls sshd[670096]: Invalid user test from 206.123.145.55 port 25866
Mar 29 12:37:03 cls sshd[670096]: pam_unix(sshd:auth): check pass; user unknown
Mar 29 12:37:03 cls sshd[670096]: pam_unix(sshd:auth): authentication failure; logname= uid=0 euid=0 tty=ssh ruser= rhost=206.123.145.55 
Mar 29 12:37:05 cls sshd[670099]: Invalid user CYH from 206.123.145.57 port 23244
Mar 29 12:37:06 cls sshd[670096]: Failed password for invalid user test from 206.123.145.55 port 25866 ssh2
Mar 29 12:37:07 cls sshd[670099]: pam_unix(sshd:auth): check pass; user unknown
Mar 29 12:37:07 cls sshd[670099]: pam_unix(sshd:auth): authentication failure; logname= uid=0 euid=0 tty=ssh ruser= rhost=206.123.145.57 
Mar 29 12:37:09 cls sshd[670099]: Failed password for invalid user CYH from 206.123.145.57 port 23244 ssh2
Mar 29 12:37:10 cls sshd[670096]: Connection closed by invalid user test 206.123.145.55 port 25866 [preauth]
Mar 29 12:37:11 cls sshd[670101]: Invalid user pravin2024 from 130.12.181.101 port 40116
Mar 29 12:37:12 cls sshd[670099]: Connection closed by invalid user CYH 206.123.145.57 port 23244 [preauth]
Mar 29 12:37:13 cls sshd[670101]: pam_unix(sshd:auth): check pass; user unknown
Mar 29 12:37:13 cls sshd[670101]: pam_unix(sshd:auth): authentication failure; logname= uid=0 euid=0 tty=ssh ruser= rhost=130.12.181.101 
Mar 29 12:37:15 cls sshd[670101]: Failed password for invalid user pravin2024 from 130.12.181.101 port 40116 ssh2
Mar 29 12:37:18 cls sshd[670101]: Connection closed by invalid user pravin2024 130.12.181.101 port 40116 [preauth]
Mar 29 12:37:21 cls sshd[670103]: Invalid user dmdba from 206.123.145.49 port 50016
Mar 29 12:37:23 cls sshd[670103]: pam_unix(sshd:auth): check pass; user unknown
Mar 29 12:37:23 cls sshd[670103]: pam_unix(sshd:auth): authentication failure; logname= uid=0 euid=0 tty=ssh ruser= rhost=206.123.145.49 
Mar 29 12:37:26 cls sshd[670103]: Failed password for invalid user dmdba from 206.123.145.49 port 50016 ssh2
Mar 29 12:37:26 cls sshd[670110]: Invalid user cb from 206.123.145.76 port 27400
Mar 29 12:37:27 cls sshd[670110]: pam_unix(sshd:auth): check pass; user unknown
