Mar 29 08:20:40 cls sshd[656708]: Connection closed by invalid user ly 130.12.181.101 port 49678 [preauth]
Mar 29 08:20:46 cls sshd[656710]: Invalid user jiangsy24 from 130.12.181.98 port 62368
Mar 29 08:20:48 cls sshd[656710]: pam_unix(sshd:auth): check pass; user unknown
Mar 29 08:20:48 cls sshd[656710]: pam_unix(sshd:auth): authentication failure; logname= uid=0 euid=0 tty=ssh ruser= rhost=130.12.181.98 
Mar 29 08:20:49 cls sshd[656710]: Failed password for invalid user jiangsy24 from 130.12.181.98 port 62368 ssh2
Mar 29 08:20:52 cls sshd[656710]: Connection closed by invalid user jiangsy24 130.12.181.98 port 62368 [preauth]
Mar 29 08:21:01 cls sshd[656715]: pam_unix(sshd:auth): authentication failure; logname= uid=0 euid=0 tty=ssh ruser= rhost=103.179.56.44  user=root
Mar 29 08:21:02 cls sshd[656713]: Invalid user liuhui from 130.12.181.104 port 60766
Mar 29 08:21:03 cls sshd[656715]: Failed password for root from 103.179.56.44 port 60324 ssh2
Mar 29 08:21:04 cls sshd[656715]: Received disconnect from 103.179.56.44 port 60324:11: Bye Bye [preauth]
Mar 29 08:21:04 cls sshd[656715]: Disconnected from authenticating user root 103.179.56.44 port 60324 [preauth]
Mar 29 08:21:04 cls sshd[656713]: pam_unix(sshd:auth): check pass; user unknown
Mar 29 08:21:04 cls sshd[656713]: pam_unix(sshd:auth): authentication failure; logname= uid=0 euid=0 tty=ssh ruser= rhost=130.12.181.104 
Mar 29 08:21:06 cls sshd[656713]: Failed password for invalid user liuhui from 130.12.181.104 port 60766 ssh2
Mar 29 08:21:10 cls sshd[656713]: Connection closed by invalid user liuhui 130.12.181.104 port 60766 [preauth]
Mar 29 08:21:32 cls sshd[656729]: pam_unix(sshd:auth): authentication failure; logname= uid=0 euid=0 tty=ssh ruser= rhost=206.123.145.20  user=root
Mar 29 08:21:34 cls sshd[656729]: Failed password for root from 206.123.145.20 port 7710 ssh2
Mar 29 08:21:35 cls sshd[656731]: Invalid user zhousiying from 206.123.145.57 port 63208
Mar 29 08:21:37 cls sshd[656729]: Connection closed by authenticating user root 206.123.145.20 port 7710 [preauth]
Mar 29 08:21:38 cls sshd[656731]: pam_unix(sshd:auth): check pass; user unknown
Mar 29 08:21:38 cls sshd[656731]: pam_unix(sshd:auth): authentication failure; logname= uid=0 euid=0 tty=ssh ruser= rhost=206.123.145.57 
Mar 29 08:21:40 cls sshd[656731]: Failed password for invalid user zhousiying from 206.123.145.57 port 63208 ssh2
Mar 29 08:21:45 cls sshd[656731]: Connection closed by invalid user zhousiying 206.123.145.57 port 63208 [preauth]
Mar 29 08:21:48 cls sshd[656733]: Invalid user fanbuqing from 206.123.145.78 port 15822
Mar 29 08:21:49 cls sshd[656733]: pam_unix(sshd:auth): check pass; user unknown
Mar 29 08:21:49 cls sshd[656733]: pam_unix(sshd:auth): authentication failure; logname= uid=0 euid=0 tty=ssh ruser= rhost=206.123.145.78 
Mar 29 08:21:51 cls sshd[656733]: Failed password for invalid user fanbuqing from 206.123.145.78 port 15822 ssh2
Mar 29 08:21:55 cls sshd[656733]: Connection closed by invalid user fanbuqing 206.123.145.78 port 15822 [preauth]
Mar 29 08:22:06 cls sshd[656735]: Invalid user liuyb22 from 206.123.145.50 port 18858
Mar 29 08:22:08 cls sshd[656735]: pam_unix(sshd:auth): check pass; user unknown
Mar 29 08:22:08 cls sshd[656735]: pam_unix(sshd:auth): authentication failure; logname= uid=0 euid=0 tty=ssh ruser= rhost=206.123.145.50 
Mar 29 08:22:10 cls sshd[656735]: Failed password for invalid user liuyb22 from 206.123.145.50 port 18858 ssh2
Mar 29 08:22:11 cls sshd[656735]: Connection closed by invalid user liuyb22 206.123.145.50 port 18858 [preauth]
Mar 29 08:22:14 cls sshd[656737]: Invalid user kingbase from 130.12.181.107 port 21332
Mar 29 08:22:16 cls sshd[656737]: pam_unix(sshd:auth): check pass; user unknown
Mar 29 08:22:16 cls sshd[656737]: pam_unix(sshd:auth): authentication failure; logname= uid=0 euid=0 tty=ssh ruser= rhost=130.12.181.107 
Mar 29 08:22:18 cls sshd[656737]: Failed password for invalid user kingbase from 130.12.181.107 port 21332 ssh2
Mar 29 08:22:20 cls sshd[656737]: Connection closed by invalid user kingbase 130.12.181.107 port 21332 [preauth]
Mar 29 08:22:39 cls sshd[656747]: Invalid user liuyan from 130.12.181.97 port 40136
Mar 29 08:22:40 cls sshd[656749]: Invalid user user25 from 206.123.145.55 port 11756
Mar 29 08:22:41 cls sshd[656747]: pam_unix(sshd:auth): check pass; user unknown
Mar 29 08:22:41 cls sshd[656747]: pam_unix(sshd:auth): authentication failure; logname= uid=0 euid=0 tty=ssh ruser= rhost=130.12.181.97 
Mar 29 08:22:41 cls sshd[656748]: Invalid user ads from 206.123.145.49 port 9662
Mar 29 08:22:42 cls sshd[656749]: pam_unix(sshd:auth): check pass; user unknown
Mar 29 08:22:42 cls sshd[656749]: pam_unix(sshd:auth): authentication failure; logname= uid=0 euid=0 tty=ssh ruser= rhost=206.123.145.55 
Mar 29 08:22:42 cls sshd[656747]: Failed password for invalid user liuyan from 130.12.181.97 port 40136 ssh2
Mar 29 08:22:44 cls sshd[656749]: Failed password for invalid user user25 from 206.123.145.55 port 11756 ssh2
Mar 29 08:22:44 cls sshd[656753]: pam_unix(sshd:auth): authentication failure; logname= uid=0 euid=0 tty=ssh ruser= rhost=130.12.181.105  user=root
Mar 29 08:22:45 cls sshd[656749]: Connection closed by invalid user user25 206.123.145.55 port 11756 [preauth]
Mar 29 08:22:46 cls sshd[656747]: Connection closed by invalid user liuyan 130.12.181.97 port 40136 [preauth]
Mar 29 08:22:47 cls sshd[656748]: pam_unix(sshd:auth): check pass; user unknown
Mar 29 08:22:47 cls sshd[656748]: pam_unix(sshd:auth): authentication failure; logname= uid=0 euid=0 tty=ssh ruser= rhost=206.123.145.49 
Mar 29 08:22:47 cls sshd[656753]: Failed password for root from 130.12.181.105 port 31918 ssh2
Mar 29 08:22:49 cls sshd[656753]: Connection closed by authenticating user root 130.12.181.105 port 31918 [preauth]
Mar 29 08:22:49 cls sshd[656748]: Failed password for invalid user ads from 206.123.145.49 port 9662 ssh2
Mar 29 08:22:51 cls sshd[656748]: Connection closed by invalid user ads 206.123.145.49 port 9662 [preauth]
Mar 29 08:23:28 cls sshd[656781]: pam_unix(sshd:auth): authentication failure; logname= uid=0 euid=0 tty=ssh ruser= rhost=130.12.181.103  user=root
Mar 29 08:23:30 cls sshd[656781]: Failed password for root from 130.12.181.103 port 49618 ssh2
Mar 29 08:23:31 cls sshd[656781]: Connection closed by authenticating user root 130.12.181.103 port 49618 [preauth]
Mar 29 08:24:17 cls sshd[656825]: Invalid user se from 206.123.145.73 port 55030
Mar 29 08:24:20 cls sshd[656825]: pam_unix(sshd:auth): check pass; user unknown
Mar 29 08:24:20 cls sshd[656825]: pam_unix(sshd:auth): authentication failure; logname= uid=0 euid=0 tty=ssh ruser= rhost=206.123.145.73 
Mar 29 08:24:21 cls sshd[656835]: Invalid user chenxj from 206.123.145.56 port 49534
Mar 29 08:24:21 cls sshd[656829]: pam_unix(sshd:auth): authentication failure; logname= uid=0 euid=0 tty=ssh ruser= rhost=130.12.181.106  user=root
Mar 29 08:24:22 cls sshd[656825]: Failed password for invalid user se from 206.123.145.73 port 55030 ssh2
Mar 29 08:24:22 cls sshd[656835]: pam_unix(sshd:auth): check pass; user unknown
Mar 29 08:24:22 cls sshd[656835]: pam_unix(sshd:auth): authentication failure; logname= uid=0 euid=0 tty=ssh ruser= rhost=206.123.145.56 
Mar 29 08:24:23 cls sshd[656829]: Failed password for root from 130.12.181.106 port 62682 ssh2
Mar 29 08:24:23 cls sshd[656835]: Failed password for invalid user chenxj from 206.123.145.56 port 49534 ssh2
Mar 29 08:24:26 cls sshd[656825]: Connection closed by invalid user se 206.123.145.73 port 55030 [preauth]
Mar 29 08:24:26 cls sshd[656829]: Connection closed by authenticating user root 130.12.181.106 port 62682 [preauth]
Mar 29 08:24:28 cls sshd[656835]: Connection closed by invalid user chenxj 206.123.145.56 port 49534 [preauth]
Mar 29 08:24:36 cls sshd[656844]: Invalid user junosoft from 206.123.145.70 port 7338
Mar 29 08:24:38 cls sshd[656844]: pam_unix(sshd:auth): check pass; user unknown
Mar 29 08:24:38 cls sshd[656844]: pam_unix(sshd:auth): authentication failure; logname= uid=0 euid=0 tty=ssh ruser= rhost=206.123.145.70 
Mar 29 08:24:40 cls sshd[656844]: Failed password for invalid user junosoft from 206.123.145.70 port 7338 ssh2
Mar 29 08:24:45 cls sshd[656844]: Connection closed by invalid user junosoft 206.123.145.70 port 7338 [preauth]
Mar 29 08:25:12 cls sshd[656860]: Invalid user wangsijin from 130.12.181.108 port 50120
Mar 29 08:25:14 cls sshd[656860]: pam_unix(sshd:auth): check pass; user unknown
Mar 29 08:25:14 cls sshd[656860]: pam_unix(sshd:auth): authentication failure; logname= uid=0 euid=0 tty=ssh ruser= rhost=130.12.181.108 
Mar 29 08:25:15 cls sshd[656860]: Failed password for invalid user wangsijin from 130.12.181.108 port 50120 ssh2
Mar 29 08:25:19 cls sshd[656860]: Connection closed by invalid user wangsijin 130.12.181.108 port 50120 [preauth]
Mar 29 08:25:22 cls sshd[656862]: Invalid user notas01a from 130.12.181.109 port 44612
Mar 29 08:25:24 cls sshd[656862]: pam_unix(sshd:auth): check pass; user unknown
Mar 29 08:25:24 cls sshd[656862]: pam_unix(sshd:auth): authentication failure; logname= uid=0 euid=0 tty=ssh ruser= rhost=130.12.181.109 
Mar 29 08:25:26 cls sshd[656862]: Failed password for invalid user notas01a from 130.12.181.109 port 44612 ssh2
Mar 29 08:25:30 cls sshd[656862]: Connection closed by invalid user notas01a 130.12.181.109 port 44612 [preauth]
Mar 29 08:26:02 cls sshd[656886]: Invalid user yjw from 130.12.181.102 port 54696
Mar 29 08:26:04 cls sshd[656886]: pam_unix(sshd:auth): check pass; user unknown
Mar 29 08:26:04 cls sshd[656886]: pam_unix(sshd:auth): authentication failure; logname= uid=0 euid=0 tty=ssh ruser= rhost=130.12.181.102 
Mar 29 08:26:06 cls sshd[656886]: Failed password for invalid user yjw from 130.12.181.102 port 54696 ssh2
Mar 29 08:26:08 cls sshd[656888]: Invalid user adminmysql from 206.123.145.53 port 61644
Mar 29 08:26:09 cls sshd[656886]: Connection closed by invalid user yjw 130.12.181.102 port 54696 [preauth]
Mar 29 08:26:09 cls sshd[656888]: pam_unix(sshd:auth): check pass; user unknown
Mar 29 08:26:09 cls sshd[656888]: pam_unix(sshd:auth): authentication failure; logname= uid=0 euid=0 tty=ssh ruser= rhost=206.123.145.53 
Mar 29 08:26:09 cls sshd[656890]: Invalid user monitor from 206.123.145.71 port 13394
Mar 29 08:26:11 cls sshd[656890]: pam_unix(sshd:auth): check pass; user unknown
Mar 29 08:26:11 cls sshd[656890]: pam_unix(sshd:auth): authentication failure; logname= uid=0 euid=0 tty=ssh ruser= rhost=206.123.145.71 
Mar 29 08:26:11 cls sshd[656888]: Failed password for invalid user adminmysql from 206.123.145.53 port 61644 ssh2
Mar 29 08:26:13 cls sshd[656890]: Failed password for invalid user monitor from 206.123.145.71 port 13394 ssh2
Mar 29 08:26:14 cls sshd[656888]: Connection closed by invalid user adminmysql 206.123.145.53 port 61644 [preauth]
Mar 29 08:26:16 cls sshd[656890]: Connection closed by invalid user monitor 206.123.145.71 port 13394 [preauth]
Mar 29 08:26:18 cls sshd[656892]: Invalid user wei from 206.123.145.79 port 56052
Mar 29 08:26:20 cls sshd[656892]: pam_unix(sshd:auth): check pass; user unknown
Mar 29 08:26:20 cls sshd[656892]: pam_unix(sshd:auth): authentication failure; logname= uid=0 euid=0 tty=ssh ruser= rhost=206.123.145.79 
Mar 29 08:26:21 cls sshd[656892]: Failed password for invalid user wei from 206.123.145.79 port 56052 ssh2
Mar 29 08:26:24 cls sshd[656892]: Connection closed by invalid user wei 206.123.145.79 port 56052 [preauth]
Mar 29 08:26:31 cls sshd[656912]: Invalid user root1 from 130.12.181.100 port 21170
Mar 29 08:26:33 cls sshd[656914]: Invalid user cheng from 206.123.145.54 port 43498
Mar 29 08:26:33 cls sshd[656912]: pam_unix(sshd:auth): check pass; user unknown
Mar 29 08:26:33 cls sshd[656912]: pam_unix(sshd:auth): authentication failure; logname= uid=0 euid=0 tty=ssh ruser= rhost=130.12.181.100 
Mar 29 08:26:35 cls sshd[656912]: Failed password for invalid user root1 from 130.12.181.100 port 21170 ssh2
Mar 29 08:26:36 cls sshd[656914]: pam_unix(sshd:auth): check pass; user unknown
Mar 29 08:26:36 cls sshd[656914]: pam_unix(sshd:auth): authentication failure; logname= uid=0 euid=0 tty=ssh ruser= rhost=206.123.145.54 
Mar 29 08:26:38 cls sshd[656914]: Failed password for invalid user cheng from 206.123.145.54 port 43498 ssh2
Mar 29 08:26:38 cls sshd[656912]: Connection closed by invalid user root1 130.12.181.100 port 21170 [preauth]
Mar 29 08:26:40 cls sshd[656916]: Invalid user wangshengyuan from 130.12.181.99 port 26752
Mar 29 08:26:43 cls sshd[656916]: pam_unix(sshd:auth): check pass; user unknown
Mar 29 08:26:43 cls sshd[656916]: pam_unix(sshd:auth): authentication failure; logname= uid=0 euid=0 tty=ssh ruser= rhost=130.12.181.99 
Mar 29 08:26:44 cls sshd[656914]: Connection closed by invalid user cheng 206.123.145.54 port 43498 [preauth]
Mar 29 08:26:44 cls sshd[656916]: Failed password for invalid user wangshengyuan from 130.12.181.99 port 26752 ssh2
Mar 29 08:26:47 cls sshd[656916]: Connection closed by invalid user wangshengyuan 130.12.181.99 port 26752 [preauth]
Mar 29 08:27:44 cls sshd[656942]: Invalid user fuser from 206.123.145.48 port 21108
Mar 29 08:27:45 cls sshd[656943]: Invalid user administrator from 206.123.145.46 port 57396
Mar 29 08:27:47 cls sshd[656942]: pam_unix(sshd:auth): check pass; user unknown
Mar 29 08:27:47 cls sshd[656942]: pam_unix(sshd:auth): authentication failure; logname= uid=0 euid=0 tty=ssh ruser= rhost=206.123.145.48 
Mar 29 08:27:48 cls sshd[656943]: pam_unix(sshd:auth): check pass; user unknown
Mar 29 08:27:48 cls sshd[656943]: pam_unix(sshd:auth): authentication failure; logname= uid=0 euid=0 tty=ssh ruser= rhost=206.123.145.46 
Mar 29 08:27:50 cls sshd[656942]: Failed password for invalid user fuser from 206.123.145.48 port 21108 ssh2
Mar 29 08:27:50 cls sshd[656943]: Failed password for invalid user administrator from 206.123.145.46 port 57396 ssh2
Mar 29 08:27:53 cls sshd[656942]: Connection closed by invalid user fuser 206.123.145.48 port 21108 [preauth]
Mar 29 08:27:53 cls sshd[656946]: Invalid user liuzelei from 206.123.145.72 port 4266
Mar 29 08:27:55 cls sshd[656943]: Connection closed by invalid user administrator 206.123.145.46 port 57396 [preauth]
Mar 29 08:27:56 cls sshd[656946]: pam_unix(sshd:auth): check pass; user unknown
Mar 29 08:27:56 cls sshd[656946]: pam_unix(sshd:auth): authentication failure; logname= uid=0 euid=0 tty=ssh ruser= rhost=206.123.145.72 
Mar 29 08:27:57 cls sshd[656946]: Failed password for invalid user liuzelei from 206.123.145.72 port 4266 ssh2
Mar 29 08:28:01 cls sshd[656946]: Connection closed by invalid user liuzelei 206.123.145.72 port 4266 [preauth]
Mar 29 08:28:02 cls sshd[656955]: pam_unix(sshd:auth): authentication failure; logname= uid=0 euid=0 tty=ssh ruser= rhost=106.13.165.101  user=root
Mar 29 08:28:05 cls sshd[656955]: Failed password for root from 106.13.165.101 port 54330 ssh2
Mar 29 08:28:09 cls sshd[656958]: Invalid user wujie from 130.12.181.98 port 10500
Mar 29 08:28:11 cls sshd[656958]: pam_unix(sshd:auth): check pass; user unknown
Mar 29 08:28:11 cls sshd[656958]: pam_unix(sshd:auth): authentication failure; logname= uid=0 euid=0 tty=ssh ruser= rhost=130.12.181.98 
Mar 29 08:28:12 cls sshd[656954]: pam_unix(sshd:auth): authentication failure; logname= uid=0 euid=0 tty=ssh ruser= rhost=206.123.145.75  user=root
Mar 29 08:28:12 cls sshd[656959]: Invalid user shuyu from 206.123.145.52 port 19870
Mar 29 08:28:13 cls sshd[656958]: Failed password for invalid user wujie from 130.12.181.98 port 10500 ssh2
Mar 29 08:28:13 cls sshd[656954]: Failed password for root from 206.123.145.75 port 42930 ssh2
Mar 29 08:28:14 cls sshd[656962]: Invalid user lsw from 206.123.145.51 port 49316
Mar 29 08:28:14 cls sshd[656959]: pam_unix(sshd:auth): check pass; user unknown
Mar 29 08:28:14 cls sshd[656959]: pam_unix(sshd:auth): authentication failure; logname= uid=0 euid=0 tty=ssh ruser= rhost=206.123.145.52 
Mar 29 08:28:15 cls sshd[656954]: Connection closed by authenticating user root 206.123.145.75 port 42930 [preauth]
Mar 29 08:28:16 cls sshd[656962]: pam_unix(sshd:auth): check pass; user unknown
Mar 29 08:28:16 cls sshd[656962]: pam_unix(sshd:auth): authentication failure; logname= uid=0 euid=0 tty=ssh ruser= rhost=206.123.145.51 
Mar 29 08:28:16 cls sshd[656958]: Connection closed by invalid user wujie 130.12.181.98 port 10500 [preauth]
Mar 29 08:28:16 cls sshd[656959]: Failed password for invalid user shuyu from 206.123.145.52 port 19870 ssh2
Mar 29 08:28:18 cls sshd[656962]: Failed password for invalid user lsw from 206.123.145.51 port 49316 ssh2
Mar 29 08:28:19 cls sshd[656959]: Connection closed by invalid user shuyu 206.123.145.52 port 19870 [preauth]
Mar 29 08:28:21 cls sshd[656962]: Connection closed by invalid user lsw 206.123.145.51 port 49316 [preauth]
Mar 29 08:28:28 cls sshd[656964]: Invalid user mengfanjin from 206.123.145.77 port 9260
Mar 29 08:28:29 cls sshd[656964]: pam_unix(sshd:auth): check pass; user unknown
Mar 29 08:28:29 cls sshd[656964]: pam_unix(sshd:auth): authentication failure; logname= uid=0 euid=0 tty=ssh ruser= rhost=206.123.145.77 
Mar 29 08:28:32 cls sshd[656964]: Failed password for invalid user mengfanjin from 206.123.145.77 port 9260 ssh2
Mar 29 08:28:32 cls sshd[656978]: Invalid user hblee from 206.123.145.69 port 19698
Mar 29 08:28:33 cls sshd[656978]: pam_unix(sshd:auth): check pass; user unknown
Mar 29 08:28:33 cls sshd[656978]: pam_unix(sshd:auth): authentication failure; logname= uid=0 euid=0 tty=ssh ruser= rhost=206.123.145.69 
Mar 29 08:28:34 cls sshd[656964]: Connection closed by invalid user mengfanjin 206.123.145.77 port 9260 [preauth]
Mar 29 08:28:35 cls sshd[656978]: Failed password for invalid user hblee from 206.123.145.69 port 19698 ssh2
Mar 29 08:28:41 cls sshd[656978]: Connection closed by invalid user hblee 206.123.145.69 port 19698 [preauth]
Mar 29 08:29:24 cls sshd[656990]: Invalid user underg from 130.12.181.101 port 5246
Mar 29 08:29:26 cls sshd[656990]: pam_unix(sshd:auth): check pass; user unknown
Mar 29 08:29:26 cls sshd[656990]: pam_unix(sshd:auth): authentication failure; logname= uid=0 euid=0 tty=ssh ruser= rhost=130.12.181.101 
Mar 29 08:29:28 cls sshd[656990]: Failed password for invalid user underg from 130.12.181.101 port 5246 ssh2
Mar 29 08:29:31 cls sshd[656990]: Connection closed by invalid user underg 130.12.181.101 port 5246 [preauth]
Mar 29 08:29:34 cls sshd[657007]: Invalid user xuhao from 130.12.181.104 port 2028
Mar 29 08:29:36 cls sshd[657007]: pam_unix(sshd:auth): check pass; user unknown
Mar 29 08:29:36 cls sshd[657007]: pam_unix(sshd:auth): authentication failure; logname= uid=0 euid=0 tty=ssh ruser= rhost=130.12.181.104 
Mar 29 08:29:39 cls sshd[657007]: Failed password for invalid user xuhao from 130.12.181.104 port 2028 ssh2
Mar 29 08:29:42 cls sshd[657007]: Connection closed by invalid user xuhao 130.12.181.104 port 2028 [preauth]
Mar 29 08:29:48 cls sshd[657017]: Invalid user nithin from 206.123.145.76 port 64142
Mar 29 08:29:49 cls sshd[657017]: pam_unix(sshd:auth): check pass; user unknown
Mar 29 08:29:49 cls sshd[657017]: pam_unix(sshd:auth): authentication failure; logname= uid=0 euid=0 tty=ssh ruser= rhost=206.123.145.76 
Mar 29 08:29:51 cls sshd[657017]: Failed password for invalid user nithin from 206.123.145.76 port 64142 ssh2
Mar 29 08:29:55 cls sshd[657017]: Connection closed by invalid user nithin 206.123.145.76 port 64142 [preauth]
Mar 29 08:30:57 cls sshd[657057]: pam_unix(sshd:auth): authentication failure; logname= uid=0 euid=0 tty=ssh ruser= rhost=130.12.181.107  user=root
Mar 29 08:30:59 cls sshd[657057]: Failed password for root from 130.12.181.107 port 19778 ssh2
Mar 29 08:31:02 cls sshd[657057]: Connection closed by authenticating user root 130.12.181.107 port 19778 [preauth]
Mar 29 08:31:11 cls sshd[657067]: Invalid user zonekey from 206.123.145.74 port 20256
Mar 29 08:31:14 cls sshd[657067]: pam_unix(sshd:auth): check pass; user unknown
Mar 29 08:31:14 cls sshd[657067]: pam_unix(sshd:auth): authentication failure; logname= uid=0 euid=0 tty=ssh ruser= rhost=206.123.145.74 
Mar 29 08:31:15 cls sshd[657067]: Failed password for invalid user zonekey from 206.123.145.74 port 20256 ssh2
Mar 29 08:31:17 cls sshd[657067]: Connection closed by invalid user zonekey 206.123.145.74 port 20256 [preauth]
Mar 29 08:31:29 cls sshd[657083]: Invalid user xyf from 130.12.181.97 port 50964
Mar 29 08:31:31 cls sshd[657083]: pam_unix(sshd:auth): check pass; user unknown
Mar 29 08:31:31 cls sshd[657083]: pam_unix(sshd:auth): authentication failure; logname= uid=0 euid=0 tty=ssh ruser= rhost=130.12.181.97 
Mar 29 08:31:33 cls sshd[657083]: Failed password for invalid user xyf from 130.12.181.97 port 50964 ssh2
Mar 29 08:31:35 cls sshd[657101]: pam_unix(sshd:auth): authentication failure; logname= uid=0 euid=0 tty=ssh ruser= rhost=130.12.181.105  user=root
Mar 29 08:31:37 cls sshd[657101]: Failed password for root from 130.12.181.105 port 37372 ssh2
Mar 29 08:31:38 cls sshd[657083]: Connection closed by invalid user xyf 130.12.181.97 port 50964 [preauth]
Mar 29 08:31:40 cls sshd[657101]: Connection closed by authenticating user root 130.12.181.105 port 37372 [preauth]
Mar 29 08:32:12 cls sshd[657137]: pam_unix(sshd:auth): authentication failure; logname= uid=0 euid=0 tty=ssh ruser= rhost=206.123.145.20  user=root
Mar 29 08:32:14 cls sshd[657137]: Failed password for root from 206.123.145.20 port 58580 ssh2
Mar 29 08:32:19 cls sshd[657137]: Connection closed by authenticating user root 206.123.145.20 port 58580 [preauth]
Mar 29 08:32:22 cls sshd[657151]: Invalid user zyqin from 206.123.145.78 port 49538
Mar 29 08:32:23 cls sshd[657159]: Invalid user test from 206.123.145.57 port 7172
Mar 29 08:32:23 cls sshd[657151]: pam_unix(sshd:auth): check pass; user unknown
Mar 29 08:32:23 cls sshd[657151]: pam_unix(sshd:auth): authentication failure; logname= uid=0 euid=0 tty=ssh ruser= rhost=206.123.145.78 
Mar 29 08:32:24 cls sshd[657159]: pam_unix(sshd:auth): check pass; user unknown
Mar 29 08:32:24 cls sshd[657159]: pam_unix(sshd:auth): authentication failure; logname= uid=0 euid=0 tty=ssh ruser= rhost=206.123.145.57 
Mar 29 08:32:25 cls sshd[657151]: Failed password for invalid user zyqin from 206.123.145.78 port 49538 ssh2
Mar 29 08:32:26 cls sshd[657159]: Failed password for invalid user test from 206.123.145.57 port 7172 ssh2
Mar 29 08:32:28 cls sshd[657161]: Invalid user Eireu5Ith9OhH0oki from 130.12.181.103 port 52058
Mar 29 08:32:29 cls sshd[657151]: Connection closed by invalid user zyqin 206.123.145.78 port 49538 [preauth]
Mar 29 08:32:30 cls sshd[657159]: Connection closed by invalid user test 206.123.145.57 port 7172 [preauth]
Mar 29 08:32:30 cls sshd[657161]: pam_unix(sshd:auth): check pass; user unknown
Mar 29 08:32:30 cls sshd[657161]: pam_unix(sshd:auth): authentication failure; logname= uid=0 euid=0 tty=ssh ruser= rhost=130.12.181.103 
Mar 29 08:32:32 cls sshd[657161]: Failed password for invalid user Eireu5Ith9OhH0oki from 130.12.181.103 port 52058 ssh2
Mar 29 08:32:34 cls sshd[657161]: Connection closed by invalid user Eireu5Ith9OhH0oki 130.12.181.103 port 52058 [preauth]
Mar 29 08:32:59 cls sshd[657173]: Invalid user linjie from 206.123.145.50 port 28000
Mar 29 08:33:03 cls sshd[657173]: pam_unix(sshd:auth): check pass; user unknown
Mar 29 08:33:03 cls sshd[657173]: pam_unix(sshd:auth): authentication failure; logname= uid=0 euid=0 tty=ssh ruser= rhost=206.123.145.50 
Mar 29 08:33:05 cls sshd[657173]: Failed password for invalid user linjie from 206.123.145.50 port 28000 ssh2
Mar 29 08:33:08 cls sshd[657173]: Connection closed by invalid user linjie 206.123.145.50 port 28000 [preauth]
Mar 29 08:33:12 cls sshd[657179]: pam_unix(sshd:auth): authentication failure; logname= uid=0 euid=0 tty=ssh ruser= rhost=130.12.181.106  user=root
Mar 29 08:33:14 cls sshd[657179]: Failed password for root from 130.12.181.106 port 45214 ssh2
Mar 29 08:33:17 cls sshd[657179]: Connection closed by authenticating user root 130.12.181.106 port 45214 [preauth]
Mar 29 08:33:24 cls sshd[657181]: Invalid user rozi from 206.123.145.55 port 49850
Mar 29 08:33:26 cls sshd[657181]: pam_unix(sshd:auth): check pass; user unknown
Mar 29 08:33:26 cls sshd[657181]: pam_unix(sshd:auth): authentication failure; logname= uid=0 euid=0 tty=ssh ruser= rhost=206.123.145.55 
Mar 29 08:33:27 cls sshd[657187]: Invalid user yjm from 206.123.145.49 port 4198
Mar 29 08:33:28 cls sshd[657181]: Failed password for invalid user rozi from 206.123.145.55 port 49850 ssh2
Mar 29 08:33:30 cls sshd[657187]: pam_unix(sshd:auth): check pass; user unknown
Mar 29 08:33:30 cls sshd[657187]: pam_unix(sshd:auth): authentication failure; logname= uid=0 euid=0 tty=ssh ruser= rhost=206.123.145.49 
Mar 29 08:33:32 cls sshd[657181]: Connection closed by invalid user rozi 206.123.145.55 port 49850 [preauth]
Mar 29 08:33:32 cls sshd[657187]: Failed password for invalid user yjm from 206.123.145.49 port 4198 ssh2
Mar 29 08:33:37 cls sshd[657187]: Connection closed by invalid user yjm 206.123.145.49 port 4198 [preauth]
Mar 29 08:33:58 cls sshd[657189]: Invalid user newftpuser from 130.12.181.108 port 41462
Mar 29 08:34:00 cls sshd[657189]: pam_unix(sshd:auth): check pass; user unknown
Mar 29 08:34:00 cls sshd[657189]: pam_unix(sshd:auth): authentication failure; logname= uid=0 euid=0 tty=ssh ruser= rhost=130.12.181.108 
Mar 29 08:34:03 cls sshd[657189]: Failed password for invalid user newftpuser from 130.12.181.108 port 41462 ssh2
Mar 29 08:34:05 cls sshd[657189]: Connection closed by invalid user newftpuser 130.12.181.108 port 41462 [preauth]
Mar 29 08:34:08 cls sshd[657191]: Invalid user xukai from 130.12.181.109 port 42260
Mar 29 08:34:10 cls sshd[657191]: pam_unix(sshd:auth): check pass; user unknown
Mar 29 08:34:10 cls sshd[657191]: pam_unix(sshd:auth): authentication failure; logname= uid=0 euid=0 tty=ssh ruser= rhost=130.12.181.109 
Mar 29 08:34:13 cls sshd[657191]: Failed password for invalid user xukai from 130.12.181.109 port 42260 ssh2
Mar 29 08:34:15 cls sshd[657191]: Connection closed by invalid user xukai 130.12.181.109 port 42260 [preauth]
Mar 29 08:34:50 cls sshd[657200]: Invalid user wukai1 from 206.123.145.56 port 64848
Mar 29 08:34:52 cls sshd[657200]: pam_unix(sshd:auth): check pass; user unknown
Mar 29 08:34:52 cls sshd[657200]: pam_unix(sshd:auth): authentication failure; logname= uid=0 euid=0 tty=ssh ruser= rhost=206.123.145.56 
Mar 29 08:34:54 cls sshd[657200]: Failed password for invalid user wukai1 from 206.123.145.56 port 64848 ssh2
Mar 29 08:34:56 cls sshd[657204]: pam_unix(sshd:auth): authentication failure; logname= uid=0 euid=0 tty=ssh ruser= rhost=130.12.181.102  user=root
Mar 29 08:34:58 cls sshd[657204]: Failed password for root from 130.12.181.102 port 39514 ssh2
Mar 29 08:34:58 cls sshd[657200]: Connection closed by invalid user wukai1 206.123.145.56 port 64848 [preauth]
Mar 29 08:35:00 cls sshd[657204]: Connection closed by authenticating user root 130.12.181.102 port 39514 [preauth]
Mar 29 08:35:09 cls sshd[657209]: Invalid user shang from 206.123.145.73 port 60674
Mar 29 08:35:10 cls sshd[657209]: pam_unix(sshd:auth): check pass; user unknown
Mar 29 08:35:10 cls sshd[657209]: pam_unix(sshd:auth): authentication failure; logname= uid=0 euid=0 tty=ssh ruser= rhost=206.123.145.73 
Mar 29 08:35:12 cls sshd[657209]: Failed password for invalid user shang from 206.123.145.73 port 60674 ssh2
Mar 29 08:35:15 cls sshd[657209]: Connection closed by invalid user shang 206.123.145.73 port 60674 [preauth]
Mar 29 08:35:23 cls sshd[657213]: Invalid user dykim from 130.12.181.99 port 41318
Mar 29 08:35:26 cls sshd[657213]: pam_unix(sshd:auth): check pass; user unknown
Mar 29 08:35:26 cls sshd[657213]: pam_unix(sshd:auth): authentication failure; logname= uid=0 euid=0 tty=ssh ruser= rhost=130.12.181.99 
Mar 29 08:35:28 cls sshd[657213]: Failed password for invalid user dykim from 130.12.181.99 port 41318 ssh2
Mar 29 08:35:28 cls sshd[657217]: Invalid user lisj from 130.12.181.100 port 64768
Mar 29 08:35:30 cls sshd[657213]: Connection closed by invalid user dykim 130.12.181.99 port 41318 [preauth]
Mar 29 08:35:31 cls sshd[657217]: pam_unix(sshd:auth): check pass; user unknown
Mar 29 08:35:31 cls sshd[657217]: pam_unix(sshd:auth): authentication failure; logname= uid=0 euid=0 tty=ssh ruser= rhost=130.12.181.100 
Mar 29 08:35:33 cls sshd[657217]: Failed password for invalid user lisj from 130.12.181.100 port 64768 ssh2
Mar 29 08:35:34 cls sshd[657221]: pam_unix(sshd:auth): authentication failure; logname= uid=0 euid=0 tty=ssh ruser= rhost=130.12.181.98  user=root
Mar 29 08:35:36 cls sshd[657221]: Failed password for root from 130.12.181.98 port 16166 ssh2
Mar 29 08:35:36 cls sshd[657217]: Connection closed by invalid user lisj 130.12.181.100 port 64768 [preauth]
Mar 29 08:35:38 cls sshd[657221]: Connection closed by authenticating user root 130.12.181.98 port 16166 [preauth]
Mar 29 08:35:50 cls sshd[657225]: Invalid user jinan from 206.123.145.70 port 59124
Mar 29 08:35:51 cls sshd[657225]: pam_unix(sshd:auth): check pass; user unknown
Mar 29 08:35:51 cls sshd[657225]: pam_unix(sshd:auth): authentication failure; logname= uid=0 euid=0 tty=ssh ruser= rhost=206.123.145.70 
Mar 29 08:35:53 cls sshd[657225]: Failed password for invalid user jinan from 206.123.145.70 port 59124 ssh2
Mar 29 08:35:57 cls sshd[657225]: Connection closed by invalid user jinan 206.123.145.70 port 59124 [preauth]
Mar 29 08:36:17 cls sshd[657233]: Invalid user wangy from 206.123.145.53 port 41864
Mar 29 08:36:20 cls sshd[657233]: pam_unix(sshd:auth): check pass; user unknown
Mar 29 08:36:20 cls sshd[657233]: pam_unix(sshd:auth): authentication failure; logname= uid=0 euid=0 tty=ssh ruser= rhost=206.123.145.53 
Mar 29 08:36:21 cls sshd[657233]: Failed password for invalid user wangy from 206.123.145.53 port 41864 ssh2
Mar 29 08:36:23 cls sshd[657233]: Connection closed by invalid user wangy 206.123.145.53 port 41864 [preauth]
Mar 29 08:36:53 cls sshd[657240]: Invalid user yiming from 206.123.145.54 port 7792
Mar 29 08:36:55 cls sshd[657240]: pam_unix(sshd:auth): check pass; user unknown
Mar 29 08:36:55 cls sshd[657240]: pam_unix(sshd:auth): authentication failure; logname= uid=0 euid=0 tty=ssh ruser= rhost=206.123.145.54 
Mar 29 08:36:57 cls sshd[657240]: Failed password for invalid user yiming from 206.123.145.54 port 7792 ssh2
Mar 29 08:37:00 cls sshd[657240]: Connection closed by invalid user yiming 206.123.145.54 port 7792 [preauth]
Mar 29 08:37:03 cls sshd[657248]: Invalid user sso from 206.123.145.79 port 58320
Mar 29 08:37:06 cls sshd[657248]: pam_unix(sshd:auth): check pass; user unknown
Mar 29 08:37:06 cls sshd[657248]: pam_unix(sshd:auth): authentication failure; logname= uid=0 euid=0 tty=ssh ruser= rhost=206.123.145.79 
Mar 29 08:37:07 cls sshd[657248]: Failed password for invalid user sso from 206.123.145.79 port 58320 ssh2
Mar 29 08:37:10 cls sshd[657256]: Invalid user qichengh from 206.123.145.71 port 31954
Mar 29 08:37:10 cls sshd[657248]: Connection closed by invalid user sso 206.123.145.79 port 58320 [preauth]
Mar 29 08:37:12 cls sshd[657256]: pam_unix(sshd:auth): check pass; user unknown
Mar 29 08:37:12 cls sshd[657256]: pam_unix(sshd:auth): authentication failure; logname= uid=0 euid=0 tty=ssh ruser= rhost=206.123.145.71 
Mar 29 08:37:15 cls sshd[657256]: Failed password for invalid user qichengh from 206.123.145.71 port 31954 ssh2
Mar 29 08:37:18 cls sshd[657256]: Connection closed by invalid user qichengh 206.123.145.71 port 31954 [preauth]
Mar 29 08:37:23 cls sshd[657264]: pam_unix(sshd:auth): authentication failure; logname= uid=0 euid=0 tty=ssh ruser= rhost=106.13.165.101  user=root
Mar 29 08:37:25 cls sshd[657264]: Failed password for root from 106.13.165.101 port 47914 ssh2
Mar 29 08:37:26 cls sshd[657264]: Received disconnect from 106.13.165.101 port 47914:11: Bye Bye [preauth]
Mar 29 08:37:26 cls sshd[657264]: Disconnected from authenticating user root 106.13.165.101 port 47914 [preauth]
Mar 29 08:37:51 cls sshd[657272]: Invalid user admin from 206.123.145.48 port 63132
Mar 29 08:37:54 cls sshd[657272]: pam_unix(sshd:auth): check pass; user unknown
Mar 29 08:37:54 cls sshd[657272]: pam_unix(sshd:auth): authentication failure; logname= uid=0 euid=0 tty=ssh ruser= rhost=206.123.145.48 
Mar 29 08:37:56 cls sshd[657272]: Failed password for invalid user admin from 206.123.145.48 port 63132 ssh2
Mar 29 08:37:59 cls sshd[657272]: Connection closed by invalid user admin 206.123.145.48 port 63132 [preauth]
Mar 29 08:38:06 cls sshd[657282]: pam_unix(sshd:auth): authentication failure; logname= uid=0 euid=0 tty=ssh ruser= rhost=130.12.181.101  user=ubuntu
Mar 29 08:38:08 cls sshd[657282]: Failed password for ubuntu from 130.12.181.101 port 12852 ssh2
Mar 29 08:38:12 cls sshd[657282]: Connection closed by authenticating user ubuntu 130.12.181.101 port 12852 [preauth]
Mar 29 08:38:13 cls sshd[657288]: pam_unix(sshd:auth): authentication failure; logname= uid=0 euid=0 tty=ssh ruser= rhost=206.123.145.46  user=root
Mar 29 08:38:16 cls sshd[657288]: Failed password for root from 206.123.145.46 port 27646 ssh2
Mar 29 08:38:19 cls sshd[657288]: Connection closed by authenticating user root 206.123.145.46 port 27646 [preauth]
Mar 29 08:38:20 cls sshd[657292]: Invalid user minecraft from 206.123.145.75 port 39800
Mar 29 08:38:21 cls sshd[657292]: pam_unix(sshd:auth): check pass; user unknown
Mar 29 08:38:21 cls sshd[657292]: pam_unix(sshd:auth): authentication failure; logname= uid=0 euid=0 tty=ssh ruser= rhost=206.123.145.75 
Mar 29 08:38:21 cls sshd[657296]: pam_unix(sshd:auth): authentication failure; logname= uid=0 euid=0 tty=ssh ruser= rhost=206.123.145.52  user=root
Mar 29 08:38:23 cls sshd[657292]: Failed password for invalid user minecraft from 206.123.145.75 port 39800 ssh2
Mar 29 08:38:23 cls sshd[657296]: Failed password for root from 206.123.145.52 port 17622 ssh2
Mar 29 08:38:25 cls sshd[657300]: Invalid user RY from 130.12.181.104 port 26788
Mar 29 08:38:26 cls sshd[657292]: Connection closed by invalid user minecraft 206.123.145.75 port 39800 [preauth]
Mar 29 08:38:27 cls sshd[657300]: pam_unix(sshd:auth): check pass; user unknown
Mar 29 08:38:27 cls sshd[657300]: pam_unix(sshd:auth): authentication failure; logname= uid=0 euid=0 tty=ssh ruser= rhost=130.12.181.104 
Mar 29 08:38:28 cls sshd[657300]: Failed password for invalid user RY from 130.12.181.104 port 26788 ssh2
Mar 29 08:38:29 cls sshd[657296]: Connection closed by authenticating user root 206.123.145.52 port 17622 [preauth]
Mar 29 08:38:31 cls sshd[657300]: Connection closed by invalid user RY 130.12.181.104 port 26788 [preauth]
Mar 29 08:38:40 cls sshd[657312]: Invalid user test from 206.123.145.51 port 9292
Mar 29 08:38:45 cls sshd[657312]: pam_unix(sshd:auth): check pass; user unknown
Mar 29 08:38:45 cls sshd[657312]: pam_unix(sshd:auth): authentication failure; logname= uid=0 euid=0 tty=ssh ruser= rhost=206.123.145.51 
Mar 29 08:38:47 cls sshd[657312]: Failed password for invalid user test from 206.123.145.51 port 9292 ssh2
Mar 29 08:38:47 cls sshd[657314]: pam_unix(sshd:auth): authentication failure; logname= uid=0 euid=0 tty=ssh ruser= rhost=206.123.145.77  user=root
Mar 29 08:38:49 cls sshd[657312]: Connection closed by invalid user test 206.123.145.51 port 9292 [preauth]
Mar 29 08:38:50 cls sshd[657314]: Failed password for root from 206.123.145.77 port 26824 ssh2
Mar 29 08:38:52 cls sshd[657314]: Connection closed by authenticating user root 206.123.145.77 port 26824 [preauth]
Mar 29 08:39:01 cls CRON[657318]: pam_unix(cron:session): session opened for user root by (uid=0)
Mar 29 08:39:01 cls CRON[657318]: pam_unix(cron:session): session closed for user root
Mar 29 08:39:06 cls sshd[657316]: Invalid user ziyu from 206.123.145.72 port 53088
Mar 29 08:39:08 cls sshd[657316]: pam_unix(sshd:auth): check pass; user unknown
Mar 29 08:39:08 cls sshd[657316]: pam_unix(sshd:auth): authentication failure; logname= uid=0 euid=0 tty=ssh ruser= rhost=206.123.145.72 
Mar 29 08:39:10 cls sshd[657316]: Failed password for invalid user ziyu from 206.123.145.72 port 53088 ssh2
Mar 29 08:39:13 cls sshd[657316]: Connection closed by invalid user ziyu 206.123.145.72 port 53088 [preauth]
Mar 29 08:39:34 cls sshd[657717]: Invalid user wangshuang from 206.123.145.69 port 46830
Mar 29 08:39:35 cls sshd[657717]: pam_unix(sshd:auth): check pass; user unknown
Mar 29 08:39:35 cls sshd[657717]: pam_unix(sshd:auth): authentication failure; logname= uid=0 euid=0 tty=ssh ruser= rhost=206.123.145.69 
Mar 29 08:39:37 cls sshd[657717]: Failed password for invalid user wangshuang from 206.123.145.69 port 46830 ssh2
Mar 29 08:39:40 cls sshd[657717]: Connection closed by invalid user wangshuang 206.123.145.69 port 46830 [preauth]
Mar 29 08:39:45 cls sshd[657729]: Invalid user ken from 130.12.181.107 port 8258
Mar 29 08:39:47 cls sshd[657729]: pam_unix(sshd:auth): check pass; user unknown
Mar 29 08:39:47 cls sshd[657729]: pam_unix(sshd:auth): authentication failure; logname= uid=0 euid=0 tty=ssh ruser= rhost=130.12.181.107 
Mar 29 08:39:48 cls sshd[657729]: Failed password for invalid user ken from 130.12.181.107 port 8258 ssh2
Mar 29 08:39:50 cls sshd[657729]: Connection closed by invalid user ken 130.12.181.107 port 8258 [preauth]
Mar 29 08:40:16 cls sshd[657762]: Invalid user runner from 130.12.181.97 port 40434
Mar 29 08:40:19 cls sshd[657762]: pam_unix(sshd:auth): check pass; user unknown
Mar 29 08:40:19 cls sshd[657762]: pam_unix(sshd:auth): authentication failure; logname= uid=0 euid=0 tty=ssh ruser= rhost=130.12.181.97 
Mar 29 08:40:21 cls sshd[657762]: Failed password for invalid user runner from 130.12.181.97 port 40434 ssh2
Mar 29 08:40:26 cls sshd[657762]: Connection closed by invalid user runner 130.12.181.97 port 40434 [preauth]
Mar 29 08:40:28 cls sshd[657776]: Invalid user ljc from 130.12.181.105 port 10514
Mar 29 08:40:29 cls sshd[657779]: Invalid user davidsun from 206.123.145.76 port 19412
Mar 29 08:40:30 cls sshd[657776]: pam_unix(sshd:auth): check pass; user unknown
Mar 29 08:40:30 cls sshd[657776]: pam_unix(sshd:auth): authentication failure; logname= uid=0 euid=0 tty=ssh ruser= rhost=130.12.181.105 
Mar 29 08:40:31 cls sshd[657776]: Failed password for invalid user ljc from 130.12.181.105 port 10514 ssh2
Mar 29 08:40:32 cls sshd[657779]: pam_unix(sshd:auth): check pass; user unknown
Mar 29 08:40:32 cls sshd[657779]: pam_unix(sshd:auth): authentication failure; logname= uid=0 euid=0 tty=ssh ruser= rhost=206.123.145.76 
Mar 29 08:40:34 cls sshd[657779]: Failed password for invalid user davidsun from 206.123.145.76 port 19412 ssh2
Mar 29 08:40:36 cls sshd[657776]: Connection closed by invalid user ljc 130.12.181.105 port 10514 [preauth]
Mar 29 08:40:36 cls sshd[657779]: Connection closed by invalid user davidsun 206.123.145.76 port 19412 [preauth]
Mar 29 08:41:27 cls sshd[657820]: Invalid user eugene from 130.12.181.103 port 44526
Mar 29 08:41:29 cls sshd[657820]: pam_unix(sshd:auth): check pass; user unknown
Mar 29 08:41:29 cls sshd[657820]: pam_unix(sshd:auth): authentication failure; logname= uid=0 euid=0 tty=ssh ruser= rhost=130.12.181.103 
Mar 29 08:41:31 cls sshd[657820]: Failed password for invalid user eugene from 130.12.181.103 port 44526 ssh2
Mar 29 08:41:34 cls sshd[657820]: Connection closed by invalid user eugene 130.12.181.103 port 44526 [preauth]
Mar 29 08:41:51 cls sshd[657829]: pam_unix(sshd:auth): authentication failure; logname= uid=0 euid=0 tty=ssh ruser= rhost=206.123.145.74  user=root
Mar 29 08:41:54 cls sshd[657829]: Failed password for root from 206.123.145.74 port 50990 ssh2
Mar 29 08:41:55 cls sshd[657836]: Invalid user alliance from 130.12.181.106 port 45762
Mar 29 08:41:57 cls sshd[657836]: pam_unix(sshd:auth): check pass; user unknown
Mar 29 08:41:57 cls sshd[657836]: pam_unix(sshd:auth): authentication failure; logname= uid=0 euid=0 tty=ssh ruser= rhost=130.12.181.106 
Mar 29 08:41:58 cls sshd[657829]: Connection closed by authenticating user root 206.123.145.74 port 50990 [preauth]
Mar 29 08:41:59 cls sshd[657836]: Failed password for invalid user alliance from 130.12.181.106 port 45762 ssh2
Mar 29 08:42:02 cls sshd[657836]: Connection closed by invalid user alliance 130.12.181.106 port 45762 [preauth]
Mar 29 08:42:44 cls sshd[657846]: pam_unix(sshd:auth): authentication failure; logname= uid=0 euid=0 tty=ssh ruser= rhost=206.123.145.57  user=root
Mar 29 08:42:46 cls sshd[657846]: Failed password for root from 206.123.145.57 port 35008 ssh2
Mar 29 08:42:50 cls sshd[657846]: Connection closed by authenticating user root 206.123.145.57 port 35008 [preauth]
Mar 29 08:42:52 cls sshd[657848]: Invalid user cy from 130.12.181.98 port 8988
Mar 29 08:42:54 cls sshd[657848]: pam_unix(sshd:auth): check pass; user unknown
Mar 29 08:42:54 cls sshd[657848]: pam_unix(sshd:auth): authentication failure; logname= uid=0 euid=0 tty=ssh ruser= rhost=130.12.181.98 
Mar 29 08:42:56 cls sshd[657851]: Invalid user loudan from 206.123.145.20 port 33518
Mar 29 08:42:57 cls sshd[657848]: Failed password for invalid user cy from 130.12.181.98 port 8988 ssh2
Mar 29 08:42:57 cls sshd[657849]: Invalid user dev from 206.123.145.78 port 14014
Mar 29 08:42:58 cls sshd[657851]: pam_unix(sshd:auth): check pass; user unknown
Mar 29 08:42:58 cls sshd[657851]: pam_unix(sshd:auth): authentication failure; logname= uid=0 euid=0 tty=ssh ruser= rhost=206.123.145.20 
Mar 29 08:43:00 cls sshd[657851]: Failed password for invalid user loudan from 206.123.145.20 port 33518 ssh2
Mar 29 08:43:00 cls sshd[657848]: Connection closed by invalid user cy 130.12.181.98 port 8988 [preauth]
Mar 29 08:43:01 cls sshd[657849]: pam_unix(sshd:auth): check pass; user unknown
Mar 29 08:43:01 cls sshd[657849]: pam_unix(sshd:auth): authentication failure; logname= uid=0 euid=0 tty=ssh ruser= rhost=206.123.145.78 
Mar 29 08:43:03 cls sshd[657851]: Connection closed by invalid user loudan 206.123.145.20 port 33518 [preauth]
Mar 29 08:43:04 cls sshd[657849]: Failed password for invalid user dev from 206.123.145.78 port 14014 ssh2
Mar 29 08:43:05 cls sshd[657854]: Invalid user user7 from 130.12.181.109 port 24428
Mar 29 08:43:06 cls sshd[657849]: Connection closed by invalid user dev 206.123.145.78 port 14014 [preauth]
Mar 29 08:43:07 cls sshd[657854]: pam_unix(sshd:auth): check pass; user unknown
Mar 29 08:43:07 cls sshd[657854]: pam_unix(sshd:auth): authentication failure; logname= uid=0 euid=0 tty=ssh ruser= rhost=130.12.181.109 
Mar 29 08:43:09 cls sshd[657854]: Failed password for invalid user user7 from 130.12.181.109 port 24428 ssh2
Mar 29 08:43:11 cls sshd[657856]: Invalid user liruikun from 130.12.181.108 port 25330
Mar 29 08:43:12 cls sshd[657854]: Connection closed by invalid user user7 130.12.181.109 port 24428 [preauth]
Mar 29 08:43:13 cls sshd[657856]: pam_unix(sshd:auth): check pass; user unknown
Mar 29 08:43:13 cls sshd[657856]: pam_unix(sshd:auth): authentication failure; logname= uid=0 euid=0 tty=ssh ruser= rhost=130.12.181.108 
Mar 29 08:43:15 cls sshd[657856]: Failed password for invalid user liruikun from 130.12.181.108 port 25330 ssh2
Mar 29 08:43:20 cls sshd[657856]: Connection closed by invalid user liruikun 130.12.181.108 port 25330 [preauth]
Mar 29 08:43:52 cls sshd[657866]: Invalid user administrator from 206.123.145.55 port 58142
Mar 29 08:43:52 cls sshd[657868]: Invalid user anusha from 130.12.181.102 port 39254
Mar 29 08:43:54 cls sshd[657866]: pam_unix(sshd:auth): check pass; user unknown
Mar 29 08:43:54 cls sshd[657866]: pam_unix(sshd:auth): authentication failure; logname= uid=0 euid=0 tty=ssh ruser= rhost=206.123.145.55 
Mar 29 08:43:54 cls sshd[657868]: pam_unix(sshd:auth): check pass; user unknown
Mar 29 08:43:54 cls sshd[657868]: pam_unix(sshd:auth): authentication failure; logname= uid=0 euid=0 tty=ssh ruser= rhost=130.12.181.102 
Mar 29 08:43:54 cls sshd[657870]: Invalid user alex from 206.123.145.50 port 14286
Mar 29 08:43:56 cls sshd[657866]: Failed password for invalid user administrator from 206.123.145.55 port 58142 ssh2
Mar 29 08:43:56 cls sshd[657870]: pam_unix(sshd:auth): check pass; user unknown
Mar 29 08:43:56 cls sshd[657870]: pam_unix(sshd:auth): authentication failure; logname= uid=0 euid=0 tty=ssh ruser= rhost=206.123.145.50 
Mar 29 08:43:56 cls sshd[657868]: Failed password for invalid user anusha from 130.12.181.102 port 39254 ssh2
Mar 29 08:43:58 cls sshd[657866]: Connection closed by invalid user administrator 206.123.145.55 port 58142 [preauth]
Mar 29 08:43:58 cls sshd[657870]: Failed password for invalid user alex from 206.123.145.50 port 14286 ssh2
Mar 29 08:44:00 cls sshd[657868]: Connection closed by invalid user anusha 130.12.181.102 port 39254 [preauth]
Mar 29 08:44:01 cls sshd[657870]: Connection closed by invalid user alex 206.123.145.50 port 14286 [preauth]
Mar 29 08:44:01 cls sshd[657872]: Invalid user lfy from 206.123.145.49 port 15320
Mar 29 08:44:02 cls sshd[657872]: pam_unix(sshd:auth): check pass; user unknown
Mar 29 08:44:02 cls sshd[657872]: pam_unix(sshd:auth): authentication failure; logname= uid=0 euid=0 tty=ssh ruser= rhost=206.123.145.49 
Mar 29 08:44:04 cls sshd[657872]: Failed password for invalid user lfy from 206.123.145.49 port 15320 ssh2
Mar 29 08:44:07 cls sshd[657872]: Connection closed by invalid user lfy 206.123.145.49 port 15320 [preauth]
Mar 29 08:44:12 cls sshd[657876]: pam_unix(sshd:auth): authentication failure; logname= uid=0 euid=0 tty=ssh ruser= rhost=130.12.181.100  user=root
Mar 29 08:44:14 cls sshd[657876]: Failed password for root from 130.12.181.100 port 35758 ssh2
Mar 29 08:44:15 cls sshd[657878]: pam_unix(sshd:auth): authentication failure; logname= uid=0 euid=0 tty=ssh ruser= rhost=130.12.181.99  user=root
Mar 29 08:44:17 cls sshd[657878]: Failed password for root from 130.12.181.99 port 50744 ssh2
Mar 29 08:44:17 cls sshd[657876]: Connection closed by authenticating user root 130.12.181.100 port 35758 [preauth]
Mar 29 08:44:19 cls sshd[657878]: Connection closed by authenticating user root 130.12.181.99 port 50744 [preauth]
Mar 29 08:45:33 cls sshd[657903]: pam_unix(sshd:auth): authentication failure; logname= uid=0 euid=0 tty=ssh ruser= rhost=206.123.145.73  user=root
Mar 29 08:45:35 cls sshd[657903]: Failed password for root from 206.123.145.73 port 5778 ssh2
Mar 29 08:45:39 cls sshd[657903]: Connection closed by authenticating user root 206.123.145.73 port 5778 [preauth]
Mar 29 08:45:42 cls sshd[657911]: Invalid user diego from 206.123.145.56 port 20386
Mar 29 08:45:44 cls sshd[657911]: pam_unix(sshd:auth): check pass; user unknown
Mar 29 08:45:44 cls sshd[657911]: pam_unix(sshd:auth): authentication failure; logname= uid=0 euid=0 tty=ssh ruser= rhost=206.123.145.56 
Mar 29 08:45:46 cls sshd[657911]: Failed password for invalid user diego from 206.123.145.56 port 20386 ssh2
Mar 29 08:45:50 cls sshd[657911]: Connection closed by invalid user diego 206.123.145.56 port 20386 [preauth]
Mar 29 08:46:14 cls sshd[657927]: Invalid user postgres from 206.123.145.53 port 11770
Mar 29 08:46:15 cls sshd[657927]: pam_unix(sshd:auth): check pass; user unknown
Mar 29 08:46:15 cls sshd[657927]: pam_unix(sshd:auth): authentication failure; logname= uid=0 euid=0 tty=ssh ruser= rhost=206.123.145.53 
Mar 29 08:46:17 cls sshd[657927]: Failed password for invalid user postgres from 206.123.145.53 port 11770 ssh2
Mar 29 08:46:18 cls sshd[657927]: Connection closed by invalid user postgres 206.123.145.53 port 11770 [preauth]
Mar 29 08:46:30 cls sshd[657936]: pam_unix(sshd:auth): authentication failure; logname= uid=0 euid=0 tty=ssh ruser= rhost=206.123.145.70  user=root
Mar 29 08:46:32 cls sshd[657936]: Failed password for root from 206.123.145.70 port 28944 ssh2
Mar 29 08:46:35 cls sshd[657936]: Connection closed by authenticating user root 206.123.145.70 port 28944 [preauth]
Mar 29 08:46:46 cls sshd[657958]: Invalid user hawk from 130.12.181.101 port 27172
Mar 29 08:46:48 cls sshd[657958]: pam_unix(sshd:auth): check pass; user unknown
Mar 29 08:46:48 cls sshd[657958]: pam_unix(sshd:auth): authentication failure; logname= uid=0 euid=0 tty=ssh ruser= rhost=130.12.181.101 
Mar 29 08:46:51 cls sshd[657958]: Failed password for invalid user hawk from 130.12.181.101 port 27172 ssh2
Mar 29 08:46:54 cls sshd[657958]: Connection closed by invalid user hawk 130.12.181.101 port 27172 [preauth]
Mar 29 08:47:01 cls sshd[657974]: Invalid user seg from 130.12.181.104 port 25384
Mar 29 08:47:03 cls sshd[657974]: pam_unix(sshd:auth): check pass; user unknown
Mar 29 08:47:03 cls sshd[657974]: pam_unix(sshd:auth): authentication failure; logname= uid=0 euid=0 tty=ssh ruser= rhost=130.12.181.104 
Mar 29 08:47:04 cls sshd[657974]: Failed password for invalid user seg from 130.12.181.104 port 25384 ssh2
Mar 29 08:47:06 cls sshd[657974]: Connection closed by invalid user seg 130.12.181.104 port 25384 [preauth]
Mar 29 08:47:09 cls sshd[657982]: Invalid user llm from 206.123.145.54 port 36012
Mar 29 08:47:12 cls sshd[657982]: pam_unix(sshd:auth): check pass; user unknown
Mar 29 08:47:12 cls sshd[657982]: pam_unix(sshd:auth): authentication failure; logname= uid=0 euid=0 tty=ssh ruser= rhost=206.123.145.54 
Mar 29 08:47:14 cls sshd[657982]: Failed password for invalid user llm from 206.123.145.54 port 36012 ssh2
Mar 29 08:47:18 cls sshd[657982]: Connection closed by invalid user llm 206.123.145.54 port 36012 [preauth]
Mar 29 08:47:36 cls sshd[658012]: Invalid user devuser from 206.123.145.79 port 39500
Mar 29 08:47:37 cls sshd[658012]: pam_unix(sshd:auth): check pass; user unknown
Mar 29 08:47:37 cls sshd[658012]: pam_unix(sshd:auth): authentication failure; logname= uid=0 euid=0 tty=ssh ruser= rhost=206.123.145.79 
Mar 29 08:47:39 cls sshd[658012]: Failed password for invalid user devuser from 206.123.145.79 port 39500 ssh2
Mar 29 08:47:42 cls sshd[658012]: Connection closed by invalid user devuser 206.123.145.79 port 39500 [preauth]
Mar 29 08:47:57 cls sshd[658037]: Invalid user betty from 206.123.145.71 port 59974
Mar 29 08:48:02 cls sshd[658037]: pam_unix(sshd:auth): check pass; user unknown
