Mar 29 13:59:14 cls sshd[676577]: pam_unix(sshd:auth): check pass; user unknown
Mar 29 13:59:14 cls sshd[676577]: pam_unix(sshd:auth): authentication failure; logname= uid=0 euid=0 tty=ssh ruser= rhost=206.123.145.71 
Mar 29 13:59:15 cls sshd[676576]: pam_unix(sshd:auth): check pass; user unknown
Mar 29 13:59:15 cls sshd[676576]: pam_unix(sshd:auth): authentication failure; logname= uid=0 euid=0 tty=ssh ruser= rhost=206.123.145.73 
Mar 29 13:59:16 cls sshd[676577]: Failed password for invalid user liuxiaoyang from 206.123.145.71 port 53524 ssh2
Mar 29 13:59:17 cls sshd[676576]: Failed password for invalid user liyue from 206.123.145.73 port 38654 ssh2
Mar 29 13:59:21 cls sshd[676577]: Connection closed by invalid user liuxiaoyang 206.123.145.71 port 53524 [preauth]
Mar 29 13:59:22 cls sshd[676576]: Connection closed by invalid user liyue 206.123.145.73 port 38654 [preauth]
Mar 29 13:59:23 cls sshd[676580]: Invalid user remi from 130.12.181.101 port 18496
Mar 29 13:59:24 cls sshd[676580]: pam_unix(sshd:auth): check pass; user unknown
Mar 29 13:59:24 cls sshd[676580]: pam_unix(sshd:auth): authentication failure; logname= uid=0 euid=0 tty=ssh ruser= rhost=130.12.181.101 
Mar 29 13:59:26 cls sshd[676580]: Failed password for invalid user remi from 130.12.181.101 port 18496 ssh2
Mar 29 13:59:30 cls sshd[676580]: Connection closed by invalid user remi 130.12.181.101 port 18496 [preauth]
Mar 29 14:00:01 cls CRON[676659]: pam_unix(cron:session): session opened for user akriveia by (uid=0)
Mar 29 14:00:01 cls CRON[676661]: pam_unix(cron:session): session opened for user akriveia by (uid=0)
Mar 29 14:00:01 cls CRON[676660]: pam_unix(cron:session): session opened for user akriveia by (uid=0)
Mar 29 14:00:01 cls CRON[676661]: pam_unix(cron:session): session closed for user akriveia
Mar 29 14:00:01 cls CRON[676659]: pam_unix(cron:session): session closed for user akriveia
Mar 29 14:00:01 cls CRON[676660]: pam_unix(cron:session): session closed for user akriveia
Mar 29 14:00:07 cls sshd[676656]: Invalid user jiang from 206.123.145.78 port 25032
Mar 29 14:00:08 cls sshd[676656]: pam_unix(sshd:auth): check pass; user unknown
Mar 29 14:00:08 cls sshd[676656]: pam_unix(sshd:auth): authentication failure; logname= uid=0 euid=0 tty=ssh ruser= rhost=206.123.145.78 
Mar 29 14:00:09 cls sshd[676658]: Invalid user rundeck from 130.12.181.107 port 33142
Mar 29 14:00:10 cls sshd[676656]: Failed password for invalid user jiang from 206.123.145.78 port 25032 ssh2
Mar 29 14:00:11 cls sshd[676658]: pam_unix(sshd:auth): check pass; user unknown
Mar 29 14:00:11 cls sshd[676658]: pam_unix(sshd:auth): authentication failure; logname= uid=0 euid=0 tty=ssh ruser= rhost=130.12.181.107 
Mar 29 14:00:12 cls sshd[676656]: Connection closed by invalid user jiang 206.123.145.78 port 25032 [preauth]
Mar 29 14:00:13 cls sshd[676679]: pam_unix(sshd:auth): authentication failure; logname= uid=0 euid=0 tty=ssh ruser= rhost=45.207.221.76  user=root
Mar 29 14:00:13 cls sshd[676658]: Failed password for invalid user rundeck from 130.12.181.107 port 33142 ssh2
Mar 29 14:00:15 cls sshd[676679]: Failed password for root from 45.207.221.76 port 37554 ssh2
Mar 29 14:00:16 cls sshd[676679]: Received disconnect from 45.207.221.76 port 37554:11: Bye Bye [preauth]
Mar 29 14:00:16 cls sshd[676679]: Disconnected from authenticating user root 45.207.221.76 port 37554 [preauth]
Mar 29 14:00:17 cls sshd[676658]: Connection closed by invalid user rundeck 130.12.181.107 port 33142 [preauth]
Mar 29 14:00:18 cls sshd[676678]: Invalid user eda from 206.123.145.52 port 24308
Mar 29 14:00:20 cls sshd[676678]: pam_unix(sshd:auth): check pass; user unknown
Mar 29 14:00:20 cls sshd[676678]: pam_unix(sshd:auth): authentication failure; logname= uid=0 euid=0 tty=ssh ruser= rhost=206.123.145.52 
Mar 29 14:00:23 cls sshd[676678]: Failed password for invalid user eda from 206.123.145.52 port 24308 ssh2
Mar 29 14:00:28 cls sshd[676678]: Connection closed by invalid user eda 206.123.145.52 port 24308 [preauth]
Mar 29 14:00:30 cls sshd[676684]: Invalid user ftp1 from 206.123.145.72 port 22924
Mar 29 14:00:32 cls sshd[676684]: pam_unix(sshd:auth): check pass; user unknown
Mar 29 14:00:32 cls sshd[676684]: pam_unix(sshd:auth): authentication failure; logname= uid=0 euid=0 tty=ssh ruser= rhost=206.123.145.72 
Mar 29 14:00:34 cls sshd[676688]: Invalid user zhangyue from 206.123.145.53 port 64026
Mar 29 14:00:34 cls sshd[676684]: Failed password for invalid user ftp1 from 206.123.145.72 port 22924 ssh2
Mar 29 14:00:36 cls sshd[676688]: pam_unix(sshd:auth): check pass; user unknown
Mar 29 14:00:36 cls sshd[676688]: pam_unix(sshd:auth): authentication failure; logname= uid=0 euid=0 tty=ssh ruser= rhost=206.123.145.53 
Mar 29 14:00:37 cls sshd[676686]: pam_unix(sshd:auth): authentication failure; logname= uid=0 euid=0 tty=ssh ruser= rhost=206.123.145.76  user=root
Mar 29 14:00:38 cls sshd[676688]: Failed password for invalid user zhangyue from 206.123.145.53 port 64026 ssh2
Mar 29 14:00:38 cls sshd[676684]: Connection closed by invalid user ftp1 206.123.145.72 port 22924 [preauth]
Mar 29 14:00:38 cls sshd[676686]: Failed password for root from 206.123.145.76 port 19092 ssh2
Mar 29 14:00:39 cls sshd[676688]: Connection closed by invalid user zhangyue 206.123.145.53 port 64026 [preauth]
Mar 29 14:00:41 cls sshd[676686]: Connection closed by authenticating user root 206.123.145.76 port 19092 [preauth]
Mar 29 14:00:45 cls sshd[676690]: Invalid user liyang from 206.123.145.77 port 3908
Mar 29 14:00:47 cls sshd[676690]: pam_unix(sshd:auth): check pass; user unknown
Mar 29 14:00:47 cls sshd[676690]: pam_unix(sshd:auth): authentication failure; logname= uid=0 euid=0 tty=ssh ruser= rhost=206.123.145.77 
Mar 29 14:00:49 cls sshd[676692]: Invalid user zzy from 130.12.181.109 port 34046
Mar 29 14:00:49 cls sshd[676690]: Failed password for invalid user liyang from 206.123.145.77 port 3908 ssh2
Mar 29 14:00:51 cls sshd[676692]: pam_unix(sshd:auth): check pass; user unknown
Mar 29 14:00:51 cls sshd[676692]: pam_unix(sshd:auth): authentication failure; logname= uid=0 euid=0 tty=ssh ruser= rhost=130.12.181.109 
Mar 29 14:00:53 cls sshd[676692]: Failed password for invalid user zzy from 130.12.181.109 port 34046 ssh2
Mar 29 14:00:54 cls sshd[676690]: Connection closed by invalid user liyang 206.123.145.77 port 3908 [preauth]
Mar 29 14:00:57 cls sshd[676692]: Connection closed by invalid user zzy 130.12.181.109 port 34046 [preauth]
Mar 29 14:01:04 cls sshd[676756]: pam_unix(sshd:auth): authentication failure; logname= uid=0 euid=0 tty=ssh ruser= rhost=130.12.181.99  user=root
Mar 29 14:01:06 cls sshd[676756]: Failed password for root from 130.12.181.99 port 6102 ssh2
Mar 29 14:01:07 cls sshd[676757]: Invalid user cgc from 206.123.145.56 port 5988
Mar 29 14:01:08 cls sshd[676757]: pam_unix(sshd:auth): check pass; user unknown
Mar 29 14:01:08 cls sshd[676757]: pam_unix(sshd:auth): authentication failure; logname= uid=0 euid=0 tty=ssh ruser= rhost=206.123.145.56 
Mar 29 14:01:08 cls sshd[676756]: Connection closed by authenticating user root 130.12.181.99 port 6102 [preauth]
Mar 29 14:01:08 cls sshd[676762]: Invalid user ysk from 130.12.181.106 port 47296
Mar 29 14:01:10 cls sshd[676757]: Failed password for invalid user cgc from 206.123.145.56 port 5988 ssh2
Mar 29 14:01:11 cls sshd[676762]: pam_unix(sshd:auth): check pass; user unknown
Mar 29 14:01:11 cls sshd[676762]: pam_unix(sshd:auth): authentication failure; logname= uid=0 euid=0 tty=ssh ruser= rhost=130.12.181.106 
Mar 29 14:01:12 cls sshd[676763]: Invalid user ut99 from 206.123.145.46 port 35876
Mar 29 14:01:13 cls sshd[676762]: Failed password for invalid user ysk from 130.12.181.106 port 47296 ssh2
Mar 29 14:01:13 cls sshd[676757]: Connection closed by invalid user cgc 206.123.145.56 port 5988 [preauth]
Mar 29 14:01:15 cls sshd[676763]: pam_unix(sshd:auth): check pass; user unknown
Mar 29 14:01:15 cls sshd[676763]: pam_unix(sshd:auth): authentication failure; logname= uid=0 euid=0 tty=ssh ruser= rhost=206.123.145.46 
Mar 29 14:01:17 cls sshd[676762]: Connection closed by invalid user ysk 130.12.181.106 port 47296 [preauth]
Mar 29 14:01:17 cls sshd[676763]: Failed password for invalid user ut99 from 206.123.145.46 port 35876 ssh2
Mar 29 14:01:19 cls sshd[676763]: Connection closed by invalid user ut99 206.123.145.46 port 35876 [preauth]
Mar 29 14:01:31 cls sshd[676772]: Invalid user kijung from 206.123.145.79 port 8902
Mar 29 14:01:33 cls sshd[676772]: pam_unix(sshd:auth): check pass; user unknown
Mar 29 14:01:33 cls sshd[676772]: pam_unix(sshd:auth): authentication failure; logname= uid=0 euid=0 tty=ssh ruser= rhost=206.123.145.79 
Mar 29 14:01:36 cls sshd[676772]: Failed password for invalid user kijung from 206.123.145.79 port 8902 ssh2
Mar 29 14:01:39 cls sshd[676772]: Connection closed by invalid user kijung 206.123.145.79 port 8902 [preauth]
Mar 29 14:01:47 cls sshd[676774]: Invalid user stb from 130.12.181.97 port 12672
Mar 29 14:01:49 cls sshd[676774]: pam_unix(sshd:auth): check pass; user unknown
Mar 29 14:01:49 cls sshd[676774]: pam_unix(sshd:auth): authentication failure; logname= uid=0 euid=0 tty=ssh ruser= rhost=130.12.181.97 
Mar 29 14:01:50 cls sshd[676774]: Failed password for invalid user stb from 130.12.181.97 port 12672 ssh2
Mar 29 14:01:52 cls sshd[676774]: Connection closed by invalid user stb 130.12.181.97 port 12672 [preauth]
Mar 29 14:01:56 cls sshd[676776]: pam_unix(sshd:auth): authentication failure; logname= uid=0 euid=0 tty=ssh ruser= rhost=206.123.145.51  user=root
Mar 29 14:01:58 cls sshd[676776]: Failed password for root from 206.123.145.51 port 34910 ssh2
Mar 29 14:02:00 cls sshd[676778]: Invalid user support from 206.123.145.48 port 1568
Mar 29 14:02:01 cls sshd[676776]: Connection closed by authenticating user root 206.123.145.51 port 34910 [preauth]
Mar 29 14:02:02 cls sshd[676778]: pam_unix(sshd:auth): check pass; user unknown
Mar 29 14:02:02 cls sshd[676778]: pam_unix(sshd:auth): authentication failure; logname= uid=0 euid=0 tty=ssh ruser= rhost=206.123.145.48 
Mar 29 14:02:04 cls sshd[676778]: Failed password for invalid user support from 206.123.145.48 port 1568 ssh2
Mar 29 14:02:07 cls sshd[676778]: Connection closed by invalid user support 206.123.145.48 port 1568 [preauth]
Mar 29 14:02:51 cls sshd[676840]: Invalid user saidurga from 130.12.181.103 port 2172
Mar 29 14:02:53 cls sshd[676840]: pam_unix(sshd:auth): check pass; user unknown
Mar 29 14:02:53 cls sshd[676840]: pam_unix(sshd:auth): authentication failure; logname= uid=0 euid=0 tty=ssh ruser= rhost=130.12.181.103 
Mar 29 14:02:55 cls sshd[676840]: Failed password for invalid user saidurga from 130.12.181.103 port 2172 ssh2
Mar 29 14:02:57 cls sshd[676842]: Invalid user sjl from 206.123.145.54 port 62120
Mar 29 14:02:57 cls sshd[676840]: Connection closed by invalid user saidurga 130.12.181.103 port 2172 [preauth]
Mar 29 14:02:58 cls sshd[676842]: pam_unix(sshd:auth): check pass; user unknown
Mar 29 14:02:58 cls sshd[676842]: pam_unix(sshd:auth): authentication failure; logname= uid=0 euid=0 tty=ssh ruser= rhost=206.123.145.54 
Mar 29 14:03:00 cls sshd[676842]: Failed password for invalid user sjl from 206.123.145.54 port 62120 ssh2
Mar 29 14:03:06 cls sshd[676842]: Connection closed by invalid user sjl 206.123.145.54 port 62120 [preauth]
Mar 29 14:03:17 cls sshd[676909]: Invalid user adp from 130.12.181.105 port 26976
Mar 29 14:03:19 cls sshd[676909]: pam_unix(sshd:auth): check pass; user unknown
Mar 29 14:03:19 cls sshd[676909]: pam_unix(sshd:auth): authentication failure; logname= uid=0 euid=0 tty=ssh ruser= rhost=130.12.181.105 
Mar 29 14:03:21 cls sshd[676909]: Failed password for invalid user adp from 130.12.181.105 port 26976 ssh2
Mar 29 14:03:24 cls sshd[676909]: Connection closed by invalid user adp 130.12.181.105 port 26976 [preauth]
Mar 29 14:03:28 cls sshd[676911]: Invalid user star from 130.12.181.102 port 22236
Mar 29 14:03:30 cls sshd[676911]: pam_unix(sshd:auth): check pass; user unknown
Mar 29 14:03:30 cls sshd[676911]: pam_unix(sshd:auth): authentication failure; logname= uid=0 euid=0 tty=ssh ruser= rhost=130.12.181.102 
Mar 29 14:03:32 cls sshd[676911]: Failed password for invalid user star from 130.12.181.102 port 22236 ssh2
Mar 29 14:03:35 cls sshd[676911]: Connection closed by invalid user star 130.12.181.102 port 22236 [preauth]
Mar 29 14:04:00 cls sshd[676914]: Invalid user icash from 206.123.145.69 port 10464
Mar 29 14:04:04 cls sshd[676914]: pam_unix(sshd:auth): check pass; user unknown
Mar 29 14:04:04 cls sshd[676914]: pam_unix(sshd:auth): authentication failure; logname= uid=0 euid=0 tty=ssh ruser= rhost=206.123.145.69 
Mar 29 14:04:06 cls sshd[676914]: Failed password for invalid user icash from 206.123.145.69 port 10464 ssh2
Mar 29 14:04:08 cls sshd[676914]: Connection closed by invalid user icash 206.123.145.69 port 10464 [preauth]
Mar 29 14:04:18 cls sshd[676988]: pam_unix(sshd:auth): authentication failure; logname= uid=0 euid=0 tty=ssh ruser= rhost=45.207.221.76  user=root
Mar 29 14:04:18 cls sshd[676986]: Invalid user zhangshu from 130.12.181.108 port 47060
Mar 29 14:04:20 cls sshd[676988]: Failed password for root from 45.207.221.76 port 44430 ssh2
Mar 29 14:04:20 cls sshd[676988]: Received disconnect from 45.207.221.76 port 44430:11: Bye Bye [preauth]
Mar 29 14:04:20 cls sshd[676988]: Disconnected from authenticating user root 45.207.221.76 port 44430 [preauth]
Mar 29 14:04:21 cls sshd[676986]: pam_unix(sshd:auth): check pass; user unknown
Mar 29 14:04:21 cls sshd[676986]: pam_unix(sshd:auth): authentication failure; logname= uid=0 euid=0 tty=ssh ruser= rhost=130.12.181.108 
Mar 29 14:04:23 cls sshd[676986]: Failed password for invalid user zhangshu from 130.12.181.108 port 47060 ssh2
Mar 29 14:04:26 cls sshd[676990]: Invalid user user from 130.12.181.104 port 13428
Mar 29 14:04:26 cls sshd[676986]: Connection closed by invalid user zhangshu 130.12.181.108 port 47060 [preauth]
Mar 29 14:04:28 cls sshd[676990]: pam_unix(sshd:auth): check pass; user unknown
Mar 29 14:04:28 cls sshd[676990]: pam_unix(sshd:auth): authentication failure; logname= uid=0 euid=0 tty=ssh ruser= rhost=130.12.181.104 
Mar 29 14:04:30 cls sshd[676990]: Failed password for invalid user user from 130.12.181.104 port 13428 ssh2
Mar 29 14:04:33 cls sshd[676990]: Connection closed by invalid user user 130.12.181.104 port 13428 [preauth]
Mar 29 14:04:48 cls sshd[676992]: Invalid user jh from 130.12.181.100 port 7122
Mar 29 14:04:51 cls sshd[676992]: pam_unix(sshd:auth): check pass; user unknown
Mar 29 14:04:51 cls sshd[676992]: pam_unix(sshd:auth): authentication failure; logname= uid=0 euid=0 tty=ssh ruser= rhost=130.12.181.100 
Mar 29 14:04:53 cls sshd[676992]: Failed password for invalid user jh from 130.12.181.100 port 7122 ssh2
Mar 29 14:04:55 cls sshd[676998]: pam_unix(sshd:auth): authentication failure; logname= uid=0 euid=0 tty=ssh ruser= rhost=185.141.23.39  user=root
Mar 29 14:04:56 cls sshd[676992]: Connection closed by invalid user jh 130.12.181.100 port 7122 [preauth]
Mar 29 14:04:57 cls sshd[676998]: Failed password for root from 185.141.23.39 port 56010 ssh2
Mar 29 14:04:58 cls sshd[676998]: Received disconnect from 185.141.23.39 port 56010:11: Bye Bye [preauth]
Mar 29 14:04:58 cls sshd[676998]: Disconnected from authenticating user root 185.141.23.39 port 56010 [preauth]
Mar 29 14:05:53 cls sshd[677044]: Invalid user db2fenc1 from 130.12.181.98 port 54540
Mar 29 14:05:54 cls sshd[677044]: pam_unix(sshd:auth): check pass; user unknown
Mar 29 14:05:54 cls sshd[677044]: pam_unix(sshd:auth): authentication failure; logname= uid=0 euid=0 tty=ssh ruser= rhost=130.12.181.98 
Mar 29 14:05:56 cls sshd[677044]: Failed password for invalid user db2fenc1 from 130.12.181.98 port 54540 ssh2
Mar 29 14:05:58 cls sshd[677044]: Connection closed by invalid user db2fenc1 130.12.181.98 port 54540 [preauth]
Mar 29 14:06:28 cls sshd[677132]: Invalid user svc from 206.123.145.70 port 30630
Mar 29 14:06:30 cls sshd[677132]: pam_unix(sshd:auth): check pass; user unknown
Mar 29 14:06:30 cls sshd[677132]: pam_unix(sshd:auth): authentication failure; logname= uid=0 euid=0 tty=ssh ruser= rhost=206.123.145.70 
Mar 29 14:06:31 cls sshd[677132]: Failed password for invalid user svc from 206.123.145.70 port 30630 ssh2
Mar 29 14:06:33 cls sshd[677132]: Connection closed by invalid user svc 206.123.145.70 port 30630 [preauth]
Mar 29 14:07:23 cls sshd[677172]: Invalid user nexus from 206.123.145.75 port 63140
Mar 29 14:07:24 cls sshd[677172]: pam_unix(sshd:auth): check pass; user unknown
Mar 29 14:07:24 cls sshd[677172]: pam_unix(sshd:auth): authentication failure; logname= uid=0 euid=0 tty=ssh ruser= rhost=206.123.145.75 
Mar 29 14:07:26 cls sshd[677172]: Failed password for invalid user nexus from 206.123.145.75 port 63140 ssh2
Mar 29 14:07:31 cls sshd[677172]: Connection closed by invalid user nexus 206.123.145.75 port 63140 [preauth]
Mar 29 14:07:39 cls sshd[677174]: pam_unix(sshd:auth): authentication failure; logname= uid=0 euid=0 tty=ssh ruser= rhost=186.7.16.150  user=root
Mar 29 14:07:41 cls sshd[677174]: Failed password for root from 186.7.16.150 port 46641 ssh2
Mar 29 14:07:42 cls sshd[677174]: Received disconnect from 186.7.16.150 port 46641:11: Bye Bye [preauth]
Mar 29 14:07:42 cls sshd[677174]: Disconnected from authenticating user root 186.7.16.150 port 46641 [preauth]
Mar 29 14:07:48 cls sshd[677176]: Invalid user idste from 206.123.145.49 port 9626
Mar 29 14:07:50 cls sshd[677176]: pam_unix(sshd:auth): check pass; user unknown
Mar 29 14:07:50 cls sshd[677176]: pam_unix(sshd:auth): authentication failure; logname= uid=0 euid=0 tty=ssh ruser= rhost=206.123.145.49 
Mar 29 14:07:52 cls sshd[677176]: Failed password for invalid user idste from 206.123.145.49 port 9626 ssh2
Mar 29 14:07:56 cls sshd[677176]: Connection closed by invalid user idste 206.123.145.49 port 9626 [preauth]
Mar 29 14:08:16 cls sshd[677271]: Invalid user tcl from 206.123.145.20 port 62056
Mar 29 14:08:19 cls sshd[677273]: Invalid user ganjianhong from 206.123.145.55 port 19952
Mar 29 14:08:20 cls sshd[677271]: pam_unix(sshd:auth): check pass; user unknown
Mar 29 14:08:20 cls sshd[677271]: pam_unix(sshd:auth): authentication failure; logname= uid=0 euid=0 tty=ssh ruser= rhost=206.123.145.20 
Mar 29 14:08:22 cls sshd[677271]: Failed password for invalid user tcl from 206.123.145.20 port 62056 ssh2
Mar 29 14:08:23 cls sshd[677273]: pam_unix(sshd:auth): check pass; user unknown
Mar 29 14:08:23 cls sshd[677273]: pam_unix(sshd:auth): authentication failure; logname= uid=0 euid=0 tty=ssh ruser= rhost=206.123.145.55 
Mar 29 14:08:24 cls sshd[677271]: Connection closed by invalid user tcl 206.123.145.20 port 62056 [preauth]
Mar 29 14:08:25 cls sshd[677273]: Failed password for invalid user ganjianhong from 206.123.145.55 port 19952 ssh2
Mar 29 14:08:26 cls sshd[677280]: pam_unix(sshd:auth): authentication failure; logname= uid=0 euid=0 tty=ssh ruser= rhost=45.207.221.76  user=root
Mar 29 14:08:28 cls sshd[677273]: Connection closed by invalid user ganjianhong 206.123.145.55 port 19952 [preauth]
Mar 29 14:08:28 cls sshd[677276]: Invalid user administrator from 206.123.145.57 port 24344
Mar 29 14:08:28 cls sshd[677280]: Failed password for root from 45.207.221.76 port 51318 ssh2
Mar 29 14:08:29 cls sshd[677280]: Received disconnect from 45.207.221.76 port 51318:11: Bye Bye [preauth]
Mar 29 14:08:29 cls sshd[677280]: Disconnected from authenticating user root 45.207.221.76 port 51318 [preauth]
Mar 29 14:08:30 cls sshd[677275]: Invalid user szw from 206.123.145.74 port 9520
Mar 29 14:08:30 cls sshd[677276]: pam_unix(sshd:auth): check pass; user unknown
Mar 29 14:08:30 cls sshd[677276]: pam_unix(sshd:auth): authentication failure; logname= uid=0 euid=0 tty=ssh ruser= rhost=206.123.145.57 
Mar 29 14:08:32 cls sshd[677276]: Failed password for invalid user administrator from 206.123.145.57 port 24344 ssh2
Mar 29 14:08:33 cls sshd[677275]: pam_unix(sshd:auth): check pass; user unknown
Mar 29 14:08:33 cls sshd[677275]: pam_unix(sshd:auth): authentication failure; logname= uid=0 euid=0 tty=ssh ruser= rhost=206.123.145.74 
Mar 29 14:08:33 cls sshd[677283]: pam_unix(sshd:auth): authentication failure; logname= uid=0 euid=0 tty=ssh ruser= rhost=185.141.23.39  user=root
Mar 29 14:08:34 cls sshd[677275]: Failed password for invalid user szw from 206.123.145.74 port 9520 ssh2
Mar 29 14:08:35 cls sshd[677283]: Failed password for root from 185.141.23.39 port 41072 ssh2
Mar 29 14:08:35 cls sshd[677279]: pam_unix(sshd:auth): authentication failure; logname= uid=0 euid=0 tty=ssh ruser= rhost=130.12.181.101  user=root
Mar 29 14:08:36 cls sshd[677283]: Received disconnect from 185.141.23.39 port 41072:11: Bye Bye [preauth]
Mar 29 14:08:36 cls sshd[677283]: Disconnected from authenticating user root 185.141.23.39 port 41072 [preauth]
Mar 29 14:08:36 cls sshd[677275]: Connection closed by invalid user szw 206.123.145.74 port 9520 [preauth]
Mar 29 14:08:37 cls sshd[677276]: Connection closed by invalid user administrator 206.123.145.57 port 24344 [preauth]
Mar 29 14:08:37 cls sshd[677279]: Failed password for root from 130.12.181.101 port 65378 ssh2
Mar 29 14:08:39 cls sshd[677279]: Connection closed by authenticating user root 130.12.181.101 port 65378 [preauth]
Mar 29 14:09:01 cls CRON[677288]: pam_unix(cron:session): session opened for user root by (uid=0)
Mar 29 14:09:01 cls CRON[677288]: pam_unix(cron:session): session closed for user root
Mar 29 14:09:10 cls sshd[677287]: Invalid user omm from 206.123.145.50 port 33752
Mar 29 14:09:12 cls sshd[677287]: pam_unix(sshd:auth): check pass; user unknown
Mar 29 14:09:12 cls sshd[677287]: pam_unix(sshd:auth): authentication failure; logname= uid=0 euid=0 tty=ssh ruser= rhost=206.123.145.50 
Mar 29 14:09:14 cls sshd[677287]: Failed password for invalid user omm from 206.123.145.50 port 33752 ssh2
Mar 29 14:09:15 cls sshd[677291]: Invalid user xuhaozhe from 130.12.181.107 port 52570
Mar 29 14:09:17 cls sshd[677287]: Connection closed by invalid user omm 206.123.145.50 port 33752 [preauth]
Mar 29 14:09:17 cls sshd[677291]: pam_unix(sshd:auth): check pass; user unknown
Mar 29 14:09:17 cls sshd[677291]: pam_unix(sshd:auth): authentication failure; logname= uid=0 euid=0 tty=ssh ruser= rhost=130.12.181.107 
Mar 29 14:09:19 cls sshd[677291]: Failed password for invalid user xuhaozhe from 130.12.181.107 port 52570 ssh2
Mar 29 14:09:20 cls sshd[677291]: Connection closed by invalid user xuhaozhe 130.12.181.107 port 52570 [preauth]
Mar 29 14:09:44 cls sshd[677653]: Invalid user wxb from 130.12.181.109 port 41692
Mar 29 14:09:46 cls sshd[677653]: pam_unix(sshd:auth): check pass; user unknown
Mar 29 14:09:46 cls sshd[677653]: pam_unix(sshd:auth): authentication failure; logname= uid=0 euid=0 tty=ssh ruser= rhost=130.12.181.109 
Mar 29 14:09:48 cls sshd[677653]: Failed password for invalid user wxb from 130.12.181.109 port 41692 ssh2
Mar 29 14:09:50 cls sshd[677653]: Connection closed by invalid user wxb 130.12.181.109 port 41692 [preauth]
Mar 29 14:10:00 cls sshd[677663]: pam_unix(sshd:auth): authentication failure; logname= uid=0 euid=0 tty=ssh ruser= rhost=47.242.199.198  user=root
Mar 29 14:10:02 cls sshd[677655]: pam_unix(sshd:auth): authentication failure; logname= uid=0 euid=0 tty=ssh ruser= rhost=206.123.145.73  user=ubuntu
Mar 29 14:10:02 cls sshd[677663]: Failed password for root from 47.242.199.198 port 49696 ssh2
Mar 29 14:10:02 cls sshd[677663]: Received disconnect from 47.242.199.198 port 49696:11: Bye Bye [preauth]
Mar 29 14:10:02 cls sshd[677663]: Disconnected from authenticating user root 47.242.199.198 port 49696 [preauth]
Mar 29 14:10:04 cls sshd[677655]: Failed password for ubuntu from 206.123.145.73 port 17812 ssh2
Mar 29 14:10:06 cls sshd[677673]: Invalid user cti from 206.123.145.71 port 29790
Mar 29 14:10:07 cls sshd[677655]: Connection closed by authenticating user ubuntu 206.123.145.73 port 17812 [preauth]
Mar 29 14:10:09 cls sshd[677673]: pam_unix(sshd:auth): check pass; user unknown
Mar 29 14:10:09 cls sshd[677673]: pam_unix(sshd:auth): authentication failure; logname= uid=0 euid=0 tty=ssh ruser= rhost=206.123.145.71 
Mar 29 14:10:10 cls sshd[677766]: Invalid user ttt from 130.12.181.99 port 14198
Mar 29 14:10:11 cls sshd[677673]: Failed password for invalid user cti from 206.123.145.71 port 29790 ssh2
Mar 29 14:10:12 cls sshd[677766]: pam_unix(sshd:auth): check pass; user unknown
Mar 29 14:10:12 cls sshd[677766]: pam_unix(sshd:auth): authentication failure; logname= uid=0 euid=0 tty=ssh ruser= rhost=130.12.181.99 
Mar 29 14:10:13 cls sshd[677785]: Invalid user huatu from 130.12.181.106 port 7364
Mar 29 14:10:14 cls sshd[677766]: Failed password for invalid user ttt from 130.12.181.99 port 14198 ssh2
Mar 29 14:10:15 cls sshd[677785]: pam_unix(sshd:auth): check pass; user unknown
Mar 29 14:10:15 cls sshd[677785]: pam_unix(sshd:auth): authentication failure; logname= uid=0 euid=0 tty=ssh ruser= rhost=130.12.181.106 
Mar 29 14:10:16 cls sshd[677673]: Connection closed by invalid user cti 206.123.145.71 port 29790 [preauth]
Mar 29 14:10:17 cls sshd[677785]: Failed password for invalid user huatu from 130.12.181.106 port 7364 ssh2
Mar 29 14:10:17 cls sshd[677766]: Connection closed by invalid user ttt 130.12.181.99 port 14198 [preauth]
Mar 29 14:10:20 cls sshd[677785]: Connection closed by invalid user huatu 130.12.181.106 port 7364 [preauth]
Mar 29 14:10:21 cls sshd[677787]: Invalid user test1 from 206.123.145.78 port 63328
Mar 29 14:10:22 cls sshd[677787]: pam_unix(sshd:auth): check pass; user unknown
Mar 29 14:10:22 cls sshd[677787]: pam_unix(sshd:auth): authentication failure; logname= uid=0 euid=0 tty=ssh ruser= rhost=206.123.145.78 
Mar 29 14:10:24 cls sshd[677787]: Failed password for invalid user test1 from 206.123.145.78 port 63328 ssh2
Mar 29 14:10:27 cls sshd[677787]: Connection closed by invalid user test1 206.123.145.78 port 63328 [preauth]
Mar 29 14:10:29 cls sshd[677789]: pam_unix(sshd:auth): authentication failure; logname= uid=0 euid=0 tty=ssh ruser= rhost=206.123.145.52  user=root
Mar 29 14:10:30 cls sshd[677789]: Failed password for root from 206.123.145.52 port 34740 ssh2
Mar 29 14:10:35 cls sshd[677789]: Connection closed by authenticating user root 206.123.145.52 port 34740 [preauth]
Mar 29 14:10:43 cls sshd[677791]: Invalid user xfusion from 206.123.145.53 port 25412
Mar 29 14:10:44 cls sshd[677791]: pam_unix(sshd:auth): check pass; user unknown
Mar 29 14:10:44 cls sshd[677791]: pam_unix(sshd:auth): authentication failure; logname= uid=0 euid=0 tty=ssh ruser= rhost=206.123.145.53 
Mar 29 14:10:46 cls sshd[677791]: Failed password for invalid user xfusion from 206.123.145.53 port 25412 ssh2
Mar 29 14:10:47 cls sshd[677793]: Invalid user omnisky from 130.12.181.97 port 27804
Mar 29 14:10:49 cls sshd[677793]: pam_unix(sshd:auth): check pass; user unknown
Mar 29 14:10:49 cls sshd[677793]: pam_unix(sshd:auth): authentication failure; logname= uid=0 euid=0 tty=ssh ruser= rhost=130.12.181.97 
Mar 29 14:10:51 cls sshd[677793]: Failed password for invalid user omnisky from 130.12.181.97 port 27804 ssh2
Mar 29 14:10:51 cls sshd[677791]: Connection closed by invalid user xfusion 206.123.145.53 port 25412 [preauth]
Mar 29 14:10:54 cls sshd[677793]: Connection closed by invalid user omnisky 130.12.181.97 port 27804 [preauth]
Mar 29 14:10:56 cls sshd[677798]: pam_unix(sshd:auth): authentication failure; logname= uid=0 euid=0 tty=ssh ruser= rhost=47.242.199.198  user=root
Mar 29 14:10:58 cls sshd[677798]: Failed password for root from 47.242.199.198 port 60452 ssh2
Mar 29 14:10:59 cls sshd[677798]: Received disconnect from 47.242.199.198 port 60452:11: Bye Bye [preauth]
Mar 29 14:10:59 cls sshd[677798]: Disconnected from authenticating user root 47.242.199.198 port 60452 [preauth]
Mar 29 14:11:02 cls sshd[677805]: pam_unix(sshd:auth): authentication failure; logname= uid=0 euid=0 tty=ssh ruser= rhost=175.178.220.98  user=root
Mar 29 14:11:02 cls sshd[677795]: Invalid user syazrin from 206.123.145.77 port 1898
Mar 29 14:11:05 cls sshd[677805]: Failed password for root from 175.178.220.98 port 43570 ssh2
Mar 29 14:11:05 cls sshd[677795]: pam_unix(sshd:auth): check pass; user unknown
Mar 29 14:11:05 cls sshd[677795]: pam_unix(sshd:auth): authentication failure; logname= uid=0 euid=0 tty=ssh ruser= rhost=206.123.145.77 
Mar 29 14:11:05 cls sshd[677805]: Received disconnect from 175.178.220.98 port 43570:11: Bye Bye [preauth]
Mar 29 14:11:05 cls sshd[677805]: Disconnected from authenticating user root 175.178.220.98 port 43570 [preauth]
Mar 29 14:11:06 cls sshd[677797]: Invalid user shiyan from 206.123.145.46 port 29448
Mar 29 14:11:06 cls sshd[677795]: Failed password for invalid user syazrin from 206.123.145.77 port 1898 ssh2
Mar 29 14:11:08 cls sshd[677795]: Connection closed by invalid user syazrin 206.123.145.77 port 1898 [preauth]
Mar 29 14:11:09 cls sshd[677797]: pam_unix(sshd:auth): check pass; user unknown
Mar 29 14:11:09 cls sshd[677797]: pam_unix(sshd:auth): authentication failure; logname= uid=0 euid=0 tty=ssh ruser= rhost=206.123.145.46 
Mar 29 14:11:11 cls sshd[677800]: pam_unix(sshd:auth): authentication failure; logname= uid=0 euid=0 tty=ssh ruser= rhost=206.123.145.76  user=root
Mar 29 14:11:11 cls sshd[677797]: Failed password for invalid user shiyan from 206.123.145.46 port 29448 ssh2
Mar 29 14:11:12 cls sshd[677817]: Invalid user walter from 206.123.145.72 port 57406
Mar 29 14:11:13 cls sshd[677800]: Failed password for root from 206.123.145.76 port 56586 ssh2
Mar 29 14:11:15 cls sshd[677817]: pam_unix(sshd:auth): check pass; user unknown
Mar 29 14:11:15 cls sshd[677817]: pam_unix(sshd:auth): authentication failure; logname= uid=0 euid=0 tty=ssh ruser= rhost=206.123.145.72 
Mar 29 14:11:16 cls sshd[677800]: Connection closed by authenticating user root 206.123.145.76 port 56586 [preauth]
Mar 29 14:11:16 cls sshd[677797]: Connection closed by invalid user shiyan 206.123.145.46 port 29448 [preauth]
Mar 29 14:11:18 cls sshd[677817]: Failed password for invalid user walter from 206.123.145.72 port 57406 ssh2
Mar 29 14:11:22 cls sshd[677817]: Connection closed by invalid user walter 206.123.145.72 port 57406 [preauth]
Mar 29 14:11:23 cls sshd[677827]: pam_unix(sshd:auth): authentication failure; logname= uid=0 euid=0 tty=ssh ruser= rhost=185.141.23.39  user=root
Mar 29 14:11:24 cls sshd[677827]: Failed password for root from 185.141.23.39 port 36486 ssh2
Mar 29 14:11:25 cls sshd[677819]: Invalid user developer from 206.123.145.56 port 43610
Mar 29 14:11:25 cls sshd[677827]: Received disconnect from 185.141.23.39 port 36486:11: Bye Bye [preauth]
Mar 29 14:11:25 cls sshd[677827]: Disconnected from authenticating user root 185.141.23.39 port 36486 [preauth]
Mar 29 14:11:27 cls sshd[677819]: pam_unix(sshd:auth): check pass; user unknown
Mar 29 14:11:27 cls sshd[677819]: pam_unix(sshd:auth): authentication failure; logname= uid=0 euid=0 tty=ssh ruser= rhost=206.123.145.56 
Mar 29 14:11:30 cls sshd[677819]: Failed password for invalid user developer from 206.123.145.56 port 43610 ssh2
Mar 29 14:11:32 cls sshd[677819]: Connection closed by invalid user developer 206.123.145.56 port 43610 [preauth]
Mar 29 14:11:39 cls sshd[677839]: pam_unix(sshd:auth): authentication failure; logname= uid=0 euid=0 tty=ssh ruser= rhost=47.242.199.198  user=root
Mar 29 14:11:41 cls sshd[677839]: Failed password for root from 47.242.199.198 port 40994 ssh2
Mar 29 14:11:42 cls sshd[677839]: Received disconnect from 47.242.199.198 port 40994:11: Bye Bye [preauth]
Mar 29 14:11:42 cls sshd[677839]: Disconnected from authenticating user root 47.242.199.198 port 40994 [preauth]
Mar 29 14:11:58 cls sshd[677845]: Invalid user darshb from 206.123.145.79 port 21400
Mar 29 14:11:59 cls sshd[677852]: Invalid user anhnv from 130.12.181.103 port 62592
Mar 29 14:12:01 cls sshd[677852]: pam_unix(sshd:auth): check pass; user unknown
Mar 29 14:12:01 cls sshd[677852]: pam_unix(sshd:auth): authentication failure; logname= uid=0 euid=0 tty=ssh ruser= rhost=130.12.181.103 
Mar 29 14:12:03 cls sshd[677852]: Failed password for invalid user anhnv from 130.12.181.103 port 62592 ssh2
Mar 29 14:12:03 cls sshd[677845]: pam_unix(sshd:auth): check pass; user unknown
Mar 29 14:12:03 cls sshd[677845]: pam_unix(sshd:auth): authentication failure; logname= uid=0 euid=0 tty=ssh ruser= rhost=206.123.145.79 
Mar 29 14:12:06 cls sshd[677845]: Failed password for invalid user darshb from 206.123.145.79 port 21400 ssh2
Mar 29 14:12:07 cls sshd[677852]: Connection closed by invalid user anhnv 130.12.181.103 port 62592 [preauth]
Mar 29 14:12:11 cls sshd[677845]: Connection closed by invalid user darshb 206.123.145.79 port 21400 [preauth]
Mar 29 14:12:14 cls sshd[677861]: Invalid user aris from 206.123.145.48 port 10222
Mar 29 14:12:15 cls sshd[677861]: pam_unix(sshd:auth): check pass; user unknown
Mar 29 14:12:15 cls sshd[677861]: pam_unix(sshd:auth): authentication failure; logname= uid=0 euid=0 tty=ssh ruser= rhost=206.123.145.48 
Mar 29 14:12:18 cls sshd[677861]: Failed password for invalid user aris from 206.123.145.48 port 10222 ssh2
Mar 29 14:12:21 cls sshd[677861]: Connection closed by invalid user aris 206.123.145.48 port 10222 [preauth]
Mar 29 14:12:22 cls sshd[677877]: pam_unix(sshd:auth): authentication failure; logname= uid=0 euid=0 tty=ssh ruser= rhost=47.242.199.198  user=root
Mar 29 14:12:23 cls sshd[677877]: Failed password for root from 47.242.199.198 port 49786 ssh2
Mar 29 14:12:23 cls sshd[677873]: Invalid user lxz from 130.12.181.105 port 16392
Mar 29 14:12:24 cls sshd[677873]: pam_unix(sshd:auth): check pass; user unknown
Mar 29 14:12:24 cls sshd[677873]: pam_unix(sshd:auth): authentication failure; logname= uid=0 euid=0 tty=ssh ruser= rhost=130.12.181.105 
Mar 29 14:12:25 cls sshd[677877]: Received disconnect from 47.242.199.198 port 49786:11: Bye Bye [preauth]
Mar 29 14:12:25 cls sshd[677877]: Disconnected from authenticating user root 47.242.199.198 port 49786 [preauth]
Mar 29 14:12:27 cls sshd[677874]: pam_unix(sshd:auth): authentication failure; logname= uid=0 euid=0 tty=ssh ruser= rhost=130.12.181.102  user=root
Mar 29 14:12:27 cls sshd[677873]: Failed password for invalid user lxz from 130.12.181.105 port 16392 ssh2
Mar 29 14:12:30 cls sshd[677874]: Failed password for root from 130.12.181.102 port 48674 ssh2
Mar 29 14:12:31 cls sshd[677879]: Invalid user feng from 206.123.145.51 port 40370
Mar 29 14:12:31 cls sshd[677873]: Connection closed by invalid user lxz 130.12.181.105 port 16392 [preauth]
Mar 29 14:12:33 cls sshd[677879]: pam_unix(sshd:auth): check pass; user unknown
Mar 29 14:12:33 cls sshd[677879]: pam_unix(sshd:auth): authentication failure; logname= uid=0 euid=0 tty=ssh ruser= rhost=206.123.145.51 
Mar 29 14:12:34 cls sshd[677874]: Connection closed by authenticating user root 130.12.181.102 port 48674 [preauth]
Mar 29 14:12:36 cls sshd[677881]: pam_unix(sshd:auth): authentication failure; logname= uid=0 euid=0 tty=ssh ruser= rhost=45.207.221.76  user=root
Mar 29 14:12:36 cls sshd[677879]: Failed password for invalid user feng from 206.123.145.51 port 40370 ssh2
Mar 29 14:12:38 cls sshd[677881]: Failed password for root from 45.207.221.76 port 58200 ssh2
Mar 29 14:12:38 cls sshd[677879]: Connection closed by invalid user feng 206.123.145.51 port 40370 [preauth]
Mar 29 14:12:38 cls sshd[677881]: Received disconnect from 45.207.221.76 port 58200:11: Bye Bye [preauth]
Mar 29 14:12:38 cls sshd[677881]: Disconnected from authenticating user root 45.207.221.76 port 58200 [preauth]
Mar 29 14:13:08 cls sshd[677983]: pam_unix(sshd:auth): authentication failure; logname= uid=0 euid=0 tty=ssh ruser= rhost=47.242.199.198  user=root
Mar 29 14:13:09 cls sshd[677983]: Failed password for root from 47.242.199.198 port 58570 ssh2
Mar 29 14:13:10 cls sshd[677983]: Received disconnect from 47.242.199.198 port 58570:11: Bye Bye [preauth]
Mar 29 14:13:10 cls sshd[677983]: Disconnected from authenticating user root 47.242.199.198 port 58570 [preauth]
Mar 29 14:13:13 cls sshd[677885]: Invalid user support from 206.123.145.54 port 13000
Mar 29 14:13:14 cls sshd[677947]: Invalid user dev from 130.12.181.98 port 9098
Mar 29 14:13:15 cls sshd[677885]: pam_unix(sshd:auth): check pass; user unknown
Mar 29 14:13:15 cls sshd[677885]: pam_unix(sshd:auth): authentication failure; logname= uid=0 euid=0 tty=ssh ruser= rhost=206.123.145.54 
Mar 29 14:13:15 cls sshd[677947]: pam_unix(sshd:auth): check pass; user unknown
Mar 29 14:13:15 cls sshd[677947]: pam_unix(sshd:auth): authentication failure; logname= uid=0 euid=0 tty=ssh ruser= rhost=130.12.181.98 
Mar 29 14:13:17 cls sshd[677991]: pam_unix(sshd:auth): authentication failure; logname= uid=0 euid=0 tty=ssh ruser= rhost=175.178.220.98  user=root
Mar 29 14:13:18 cls sshd[677885]: Failed password for invalid user support from 206.123.145.54 port 13000 ssh2
Mar 29 14:13:18 cls sshd[677947]: Failed password for invalid user dev from 130.12.181.98 port 9098 ssh2
Mar 29 14:13:19 cls sshd[677991]: Failed password for root from 175.178.220.98 port 30458 ssh2
Mar 29 14:13:20 cls sshd[677885]: Connection closed by invalid user support 206.123.145.54 port 13000 [preauth]
Mar 29 14:13:20 cls sshd[677991]: Received disconnect from 175.178.220.98 port 30458:11: Bye Bye [preauth]
Mar 29 14:13:20 cls sshd[677991]: Disconnected from authenticating user root 175.178.220.98 port 30458 [preauth]
Mar 29 14:13:21 cls sshd[677947]: Connection closed by invalid user dev 130.12.181.98 port 9098 [preauth]
Mar 29 14:13:23 cls sshd[677990]: Invalid user pronto from 130.12.181.104 port 37614
Mar 29 14:13:25 cls sshd[677990]: pam_unix(sshd:auth): check pass; user unknown
Mar 29 14:13:25 cls sshd[677990]: pam_unix(sshd:auth): authentication failure; logname= uid=0 euid=0 tty=ssh ruser= rhost=130.12.181.104 
Mar 29 14:13:27 cls sshd[677990]: Failed password for invalid user pronto from 130.12.181.104 port 37614 ssh2
Mar 29 14:13:29 cls sshd[677995]: pam_unix(sshd:auth): authentication failure; logname= uid=0 euid=0 tty=ssh ruser= rhost=130.12.181.108  user=root
Mar 29 14:13:30 cls sshd[677990]: Connection closed by invalid user pronto 130.12.181.104 port 37614 [preauth]
Mar 29 14:13:31 cls sshd[677995]: Failed password for root from 130.12.181.108 port 10934 ssh2
Mar 29 14:13:34 cls sshd[677995]: Connection closed by authenticating user root 130.12.181.108 port 10934 [preauth]
Mar 29 14:13:47 cls sshd[677997]: Invalid user fengwanjin from 130.12.181.100 port 44562
Mar 29 14:13:49 cls sshd[677997]: pam_unix(sshd:auth): check pass; user unknown
Mar 29 14:13:49 cls sshd[677997]: pam_unix(sshd:auth): authentication failure; logname= uid=0 euid=0 tty=ssh ruser= rhost=130.12.181.100 
Mar 29 14:13:51 cls sshd[677997]: Failed password for invalid user fengwanjin from 130.12.181.100 port 44562 ssh2
Mar 29 14:13:51 cls sshd[677999]: pam_unix(sshd:auth): authentication failure; logname= uid=0 euid=0 tty=ssh ruser= rhost=47.242.199.198  user=root
Mar 29 14:13:53 cls sshd[677999]: Failed password for root from 47.242.199.198 port 39120 ssh2
Mar 29 14:13:53 cls sshd[677999]: Received disconnect from 47.242.199.198 port 39120:11: Bye Bye [preauth]
Mar 29 14:13:53 cls sshd[677999]: Disconnected from authenticating user root 47.242.199.198 port 39120 [preauth]
Mar 29 14:13:54 cls sshd[677997]: Connection closed by invalid user fengwanjin 130.12.181.100 port 44562 [preauth]
Mar 29 14:14:19 cls sshd[678011]: pam_unix(sshd:auth): authentication failure; logname= uid=0 euid=0 tty=ssh ruser= rhost=185.141.23.39  user=root
Mar 29 14:14:21 cls sshd[678011]: Failed password for root from 185.141.23.39 port 49934 ssh2
Mar 29 14:14:22 cls sshd[678011]: Received disconnect from 185.141.23.39 port 49934:11: Bye Bye [preauth]
Mar 29 14:14:22 cls sshd[678011]: Disconnected from authenticating user root 185.141.23.39 port 49934 [preauth]
Mar 29 14:14:33 cls sshd[678018]: pam_unix(sshd:auth): authentication failure; logname= uid=0 euid=0 tty=ssh ruser= rhost=47.242.199.198  user=root
Mar 29 14:14:36 cls sshd[678018]: Failed password for root from 47.242.199.198 port 47906 ssh2
Mar 29 14:14:39 cls sshd[678018]: Received disconnect from 47.242.199.198 port 47906:11: Bye Bye [preauth]
Mar 29 14:14:39 cls sshd[678018]: Disconnected from authenticating user root 47.242.199.198 port 47906 [preauth]
Mar 29 14:14:50 cls sshd[678020]: Invalid user baker from 206.123.145.69 port 41154
Mar 29 14:14:52 cls sshd[678020]: pam_unix(sshd:auth): check pass; user unknown
Mar 29 14:14:52 cls sshd[678020]: pam_unix(sshd:auth): authentication failure; logname= uid=0 euid=0 tty=ssh ruser= rhost=206.123.145.69 
Mar 29 14:14:54 cls sshd[678020]: Failed password for invalid user baker from 206.123.145.69 port 41154 ssh2
Mar 29 14:14:57 cls sshd[678020]: Connection closed by invalid user baker 206.123.145.69 port 41154 [preauth]
Mar 29 14:15:16 cls sshd[678076]: pam_unix(sshd:auth): authentication failure; logname= uid=0 euid=0 tty=ssh ruser= rhost=47.242.199.198  user=root
Mar 29 14:15:18 cls sshd[678076]: Failed password for root from 47.242.199.198 port 56692 ssh2
Mar 29 14:15:19 cls sshd[678076]: Received disconnect from 47.242.199.198 port 56692:11: Bye Bye [preauth]
Mar 29 14:15:19 cls sshd[678076]: Disconnected from authenticating user root 47.242.199.198 port 56692 [preauth]
Mar 29 14:15:32 cls sshd[678078]: pam_unix(sshd:auth): authentication failure; logname= uid=0 euid=0 tty=ssh ruser= rhost=175.178.220.98  user=root
Mar 29 14:15:34 cls sshd[678078]: Failed password for root from 175.178.220.98 port 42936 ssh2
Mar 29 14:15:35 cls sshd[678078]: Received disconnect from 175.178.220.98 port 42936:11: Bye Bye [preauth]
Mar 29 14:15:35 cls sshd[678078]: Disconnected from authenticating user root 175.178.220.98 port 42936 [preauth]
Mar 29 14:15:46 cls sshd[678080]: pam_unix(sshd:auth): authentication failure; logname= uid=0 euid=0 tty=ssh ruser= rhost=186.7.16.150  user=root
Mar 29 14:15:47 cls sshd[678080]: Failed password for root from 186.7.16.150 port 52429 ssh2
Mar 29 14:15:48 cls sshd[678080]: Received disconnect from 186.7.16.150 port 52429:11: Bye Bye [preauth]
Mar 29 14:15:48 cls sshd[678080]: Disconnected from authenticating user root 186.7.16.150 port 52429 [preauth]
Mar 29 14:15:59 cls sshd[678082]: pam_unix(sshd:auth): authentication failure; logname= uid=0 euid=0 tty=ssh ruser= rhost=47.242.199.198  user=root
Mar 29 14:16:01 cls sshd[678082]: Failed password for root from 47.242.199.198 port 37242 ssh2
Mar 29 14:16:02 cls sshd[678082]: Received disconnect from 47.242.199.198 port 37242:11: Bye Bye [preauth]
Mar 29 14:16:02 cls sshd[678082]: Disconnected from authenticating user root 47.242.199.198 port 37242 [preauth]
Mar 29 14:16:36 cls sshd[678172]: pam_unix(sshd:auth): authentication failure; logname= uid=0 euid=0 tty=ssh ruser= rhost=45.207.221.76  user=root
Mar 29 14:16:38 cls sshd[678172]: Failed password for root from 45.207.221.76 port 36844 ssh2
Mar 29 14:16:39 cls sshd[678172]: Received disconnect from 45.207.221.76 port 36844:11: Bye Bye [preauth]
Mar 29 14:16:39 cls sshd[678172]: Disconnected from authenticating user root 45.207.221.76 port 36844 [preauth]
Mar 29 14:16:43 cls sshd[678174]: pam_unix(sshd:auth): authentication failure; logname= uid=0 euid=0 tty=ssh ruser= rhost=47.242.199.198  user=root
Mar 29 14:16:45 cls sshd[678174]: Failed password for root from 47.242.199.198 port 46012 ssh2
Mar 29 14:16:45 cls sshd[678174]: Received disconnect from 47.242.199.198 port 46012:11: Bye Bye [preauth]
Mar 29 14:16:45 cls sshd[678174]: Disconnected from authenticating user root 47.242.199.198 port 46012 [preauth]
Mar 29 14:16:59 cls sshd[678186]: Invalid user richmail from 206.123.145.70 port 48948
Mar 29 14:17:00 cls sshd[678186]: pam_unix(sshd:auth): check pass; user unknown
Mar 29 14:17:00 cls sshd[678186]: pam_unix(sshd:auth): authentication failure; logname= uid=0 euid=0 tty=ssh ruser= rhost=206.123.145.70 
Mar 29 14:17:01 cls CRON[678196]: pam_unix(cron:session): session opened for user root by (uid=0)
Mar 29 14:17:01 cls CRON[678196]: pam_unix(cron:session): session closed for user root
Mar 29 14:17:02 cls sshd[678186]: Failed password for invalid user richmail from 206.123.145.70 port 48948 ssh2
Mar 29 14:17:04 cls sshd[678201]: pam_unix(sshd:auth): authentication failure; logname= uid=0 euid=0 tty=ssh ruser= rhost=185.141.23.39  user=root
Mar 29 14:17:04 cls sshd[678186]: Connection closed by invalid user richmail 206.123.145.70 port 48948 [preauth]
Mar 29 14:17:06 cls sshd[678201]: Failed password for root from 185.141.23.39 port 59878 ssh2
Mar 29 14:17:07 cls sshd[678201]: Received disconnect from 185.141.23.39 port 59878:11: Bye Bye [preauth]
Mar 29 14:17:07 cls sshd[678201]: Disconnected from authenticating user root 185.141.23.39 port 59878 [preauth]
Mar 29 14:17:22 cls sshd[678214]: Invalid user pengda from 206.123.145.75 port 19810
Mar 29 14:17:24 cls sshd[678213]: Invalid user test from 130.12.181.101 port 11824
Mar 29 14:17:24 cls sshd[678214]: pam_unix(sshd:auth): check pass; user unknown
Mar 29 14:17:24 cls sshd[678214]: pam_unix(sshd:auth): authentication failure; logname= uid=0 euid=0 tty=ssh ruser= rhost=206.123.145.75 
Mar 29 14:17:26 cls sshd[678214]: Failed password for invalid user pengda from 206.123.145.75 port 19810 ssh2
Mar 29 14:17:26 cls sshd[678213]: pam_unix(sshd:auth): check pass; user unknown
Mar 29 14:17:26 cls sshd[678213]: pam_unix(sshd:auth): authentication failure; logname= uid=0 euid=0 tty=ssh ruser= rhost=130.12.181.101 
Mar 29 14:17:28 cls sshd[678217]: pam_unix(sshd:auth): authentication failure; logname= uid=0 euid=0 tty=ssh ruser= rhost=47.242.199.198  user=root
Mar 29 14:17:28 cls sshd[678213]: Failed password for invalid user test from 130.12.181.101 port 11824 ssh2
Mar 29 14:17:29 cls sshd[678214]: Connection closed by invalid user pengda 206.123.145.75 port 19810 [preauth]
Mar 29 14:17:29 cls sshd[678217]: Failed password for root from 47.242.199.198 port 54814 ssh2
Mar 29 14:17:30 cls sshd[678217]: Received disconnect from 47.242.199.198 port 54814:11: Bye Bye [preauth]
Mar 29 14:17:30 cls sshd[678217]: Disconnected from authenticating user root 47.242.199.198 port 54814 [preauth]
Mar 29 14:17:31 cls sshd[678213]: Connection closed by invalid user test 130.12.181.101 port 11824 [preauth]
Mar 29 14:17:47 cls sshd[678220]: pam_unix(sshd:auth): authentication failure; logname= uid=0 euid=0 tty=ssh ruser= rhost=175.178.220.98  user=root
Mar 29 14:17:49 cls sshd[678220]: Failed password for root from 175.178.220.98 port 27960 ssh2
Mar 29 14:17:50 cls sshd[678220]: Received disconnect from 175.178.220.98 port 27960:11: Bye Bye [preauth]
Mar 29 14:17:50 cls sshd[678220]: Disconnected from authenticating user root 175.178.220.98 port 27960 [preauth]
Mar 29 14:17:51 cls sshd[678219]: Invalid user darshb from 206.123.145.49 port 10124
Mar 29 14:17:55 cls sshd[678219]: pam_unix(sshd:auth): check pass; user unknown
Mar 29 14:17:55 cls sshd[678219]: pam_unix(sshd:auth): authentication failure; logname= uid=0 euid=0 tty=ssh ruser= rhost=206.123.145.49 
Mar 29 14:17:57 cls sshd[678219]: Failed password for invalid user darshb from 206.123.145.49 port 10124 ssh2
Mar 29 14:17:59 cls sshd[678219]: Connection closed by invalid user darshb 206.123.145.49 port 10124 [preauth]
Mar 29 14:18:10 cls sshd[678318]: pam_unix(sshd:auth): authentication failure; logname= uid=0 euid=0 tty=ssh ruser= rhost=47.242.199.198  user=root
Mar 29 14:18:12 cls sshd[678318]: Failed password for root from 47.242.199.198 port 35400 ssh2
Mar 29 14:18:13 cls sshd[678318]: Received disconnect from 47.242.199.198 port 35400:11: Bye Bye [preauth]
Mar 29 14:18:13 cls sshd[678318]: Disconnected from authenticating user root 47.242.199.198 port 35400 [preauth]
Mar 29 14:18:18 cls sshd[678317]: Invalid user gr from 130.12.181.107 port 23412
Mar 29 14:18:20 cls sshd[678317]: pam_unix(sshd:auth): check pass; user unknown
Mar 29 14:18:20 cls sshd[678317]: pam_unix(sshd:auth): authentication failure; logname= uid=0 euid=0 tty=ssh ruser= rhost=130.12.181.107 
Mar 29 14:18:22 cls sshd[678317]: Failed password for invalid user gr from 130.12.181.107 port 23412 ssh2
Mar 29 14:18:25 cls sshd[678317]: Connection closed by invalid user gr 130.12.181.107 port 23412 [preauth]
Mar 29 14:18:26 cls sshd[678321]: Invalid user superset from 206.123.145.55 port 28616
Mar 29 14:18:27 cls sshd[678321]: pam_unix(sshd:auth): check pass; user unknown
Mar 29 14:18:27 cls sshd[678321]: pam_unix(sshd:auth): authentication failure; logname= uid=0 euid=0 tty=ssh ruser= rhost=206.123.145.55 
Mar 29 14:18:30 cls sshd[678321]: Failed password for invalid user superset from 206.123.145.55 port 28616 ssh2
Mar 29 14:18:33 cls sshd[678324]: Invalid user liwei from 206.123.145.57 port 24094
Mar 29 14:18:33 cls sshd[678321]: Connection closed by invalid user superset 206.123.145.55 port 28616 [preauth]
Mar 29 14:18:34 cls sshd[678324]: pam_unix(sshd:auth): check pass; user unknown
Mar 29 14:18:34 cls sshd[678324]: pam_unix(sshd:auth): authentication failure; logname= uid=0 euid=0 tty=ssh ruser= rhost=206.123.145.57 
Mar 29 14:18:35 cls sshd[678324]: Failed password for invalid user liwei from 206.123.145.57 port 24094 ssh2
Mar 29 14:18:37 cls sshd[678326]: Invalid user mashun from 130.12.181.109 port 36782
Mar 29 14:18:38 cls sshd[678324]: Connection closed by invalid user liwei 206.123.145.57 port 24094 [preauth]
Mar 29 14:18:39 cls sshd[678326]: pam_unix(sshd:auth): check pass; user unknown
Mar 29 14:18:39 cls sshd[678326]: pam_unix(sshd:auth): authentication failure; logname= uid=0 euid=0 tty=ssh ruser= rhost=130.12.181.109 
Mar 29 14:18:40 cls sshd[678328]: Invalid user jimengxia from 206.123.145.20 port 45038
Mar 29 14:18:41 cls sshd[678328]: pam_unix(sshd:auth): check pass; user unknown
Mar 29 14:18:41 cls sshd[678328]: pam_unix(sshd:auth): authentication failure; logname= uid=0 euid=0 tty=ssh ruser= rhost=206.123.145.20 
Mar 29 14:18:42 cls sshd[678326]: Failed password for invalid user mashun from 130.12.181.109 port 36782 ssh2
