Mar 29 06:09:21 cls sshd[650884]: Disconnected from authenticating user root 103.179.56.44 port 41310 [preauth]
Mar 29 06:09:22 cls sshd[650886]: pam_unix(sshd:auth): authentication failure; logname= uid=0 euid=0 tty=ssh ruser= rhost=38.114.121.110  user=root
Mar 29 06:09:24 cls sshd[650886]: Failed password for root from 38.114.121.110 port 62724 ssh2
Mar 29 06:09:25 cls sshd[650886]: Received disconnect from 38.114.121.110 port 62724:11: Bye Bye [preauth]
Mar 29 06:09:25 cls sshd[650886]: Disconnected from authenticating user root 38.114.121.110 port 62724 [preauth]
Mar 29 06:09:35 cls sshd[650890]: Invalid user sunjp from 206.123.145.74 port 14518
Mar 29 06:09:37 cls sshd[650888]: Invalid user yhg from 206.123.145.53 port 43660
Mar 29 06:09:37 cls sshd[650890]: pam_unix(sshd:auth): check pass; user unknown
Mar 29 06:09:37 cls sshd[650890]: pam_unix(sshd:auth): authentication failure; logname= uid=0 euid=0 tty=ssh ruser= rhost=206.123.145.74 
Mar 29 06:09:38 cls sshd[650888]: pam_unix(sshd:auth): check pass; user unknown
Mar 29 06:09:38 cls sshd[650888]: pam_unix(sshd:auth): authentication failure; logname= uid=0 euid=0 tty=ssh ruser= rhost=206.123.145.53 
Mar 29 06:09:40 cls sshd[650890]: Failed password for invalid user sunjp from 206.123.145.74 port 14518 ssh2
Mar 29 06:09:40 cls sshd[650888]: Failed password for invalid user yhg from 206.123.145.53 port 43660 ssh2
Mar 29 06:09:44 cls sshd[650892]: Invalid user pengyx1 from 206.123.145.75 port 37736
Mar 29 06:09:44 cls sshd[650890]: Connection closed by invalid user sunjp 206.123.145.74 port 14518 [preauth]
Mar 29 06:09:45 cls sshd[650888]: Connection closed by invalid user yhg 206.123.145.53 port 43660 [preauth]
Mar 29 06:09:45 cls sshd[650894]: Invalid user sbb from 130.12.181.108 port 52146
Mar 29 06:09:46 cls sshd[650892]: pam_unix(sshd:auth): check pass; user unknown
Mar 29 06:09:46 cls sshd[650892]: pam_unix(sshd:auth): authentication failure; logname= uid=0 euid=0 tty=ssh ruser= rhost=206.123.145.75 
Mar 29 06:09:47 cls sshd[650894]: pam_unix(sshd:auth): check pass; user unknown
Mar 29 06:09:47 cls sshd[650894]: pam_unix(sshd:auth): authentication failure; logname= uid=0 euid=0 tty=ssh ruser= rhost=130.12.181.108 
Mar 29 06:09:48 cls sshd[650892]: Failed password for invalid user pengyx1 from 206.123.145.75 port 37736 ssh2
Mar 29 06:09:50 cls sshd[650894]: Failed password for invalid user sbb from 130.12.181.108 port 52146 ssh2
Mar 29 06:09:52 cls sshd[650892]: Connection closed by invalid user pengyx1 206.123.145.75 port 37736 [preauth]
Mar 29 06:09:53 cls sshd[650894]: Connection closed by invalid user sbb 130.12.181.108 port 52146 [preauth]
Mar 29 06:09:59 cls sshd[650896]: Invalid user sugon_test_cb from 130.12.181.106 port 7266
Mar 29 06:10:01 cls sshd[650896]: pam_unix(sshd:auth): check pass; user unknown
Mar 29 06:10:01 cls sshd[650896]: pam_unix(sshd:auth): authentication failure; logname= uid=0 euid=0 tty=ssh ruser= rhost=130.12.181.106 
Mar 29 06:10:03 cls sshd[650896]: Failed password for invalid user sugon_test_cb from 130.12.181.106 port 7266 ssh2
Mar 29 06:10:05 cls sshd[650898]: Invalid user ailu from 206.123.145.54 port 7832
Mar 29 06:10:06 cls sshd[650896]: Connection closed by invalid user sugon_test_cb 130.12.181.106 port 7266 [preauth]
Mar 29 06:10:06 cls sshd[650898]: pam_unix(sshd:auth): check pass; user unknown
Mar 29 06:10:06 cls sshd[650898]: pam_unix(sshd:auth): authentication failure; logname= uid=0 euid=0 tty=ssh ruser= rhost=206.123.145.54 
Mar 29 06:10:09 cls sshd[650898]: Failed password for invalid user ailu from 206.123.145.54 port 7832 ssh2
Mar 29 06:10:12 cls sshd[650898]: Connection closed by invalid user ailu 206.123.145.54 port 7832 [preauth]
Mar 29 06:10:25 cls sshd[650914]: Invalid user eshan from 130.12.181.109 port 8148
Mar 29 06:10:27 cls sshd[650914]: pam_unix(sshd:auth): check pass; user unknown
Mar 29 06:10:27 cls sshd[650914]: pam_unix(sshd:auth): authentication failure; logname= uid=0 euid=0 tty=ssh ruser= rhost=130.12.181.109 
Mar 29 06:10:28 cls sshd[650914]: Failed password for invalid user eshan from 130.12.181.109 port 8148 ssh2
Mar 29 06:10:31 cls sshd[650914]: Connection closed by invalid user eshan 130.12.181.109 port 8148 [preauth]
Mar 29 06:10:46 cls sshd[650916]: Invalid user john from 206.123.145.48 port 46016
Mar 29 06:10:48 cls sshd[650916]: pam_unix(sshd:auth): check pass; user unknown
Mar 29 06:10:48 cls sshd[650916]: pam_unix(sshd:auth): authentication failure; logname= uid=0 euid=0 tty=ssh ruser= rhost=206.123.145.48 
Mar 29 06:10:49 cls sshd[650916]: Failed password for invalid user john from 206.123.145.48 port 46016 ssh2
Mar 29 06:10:52 cls sshd[650918]: Invalid user chenweihong from 130.12.181.102 port 29748
Mar 29 06:10:52 cls sshd[650916]: Connection closed by invalid user john 206.123.145.48 port 46016 [preauth]
Mar 29 06:10:54 cls sshd[650918]: pam_unix(sshd:auth): check pass; user unknown
Mar 29 06:10:54 cls sshd[650918]: pam_unix(sshd:auth): authentication failure; logname= uid=0 euid=0 tty=ssh ruser= rhost=130.12.181.102 
Mar 29 06:10:56 cls sshd[650918]: Failed password for invalid user chenweihong from 130.12.181.102 port 29748 ssh2
Mar 29 06:10:58 cls sshd[650918]: Connection closed by invalid user chenweihong 130.12.181.102 port 29748 [preauth]
Mar 29 06:11:11 cls sshd[650920]: Invalid user Finley_Ding from 206.123.145.46 port 60560
Mar 29 06:11:12 cls sshd[650934]: Invalid user seokho from 206.123.145.52 port 41046
Mar 29 06:11:14 cls sshd[650934]: pam_unix(sshd:auth): check pass; user unknown
Mar 29 06:11:14 cls sshd[650934]: pam_unix(sshd:auth): authentication failure; logname= uid=0 euid=0 tty=ssh ruser= rhost=206.123.145.52 
Mar 29 06:11:14 cls sshd[650920]: pam_unix(sshd:auth): check pass; user unknown
Mar 29 06:11:14 cls sshd[650920]: pam_unix(sshd:auth): authentication failure; logname= uid=0 euid=0 tty=ssh ruser= rhost=206.123.145.46 
Mar 29 06:11:15 cls sshd[650935]: Invalid user oracle from 206.123.145.51 port 13118
Mar 29 06:11:16 cls sshd[650934]: Failed password for invalid user seokho from 206.123.145.52 port 41046 ssh2
Mar 29 06:11:16 cls sshd[650920]: Failed password for invalid user Finley_Ding from 206.123.145.46 port 60560 ssh2
Mar 29 06:11:18 cls sshd[650935]: pam_unix(sshd:auth): check pass; user unknown
Mar 29 06:11:18 cls sshd[650935]: pam_unix(sshd:auth): authentication failure; logname= uid=0 euid=0 tty=ssh ruser= rhost=206.123.145.51 
Mar 29 06:11:18 cls sshd[650934]: Connection closed by invalid user seokho 206.123.145.52 port 41046 [preauth]
Mar 29 06:11:19 cls sshd[650920]: Connection closed by invalid user Finley_Ding 206.123.145.46 port 60560 [preauth]
Mar 29 06:11:20 cls sshd[650935]: Failed password for invalid user oracle from 206.123.145.51 port 13118 ssh2
Mar 29 06:11:23 cls sshd[650935]: Connection closed by invalid user oracle 206.123.145.51 port 13118 [preauth]
Mar 29 06:11:53 cls sshd[650949]: Invalid user user from 130.12.181.100 port 56850
Mar 29 06:11:55 cls sshd[650949]: pam_unix(sshd:auth): check pass; user unknown
Mar 29 06:11:55 cls sshd[650949]: pam_unix(sshd:auth): authentication failure; logname= uid=0 euid=0 tty=ssh ruser= rhost=130.12.181.100 
Mar 29 06:11:57 cls sshd[650949]: Failed password for invalid user user from 130.12.181.100 port 56850 ssh2
Mar 29 06:11:57 cls sshd[650955]: Invalid user ansible from 206.123.145.76 port 59900
Mar 29 06:11:59 cls sshd[650955]: pam_unix(sshd:auth): check pass; user unknown
Mar 29 06:11:59 cls sshd[650955]: pam_unix(sshd:auth): authentication failure; logname= uid=0 euid=0 tty=ssh ruser= rhost=206.123.145.76 
Mar 29 06:12:00 cls sshd[650949]: Connection closed by invalid user user 130.12.181.100 port 56850 [preauth]
Mar 29 06:12:01 cls sshd[650955]: Failed password for invalid user ansible from 206.123.145.76 port 59900 ssh2
Mar 29 06:12:04 cls sshd[650970]: pam_unix(sshd:auth): authentication failure; logname= uid=0 euid=0 tty=ssh ruser= rhost=89.218.69.66  user=root
Mar 29 06:12:05 cls sshd[650955]: Connection closed by invalid user ansible 206.123.145.76 port 59900 [preauth]
Mar 29 06:12:06 cls sshd[650970]: Failed password for root from 89.218.69.66 port 4053 ssh2
Mar 29 06:12:07 cls sshd[650970]: Received disconnect from 89.218.69.66 port 4053:11: Bye Bye [preauth]
Mar 29 06:12:07 cls sshd[650970]: Disconnected from authenticating user root 89.218.69.66 port 4053 [preauth]
Mar 29 06:12:22 cls sshd[650982]: Invalid user billing from 130.12.181.99 port 53682
Mar 29 06:12:23 cls sshd[650982]: pam_unix(sshd:auth): check pass; user unknown
Mar 29 06:12:23 cls sshd[650982]: pam_unix(sshd:auth): authentication failure; logname= uid=0 euid=0 tty=ssh ruser= rhost=130.12.181.99 
Mar 29 06:12:25 cls sshd[650982]: Failed password for invalid user billing from 130.12.181.99 port 53682 ssh2
Mar 29 06:12:26 cls sshd[650984]: Invalid user oam from 206.123.145.70 port 41634
Mar 29 06:12:28 cls sshd[650982]: Connection closed by invalid user billing 130.12.181.99 port 53682 [preauth]
Mar 29 06:12:28 cls sshd[650984]: pam_unix(sshd:auth): check pass; user unknown
Mar 29 06:12:28 cls sshd[650984]: pam_unix(sshd:auth): authentication failure; logname= uid=0 euid=0 tty=ssh ruser= rhost=206.123.145.70 
Mar 29 06:12:30 cls sshd[650984]: Failed password for invalid user oam from 206.123.145.70 port 41634 ssh2
Mar 29 06:12:33 cls sshd[650984]: Connection closed by invalid user oam 206.123.145.70 port 41634 [preauth]
Mar 29 06:12:33 cls sshd[650986]: pam_unix(sshd:auth): authentication failure; logname= uid=0 euid=0 tty=ssh ruser= rhost=38.114.121.110  user=root
Mar 29 06:12:35 cls sshd[650986]: Failed password for root from 38.114.121.110 port 62389 ssh2
Mar 29 06:12:36 cls sshd[650986]: Received disconnect from 38.114.121.110 port 62389:11: Bye Bye [preauth]
Mar 29 06:12:36 cls sshd[650986]: Disconnected from authenticating user root 38.114.121.110 port 62389 [preauth]
Mar 29 06:13:10 cls sshd[651006]: Invalid user wzm from 206.123.145.71 port 9998
Mar 29 06:13:12 cls sshd[651006]: pam_unix(sshd:auth): check pass; user unknown
Mar 29 06:13:12 cls sshd[651006]: pam_unix(sshd:auth): authentication failure; logname= uid=0 euid=0 tty=ssh ruser= rhost=206.123.145.71 
Mar 29 06:13:14 cls sshd[651006]: Failed password for invalid user wzm from 206.123.145.71 port 9998 ssh2
Mar 29 06:13:19 cls sshd[651006]: Connection closed by invalid user wzm 206.123.145.71 port 9998 [preauth]
Mar 29 06:13:24 cls sshd[651020]: Invalid user esearch from 206.123.145.72 port 41680
Mar 29 06:13:26 cls sshd[651020]: pam_unix(sshd:auth): check pass; user unknown
Mar 29 06:13:26 cls sshd[651020]: pam_unix(sshd:auth): authentication failure; logname= uid=0 euid=0 tty=ssh ruser= rhost=206.123.145.72 
Mar 29 06:13:28 cls sshd[651020]: Failed password for invalid user esearch from 206.123.145.72 port 41680 ssh2
Mar 29 06:13:30 cls sshd[651020]: Connection closed by invalid user esearch 206.123.145.72 port 41680 [preauth]
Mar 29 06:13:40 cls sshd[651022]: Invalid user zyb from 130.12.181.98 port 5852
Mar 29 06:13:42 cls sshd[651022]: pam_unix(sshd:auth): check pass; user unknown
Mar 29 06:13:42 cls sshd[651022]: pam_unix(sshd:auth): authentication failure; logname= uid=0 euid=0 tty=ssh ruser= rhost=130.12.181.98 
Mar 29 06:13:44 cls sshd[651022]: Failed password for invalid user zyb from 130.12.181.98 port 5852 ssh2
Mar 29 06:13:45 cls sshd[651022]: Connection closed by invalid user zyb 130.12.181.98 port 5852 [preauth]
Mar 29 06:14:59 cls sshd[651067]: pam_unix(sshd:auth): authentication failure; logname= uid=0 euid=0 tty=ssh ruser= rhost=206.123.145.57  user=root
Mar 29 06:14:59 cls sshd[651066]: pam_unix(sshd:auth): authentication failure; logname= uid=0 euid=0 tty=ssh ruser= rhost=206.123.145.20  user=root
Mar 29 06:15:01 cls sshd[651067]: Failed password for root from 206.123.145.57 port 10922 ssh2
Mar 29 06:15:01 cls sshd[651066]: Failed password for root from 206.123.145.20 port 6016 ssh2
Mar 29 06:15:03 cls sshd[651067]: Connection closed by authenticating user root 206.123.145.57 port 10922 [preauth]
Mar 29 06:15:04 cls sshd[651066]: Connection closed by authenticating user root 206.123.145.20 port 6016 [preauth]
Mar 29 06:15:09 cls sshd[651076]: Invalid user dipens from 206.123.145.78 port 33274
Mar 29 06:15:10 cls sshd[651090]: pam_unix(sshd:auth): authentication failure; logname= uid=0 euid=0 tty=ssh ruser= rhost=89.218.69.66  user=root
Mar 29 06:15:12 cls sshd[651076]: pam_unix(sshd:auth): check pass; user unknown
Mar 29 06:15:12 cls sshd[651076]: pam_unix(sshd:auth): authentication failure; logname= uid=0 euid=0 tty=ssh ruser= rhost=206.123.145.78 
Mar 29 06:15:12 cls sshd[651090]: Failed password for root from 89.218.69.66 port 8378 ssh2
Mar 29 06:15:12 cls sshd[651090]: Received disconnect from 89.218.69.66 port 8378:11: Bye Bye [preauth]
Mar 29 06:15:12 cls sshd[651090]: Disconnected from authenticating user root 89.218.69.66 port 8378 [preauth]
Mar 29 06:15:14 cls sshd[651076]: Failed password for invalid user dipens from 206.123.145.78 port 33274 ssh2
Mar 29 06:15:14 cls sshd[651078]: Invalid user lxp from 206.123.145.73 port 49636
Mar 29 06:15:15 cls sshd[651085]: Invalid user marat from 206.123.145.50 port 34908
Mar 29 06:15:15 cls sshd[651078]: pam_unix(sshd:auth): check pass; user unknown
Mar 29 06:15:15 cls sshd[651078]: pam_unix(sshd:auth): authentication failure; logname= uid=0 euid=0 tty=ssh ruser= rhost=206.123.145.73 
Mar 29 06:15:17 cls sshd[651085]: pam_unix(sshd:auth): check pass; user unknown
Mar 29 06:15:17 cls sshd[651085]: pam_unix(sshd:auth): authentication failure; logname= uid=0 euid=0 tty=ssh ruser= rhost=206.123.145.50 
Mar 29 06:15:17 cls sshd[651094]: Invalid user es from 130.12.181.101 port 16818
Mar 29 06:15:17 cls sshd[651078]: Failed password for invalid user lxp from 206.123.145.73 port 49636 ssh2
Mar 29 06:15:19 cls sshd[651094]: pam_unix(sshd:auth): check pass; user unknown
Mar 29 06:15:19 cls sshd[651094]: pam_unix(sshd:auth): authentication failure; logname= uid=0 euid=0 tty=ssh ruser= rhost=130.12.181.101 
Mar 29 06:15:19 cls sshd[651076]: Connection closed by invalid user dipens 206.123.145.78 port 33274 [preauth]
Mar 29 06:15:19 cls sshd[651085]: Failed password for invalid user marat from 206.123.145.50 port 34908 ssh2
Mar 29 06:15:21 cls sshd[651094]: Failed password for invalid user es from 130.12.181.101 port 16818 ssh2
Mar 29 06:15:21 cls sshd[651078]: Connection closed by invalid user lxp 206.123.145.73 port 49636 [preauth]
Mar 29 06:15:23 cls sshd[651094]: Connection closed by invalid user es 130.12.181.101 port 16818 [preauth]
Mar 29 06:15:23 cls sshd[651085]: Connection closed by invalid user marat 206.123.145.50 port 34908 [preauth]
Mar 29 06:15:30 cls sshd[651102]: Invalid user yaoht from 206.123.145.79 port 31480
Mar 29 06:15:31 cls sshd[651102]: pam_unix(sshd:auth): check pass; user unknown
Mar 29 06:15:31 cls sshd[651102]: pam_unix(sshd:auth): authentication failure; logname= uid=0 euid=0 tty=ssh ruser= rhost=206.123.145.79 
Mar 29 06:15:33 cls sshd[651102]: Failed password for invalid user yaoht from 206.123.145.79 port 31480 ssh2
Mar 29 06:15:37 cls sshd[651102]: Connection closed by invalid user yaoht 206.123.145.79 port 31480 [preauth]
Mar 29 06:15:55 cls sshd[651118]: Invalid user user101 from 130.12.181.97 port 55500
Mar 29 06:15:57 cls sshd[651118]: pam_unix(sshd:auth): check pass; user unknown
Mar 29 06:15:57 cls sshd[651118]: pam_unix(sshd:auth): authentication failure; logname= uid=0 euid=0 tty=ssh ruser= rhost=130.12.181.97 
Mar 29 06:15:58 cls sshd[651119]: Invalid user yyliu from 206.123.145.55 port 16756
Mar 29 06:15:59 cls sshd[651118]: Failed password for invalid user user101 from 130.12.181.97 port 55500 ssh2
Mar 29 06:16:01 cls sshd[651118]: Connection closed by invalid user user101 130.12.181.97 port 55500 [preauth]
Mar 29 06:16:01 cls sshd[651119]: pam_unix(sshd:auth): check pass; user unknown
Mar 29 06:16:01 cls sshd[651119]: pam_unix(sshd:auth): authentication failure; logname= uid=0 euid=0 tty=ssh ruser= rhost=206.123.145.55 
Mar 29 06:16:03 cls sshd[651119]: Failed password for invalid user yyliu from 206.123.145.55 port 16756 ssh2
Mar 29 06:16:08 cls sshd[651119]: Connection closed by invalid user yyliu 206.123.145.55 port 16756 [preauth]
Mar 29 06:16:14 cls sshd[651130]: Invalid user haolifei from 206.123.145.49 port 12076
Mar 29 06:16:17 cls sshd[651130]: pam_unix(sshd:auth): check pass; user unknown
Mar 29 06:16:17 cls sshd[651130]: pam_unix(sshd:auth): authentication failure; logname= uid=0 euid=0 tty=ssh ruser= rhost=206.123.145.49 
Mar 29 06:16:19 cls sshd[651130]: Failed password for invalid user haolifei from 206.123.145.49 port 12076 ssh2
Mar 29 06:16:22 cls sshd[651130]: Connection closed by invalid user haolifei 206.123.145.49 port 12076 [preauth]
Mar 29 06:17:00 cls sshd[651144]: Invalid user grafana from 130.12.181.103 port 22672
Mar 29 06:17:01 cls sshd[651145]: Invalid user ftpuser from 130.12.181.107 port 34690
Mar 29 06:17:01 cls sshd[651147]: Invalid user gongshizhe from 130.12.181.104 port 62358
Mar 29 06:17:01 cls CRON[651155]: pam_unix(cron:session): session opened for user root by (uid=0)
Mar 29 06:17:01 cls CRON[651155]: pam_unix(cron:session): session closed for user root
Mar 29 06:17:02 cls sshd[651144]: pam_unix(sshd:auth): check pass; user unknown
Mar 29 06:17:02 cls sshd[651144]: pam_unix(sshd:auth): authentication failure; logname= uid=0 euid=0 tty=ssh ruser= rhost=130.12.181.103 
Mar 29 06:17:03 cls sshd[651145]: pam_unix(sshd:auth): check pass; user unknown
Mar 29 06:17:03 cls sshd[651145]: pam_unix(sshd:auth): authentication failure; logname= uid=0 euid=0 tty=ssh ruser= rhost=130.12.181.107 
Mar 29 06:17:03 cls sshd[651147]: pam_unix(sshd:auth): check pass; user unknown
Mar 29 06:17:03 cls sshd[651147]: pam_unix(sshd:auth): authentication failure; logname= uid=0 euid=0 tty=ssh ruser= rhost=130.12.181.104 
Mar 29 06:17:04 cls sshd[651151]: Invalid user samsat49 from 130.12.181.105 port 60576
Mar 29 06:17:04 cls sshd[651144]: Failed password for invalid user grafana from 130.12.181.103 port 22672 ssh2
Mar 29 06:17:05 cls sshd[651145]: Failed password for invalid user ftpuser from 130.12.181.107 port 34690 ssh2
Mar 29 06:17:05 cls sshd[651147]: Failed password for invalid user gongshizhe from 130.12.181.104 port 62358 ssh2
Mar 29 06:17:05 cls sshd[651151]: pam_unix(sshd:auth): check pass; user unknown
Mar 29 06:17:05 cls sshd[651151]: pam_unix(sshd:auth): authentication failure; logname= uid=0 euid=0 tty=ssh ruser= rhost=130.12.181.105 
Mar 29 06:17:07 cls sshd[651144]: Connection closed by invalid user grafana 130.12.181.103 port 22672 [preauth]
Mar 29 06:17:07 cls sshd[651151]: Failed password for invalid user samsat49 from 130.12.181.105 port 60576 ssh2
Mar 29 06:17:08 cls sshd[651145]: Connection closed by invalid user ftpuser 130.12.181.107 port 34690 [preauth]
Mar 29 06:17:08 cls sshd[651147]: Connection closed by invalid user gongshizhe 130.12.181.104 port 62358 [preauth]
Mar 29 06:17:11 cls sshd[651151]: Connection closed by invalid user samsat49 130.12.181.105 port 60576 [preauth]
Mar 29 06:17:27 cls sshd[651168]: Invalid user zou from 206.123.145.69 port 27070
Mar 29 06:17:30 cls sshd[651168]: pam_unix(sshd:auth): check pass; user unknown
Mar 29 06:17:30 cls sshd[651168]: pam_unix(sshd:auth): authentication failure; logname= uid=0 euid=0 tty=ssh ruser= rhost=206.123.145.69 
Mar 29 06:17:32 cls sshd[651168]: Failed password for invalid user zou from 206.123.145.69 port 27070 ssh2
Mar 29 06:17:36 cls sshd[651168]: Connection closed by invalid user zou 206.123.145.69 port 27070 [preauth]
Mar 29 06:18:00 cls sshd[651172]: Invalid user khanhnt from 206.123.145.56 port 55050
Mar 29 06:18:02 cls sshd[651172]: pam_unix(sshd:auth): check pass; user unknown
Mar 29 06:18:02 cls sshd[651172]: pam_unix(sshd:auth): authentication failure; logname= uid=0 euid=0 tty=ssh ruser= rhost=206.123.145.56 
Mar 29 06:18:03 cls sshd[651172]: Failed password for invalid user khanhnt from 206.123.145.56 port 55050 ssh2
Mar 29 06:18:08 cls sshd[651172]: Connection closed by invalid user khanhnt 206.123.145.56 port 55050 [preauth]
Mar 29 06:18:13 cls sshd[651182]: pam_unix(sshd:auth): authentication failure; logname= uid=0 euid=0 tty=ssh ruser= rhost=89.218.69.66  user=root
Mar 29 06:18:14 cls sshd[651182]: Failed password for root from 89.218.69.66 port 11331 ssh2
Mar 29 06:18:15 cls sshd[651182]: Received disconnect from 89.218.69.66 port 11331:11: Bye Bye [preauth]
Mar 29 06:18:15 cls sshd[651182]: Disconnected from authenticating user root 89.218.69.66 port 11331 [preauth]
Mar 29 06:18:45 cls sshd[651184]: pam_unix(sshd:auth): authentication failure; logname= uid=0 euid=0 tty=ssh ruser= rhost=130.12.181.108  user=root
Mar 29 06:18:47 cls sshd[651184]: Failed password for root from 130.12.181.108 port 21180 ssh2
Mar 29 06:18:50 cls sshd[651184]: Connection closed by authenticating user root 130.12.181.108 port 21180 [preauth]
Mar 29 06:19:05 cls sshd[651188]: Invalid user admin from 130.12.181.106 port 51020
Mar 29 06:19:06 cls sshd[651188]: pam_unix(sshd:auth): check pass; user unknown
Mar 29 06:19:06 cls sshd[651188]: pam_unix(sshd:auth): authentication failure; logname= uid=0 euid=0 tty=ssh ruser= rhost=130.12.181.106 
Mar 29 06:19:08 cls sshd[651188]: Failed password for invalid user admin from 130.12.181.106 port 51020 ssh2
Mar 29 06:19:11 cls sshd[651188]: Connection closed by invalid user admin 130.12.181.106 port 51020 [preauth]
Mar 29 06:19:28 cls sshd[651202]: pam_unix(sshd:auth): authentication failure; logname= uid=0 euid=0 tty=ssh ruser= rhost=206.123.145.77  user=root
Mar 29 06:19:30 cls sshd[651204]: Invalid user odroid from 130.12.181.109 port 11366
Mar 29 06:19:30 cls sshd[651202]: Failed password for root from 206.123.145.77 port 50154 ssh2
Mar 29 06:19:32 cls sshd[651204]: pam_unix(sshd:auth): check pass; user unknown
Mar 29 06:19:32 cls sshd[651204]: pam_unix(sshd:auth): authentication failure; logname= uid=0 euid=0 tty=ssh ruser= rhost=130.12.181.109 
Mar 29 06:19:33 cls sshd[651202]: Connection closed by authenticating user root 206.123.145.77 port 50154 [preauth]
Mar 29 06:19:34 cls sshd[651204]: Failed password for invalid user odroid from 130.12.181.109 port 11366 ssh2
Mar 29 06:19:36 cls sshd[651204]: Connection closed by invalid user odroid 130.12.181.109 port 11366 [preauth]
Mar 29 06:19:49 cls sshd[651206]: pam_unix(sshd:auth): authentication failure; logname= uid=0 euid=0 tty=ssh ruser= rhost=130.12.181.102  user=root
Mar 29 06:19:51 cls sshd[651206]: Failed password for root from 130.12.181.102 port 43996 ssh2
Mar 29 06:19:53 cls sshd[651206]: Connection closed by authenticating user root 130.12.181.102 port 43996 [preauth]
Mar 29 06:20:15 cls sshd[651208]: Invalid user hql from 206.123.145.74 port 33826
Mar 29 06:20:16 cls sshd[651209]: Invalid user yklee from 206.123.145.53 port 35740
Mar 29 06:20:17 cls sshd[651208]: pam_unix(sshd:auth): check pass; user unknown
Mar 29 06:20:17 cls sshd[651208]: pam_unix(sshd:auth): authentication failure; logname= uid=0 euid=0 tty=ssh ruser= rhost=206.123.145.74 
Mar 29 06:20:17 cls sshd[651209]: pam_unix(sshd:auth): check pass; user unknown
Mar 29 06:20:17 cls sshd[651209]: pam_unix(sshd:auth): authentication failure; logname= uid=0 euid=0 tty=ssh ruser= rhost=206.123.145.53 
Mar 29 06:20:19 cls sshd[651208]: Failed password for invalid user hql from 206.123.145.74 port 33826 ssh2
Mar 29 06:20:20 cls sshd[651209]: Failed password for invalid user yklee from 206.123.145.53 port 35740 ssh2
Mar 29 06:20:22 cls sshd[651212]: Invalid user galaxy from 206.123.145.75 port 26314
Mar 29 06:20:23 cls sshd[651208]: Connection closed by invalid user hql 206.123.145.74 port 33826 [preauth]
Mar 29 06:20:23 cls sshd[651209]: Connection closed by invalid user yklee 206.123.145.53 port 35740 [preauth]
Mar 29 06:20:26 cls sshd[651212]: pam_unix(sshd:auth): check pass; user unknown
Mar 29 06:20:26 cls sshd[651212]: pam_unix(sshd:auth): authentication failure; logname= uid=0 euid=0 tty=ssh ruser= rhost=206.123.145.75 
Mar 29 06:20:28 cls sshd[651224]: Invalid user kemal from 206.123.145.54 port 49210
Mar 29 06:20:28 cls sshd[651212]: Failed password for invalid user galaxy from 206.123.145.75 port 26314 ssh2
Mar 29 06:20:29 cls sshd[651224]: pam_unix(sshd:auth): check pass; user unknown
Mar 29 06:20:29 cls sshd[651224]: pam_unix(sshd:auth): authentication failure; logname= uid=0 euid=0 tty=ssh ruser= rhost=206.123.145.54 
Mar 29 06:20:30 cls sshd[651212]: Connection closed by invalid user galaxy 206.123.145.75 port 26314 [preauth]
Mar 29 06:20:31 cls sshd[651224]: Failed password for invalid user kemal from 206.123.145.54 port 49210 ssh2
Mar 29 06:20:35 cls sshd[651224]: Connection closed by invalid user kemal 206.123.145.54 port 49210 [preauth]
Mar 29 06:20:52 cls sshd[651230]: Invalid user koko from 130.12.181.100 port 52382
Mar 29 06:20:54 cls sshd[651230]: pam_unix(sshd:auth): check pass; user unknown
Mar 29 06:20:54 cls sshd[651230]: pam_unix(sshd:auth): authentication failure; logname= uid=0 euid=0 tty=ssh ruser= rhost=130.12.181.100 
Mar 29 06:20:57 cls sshd[651230]: Failed password for invalid user koko from 130.12.181.100 port 52382 ssh2
Mar 29 06:21:00 cls sshd[651230]: Connection closed by invalid user koko 130.12.181.100 port 52382 [preauth]
Mar 29 06:21:04 cls sshd[651243]: Invalid user quagga from 130.12.181.98 port 58576
Mar 29 06:21:05 cls sshd[651243]: pam_unix(sshd:auth): check pass; user unknown
Mar 29 06:21:05 cls sshd[651243]: pam_unix(sshd:auth): authentication failure; logname= uid=0 euid=0 tty=ssh ruser= rhost=130.12.181.98 
Mar 29 06:21:06 cls sshd[651244]: Invalid user sanya from 206.123.145.48 port 14404
Mar 29 06:21:07 cls sshd[651243]: Failed password for invalid user quagga from 130.12.181.98 port 58576 ssh2
Mar 29 06:21:08 cls sshd[651244]: pam_unix(sshd:auth): check pass; user unknown
Mar 29 06:21:08 cls sshd[651244]: pam_unix(sshd:auth): authentication failure; logname= uid=0 euid=0 tty=ssh ruser= rhost=206.123.145.48 
Mar 29 06:21:10 cls sshd[651243]: Connection closed by invalid user quagga 130.12.181.98 port 58576 [preauth]
Mar 29 06:21:10 cls sshd[651244]: Failed password for invalid user sanya from 206.123.145.48 port 14404 ssh2
Mar 29 06:21:10 cls sshd[651249]: Invalid user mol from 130.12.181.99 port 2522
Mar 29 06:21:12 cls sshd[651249]: pam_unix(sshd:auth): check pass; user unknown
Mar 29 06:21:12 cls sshd[651249]: pam_unix(sshd:auth): authentication failure; logname= uid=0 euid=0 tty=ssh ruser= rhost=130.12.181.99 
Mar 29 06:21:13 cls sshd[651244]: Connection closed by invalid user sanya 206.123.145.48 port 14404 [preauth]
Mar 29 06:21:15 cls sshd[651249]: Failed password for invalid user mol from 130.12.181.99 port 2522 ssh2
Mar 29 06:21:17 cls sshd[651249]: Connection closed by invalid user mol 130.12.181.99 port 2522 [preauth]
Mar 29 06:21:20 cls sshd[651257]: Invalid user chengli from 206.123.145.52 port 64370
Mar 29 06:21:21 cls sshd[651257]: pam_unix(sshd:auth): check pass; user unknown
Mar 29 06:21:21 cls sshd[651257]: pam_unix(sshd:auth): authentication failure; logname= uid=0 euid=0 tty=ssh ruser= rhost=206.123.145.52 
Mar 29 06:21:23 cls sshd[651257]: Failed password for invalid user chengli from 206.123.145.52 port 64370 ssh2
Mar 29 06:21:27 cls sshd[651257]: Connection closed by invalid user chengli 206.123.145.52 port 64370 [preauth]
Mar 29 06:21:33 cls sshd[651271]: Invalid user tests from 206.123.145.46 port 56712
Mar 29 06:21:34 cls sshd[651271]: pam_unix(sshd:auth): check pass; user unknown
Mar 29 06:21:34 cls sshd[651271]: pam_unix(sshd:auth): authentication failure; logname= uid=0 euid=0 tty=ssh ruser= rhost=206.123.145.46 
Mar 29 06:21:36 cls sshd[651272]: Invalid user qjm030210 from 206.123.145.51 port 22018
Mar 29 06:21:36 cls sshd[651271]: Failed password for invalid user tests from 206.123.145.46 port 56712 ssh2
Mar 29 06:21:38 cls sshd[651272]: pam_unix(sshd:auth): check pass; user unknown
Mar 29 06:21:38 cls sshd[651272]: pam_unix(sshd:auth): authentication failure; logname= uid=0 euid=0 tty=ssh ruser= rhost=206.123.145.51 
Mar 29 06:21:41 cls sshd[651272]: Failed password for invalid user qjm030210 from 206.123.145.51 port 22018 ssh2
Mar 29 06:21:41 cls sshd[651271]: Connection closed by invalid user tests 206.123.145.46 port 56712 [preauth]
Mar 29 06:21:46 cls sshd[651272]: Connection closed by invalid user qjm030210 206.123.145.51 port 22018 [preauth]
Mar 29 06:22:18 cls sshd[651307]: Invalid user DUANLIN from 206.123.145.76 port 29122
Mar 29 06:22:20 cls sshd[651307]: pam_unix(sshd:auth): check pass; user unknown
Mar 29 06:22:20 cls sshd[651307]: pam_unix(sshd:auth): authentication failure; logname= uid=0 euid=0 tty=ssh ruser= rhost=206.123.145.76 
Mar 29 06:22:22 cls sshd[651307]: Failed password for invalid user DUANLIN from 206.123.145.76 port 29122 ssh2
Mar 29 06:22:25 cls sshd[651307]: Connection closed by invalid user DUANLIN 206.123.145.76 port 29122 [preauth]
Mar 29 06:22:56 cls sshd[651351]: Invalid user cray from 206.123.145.70 port 24730
Mar 29 06:22:58 cls sshd[651351]: pam_unix(sshd:auth): check pass; user unknown
Mar 29 06:22:58 cls sshd[651351]: pam_unix(sshd:auth): authentication failure; logname= uid=0 euid=0 tty=ssh ruser= rhost=206.123.145.70 
Mar 29 06:23:00 cls sshd[651351]: Failed password for invalid user cray from 206.123.145.70 port 24730 ssh2
Mar 29 06:23:03 cls sshd[651351]: Connection closed by invalid user cray 206.123.145.70 port 24730 [preauth]
Mar 29 06:24:01 cls sshd[651551]: Invalid user admusr from 130.12.181.101 port 56568
Mar 29 06:24:03 cls sshd[651551]: pam_unix(sshd:auth): check pass; user unknown
Mar 29 06:24:03 cls sshd[651551]: pam_unix(sshd:auth): authentication failure; logname= uid=0 euid=0 tty=ssh ruser= rhost=130.12.181.101 
Mar 29 06:24:05 cls sshd[651551]: Failed password for invalid user admusr from 130.12.181.101 port 56568 ssh2
Mar 29 06:24:08 cls sshd[651551]: Connection closed by invalid user admusr 130.12.181.101 port 56568 [preauth]
Mar 29 06:24:10 cls sshd[651555]: Invalid user bharadwaj from 206.123.145.71 port 24944
Mar 29 06:24:13 cls sshd[651555]: pam_unix(sshd:auth): check pass; user unknown
Mar 29 06:24:13 cls sshd[651555]: pam_unix(sshd:auth): authentication failure; logname= uid=0 euid=0 tty=ssh ruser= rhost=206.123.145.71 
Mar 29 06:24:14 cls sshd[651555]: Failed password for invalid user bharadwaj from 206.123.145.71 port 24944 ssh2
Mar 29 06:24:17 cls sshd[651555]: Connection closed by invalid user bharadwaj 206.123.145.71 port 24944 [preauth]
Mar 29 06:24:19 cls sshd[651563]: pam_unix(sshd:auth): authentication failure; logname= uid=0 euid=0 tty=ssh ruser= rhost=206.123.145.72  user=root
Mar 29 06:24:20 cls sshd[651563]: Failed password for root from 206.123.145.72 port 18994 ssh2
Mar 29 06:24:23 cls sshd[651563]: Connection closed by authenticating user root 206.123.145.72 port 18994 [preauth]
Mar 29 06:24:50 cls sshd[651589]: Invalid user zhaomy3 from 130.12.181.97 port 30112
Mar 29 06:24:52 cls sshd[651589]: pam_unix(sshd:auth): check pass; user unknown
Mar 29 06:24:52 cls sshd[651589]: pam_unix(sshd:auth): authentication failure; logname= uid=0 euid=0 tty=ssh ruser= rhost=130.12.181.97 
Mar 29 06:24:54 cls sshd[651589]: Failed password for invalid user zhaomy3 from 130.12.181.97 port 30112 ssh2
Mar 29 06:24:55 cls sshd[651589]: Connection closed by invalid user zhaomy3 130.12.181.97 port 30112 [preauth]
Mar 29 06:25:01 cls CRON[651598]: pam_unix(cron:session): session opened for user root by (uid=0)
Mar 29 06:25:02 cls CRON[651598]: pam_unix(cron:session): session closed for user root
Mar 29 06:25:10 cls sshd[651597]: Invalid user ttx from 206.123.145.20 port 53464
Mar 29 06:25:12 cls sshd[651597]: pam_unix(sshd:auth): check pass; user unknown
Mar 29 06:25:12 cls sshd[651597]: pam_unix(sshd:auth): authentication failure; logname= uid=0 euid=0 tty=ssh ruser= rhost=206.123.145.20 
Mar 29 06:25:14 cls sshd[651597]: Failed password for invalid user ttx from 206.123.145.20 port 53464 ssh2
Mar 29 06:25:17 cls sshd[651704]: Invalid user star from 206.123.145.50 port 6956
Mar 29 06:25:18 cls sshd[651597]: Connection closed by invalid user ttx 206.123.145.20 port 53464 [preauth]
Mar 29 06:25:18 cls sshd[651704]: pam_unix(sshd:auth): check pass; user unknown
Mar 29 06:25:18 cls sshd[651704]: pam_unix(sshd:auth): authentication failure; logname= uid=0 euid=0 tty=ssh ruser= rhost=206.123.145.50 
Mar 29 06:25:21 cls sshd[651704]: Failed password for invalid user star from 206.123.145.50 port 6956 ssh2
Mar 29 06:25:23 cls sshd[651704]: Connection closed by invalid user star 206.123.145.50 port 6956 [preauth]
Mar 29 06:25:25 cls sshd[651706]: Invalid user lilu from 206.123.145.57 port 4288
Mar 29 06:25:29 cls sshd[651706]: pam_unix(sshd:auth): check pass; user unknown
Mar 29 06:25:29 cls sshd[651706]: pam_unix(sshd:auth): authentication failure; logname= uid=0 euid=0 tty=ssh ruser= rhost=206.123.145.57 
Mar 29 06:25:31 cls sshd[651706]: Failed password for invalid user lilu from 206.123.145.57 port 4288 ssh2
Mar 29 06:25:33 cls sshd[651724]: Invalid user ikbal from 206.123.145.78 port 38830
Mar 29 06:25:34 cls sshd[651706]: Connection closed by invalid user lilu 206.123.145.57 port 4288 [preauth]
Mar 29 06:25:36 cls sshd[651724]: pam_unix(sshd:auth): check pass; user unknown
Mar 29 06:25:36 cls sshd[651724]: pam_unix(sshd:auth): authentication failure; logname= uid=0 euid=0 tty=ssh ruser= rhost=206.123.145.78 
Mar 29 06:25:38 cls sshd[651724]: Failed password for invalid user ikbal from 206.123.145.78 port 38830 ssh2
Mar 29 06:25:43 cls sshd[651724]: Connection closed by invalid user ikbal 206.123.145.78 port 38830 [preauth]
Mar 29 06:25:44 cls sshd[651726]: Invalid user ftpuser from 206.123.145.73 port 13342
Mar 29 06:25:46 cls sshd[651726]: pam_unix(sshd:auth): check pass; user unknown
Mar 29 06:25:46 cls sshd[651726]: pam_unix(sshd:auth): authentication failure; logname= uid=0 euid=0 tty=ssh ruser= rhost=206.123.145.73 
Mar 29 06:25:46 cls sshd[651728]: Invalid user logic from 206.123.145.79 port 52748
Mar 29 06:25:47 cls sshd[651726]: Failed password for invalid user ftpuser from 206.123.145.73 port 13342 ssh2
Mar 29 06:25:48 cls sshd[651728]: pam_unix(sshd:auth): check pass; user unknown
Mar 29 06:25:48 cls sshd[651728]: pam_unix(sshd:auth): authentication failure; logname= uid=0 euid=0 tty=ssh ruser= rhost=206.123.145.79 
Mar 29 06:25:50 cls sshd[651726]: Connection closed by invalid user ftpuser 206.123.145.73 port 13342 [preauth]
Mar 29 06:25:50 cls sshd[651728]: Failed password for invalid user logic from 206.123.145.79 port 52748 ssh2
Mar 29 06:25:54 cls sshd[651728]: Connection closed by invalid user logic 206.123.145.79 port 52748 [preauth]
Mar 29 06:25:57 cls sshd[651730]: Invalid user spring from 130.12.181.104 port 27204
Mar 29 06:25:58 cls sshd[651730]: pam_unix(sshd:auth): check pass; user unknown
Mar 29 06:25:58 cls sshd[651730]: pam_unix(sshd:auth): authentication failure; logname= uid=0 euid=0 tty=ssh ruser= rhost=130.12.181.104 
Mar 29 06:25:59 cls sshd[651731]: Invalid user qiaoxiaofeng from 206.123.145.55 port 52338
Mar 29 06:25:59 cls sshd[651734]: Invalid user zhangting from 130.12.181.105 port 43722
Mar 29 06:26:00 cls sshd[651730]: Failed password for invalid user spring from 130.12.181.104 port 27204 ssh2
Mar 29 06:26:00 cls sshd[651731]: pam_unix(sshd:auth): check pass; user unknown
Mar 29 06:26:00 cls sshd[651731]: pam_unix(sshd:auth): authentication failure; logname= uid=0 euid=0 tty=ssh ruser= rhost=206.123.145.55 
Mar 29 06:26:01 cls sshd[651734]: pam_unix(sshd:auth): check pass; user unknown
Mar 29 06:26:01 cls sshd[651734]: pam_unix(sshd:auth): authentication failure; logname= uid=0 euid=0 tty=ssh ruser= rhost=130.12.181.105 
Mar 29 06:26:02 cls sshd[651734]: Failed password for invalid user zhangting from 130.12.181.105 port 43722 ssh2
Mar 29 06:26:03 cls sshd[651731]: Failed password for invalid user qiaoxiaofeng from 206.123.145.55 port 52338 ssh2
Mar 29 06:26:04 cls sshd[651730]: Connection closed by invalid user spring 130.12.181.104 port 27204 [preauth]
Mar 29 06:26:05 cls sshd[651734]: Connection closed by invalid user zhangting 130.12.181.105 port 43722 [preauth]
Mar 29 06:26:07 cls sshd[651731]: Connection closed by invalid user qiaoxiaofeng 206.123.145.55 port 52338 [preauth]
Mar 29 06:26:07 cls sshd[651736]: Invalid user leiyang from 130.12.181.107 port 1350
Mar 29 06:26:09 cls sshd[651736]: pam_unix(sshd:auth): check pass; user unknown
Mar 29 06:26:09 cls sshd[651736]: pam_unix(sshd:auth): authentication failure; logname= uid=0 euid=0 tty=ssh ruser= rhost=130.12.181.107 
Mar 29 06:26:09 cls sshd[651738]: Invalid user support from 206.123.145.49 port 62682
Mar 29 06:26:10 cls sshd[651738]: pam_unix(sshd:auth): check pass; user unknown
Mar 29 06:26:10 cls sshd[651738]: pam_unix(sshd:auth): authentication failure; logname= uid=0 euid=0 tty=ssh ruser= rhost=206.123.145.49 
Mar 29 06:26:10 cls sshd[651736]: Failed password for invalid user leiyang from 130.12.181.107 port 1350 ssh2
Mar 29 06:26:12 cls sshd[651738]: Failed password for invalid user support from 206.123.145.49 port 62682 ssh2
Mar 29 06:26:13 cls sshd[651740]: Invalid user jqj from 130.12.181.103 port 17240
Mar 29 06:26:13 cls sshd[651736]: Connection closed by invalid user leiyang 130.12.181.107 port 1350 [preauth]
Mar 29 06:26:15 cls sshd[651738]: Connection closed by invalid user support 206.123.145.49 port 62682 [preauth]
Mar 29 06:26:15 cls sshd[651740]: pam_unix(sshd:auth): check pass; user unknown
Mar 29 06:26:15 cls sshd[651740]: pam_unix(sshd:auth): authentication failure; logname= uid=0 euid=0 tty=ssh ruser= rhost=130.12.181.103 
Mar 29 06:26:17 cls sshd[651740]: Failed password for invalid user jqj from 130.12.181.103 port 17240 ssh2
Mar 29 06:26:19 cls sshd[651740]: Connection closed by invalid user jqj 130.12.181.103 port 17240 [preauth]
Mar 29 06:27:30 cls sshd[651760]: Invalid user gaoqiong from 130.12.181.108 port 47012
Mar 29 06:27:32 cls sshd[651760]: pam_unix(sshd:auth): check pass; user unknown
Mar 29 06:27:32 cls sshd[651760]: pam_unix(sshd:auth): authentication failure; logname= uid=0 euid=0 tty=ssh ruser= rhost=130.12.181.108 
Mar 29 06:27:34 cls sshd[651760]: Failed password for invalid user gaoqiong from 130.12.181.108 port 47012 ssh2
Mar 29 06:27:38 cls sshd[651760]: Connection closed by invalid user gaoqiong 130.12.181.108 port 47012 [preauth]
Mar 29 06:28:05 cls sshd[651762]: Invalid user ftpuser from 130.12.181.106 port 7636
Mar 29 06:28:07 cls sshd[651762]: pam_unix(sshd:auth): check pass; user unknown
Mar 29 06:28:07 cls sshd[651762]: pam_unix(sshd:auth): authentication failure; logname= uid=0 euid=0 tty=ssh ruser= rhost=130.12.181.106 
Mar 29 06:28:09 cls sshd[651762]: Failed password for invalid user ftpuser from 130.12.181.106 port 7636 ssh2
Mar 29 06:28:10 cls sshd[651764]: Invalid user lijx from 206.123.145.69 port 27282
Mar 29 06:28:12 cls sshd[651764]: pam_unix(sshd:auth): check pass; user unknown
Mar 29 06:28:12 cls sshd[651764]: pam_unix(sshd:auth): authentication failure; logname= uid=0 euid=0 tty=ssh ruser= rhost=206.123.145.69 
Mar 29 06:28:12 cls sshd[651762]: Connection closed by invalid user ftpuser 130.12.181.106 port 7636 [preauth]
Mar 29 06:28:14 cls sshd[651764]: Failed password for invalid user lijx from 206.123.145.69 port 27282 ssh2
Mar 29 06:28:17 cls sshd[651764]: Connection closed by invalid user lijx 206.123.145.69 port 27282 [preauth]
Mar 29 06:28:22 cls sshd[651766]: Invalid user ci from 206.123.145.56 port 52650
Mar 29 06:28:23 cls sshd[651766]: pam_unix(sshd:auth): check pass; user unknown
Mar 29 06:28:23 cls sshd[651766]: pam_unix(sshd:auth): authentication failure; logname= uid=0 euid=0 tty=ssh ruser= rhost=206.123.145.56 
Mar 29 06:28:26 cls sshd[651766]: Failed password for invalid user ci from 206.123.145.56 port 52650 ssh2
Mar 29 06:28:30 cls sshd[651766]: Connection closed by invalid user ci 206.123.145.56 port 52650 [preauth]
Mar 29 06:28:35 cls sshd[651780]: Invalid user dev from 130.12.181.109 port 38356
Mar 29 06:28:36 cls sshd[651782]: Invalid user artemis from 130.12.181.98 port 3046
Mar 29 06:28:37 cls sshd[651780]: pam_unix(sshd:auth): check pass; user unknown
Mar 29 06:28:37 cls sshd[651780]: pam_unix(sshd:auth): authentication failure; logname= uid=0 euid=0 tty=ssh ruser= rhost=130.12.181.109 
Mar 29 06:28:38 cls sshd[651782]: pam_unix(sshd:auth): check pass; user unknown
Mar 29 06:28:38 cls sshd[651782]: pam_unix(sshd:auth): authentication failure; logname= uid=0 euid=0 tty=ssh ruser= rhost=130.12.181.98 
Mar 29 06:28:38 cls sshd[651780]: Failed password for invalid user dev from 130.12.181.109 port 38356 ssh2
Mar 29 06:28:39 cls sshd[651782]: Failed password for invalid user artemis from 130.12.181.98 port 3046 ssh2
Mar 29 06:28:41 cls sshd[651780]: Connection closed by invalid user dev 130.12.181.109 port 38356 [preauth]
Mar 29 06:28:41 cls sshd[651782]: Connection closed by invalid user artemis 130.12.181.98 port 3046 [preauth]
Mar 29 06:28:50 cls sshd[651807]: Invalid user test from 130.12.181.102 port 10648
Mar 29 06:28:53 cls sshd[651807]: pam_unix(sshd:auth): check pass; user unknown
Mar 29 06:28:53 cls sshd[651807]: pam_unix(sshd:auth): authentication failure; logname= uid=0 euid=0 tty=ssh ruser= rhost=130.12.181.102 
Mar 29 06:28:55 cls sshd[651807]: Failed password for invalid user test from 130.12.181.102 port 10648 ssh2
Mar 29 06:28:58 cls sshd[651807]: Connection closed by invalid user test 130.12.181.102 port 10648 [preauth]
Mar 29 06:29:57 cls sshd[651837]: Invalid user lisk from 130.12.181.99 port 6498
Mar 29 06:29:58 cls sshd[651840]: pam_unix(sshd:auth): authentication failure; logname= uid=0 euid=0 tty=ssh ruser= rhost=206.123.145.77  user=root
Mar 29 06:29:59 cls sshd[651837]: pam_unix(sshd:auth): check pass; user unknown
Mar 29 06:29:59 cls sshd[651837]: pam_unix(sshd:auth): authentication failure; logname= uid=0 euid=0 tty=ssh ruser= rhost=130.12.181.99 
Mar 29 06:29:59 cls sshd[651841]: Invalid user user1 from 130.12.181.100 port 25022
Mar 29 06:30:00 cls sshd[651840]: Failed password for root from 206.123.145.77 port 62296 ssh2
Mar 29 06:30:01 cls sshd[651837]: Failed password for invalid user lisk from 130.12.181.99 port 6498 ssh2
Mar 29 06:30:01 cls sshd[651841]: pam_unix(sshd:auth): check pass; user unknown
Mar 29 06:30:01 cls sshd[651841]: pam_unix(sshd:auth): authentication failure; logname= uid=0 euid=0 tty=ssh ruser= rhost=130.12.181.100 
Mar 29 06:30:03 cls sshd[651837]: Connection closed by invalid user lisk 130.12.181.99 port 6498 [preauth]
Mar 29 06:30:03 cls sshd[651841]: Failed password for invalid user user1 from 130.12.181.100 port 25022 ssh2
Mar 29 06:30:04 cls sshd[651840]: Connection closed by authenticating user root 206.123.145.77 port 62296 [preauth]
Mar 29 06:30:06 cls sshd[651841]: Connection closed by invalid user user1 130.12.181.100 port 25022 [preauth]
Mar 29 06:30:12 cls sshd[651855]: Invalid user gcl from 206.123.145.53 port 19740
Mar 29 06:30:14 cls sshd[651855]: pam_unix(sshd:auth): check pass; user unknown
Mar 29 06:30:14 cls sshd[651855]: pam_unix(sshd:auth): authentication failure; logname= uid=0 euid=0 tty=ssh ruser= rhost=206.123.145.53 
Mar 29 06:30:16 cls sshd[651855]: Failed password for invalid user gcl from 206.123.145.53 port 19740 ssh2
Mar 29 06:30:19 cls sshd[651855]: Connection closed by invalid user gcl 206.123.145.53 port 19740 [preauth]
Mar 29 06:30:31 cls sshd[651875]: pam_unix(sshd:auth): authentication failure; logname= uid=0 euid=0 tty=ssh ruser= rhost=206.123.145.54  user=ubuntu
Mar 29 06:30:32 cls sshd[651875]: Failed password for ubuntu from 206.123.145.54 port 4406 ssh2
Mar 29 06:30:32 cls sshd[651881]: Invalid user tmp1 from 206.123.145.75 port 26976
Mar 29 06:30:34 cls sshd[651875]: Connection closed by authenticating user ubuntu 206.123.145.54 port 4406 [preauth]
Mar 29 06:30:34 cls sshd[651881]: pam_unix(sshd:auth): check pass; user unknown
Mar 29 06:30:34 cls sshd[651881]: pam_unix(sshd:auth): authentication failure; logname= uid=0 euid=0 tty=ssh ruser= rhost=206.123.145.75 
Mar 29 06:30:35 cls sshd[651881]: Failed password for invalid user tmp1 from 206.123.145.75 port 26976 ssh2
Mar 29 06:30:38 cls sshd[651881]: Connection closed by invalid user tmp1 206.123.145.75 port 26976 [preauth]
Mar 29 06:30:56 cls sshd[651899]: Invalid user kobe from 206.123.145.74 port 35654
Mar 29 06:30:58 cls sshd[651899]: pam_unix(sshd:auth): check pass; user unknown
Mar 29 06:30:58 cls sshd[651899]: pam_unix(sshd:auth): authentication failure; logname= uid=0 euid=0 tty=ssh ruser= rhost=206.123.145.74 
Mar 29 06:30:59 cls sshd[651899]: Failed password for invalid user kobe from 206.123.145.74 port 35654 ssh2
Mar 29 06:31:03 cls sshd[651899]: Connection closed by invalid user kobe 206.123.145.74 port 35654 [preauth]
Mar 29 06:31:25 cls sshd[651926]: pam_unix(sshd:auth): authentication failure; logname= uid=0 euid=0 tty=ssh ruser= rhost=206.123.145.48  user=root
Mar 29 06:31:26 cls sshd[651926]: Failed password for root from 206.123.145.48 port 25140 ssh2
Mar 29 06:31:29 cls sshd[651926]: Connection closed by authenticating user root 206.123.145.48 port 25140 [preauth]
Mar 29 06:31:39 cls sshd[651936]: Invalid user fanxh from 206.123.145.52 port 5386
Mar 29 06:31:40 cls sshd[651950]: Invalid user taizun from 206.123.145.46 port 18548
Mar 29 06:31:41 cls sshd[651936]: pam_unix(sshd:auth): check pass; user unknown
Mar 29 06:31:41 cls sshd[651936]: pam_unix(sshd:auth): authentication failure; logname= uid=0 euid=0 tty=ssh ruser= rhost=206.123.145.52 
Mar 29 06:31:43 cls sshd[651936]: Failed password for invalid user fanxh from 206.123.145.52 port 5386 ssh2
Mar 29 06:31:43 cls sshd[651950]: pam_unix(sshd:auth): check pass; user unknown
Mar 29 06:31:43 cls sshd[651950]: pam_unix(sshd:auth): authentication failure; logname= uid=0 euid=0 tty=ssh ruser= rhost=206.123.145.46 
Mar 29 06:31:44 cls sshd[651950]: Failed password for invalid user taizun from 206.123.145.46 port 18548 ssh2
Mar 29 06:31:47 cls sshd[651936]: Connection closed by invalid user fanxh 206.123.145.52 port 5386 [preauth]
Mar 29 06:31:48 cls sshd[651960]: Invalid user xc from 206.123.145.51 port 45832
Mar 29 06:31:48 cls sshd[651950]: Connection closed by invalid user taizun 206.123.145.46 port 18548 [preauth]
Mar 29 06:31:50 cls sshd[651960]: pam_unix(sshd:auth): check pass; user unknown
Mar 29 06:31:50 cls sshd[651960]: pam_unix(sshd:auth): authentication failure; logname= uid=0 euid=0 tty=ssh ruser= rhost=206.123.145.51 
Mar 29 06:31:52 cls sshd[651960]: Failed password for invalid user xc from 206.123.145.51 port 45832 ssh2
Mar 29 06:31:54 cls sshd[651960]: Connection closed by invalid user xc 206.123.145.51 port 45832 [preauth]
Mar 29 06:32:28 cls sshd[651983]: pam_unix(sshd:auth): authentication failure; logname= uid=0 euid=0 tty=ssh ruser= rhost=206.123.145.76  user=root
Mar 29 06:32:31 cls sshd[651983]: Failed password for root from 206.123.145.76 port 15476 ssh2
Mar 29 06:32:33 cls sshd[651983]: Connection closed by authenticating user root 206.123.145.76 port 15476 [preauth]
Mar 29 06:33:14 cls sshd[652010]: Invalid user git from 130.12.181.101 port 23294
Mar 29 06:33:16 cls sshd[652010]: pam_unix(sshd:auth): check pass; user unknown
Mar 29 06:33:16 cls sshd[652010]: pam_unix(sshd:auth): authentication failure; logname= uid=0 euid=0 tty=ssh ruser= rhost=130.12.181.101 
Mar 29 06:33:18 cls sshd[652010]: Failed password for invalid user git from 130.12.181.101 port 23294 ssh2
Mar 29 06:33:21 cls sshd[652010]: Connection closed by invalid user git 130.12.181.101 port 23294 [preauth]
Mar 29 06:33:47 cls sshd[652018]: pam_unix(sshd:auth): authentication failure; logname= uid=0 euid=0 tty=ssh ruser= rhost=206.123.145.70  user=root
Mar 29 06:33:49 cls sshd[652018]: Failed password for root from 206.123.145.70 port 61514 ssh2
Mar 29 06:33:53 cls sshd[652018]: Connection closed by authenticating user root 206.123.145.70 port 61514 [preauth]
Mar 29 06:34:03 cls sshd[652022]: Invalid user montran from 130.12.181.97 port 51756
Mar 29 06:34:04 cls sshd[652022]: pam_unix(sshd:auth): check pass; user unknown
Mar 29 06:34:04 cls sshd[652022]: pam_unix(sshd:auth): authentication failure; logname= uid=0 euid=0 tty=ssh ruser= rhost=130.12.181.97 
Mar 29 06:34:07 cls sshd[652022]: Failed password for invalid user montran from 130.12.181.97 port 51756 ssh2
Mar 29 06:34:08 cls sshd[652022]: Connection closed by invalid user montran 130.12.181.97 port 51756 [preauth]
Mar 29 06:34:42 cls sshd[652033]: Invalid user fuqy from 130.12.181.104 port 56092
Mar 29 06:34:44 cls sshd[652033]: pam_unix(sshd:auth): check pass; user unknown
Mar 29 06:34:44 cls sshd[652033]: pam_unix(sshd:auth): authentication failure; logname= uid=0 euid=0 tty=ssh ruser= rhost=130.12.181.104 
Mar 29 06:34:46 cls sshd[652033]: Failed password for invalid user fuqy from 130.12.181.104 port 56092 ssh2
Mar 29 06:34:49 cls sshd[652035]: Invalid user sunsun from 206.123.145.71 port 61870
Mar 29 06:34:49 cls sshd[652033]: Connection closed by invalid user fuqy 130.12.181.104 port 56092 [preauth]
Mar 29 06:34:52 cls sshd[652035]: pam_unix(sshd:auth): check pass; user unknown
Mar 29 06:34:52 cls sshd[652035]: pam_unix(sshd:auth): authentication failure; logname= uid=0 euid=0 tty=ssh ruser= rhost=206.123.145.71 
Mar 29 06:34:53 cls sshd[652037]: Invalid user marvin from 130.12.181.107 port 37094
Mar 29 06:34:54 cls sshd[652035]: Failed password for invalid user sunsun from 206.123.145.71 port 61870 ssh2
Mar 29 06:34:55 cls sshd[652037]: pam_unix(sshd:auth): check pass; user unknown
Mar 29 06:34:55 cls sshd[652037]: pam_unix(sshd:auth): authentication failure; logname= uid=0 euid=0 tty=ssh ruser= rhost=130.12.181.107 
Mar 29 06:34:56 cls sshd[652035]: Connection closed by invalid user sunsun 206.123.145.71 port 61870 [preauth]
Mar 29 06:34:58 cls sshd[652037]: Failed password for invalid user marvin from 130.12.181.107 port 37094 ssh2
