Mar 29 14:18:43 cls sshd[678328]: Failed password for invalid user jimengxia from 206.123.145.20 port 45038 ssh2
Mar 29 14:18:45 cls sshd[678328]: Connection closed by invalid user jimengxia 206.123.145.20 port 45038 [preauth]
Mar 29 14:18:46 cls sshd[678326]: Connection closed by invalid user mashun 130.12.181.109 port 36782 [preauth]
Mar 29 14:18:51 cls sshd[678330]: Invalid user linwei from 130.12.181.99 port 53412
Mar 29 14:18:53 cls sshd[678330]: pam_unix(sshd:auth): check pass; user unknown
Mar 29 14:18:53 cls sshd[678330]: pam_unix(sshd:auth): authentication failure; logname= uid=0 euid=0 tty=ssh ruser= rhost=130.12.181.99 
Mar 29 14:18:54 cls sshd[678332]: pam_unix(sshd:auth): authentication failure; logname= uid=0 euid=0 tty=ssh ruser= rhost=47.242.199.198  user=root
Mar 29 14:18:54 cls sshd[678330]: Failed password for invalid user linwei from 130.12.181.99 port 53412 ssh2
Mar 29 14:18:56 cls sshd[678332]: Failed password for root from 47.242.199.198 port 44148 ssh2
Mar 29 14:18:57 cls sshd[678332]: Received disconnect from 47.242.199.198 port 44148:11: Bye Bye [preauth]
Mar 29 14:18:57 cls sshd[678332]: Disconnected from authenticating user root 47.242.199.198 port 44148 [preauth]
Mar 29 14:18:57 cls sshd[678330]: Connection closed by invalid user linwei 130.12.181.99 port 53412 [preauth]
Mar 29 14:19:04 cls sshd[678334]: Invalid user odoo from 206.123.145.74 port 58864
Mar 29 14:19:06 cls sshd[678334]: pam_unix(sshd:auth): check pass; user unknown
Mar 29 14:19:06 cls sshd[678334]: pam_unix(sshd:auth): authentication failure; logname= uid=0 euid=0 tty=ssh ruser= rhost=206.123.145.74 
Mar 29 14:19:08 cls sshd[678335]: pam_unix(sshd:auth): authentication failure; logname= uid=0 euid=0 tty=ssh ruser= rhost=206.123.145.50  user=root
Mar 29 14:19:08 cls sshd[678334]: Failed password for invalid user odoo from 206.123.145.74 port 58864 ssh2
Mar 29 14:19:08 cls sshd[678338]: Invalid user adt from 130.12.181.106 port 31414
Mar 29 14:19:10 cls sshd[678335]: Failed password for root from 206.123.145.50 port 19582 ssh2
Mar 29 14:19:10 cls sshd[678338]: pam_unix(sshd:auth): check pass; user unknown
Mar 29 14:19:10 cls sshd[678338]: pam_unix(sshd:auth): authentication failure; logname= uid=0 euid=0 tty=ssh ruser= rhost=130.12.181.106 
Mar 29 14:19:12 cls sshd[678334]: Connection closed by invalid user odoo 206.123.145.74 port 58864 [preauth]
Mar 29 14:19:12 cls sshd[678338]: Failed password for invalid user adt from 130.12.181.106 port 31414 ssh2
Mar 29 14:19:12 cls sshd[678335]: Connection closed by authenticating user root 206.123.145.50 port 19582 [preauth]
Mar 29 14:19:15 cls sshd[678338]: Connection closed by invalid user adt 130.12.181.106 port 31414 [preauth]
Mar 29 14:19:37 cls sshd[678347]: pam_unix(sshd:auth): authentication failure; logname= uid=0 euid=0 tty=ssh ruser= rhost=47.242.199.198  user=root
Mar 29 14:19:40 cls sshd[678347]: Failed password for root from 47.242.199.198 port 52938 ssh2
Mar 29 14:19:40 cls sshd[678347]: Received disconnect from 47.242.199.198 port 52938:11: Bye Bye [preauth]
Mar 29 14:19:40 cls sshd[678347]: Disconnected from authenticating user root 47.242.199.198 port 52938 [preauth]
Mar 29 14:19:44 cls sshd[678346]: Invalid user admin from 130.12.181.97 port 18244
Mar 29 14:19:46 cls sshd[678346]: pam_unix(sshd:auth): check pass; user unknown
Mar 29 14:19:46 cls sshd[678346]: pam_unix(sshd:auth): authentication failure; logname= uid=0 euid=0 tty=ssh ruser= rhost=130.12.181.97 
Mar 29 14:19:48 cls sshd[678346]: Failed password for invalid user admin from 130.12.181.97 port 18244 ssh2
Mar 29 14:19:51 cls sshd[678346]: Connection closed by invalid user admin 130.12.181.97 port 18244 [preauth]
Mar 29 14:19:54 cls sshd[678356]: pam_unix(sshd:auth): authentication failure; logname= uid=0 euid=0 tty=ssh ruser= rhost=185.141.23.39  user=root
Mar 29 14:19:57 cls sshd[678356]: Failed password for root from 185.141.23.39 port 52366 ssh2
Mar 29 14:19:57 cls sshd[678356]: Received disconnect from 185.141.23.39 port 52366:11: Bye Bye [preauth]
Mar 29 14:19:57 cls sshd[678356]: Disconnected from authenticating user root 185.141.23.39 port 52366 [preauth]
Mar 29 14:20:01 cls sshd[678361]: pam_unix(sshd:auth): authentication failure; logname= uid=0 euid=0 tty=ssh ruser= rhost=175.178.220.98  user=root
Mar 29 14:20:04 cls sshd[678361]: Failed password for root from 175.178.220.98 port 3800 ssh2
Mar 29 14:20:04 cls sshd[678361]: Received disconnect from 175.178.220.98 port 3800:11: Bye Bye [preauth]
Mar 29 14:20:04 cls sshd[678361]: Disconnected from authenticating user root 175.178.220.98 port 3800 [preauth]
Mar 29 14:20:07 cls sshd[678360]: Invalid user ps from 206.123.145.73 port 60754
Mar 29 14:20:08 cls sshd[678360]: pam_unix(sshd:auth): check pass; user unknown
Mar 29 14:20:08 cls sshd[678360]: pam_unix(sshd:auth): authentication failure; logname= uid=0 euid=0 tty=ssh ruser= rhost=206.123.145.73 
Mar 29 14:20:10 cls sshd[678360]: Failed password for invalid user ps from 206.123.145.73 port 60754 ssh2
Mar 29 14:20:16 cls sshd[678360]: Connection closed by invalid user ps 206.123.145.73 port 60754 [preauth]
Mar 29 14:20:20 cls sshd[678371]: pam_unix(sshd:auth): authentication failure; logname= uid=0 euid=0 tty=ssh ruser= rhost=47.242.199.198  user=root
Mar 29 14:20:22 cls sshd[678371]: Failed password for root from 47.242.199.198 port 33486 ssh2
Mar 29 14:20:23 cls sshd[678371]: Received disconnect from 47.242.199.198 port 33486:11: Bye Bye [preauth]
Mar 29 14:20:23 cls sshd[678371]: Disconnected from authenticating user root 47.242.199.198 port 33486 [preauth]
Mar 29 14:20:24 cls sshd[678377]: pam_unix(sshd:auth): authentication failure; logname= uid=0 euid=0 tty=ssh ruser= rhost=45.207.221.76  user=root
Mar 29 14:20:26 cls sshd[678377]: Failed password for root from 45.207.221.76 port 43706 ssh2
Mar 29 14:20:27 cls sshd[678377]: Received disconnect from 45.207.221.76 port 43706:11: Bye Bye [preauth]
Mar 29 14:20:27 cls sshd[678377]: Disconnected from authenticating user root 45.207.221.76 port 43706 [preauth]
Mar 29 14:20:31 cls sshd[678376]: pam_unix(sshd:auth): authentication failure; logname= uid=0 euid=0 tty=ssh ruser= rhost=206.123.145.71  user=root
Mar 29 14:20:33 cls sshd[678376]: Failed password for root from 206.123.145.71 port 56746 ssh2
Mar 29 14:20:34 cls sshd[678381]: Invalid user nominatim from 130.12.181.98 port 32152
Mar 29 14:20:35 cls sshd[678383]: Invalid user wanghan from 206.123.145.52 port 22396
Mar 29 14:20:35 cls sshd[678380]: Invalid user chris from 206.123.145.78 port 53256
Mar 29 14:20:36 cls sshd[678381]: pam_unix(sshd:auth): check pass; user unknown
Mar 29 14:20:36 cls sshd[678381]: pam_unix(sshd:auth): authentication failure; logname= uid=0 euid=0 tty=ssh ruser= rhost=130.12.181.98 
Mar 29 14:20:36 cls sshd[678383]: pam_unix(sshd:auth): check pass; user unknown
Mar 29 14:20:36 cls sshd[678383]: pam_unix(sshd:auth): authentication failure; logname= uid=0 euid=0 tty=ssh ruser= rhost=206.123.145.52 
Mar 29 14:20:37 cls sshd[678380]: pam_unix(sshd:auth): check pass; user unknown
Mar 29 14:20:37 cls sshd[678380]: pam_unix(sshd:auth): authentication failure; logname= uid=0 euid=0 tty=ssh ruser= rhost=206.123.145.78 
Mar 29 14:20:37 cls sshd[678376]: Connection closed by authenticating user root 206.123.145.71 port 56746 [preauth]
Mar 29 14:20:39 cls sshd[678381]: Failed password for invalid user nominatim from 130.12.181.98 port 32152 ssh2
Mar 29 14:20:39 cls sshd[678383]: Failed password for invalid user wanghan from 206.123.145.52 port 22396 ssh2
Mar 29 14:20:39 cls sshd[678380]: Failed password for invalid user chris from 206.123.145.78 port 53256 ssh2
Mar 29 14:20:40 cls sshd[678380]: Connection closed by invalid user chris 206.123.145.78 port 53256 [preauth]
Mar 29 14:20:42 cls sshd[678383]: Connection closed by invalid user wanghan 206.123.145.52 port 22396 [preauth]
Mar 29 14:20:43 cls sshd[678381]: Connection closed by invalid user nominatim 130.12.181.98 port 32152 [preauth]
Mar 29 14:20:43 cls sshd[678386]: Invalid user xxw from 206.123.145.53 port 6996
Mar 29 14:20:45 cls sshd[678386]: pam_unix(sshd:auth): check pass; user unknown
Mar 29 14:20:45 cls sshd[678386]: pam_unix(sshd:auth): authentication failure; logname= uid=0 euid=0 tty=ssh ruser= rhost=206.123.145.53 
Mar 29 14:20:47 cls sshd[678386]: Failed password for invalid user xxw from 206.123.145.53 port 6996 ssh2
Mar 29 14:20:50 cls sshd[678386]: Connection closed by invalid user xxw 206.123.145.53 port 6996 [preauth]
Mar 29 14:20:51 cls sshd[678389]: pam_unix(sshd:auth): authentication failure; logname= uid=0 euid=0 tty=ssh ruser= rhost=186.7.16.150  user=root
Mar 29 14:20:53 cls sshd[678389]: Failed password for root from 186.7.16.150 port 58832 ssh2
Mar 29 14:20:54 cls sshd[678389]: Received disconnect from 186.7.16.150 port 58832:11: Bye Bye [preauth]
Mar 29 14:20:54 cls sshd[678389]: Disconnected from authenticating user root 186.7.16.150 port 58832 [preauth]
Mar 29 14:20:59 cls sshd[678391]: Invalid user wildfly from 130.12.181.103 port 54870
Mar 29 14:21:01 cls sshd[678391]: pam_unix(sshd:auth): check pass; user unknown
Mar 29 14:21:01 cls sshd[678391]: pam_unix(sshd:auth): authentication failure; logname= uid=0 euid=0 tty=ssh ruser= rhost=130.12.181.103 
Mar 29 14:21:03 cls sshd[678391]: Failed password for invalid user wildfly from 130.12.181.103 port 54870 ssh2
Mar 29 14:21:04 cls sshd[678398]: pam_unix(sshd:auth): authentication failure; logname= uid=0 euid=0 tty=ssh ruser= rhost=47.242.199.198  user=root
Mar 29 14:21:05 cls sshd[678398]: Failed password for root from 47.242.199.198 port 42268 ssh2
Mar 29 14:21:06 cls sshd[678391]: Connection closed by invalid user wildfly 130.12.181.103 port 54870 [preauth]
Mar 29 14:21:06 cls sshd[678398]: Received disconnect from 47.242.199.198 port 42268:11: Bye Bye [preauth]
Mar 29 14:21:06 cls sshd[678398]: Disconnected from authenticating user root 47.242.199.198 port 42268 [preauth]
Mar 29 14:21:10 cls sshd[678396]: Invalid user hane from 206.123.145.46 port 12268
Mar 29 14:21:12 cls sshd[678396]: pam_unix(sshd:auth): check pass; user unknown
Mar 29 14:21:12 cls sshd[678396]: pam_unix(sshd:auth): authentication failure; logname= uid=0 euid=0 tty=ssh ruser= rhost=206.123.145.46 
Mar 29 14:21:14 cls sshd[678396]: Failed password for invalid user hane from 206.123.145.46 port 12268 ssh2
Mar 29 14:21:17 cls sshd[678396]: Connection closed by invalid user hane 206.123.145.46 port 12268 [preauth]
Mar 29 14:21:17 cls sshd[678400]: Invalid user sin1226 from 206.123.145.77 port 25002
Mar 29 14:21:17 cls sshd[678432]: Invalid user test03 from 130.12.181.102 port 26370
Mar 29 14:21:18 cls sshd[678400]: pam_unix(sshd:auth): check pass; user unknown
Mar 29 14:21:18 cls sshd[678400]: pam_unix(sshd:auth): authentication failure; logname= uid=0 euid=0 tty=ssh ruser= rhost=206.123.145.77 
Mar 29 14:21:19 cls sshd[678432]: pam_unix(sshd:auth): check pass; user unknown
Mar 29 14:21:19 cls sshd[678432]: pam_unix(sshd:auth): authentication failure; logname= uid=0 euid=0 tty=ssh ruser= rhost=130.12.181.102 
Mar 29 14:21:20 cls sshd[678400]: Failed password for invalid user sin1226 from 206.123.145.77 port 25002 ssh2
Mar 29 14:21:20 cls sshd[678441]: pam_unix(sshd:auth): authentication failure; logname= uid=0 euid=0 tty=ssh ruser= rhost=130.12.181.105  user=root
Mar 29 14:21:21 cls sshd[678432]: Failed password for invalid user test03 from 130.12.181.102 port 26370 ssh2
Mar 29 14:21:21 cls sshd[678400]: Connection closed by invalid user sin1226 206.123.145.77 port 25002 [preauth]
Mar 29 14:21:22 cls sshd[678441]: Failed password for root from 130.12.181.105 port 29946 ssh2
Mar 29 14:21:23 cls sshd[678432]: Connection closed by invalid user test03 130.12.181.102 port 26370 [preauth]
Mar 29 14:21:25 cls sshd[678441]: Connection closed by authenticating user root 130.12.181.105 port 29946 [preauth]
Mar 29 14:21:35 cls sshd[678528]: Invalid user usr18 from 206.123.145.76 port 59828
Mar 29 14:21:38 cls sshd[678528]: pam_unix(sshd:auth): check pass; user unknown
Mar 29 14:21:38 cls sshd[678528]: pam_unix(sshd:auth): authentication failure; logname= uid=0 euid=0 tty=ssh ruser= rhost=206.123.145.76 
Mar 29 14:21:40 cls sshd[678528]: Failed password for invalid user usr18 from 206.123.145.76 port 59828 ssh2
Mar 29 14:21:41 cls sshd[678530]: Invalid user tangxp from 206.123.145.56 port 61834
Mar 29 14:21:42 cls sshd[678528]: Connection closed by invalid user usr18 206.123.145.76 port 59828 [preauth]
Mar 29 14:21:44 cls sshd[678530]: pam_unix(sshd:auth): check pass; user unknown
Mar 29 14:21:44 cls sshd[678530]: pam_unix(sshd:auth): authentication failure; logname= uid=0 euid=0 tty=ssh ruser= rhost=206.123.145.56 
Mar 29 14:21:45 cls sshd[678532]: pam_unix(sshd:auth): authentication failure; logname= uid=0 euid=0 tty=ssh ruser= rhost=47.242.199.198  user=root
Mar 29 14:21:46 cls sshd[678530]: Failed password for invalid user tangxp from 206.123.145.56 port 61834 ssh2
Mar 29 14:21:48 cls sshd[678532]: Failed password for root from 47.242.199.198 port 51054 ssh2
Mar 29 14:21:48 cls sshd[678532]: Received disconnect from 47.242.199.198 port 51054:11: Bye Bye [preauth]
Mar 29 14:21:48 cls sshd[678532]: Disconnected from authenticating user root 47.242.199.198 port 51054 [preauth]
Mar 29 14:21:49 cls sshd[678530]: Connection closed by invalid user tangxp 206.123.145.56 port 61834 [preauth]
Mar 29 14:21:55 cls sshd[678534]: Invalid user pgadmin from 206.123.145.72 port 27842
Mar 29 14:21:58 cls sshd[678534]: pam_unix(sshd:auth): check pass; user unknown
Mar 29 14:21:58 cls sshd[678534]: pam_unix(sshd:auth): authentication failure; logname= uid=0 euid=0 tty=ssh ruser= rhost=206.123.145.72 
Mar 29 14:22:00 cls sshd[678534]: Failed password for invalid user pgadmin from 206.123.145.72 port 27842 ssh2
Mar 29 14:22:02 cls sshd[678534]: Connection closed by invalid user pgadmin 206.123.145.72 port 27842 [preauth]
Mar 29 14:22:10 cls sshd[678540]: pam_unix(sshd:auth): authentication failure; logname= uid=0 euid=0 tty=ssh ruser= rhost=130.12.181.104  user=root
Mar 29 14:22:12 cls sshd[678540]: Failed password for root from 130.12.181.104 port 31690 ssh2
Mar 29 14:22:14 cls sshd[678540]: Connection closed by authenticating user root 130.12.181.104 port 31690 [preauth]
Mar 29 14:22:20 cls sshd[678552]: Connection closed by 175.178.220.98 port 61118 [preauth]
Mar 29 14:22:27 cls sshd[678558]: pam_unix(sshd:auth): authentication failure; logname= uid=0 euid=0 tty=ssh ruser= rhost=47.242.199.198  user=root
Mar 29 14:22:29 cls sshd[678558]: Failed password for root from 47.242.199.198 port 59842 ssh2
Mar 29 14:22:30 cls sshd[678558]: Received disconnect from 47.242.199.198 port 59842:11: Bye Bye [preauth]
Mar 29 14:22:30 cls sshd[678558]: Disconnected from authenticating user root 47.242.199.198 port 59842 [preauth]
Mar 29 14:22:30 cls sshd[678554]: Invalid user dell from 206.123.145.48 port 23982
Mar 29 14:22:32 cls sshd[678554]: pam_unix(sshd:auth): check pass; user unknown
Mar 29 14:22:32 cls sshd[678554]: pam_unix(sshd:auth): authentication failure; logname= uid=0 euid=0 tty=ssh ruser= rhost=206.123.145.48 
Mar 29 14:22:32 cls sshd[678555]: pam_unix(sshd:auth): authentication failure; logname= uid=0 euid=0 tty=ssh ruser= rhost=130.12.181.108  user=root
Mar 29 14:22:33 cls sshd[678554]: Failed password for invalid user dell from 206.123.145.48 port 23982 ssh2
Mar 29 14:22:34 cls sshd[678555]: Failed password for root from 130.12.181.108 port 57880 ssh2
Mar 29 14:22:34 cls sshd[678560]: Invalid user guest from 206.123.145.79 port 37154
Mar 29 14:22:36 cls sshd[678560]: pam_unix(sshd:auth): check pass; user unknown
Mar 29 14:22:36 cls sshd[678560]: pam_unix(sshd:auth): authentication failure; logname= uid=0 euid=0 tty=ssh ruser= rhost=206.123.145.79 
Mar 29 14:22:37 cls sshd[678554]: Connection closed by invalid user dell 206.123.145.48 port 23982 [preauth]
Mar 29 14:22:37 cls sshd[678555]: Connection closed by authenticating user root 130.12.181.108 port 57880 [preauth]
Mar 29 14:22:38 cls sshd[678560]: Failed password for invalid user guest from 206.123.145.79 port 37154 ssh2
Mar 29 14:22:42 cls sshd[678560]: Connection closed by invalid user guest 206.123.145.79 port 37154 [preauth]
Mar 29 14:22:43 cls sshd[678564]: pam_unix(sshd:auth): authentication failure; logname= uid=0 euid=0 tty=ssh ruser= rhost=185.141.23.39  user=root
Mar 29 14:22:45 cls sshd[678564]: Failed password for root from 185.141.23.39 port 42990 ssh2
Mar 29 14:22:46 cls sshd[678564]: Received disconnect from 185.141.23.39 port 42990:11: Bye Bye [preauth]
Mar 29 14:22:46 cls sshd[678564]: Disconnected from authenticating user root 185.141.23.39 port 42990 [preauth]
Mar 29 14:22:46 cls sshd[678562]: pam_unix(sshd:auth): authentication failure; logname= uid=0 euid=0 tty=ssh ruser= rhost=206.123.145.51  user=root
Mar 29 14:22:48 cls sshd[678562]: Failed password for root from 206.123.145.51 port 52298 ssh2
Mar 29 14:22:50 cls sshd[678562]: Connection closed by authenticating user root 206.123.145.51 port 52298 [preauth]
Mar 29 14:22:52 cls sshd[678566]: Invalid user roger from 130.12.181.100 port 55302
Mar 29 14:22:54 cls sshd[678566]: pam_unix(sshd:auth): check pass; user unknown
Mar 29 14:22:54 cls sshd[678566]: pam_unix(sshd:auth): authentication failure; logname= uid=0 euid=0 tty=ssh ruser= rhost=130.12.181.100 
Mar 29 14:22:56 cls sshd[678566]: Failed password for invalid user roger from 130.12.181.100 port 55302 ssh2
Mar 29 14:22:59 cls sshd[678566]: Connection closed by invalid user roger 130.12.181.100 port 55302 [preauth]
Mar 29 14:23:10 cls sshd[678570]: pam_unix(sshd:auth): authentication failure; logname= uid=0 euid=0 tty=ssh ruser= rhost=47.242.199.198  user=root
Mar 29 14:23:11 cls sshd[678568]: Invalid user support from 206.123.145.54 port 8132
Mar 29 14:23:12 cls sshd[678570]: Failed password for root from 47.242.199.198 port 40388 ssh2
Mar 29 14:23:12 cls sshd[678570]: Received disconnect from 47.242.199.198 port 40388:11: Bye Bye [preauth]
Mar 29 14:23:12 cls sshd[678570]: Disconnected from authenticating user root 47.242.199.198 port 40388 [preauth]
Mar 29 14:23:13 cls sshd[678568]: pam_unix(sshd:auth): check pass; user unknown
Mar 29 14:23:13 cls sshd[678568]: pam_unix(sshd:auth): authentication failure; logname= uid=0 euid=0 tty=ssh ruser= rhost=206.123.145.54 
Mar 29 14:23:15 cls sshd[678568]: Failed password for invalid user support from 206.123.145.54 port 8132 ssh2
Mar 29 14:23:18 cls sshd[678568]: Connection closed by invalid user support 206.123.145.54 port 8132 [preauth]
Mar 29 14:23:53 cls sshd[678681]: pam_unix(sshd:auth): authentication failure; logname= uid=0 euid=0 tty=ssh ruser= rhost=47.242.199.198  user=root
Mar 29 14:23:54 cls sshd[678681]: Failed password for root from 47.242.199.198 port 49174 ssh2
Mar 29 14:23:55 cls sshd[678681]: Received disconnect from 47.242.199.198 port 49174:11: Bye Bye [preauth]
Mar 29 14:23:55 cls sshd[678681]: Disconnected from authenticating user root 47.242.199.198 port 49174 [preauth]
Mar 29 14:24:07 cls sshd[678686]: pam_unix(sshd:auth): authentication failure; logname= uid=0 euid=0 tty=ssh ruser= rhost=45.207.221.76  user=root
Mar 29 14:24:09 cls sshd[678686]: Failed password for root from 45.207.221.76 port 50564 ssh2
Mar 29 14:24:10 cls sshd[678686]: Received disconnect from 45.207.221.76 port 50564:11: Bye Bye [preauth]
Mar 29 14:24:10 cls sshd[678686]: Disconnected from authenticating user root 45.207.221.76 port 50564 [preauth]
Mar 29 14:24:32 cls sshd[678688]: pam_unix(sshd:auth): authentication failure; logname= uid=0 euid=0 tty=ssh ruser= rhost=175.178.220.98  user=root
Mar 29 14:24:34 cls sshd[678688]: Failed password for root from 175.178.220.98 port 42822 ssh2
Mar 29 14:24:35 cls sshd[678688]: Received disconnect from 175.178.220.98 port 42822:11: Bye Bye [preauth]
Mar 29 14:24:35 cls sshd[678688]: Disconnected from authenticating user root 175.178.220.98 port 42822 [preauth]
Mar 29 14:25:04 cls sshd[678690]: pam_unix(sshd:auth): authentication failure; logname= uid=0 euid=0 tty=ssh ruser= rhost=206.123.145.69  user=root
Mar 29 14:25:06 cls sshd[678690]: Failed password for root from 206.123.145.69 port 15624 ssh2
Mar 29 14:25:11 cls sshd[678690]: Connection closed by authenticating user root 206.123.145.69 port 15624 [preauth]
Mar 29 14:25:38 cls sshd[678791]: pam_unix(sshd:auth): authentication failure; logname= uid=0 euid=0 tty=ssh ruser= rhost=185.141.23.39  user=root
Mar 29 14:25:40 cls sshd[678791]: Failed password for root from 185.141.23.39 port 34116 ssh2
Mar 29 14:25:41 cls sshd[678791]: Received disconnect from 185.141.23.39 port 34116:11: Bye Bye [preauth]
Mar 29 14:25:41 cls sshd[678791]: Disconnected from authenticating user root 185.141.23.39 port 34116 [preauth]
Mar 29 14:25:57 cls sshd[678797]: pam_unix(sshd:auth): authentication failure; logname= uid=0 euid=0 tty=ssh ruser= rhost=186.7.16.150  user=root
Mar 29 14:25:59 cls sshd[678797]: Failed password for root from 186.7.16.150 port 37050 ssh2
Mar 29 14:26:00 cls sshd[678797]: Received disconnect from 186.7.16.150 port 37050:11: Bye Bye [preauth]
Mar 29 14:26:00 cls sshd[678797]: Disconnected from authenticating user root 186.7.16.150 port 37050 [preauth]
Mar 29 14:26:23 cls sshd[678815]: Invalid user dipens from 130.12.181.101 port 23042
Mar 29 14:26:26 cls sshd[678815]: pam_unix(sshd:auth): check pass; user unknown
Mar 29 14:26:26 cls sshd[678815]: pam_unix(sshd:auth): authentication failure; logname= uid=0 euid=0 tty=ssh ruser= rhost=130.12.181.101 
Mar 29 14:26:28 cls sshd[678815]: Failed password for invalid user dipens from 130.12.181.101 port 23042 ssh2
Mar 29 14:26:31 cls sshd[678815]: Connection closed by invalid user dipens 130.12.181.101 port 23042 [preauth]
Mar 29 14:26:44 cls sshd[678820]: Invalid user yqs from 206.123.145.70 port 44804
Mar 29 14:26:45 cls sshd[678820]: pam_unix(sshd:auth): check pass; user unknown
Mar 29 14:26:45 cls sshd[678820]: pam_unix(sshd:auth): authentication failure; logname= uid=0 euid=0 tty=ssh ruser= rhost=206.123.145.70 
Mar 29 14:26:47 cls sshd[678820]: Failed password for invalid user yqs from 206.123.145.70 port 44804 ssh2
Mar 29 14:26:50 cls sshd[678820]: Connection closed by invalid user yqs 206.123.145.70 port 44804 [preauth]
Mar 29 14:27:14 cls sshd[678823]: Invalid user rpt_usr from 206.123.145.75 port 61478
Mar 29 14:27:17 cls sshd[678823]: pam_unix(sshd:auth): check pass; user unknown
Mar 29 14:27:17 cls sshd[678823]: pam_unix(sshd:auth): authentication failure; logname= uid=0 euid=0 tty=ssh ruser= rhost=206.123.145.75 
Mar 29 14:27:18 cls sshd[678823]: Failed password for invalid user rpt_usr from 206.123.145.75 port 61478 ssh2
Mar 29 14:27:20 cls sshd[678825]: Invalid user darshb from 130.12.181.107 port 60806
Mar 29 14:27:20 cls sshd[678823]: Connection closed by invalid user rpt_usr 206.123.145.75 port 61478 [preauth]
Mar 29 14:27:22 cls sshd[678825]: pam_unix(sshd:auth): check pass; user unknown
Mar 29 14:27:22 cls sshd[678825]: pam_unix(sshd:auth): authentication failure; logname= uid=0 euid=0 tty=ssh ruser= rhost=130.12.181.107 
Mar 29 14:27:24 cls sshd[678825]: Failed password for invalid user darshb from 130.12.181.107 port 60806 ssh2
Mar 29 14:27:27 cls sshd[678825]: Connection closed by invalid user darshb 130.12.181.107 port 60806 [preauth]
Mar 29 14:27:27 cls sshd[678941]: Invalid user shixiao from 130.12.181.109 port 21828
Mar 29 14:27:30 cls sshd[678941]: pam_unix(sshd:auth): check pass; user unknown
Mar 29 14:27:30 cls sshd[678941]: pam_unix(sshd:auth): authentication failure; logname= uid=0 euid=0 tty=ssh ruser= rhost=130.12.181.109 
Mar 29 14:27:31 cls sshd[678941]: Failed password for invalid user shixiao from 130.12.181.109 port 21828 ssh2
Mar 29 14:27:34 cls sshd[678941]: Connection closed by invalid user shixiao 130.12.181.109 port 21828 [preauth]
Mar 29 14:27:34 cls sshd[678943]: Invalid user devops from 206.123.145.49 port 28690
Mar 29 14:27:37 cls sshd[678943]: pam_unix(sshd:auth): check pass; user unknown
Mar 29 14:27:37 cls sshd[678943]: pam_unix(sshd:auth): authentication failure; logname= uid=0 euid=0 tty=ssh ruser= rhost=206.123.145.49 
Mar 29 14:27:38 cls sshd[678945]: Invalid user mk from 130.12.181.99 port 9594
Mar 29 14:27:39 cls sshd[678943]: Failed password for invalid user devops from 206.123.145.49 port 28690 ssh2
Mar 29 14:27:40 cls sshd[678945]: pam_unix(sshd:auth): check pass; user unknown
Mar 29 14:27:40 cls sshd[678945]: pam_unix(sshd:auth): authentication failure; logname= uid=0 euid=0 tty=ssh ruser= rhost=130.12.181.99 
Mar 29 14:27:42 cls sshd[678945]: Failed password for invalid user mk from 130.12.181.99 port 9594 ssh2
Mar 29 14:27:43 cls sshd[678943]: Connection closed by invalid user devops 206.123.145.49 port 28690 [preauth]
Mar 29 14:27:44 cls sshd[678945]: Connection closed by invalid user mk 130.12.181.99 port 9594 [preauth]
Mar 29 14:27:56 cls sshd[678947]: Invalid user rimbe from 130.12.181.98 port 34148
Mar 29 14:27:56 cls sshd[678949]: pam_unix(sshd:auth): authentication failure; logname= uid=0 euid=0 tty=ssh ruser= rhost=45.207.221.76  user=root
Mar 29 14:27:58 cls sshd[678947]: pam_unix(sshd:auth): check pass; user unknown
Mar 29 14:27:58 cls sshd[678947]: pam_unix(sshd:auth): authentication failure; logname= uid=0 euid=0 tty=ssh ruser= rhost=130.12.181.98 
Mar 29 14:27:58 cls sshd[678949]: Failed password for root from 45.207.221.76 port 57430 ssh2
Mar 29 14:27:59 cls sshd[678949]: Received disconnect from 45.207.221.76 port 57430:11: Bye Bye [preauth]
Mar 29 14:27:59 cls sshd[678949]: Disconnected from authenticating user root 45.207.221.76 port 57430 [preauth]
Mar 29 14:28:00 cls sshd[678947]: Failed password for invalid user rimbe from 130.12.181.98 port 34148 ssh2
Mar 29 14:28:03 cls sshd[678947]: Connection closed by invalid user rimbe 130.12.181.98 port 34148 [preauth]
Mar 29 14:28:10 cls sshd[678953]: Invalid user wangxj from 130.12.181.106 port 1532
Mar 29 14:28:12 cls sshd[678951]: Invalid user master from 206.123.145.55 port 46860
Mar 29 14:28:12 cls sshd[678953]: pam_unix(sshd:auth): check pass; user unknown
Mar 29 14:28:12 cls sshd[678953]: pam_unix(sshd:auth): authentication failure; logname= uid=0 euid=0 tty=ssh ruser= rhost=130.12.181.106 
Mar 29 14:28:13 cls sshd[678951]: pam_unix(sshd:auth): check pass; user unknown
Mar 29 14:28:13 cls sshd[678951]: pam_unix(sshd:auth): authentication failure; logname= uid=0 euid=0 tty=ssh ruser= rhost=206.123.145.55 
Mar 29 14:28:14 cls sshd[678953]: Failed password for invalid user wangxj from 130.12.181.106 port 1532 ssh2
Mar 29 14:28:15 cls sshd[678951]: Failed password for invalid user master from 206.123.145.55 port 46860 ssh2
Mar 29 14:28:16 cls sshd[678953]: Connection closed by invalid user wangxj 130.12.181.106 port 1532 [preauth]
Mar 29 14:28:18 cls sshd[678951]: Connection closed by invalid user master 206.123.145.55 port 46860 [preauth]
Mar 29 14:28:19 cls sshd[678956]: Invalid user ftptest from 206.123.145.57 port 46434
Mar 29 14:28:21 cls sshd[678956]: pam_unix(sshd:auth): check pass; user unknown
Mar 29 14:28:21 cls sshd[678956]: pam_unix(sshd:auth): authentication failure; logname= uid=0 euid=0 tty=ssh ruser= rhost=206.123.145.57 
Mar 29 14:28:21 cls sshd[678955]: Invalid user jhs from 206.123.145.20 port 21794
Mar 29 14:28:22 cls sshd[678955]: pam_unix(sshd:auth): check pass; user unknown
Mar 29 14:28:22 cls sshd[678955]: pam_unix(sshd:auth): authentication failure; logname= uid=0 euid=0 tty=ssh ruser= rhost=206.123.145.20 
Mar 29 14:28:23 cls sshd[678956]: Failed password for invalid user ftptest from 206.123.145.57 port 46434 ssh2
Mar 29 14:28:24 cls sshd[678961]: pam_unix(sshd:auth): authentication failure; logname= uid=0 euid=0 tty=ssh ruser= rhost=185.141.23.39  user=root
Mar 29 14:28:25 cls sshd[678955]: Failed password for invalid user jhs from 206.123.145.20 port 21794 ssh2
Mar 29 14:28:26 cls sshd[678956]: Connection closed by invalid user ftptest 206.123.145.57 port 46434 [preauth]
Mar 29 14:28:26 cls sshd[678961]: Failed password for root from 185.141.23.39 port 39250 ssh2
Mar 29 14:28:27 cls sshd[678961]: Received disconnect from 185.141.23.39 port 39250:11: Bye Bye [preauth]
Mar 29 14:28:27 cls sshd[678961]: Disconnected from authenticating user root 185.141.23.39 port 39250 [preauth]
Mar 29 14:28:30 cls sshd[678955]: Connection closed by invalid user jhs 206.123.145.20 port 21794 [preauth]
Mar 29 14:28:39 cls sshd[678963]: Invalid user shixinlu from 206.123.145.50 port 51688
Mar 29 14:28:42 cls sshd[678963]: pam_unix(sshd:auth): check pass; user unknown
Mar 29 14:28:42 cls sshd[678963]: pam_unix(sshd:auth): authentication failure; logname= uid=0 euid=0 tty=ssh ruser= rhost=206.123.145.50 
Mar 29 14:28:44 cls sshd[678963]: Failed password for invalid user shixinlu from 206.123.145.50 port 51688 ssh2
Mar 29 14:28:45 cls sshd[678963]: Connection closed by invalid user shixinlu 206.123.145.50 port 51688 [preauth]
Mar 29 14:28:54 cls sshd[678965]: Invalid user x from 130.12.181.97 port 34748
Mar 29 14:28:56 cls sshd[678965]: pam_unix(sshd:auth): check pass; user unknown
Mar 29 14:28:56 cls sshd[678965]: pam_unix(sshd:auth): authentication failure; logname= uid=0 euid=0 tty=ssh ruser= rhost=130.12.181.97 
Mar 29 14:28:58 cls sshd[678965]: Failed password for invalid user x from 130.12.181.97 port 34748 ssh2
Mar 29 14:29:02 cls sshd[678965]: Connection closed by invalid user x 130.12.181.97 port 34748 [preauth]
Mar 29 14:29:08 cls sshd[678968]: Invalid user test from 206.123.145.74 port 20694
Mar 29 14:29:10 cls sshd[678968]: pam_unix(sshd:auth): check pass; user unknown
Mar 29 14:29:10 cls sshd[678968]: pam_unix(sshd:auth): authentication failure; logname= uid=0 euid=0 tty=ssh ruser= rhost=206.123.145.74 
Mar 29 14:29:12 cls sshd[678968]: Failed password for invalid user test from 206.123.145.74 port 20694 ssh2
Mar 29 14:29:16 cls sshd[678968]: Connection closed by invalid user test 206.123.145.74 port 20694 [preauth]
Mar 29 14:29:54 cls sshd[679082]: Invalid user jqk from 130.12.181.103 port 15388
Mar 29 14:29:56 cls sshd[679082]: pam_unix(sshd:auth): check pass; user unknown
Mar 29 14:29:56 cls sshd[679082]: pam_unix(sshd:auth): authentication failure; logname= uid=0 euid=0 tty=ssh ruser= rhost=130.12.181.103 
Mar 29 14:29:58 cls sshd[679082]: Failed password for invalid user jqk from 130.12.181.103 port 15388 ssh2
Mar 29 14:30:01 cls sshd[679082]: Connection closed by invalid user jqk 130.12.181.103 port 15388 [preauth]
Mar 29 14:30:02 cls sshd[679084]: Invalid user samsat2 from 206.123.145.73 port 28242
Mar 29 14:30:02 cls sshd[679086]: Invalid user darshb from 130.12.181.102 port 8656
Mar 29 14:30:03 cls sshd[679084]: pam_unix(sshd:auth): check pass; user unknown
Mar 29 14:30:03 cls sshd[679084]: pam_unix(sshd:auth): authentication failure; logname= uid=0 euid=0 tty=ssh ruser= rhost=206.123.145.73 
Mar 29 14:30:05 cls sshd[679084]: Failed password for invalid user samsat2 from 206.123.145.73 port 28242 ssh2
Mar 29 14:30:05 cls sshd[679086]: pam_unix(sshd:auth): check pass; user unknown
Mar 29 14:30:05 cls sshd[679086]: pam_unix(sshd:auth): authentication failure; logname= uid=0 euid=0 tty=ssh ruser= rhost=130.12.181.102 
Mar 29 14:30:07 cls sshd[679086]: Failed password for invalid user darshb from 130.12.181.102 port 8656 ssh2
Mar 29 14:30:09 cls sshd[679086]: Connection closed by invalid user darshb 130.12.181.102 port 8656 [preauth]
Mar 29 14:30:09 cls sshd[679084]: Connection closed by invalid user samsat2 206.123.145.73 port 28242 [preauth]
Mar 29 14:30:14 cls sshd[679094]: pam_unix(sshd:auth): authentication failure; logname= uid=0 euid=0 tty=ssh ruser= rhost=206.123.145.53  user=root
Mar 29 14:30:15 cls sshd[679088]: pam_unix(sshd:auth): authentication failure; logname= uid=0 euid=0 tty=ssh ruser= rhost=206.123.145.78  user=root
Mar 29 14:30:16 cls sshd[679094]: Failed password for root from 206.123.145.53 port 45938 ssh2
Mar 29 14:30:18 cls sshd[679088]: Failed password for root from 206.123.145.78 port 46216 ssh2
Mar 29 14:30:20 cls sshd[679094]: Connection closed by authenticating user root 206.123.145.53 port 45938 [preauth]
Mar 29 14:30:20 cls sshd[679098]: Invalid user block from 130.12.181.105 port 16924
Mar 29 14:30:20 cls sshd[679088]: Connection closed by authenticating user root 206.123.145.78 port 46216 [preauth]
Mar 29 14:30:21 cls sshd[679097]: Invalid user wangs from 206.123.145.52 port 61680
Mar 29 14:30:22 cls sshd[679098]: pam_unix(sshd:auth): check pass; user unknown
Mar 29 14:30:22 cls sshd[679098]: pam_unix(sshd:auth): authentication failure; logname= uid=0 euid=0 tty=ssh ruser= rhost=130.12.181.105 
Mar 29 14:30:22 cls sshd[679097]: pam_unix(sshd:auth): check pass; user unknown
Mar 29 14:30:22 cls sshd[679097]: pam_unix(sshd:auth): authentication failure; logname= uid=0 euid=0 tty=ssh ruser= rhost=206.123.145.52 
Mar 29 14:30:24 cls sshd[679098]: Failed password for invalid user block from 130.12.181.105 port 16924 ssh2
Mar 29 14:30:24 cls sshd[679097]: Failed password for invalid user wangs from 206.123.145.52 port 61680 ssh2
Mar 29 14:30:26 cls sshd[679098]: Connection closed by invalid user block 130.12.181.105 port 16924 [preauth]
Mar 29 14:30:27 cls sshd[679097]: Connection closed by invalid user wangs 206.123.145.52 port 61680 [preauth]
Mar 29 14:30:53 cls sshd[679104]: pam_unix(sshd:auth): authentication failure; logname= uid=0 euid=0 tty=ssh ruser= rhost=186.7.16.150  user=root
Mar 29 14:30:54 cls sshd[679101]: Invalid user ftpuser from 206.123.145.46 port 64698
Mar 29 14:30:55 cls sshd[679104]: Failed password for root from 186.7.16.150 port 42983 ssh2
Mar 29 14:30:55 cls sshd[679101]: pam_unix(sshd:auth): check pass; user unknown
Mar 29 14:30:55 cls sshd[679101]: pam_unix(sshd:auth): authentication failure; logname= uid=0 euid=0 tty=ssh ruser= rhost=206.123.145.46 
Mar 29 14:30:56 cls sshd[679104]: Received disconnect from 186.7.16.150 port 42983:11: Bye Bye [preauth]
Mar 29 14:30:56 cls sshd[679104]: Disconnected from authenticating user root 186.7.16.150 port 42983 [preauth]
Mar 29 14:30:57 cls sshd[679101]: Failed password for invalid user ftpuser from 206.123.145.46 port 64698 ssh2
Mar 29 14:30:59 cls sshd[679101]: Connection closed by invalid user ftpuser 206.123.145.46 port 64698 [preauth]
Mar 29 14:31:00 cls sshd[679103]: Invalid user pjj from 206.123.145.71 port 44662
Mar 29 14:31:02 cls sshd[679103]: pam_unix(sshd:auth): check pass; user unknown
Mar 29 14:31:02 cls sshd[679103]: pam_unix(sshd:auth): authentication failure; logname= uid=0 euid=0 tty=ssh ruser= rhost=206.123.145.71 
Mar 29 14:31:02 cls sshd[679107]: Invalid user zhouhang1 from 130.12.181.104 port 1212
Mar 29 14:31:04 cls sshd[679103]: Failed password for invalid user pjj from 206.123.145.71 port 44662 ssh2
Mar 29 14:31:04 cls sshd[679107]: pam_unix(sshd:auth): check pass; user unknown
Mar 29 14:31:04 cls sshd[679107]: pam_unix(sshd:auth): authentication failure; logname= uid=0 euid=0 tty=ssh ruser= rhost=130.12.181.104 
Mar 29 14:31:06 cls sshd[679103]: Connection closed by invalid user pjj 206.123.145.71 port 44662 [preauth]
Mar 29 14:31:07 cls sshd[679107]: Failed password for invalid user zhouhang1 from 130.12.181.104 port 1212 ssh2
Mar 29 14:31:10 cls sshd[679107]: Connection closed by invalid user zhouhang1 130.12.181.104 port 1212 [preauth]
Mar 29 14:31:11 cls sshd[679111]: pam_unix(sshd:auth): authentication failure; logname= uid=0 euid=0 tty=ssh ruser= rhost=185.141.23.39  user=root
Mar 29 14:31:13 cls sshd[679109]: Invalid user hejingsheng from 206.123.145.77 port 27480
Mar 29 14:31:13 cls sshd[679111]: Failed password for root from 185.141.23.39 port 46268 ssh2
Mar 29 14:31:14 cls sshd[679111]: Received disconnect from 185.141.23.39 port 46268:11: Bye Bye [preauth]
Mar 29 14:31:14 cls sshd[679111]: Disconnected from authenticating user root 185.141.23.39 port 46268 [preauth]
Mar 29 14:31:15 cls sshd[679109]: pam_unix(sshd:auth): check pass; user unknown
Mar 29 14:31:15 cls sshd[679109]: pam_unix(sshd:auth): authentication failure; logname= uid=0 euid=0 tty=ssh ruser= rhost=206.123.145.77 
Mar 29 14:31:17 cls sshd[679109]: Failed password for invalid user hejingsheng from 206.123.145.77 port 27480 ssh2
Mar 29 14:31:21 cls sshd[679109]: Connection closed by invalid user hejingsheng 206.123.145.77 port 27480 [preauth]
Mar 29 14:31:28 cls sshd[679207]: Invalid user openhabian from 130.12.181.108 port 54220
Mar 29 14:31:30 cls sshd[679207]: pam_unix(sshd:auth): check pass; user unknown
Mar 29 14:31:30 cls sshd[679207]: pam_unix(sshd:auth): authentication failure; logname= uid=0 euid=0 tty=ssh ruser= rhost=130.12.181.108 
Mar 29 14:31:32 cls sshd[679207]: Failed password for invalid user openhabian from 130.12.181.108 port 54220 ssh2
Mar 29 14:31:34 cls sshd[679209]: Invalid user es from 206.123.145.76 port 19926
Mar 29 14:31:36 cls sshd[679207]: Connection closed by invalid user openhabian 130.12.181.108 port 54220 [preauth]
Mar 29 14:31:36 cls sshd[679209]: pam_unix(sshd:auth): check pass; user unknown
Mar 29 14:31:36 cls sshd[679209]: pam_unix(sshd:auth): authentication failure; logname= uid=0 euid=0 tty=ssh ruser= rhost=206.123.145.76 
Mar 29 14:31:38 cls sshd[679209]: Failed password for invalid user es from 206.123.145.76 port 19926 ssh2
Mar 29 14:31:42 cls sshd[679209]: Connection closed by invalid user es 206.123.145.76 port 19926 [preauth]
Mar 29 14:31:44 cls sshd[679211]: Invalid user bhuang from 206.123.145.56 port 25042
Mar 29 14:31:46 cls sshd[679211]: pam_unix(sshd:auth): check pass; user unknown
Mar 29 14:31:46 cls sshd[679211]: pam_unix(sshd:auth): authentication failure; logname= uid=0 euid=0 tty=ssh ruser= rhost=206.123.145.56 
Mar 29 14:31:49 cls sshd[679211]: Failed password for invalid user bhuang from 206.123.145.56 port 25042 ssh2
Mar 29 14:31:53 cls sshd[679229]: Invalid user bf from 130.12.181.100 port 14754
Mar 29 14:31:53 cls sshd[679211]: Connection closed by invalid user bhuang 206.123.145.56 port 25042 [preauth]
Mar 29 14:31:55 cls sshd[679229]: pam_unix(sshd:auth): check pass; user unknown
Mar 29 14:31:55 cls sshd[679229]: pam_unix(sshd:auth): authentication failure; logname= uid=0 euid=0 tty=ssh ruser= rhost=130.12.181.100 
Mar 29 14:31:57 cls sshd[679229]: Failed password for invalid user bf from 130.12.181.100 port 14754 ssh2
Mar 29 14:32:01 cls sshd[679229]: Connection closed by invalid user bf 130.12.181.100 port 14754 [preauth]
Mar 29 14:32:01 cls sshd[679336]: pam_unix(sshd:auth): authentication failure; logname= uid=0 euid=0 tty=ssh ruser= rhost=45.207.221.76  user=root
Mar 29 14:32:03 cls sshd[679336]: Failed password for root from 45.207.221.76 port 36074 ssh2
Mar 29 14:32:04 cls sshd[679336]: Received disconnect from 45.207.221.76 port 36074:11: Bye Bye [preauth]
Mar 29 14:32:04 cls sshd[679336]: Disconnected from authenticating user root 45.207.221.76 port 36074 [preauth]
Mar 29 14:32:07 cls sshd[679307]: Invalid user lenovo from 206.123.145.72 port 13178
Mar 29 14:32:09 cls sshd[679307]: pam_unix(sshd:auth): check pass; user unknown
Mar 29 14:32:09 cls sshd[679307]: pam_unix(sshd:auth): authentication failure; logname= uid=0 euid=0 tty=ssh ruser= rhost=206.123.145.72 
Mar 29 14:32:11 cls sshd[679307]: Failed password for invalid user lenovo from 206.123.145.72 port 13178 ssh2
Mar 29 14:32:14 cls sshd[679307]: Connection closed by invalid user lenovo 206.123.145.72 port 13178 [preauth]
Mar 29 14:32:26 cls sshd[679460]: Invalid user huangjie from 206.123.145.48 port 52794
Mar 29 14:32:28 cls sshd[679486]: Invalid user dmdba from 206.123.145.79 port 59586
Mar 29 14:32:28 cls sshd[679441]: Invalid user dell from 206.123.145.51 port 47116
Mar 29 14:32:29 cls sshd[679460]: pam_unix(sshd:auth): check pass; user unknown
Mar 29 14:32:29 cls sshd[679460]: pam_unix(sshd:auth): authentication failure; logname= uid=0 euid=0 tty=ssh ruser= rhost=206.123.145.48 
Mar 29 14:32:30 cls sshd[679486]: pam_unix(sshd:auth): check pass; user unknown
Mar 29 14:32:30 cls sshd[679486]: pam_unix(sshd:auth): authentication failure; logname= uid=0 euid=0 tty=ssh ruser= rhost=206.123.145.79 
Mar 29 14:32:31 cls sshd[679441]: pam_unix(sshd:auth): check pass; user unknown
Mar 29 14:32:31 cls sshd[679441]: pam_unix(sshd:auth): authentication failure; logname= uid=0 euid=0 tty=ssh ruser= rhost=206.123.145.51 
Mar 29 14:32:31 cls sshd[679460]: Failed password for invalid user huangjie from 206.123.145.48 port 52794 ssh2
Mar 29 14:32:33 cls sshd[679486]: Failed password for invalid user dmdba from 206.123.145.79 port 59586 ssh2
Mar 29 14:32:33 cls sshd[679441]: Failed password for invalid user dell from 206.123.145.51 port 47116 ssh2
Mar 29 14:32:35 cls sshd[679460]: Connection closed by invalid user huangjie 206.123.145.48 port 52794 [preauth]
Mar 29 14:32:36 cls sshd[679486]: Connection closed by invalid user dmdba 206.123.145.79 port 59586 [preauth]
Mar 29 14:32:37 cls sshd[679441]: Connection closed by invalid user dell 206.123.145.51 port 47116 [preauth]
Mar 29 14:32:45 cls sshd[679594]: Invalid user yangzhy1 from 206.123.145.54 port 34664
Mar 29 14:32:48 cls sshd[679594]: pam_unix(sshd:auth): check pass; user unknown
Mar 29 14:32:48 cls sshd[679594]: pam_unix(sshd:auth): authentication failure; logname= uid=0 euid=0 tty=ssh ruser= rhost=206.123.145.54 
Mar 29 14:32:49 cls sshd[679594]: Failed password for invalid user yangzhy1 from 206.123.145.54 port 34664 ssh2
Mar 29 14:32:52 cls sshd[679594]: Connection closed by invalid user yangzhy1 206.123.145.54 port 34664 [preauth]
Mar 29 14:33:58 cls sshd[680174]: pam_unix(sshd:auth): authentication failure; logname= uid=0 euid=0 tty=ssh ruser= rhost=185.141.23.39  user=root
Mar 29 14:34:00 cls sshd[680174]: Failed password for root from 185.141.23.39 port 36480 ssh2
Mar 29 14:34:00 cls sshd[680174]: Received disconnect from 185.141.23.39 port 36480:11: Bye Bye [preauth]
Mar 29 14:34:00 cls sshd[680174]: Disconnected from authenticating user root 185.141.23.39 port 36480 [preauth]
Mar 29 14:35:09 cls sshd[680746]: Invalid user guest from 130.12.181.101 port 19794
Mar 29 14:35:11 cls sshd[680746]: pam_unix(sshd:auth): check pass; user unknown
Mar 29 14:35:11 cls sshd[680746]: pam_unix(sshd:auth): authentication failure; logname= uid=0 euid=0 tty=ssh ruser= rhost=130.12.181.101 
Mar 29 14:35:13 cls sshd[680799]: Invalid user test from 130.12.181.98 port 54536
Mar 29 14:35:13 cls sshd[680746]: Failed password for invalid user guest from 130.12.181.101 port 19794 ssh2
Mar 29 14:35:14 cls sshd[680799]: pam_unix(sshd:auth): check pass; user unknown
Mar 29 14:35:14 cls sshd[680799]: pam_unix(sshd:auth): authentication failure; logname= uid=0 euid=0 tty=ssh ruser= rhost=130.12.181.98 
Mar 29 14:35:16 cls sshd[680799]: Failed password for invalid user test from 130.12.181.98 port 54536 ssh2
Mar 29 14:35:18 cls sshd[680746]: Connection closed by invalid user guest 130.12.181.101 port 19794 [preauth]
Mar 29 14:35:19 cls sshd[680799]: Connection closed by invalid user test 130.12.181.98 port 54536 [preauth]
Mar 29 14:35:22 cls sshd[680896]: Invalid user liangyan from 206.123.145.69 port 14252
Mar 29 14:35:24 cls sshd[680896]: pam_unix(sshd:auth): check pass; user unknown
Mar 29 14:35:24 cls sshd[680896]: pam_unix(sshd:auth): authentication failure; logname= uid=0 euid=0 tty=ssh ruser= rhost=206.123.145.69 
Mar 29 14:35:26 cls sshd[680896]: Failed password for invalid user liangyan from 206.123.145.69 port 14252 ssh2
Mar 29 14:35:31 cls sshd[680896]: Connection closed by invalid user liangyan 206.123.145.69 port 14252 [preauth]
Mar 29 14:35:51 cls sshd[681188]: pam_unix(sshd:auth): authentication failure; logname= uid=0 euid=0 tty=ssh ruser= rhost=186.7.16.150  user=root
Mar 29 14:35:52 cls sshd[681188]: Failed password for root from 186.7.16.150 port 49301 ssh2
Mar 29 14:35:53 cls sshd[681188]: Received disconnect from 186.7.16.150 port 49301:11: Bye Bye [preauth]
Mar 29 14:35:53 cls sshd[681188]: Disconnected from authenticating user root 186.7.16.150 port 49301 [preauth]
Mar 29 14:36:04 cls sshd[681327]: pam_unix(sshd:auth): authentication failure; logname= uid=0 euid=0 tty=ssh ruser= rhost=45.207.221.76  user=root
Mar 29 14:36:06 cls sshd[681327]: Failed password for root from 45.207.221.76 port 42952 ssh2
Mar 29 14:36:06 cls sshd[681327]: Received disconnect from 45.207.221.76 port 42952:11: Bye Bye [preauth]
Mar 29 14:36:06 cls sshd[681327]: Disconnected from authenticating user root 45.207.221.76 port 42952 [preauth]
Mar 29 14:36:07 cls sshd[681274]: Invalid user anonymous from 130.12.181.109 port 19510
Mar 29 14:36:09 cls sshd[681274]: pam_unix(sshd:auth): check pass; user unknown
Mar 29 14:36:09 cls sshd[681274]: pam_unix(sshd:auth): authentication failure; logname= uid=0 euid=0 tty=ssh ruser= rhost=130.12.181.109 
Mar 29 14:36:11 cls sshd[681274]: Failed password for invalid user anonymous from 130.12.181.109 port 19510 ssh2
Mar 29 14:36:14 cls sshd[681274]: Connection closed by invalid user anonymous 130.12.181.109 port 19510 [preauth]
Mar 29 14:36:23 cls sshd[681382]: pam_unix(sshd:auth): authentication failure; logname= uid=0 euid=0 tty=ssh ruser= rhost=130.12.181.107  user=root
Mar 29 14:36:26 cls sshd[681382]: Failed password for root from 130.12.181.107 port 30718 ssh2
Mar 29 14:36:30 cls sshd[681382]: Connection closed by authenticating user root 130.12.181.107 port 30718 [preauth]
Mar 29 14:36:32 cls sshd[681595]: Invalid user odc from 130.12.181.99 port 42736
Mar 29 14:36:34 cls sshd[681595]: pam_unix(sshd:auth): check pass; user unknown
Mar 29 14:36:34 cls sshd[681595]: pam_unix(sshd:auth): authentication failure; logname= uid=0 euid=0 tty=ssh ruser= rhost=130.12.181.99 
Mar 29 14:36:36 cls sshd[681595]: Failed password for invalid user odc from 130.12.181.99 port 42736 ssh2
Mar 29 14:36:40 cls sshd[681595]: Connection closed by invalid user odc 130.12.181.99 port 42736 [preauth]
Mar 29 14:36:46 cls sshd[681686]: pam_unix(sshd:auth): authentication failure; logname= uid=0 euid=0 tty=ssh ruser= rhost=185.141.23.39  user=root
Mar 29 14:36:48 cls sshd[681686]: Failed password for root from 185.141.23.39 port 57782 ssh2
Mar 29 14:36:48 cls sshd[681686]: Received disconnect from 185.141.23.39 port 57782:11: Bye Bye [preauth]
Mar 29 14:36:48 cls sshd[681686]: Disconnected from authenticating user root 185.141.23.39 port 57782 [preauth]
Mar 29 14:37:01 cls sshd[681719]: Invalid user rocky from 206.123.145.70 port 20058
Mar 29 14:37:03 cls sshd[681719]: pam_unix(sshd:auth): check pass; user unknown
Mar 29 14:37:03 cls sshd[681719]: pam_unix(sshd:auth): authentication failure; logname= uid=0 euid=0 tty=ssh ruser= rhost=206.123.145.70 
Mar 29 14:37:05 cls sshd[681719]: Failed password for invalid user rocky from 206.123.145.70 port 20058 ssh2
Mar 29 14:37:08 cls sshd[681789]: Invalid user np123456 from 130.12.181.106 port 9520
Mar 29 14:37:09 cls sshd[681719]: Connection closed by invalid user rocky 206.123.145.70 port 20058 [preauth]
Mar 29 14:37:10 cls sshd[681789]: pam_unix(sshd:auth): check pass; user unknown
Mar 29 14:37:10 cls sshd[681789]: pam_unix(sshd:auth): authentication failure; logname= uid=0 euid=0 tty=ssh ruser= rhost=130.12.181.106 
Mar 29 14:37:13 cls sshd[681789]: Failed password for invalid user np123456 from 130.12.181.106 port 9520 ssh2
Mar 29 14:37:14 cls sshd[681834]: Invalid user user from 206.123.145.49 port 13104
Mar 29 14:37:15 cls sshd[681789]: Connection closed by invalid user np123456 130.12.181.106 port 9520 [preauth]
Mar 29 14:37:16 cls sshd[681834]: pam_unix(sshd:auth): check pass; user unknown
Mar 29 14:37:16 cls sshd[681834]: pam_unix(sshd:auth): authentication failure; logname= uid=0 euid=0 tty=ssh ruser= rhost=206.123.145.49 
Mar 29 14:37:17 cls sshd[681861]: Invalid user jyc from 206.123.145.75 port 9804
Mar 29 14:37:18 cls sshd[681834]: Failed password for invalid user user from 206.123.145.49 port 13104 ssh2
Mar 29 14:37:19 cls sshd[681861]: pam_unix(sshd:auth): check pass; user unknown
Mar 29 14:37:19 cls sshd[681861]: pam_unix(sshd:auth): authentication failure; logname= uid=0 euid=0 tty=ssh ruser= rhost=206.123.145.75 
Mar 29 14:37:21 cls sshd[681861]: Failed password for invalid user jyc from 206.123.145.75 port 9804 ssh2
Mar 29 14:37:21 cls sshd[681834]: Connection closed by invalid user user 206.123.145.49 port 13104 [preauth]
Mar 29 14:37:23 cls sshd[681861]: Connection closed by invalid user jyc 206.123.145.75 port 9804 [preauth]
Mar 29 14:37:39 cls sshd[682005]: Invalid user wuyp21 from 206.123.145.55 port 51986
Mar 29 14:37:41 cls sshd[682005]: pam_unix(sshd:auth): check pass; user unknown
Mar 29 14:37:41 cls sshd[682005]: pam_unix(sshd:auth): authentication failure; logname= uid=0 euid=0 tty=ssh ruser= rhost=206.123.145.55 
Mar 29 14:37:44 cls sshd[682005]: Failed password for invalid user wuyp21 from 206.123.145.55 port 51986 ssh2
Mar 29 14:37:46 cls sshd[682005]: Connection closed by invalid user wuyp21 206.123.145.55 port 51986 [preauth]
Mar 29 14:38:02 cls sshd[682156]: Invalid user kodi from 130.12.181.97 port 5996
Mar 29 14:38:04 cls sshd[682156]: pam_unix(sshd:auth): check pass; user unknown
Mar 29 14:38:04 cls sshd[682156]: pam_unix(sshd:auth): authentication failure; logname= uid=0 euid=0 tty=ssh ruser= rhost=130.12.181.97 
Mar 29 14:38:06 cls sshd[682155]: pam_unix(sshd:auth): authentication failure; logname= uid=0 euid=0 tty=ssh ruser= rhost=206.123.145.20  user=root
Mar 29 14:38:07 cls sshd[682156]: Failed password for invalid user kodi from 130.12.181.97 port 5996 ssh2
Mar 29 14:38:08 cls sshd[682155]: Failed password for root from 206.123.145.20 port 5700 ssh2
Mar 29 14:38:10 cls sshd[682156]: Connection closed by invalid user kodi 130.12.181.97 port 5996 [preauth]
Mar 29 14:38:11 cls sshd[682155]: Connection closed by authenticating user root 206.123.145.20 port 5700 [preauth]
Mar 29 14:38:28 cls sshd[682355]: Invalid user neeraj from 206.123.145.57 port 33526
Mar 29 14:38:29 cls sshd[682355]: pam_unix(sshd:auth): check pass; user unknown
