Mar 29 04:34:55 cls sshd[646508]: Failed password for root from 57.128.223.80 port 39826 ssh2
Mar 29 04:34:56 cls sshd[646508]: Received disconnect from 57.128.223.80 port 39826:11: Bye Bye [preauth]
Mar 29 04:34:56 cls sshd[646508]: Disconnected from authenticating user root 57.128.223.80 port 39826 [preauth]
Mar 29 04:34:56 cls sshd[646506]: Failed password for invalid user fanjintao from 206.123.145.70 port 45548 ssh2
Mar 29 04:34:58 cls sshd[646506]: Connection closed by invalid user fanjintao 206.123.145.70 port 45548 [preauth]
Mar 29 04:35:03 cls sshd[646510]: Invalid user cat from 206.123.145.72 port 13802
Mar 29 04:35:06 cls sshd[646512]: Invalid user lisa from 206.123.145.77 port 27162
Mar 29 04:35:06 cls sshd[646510]: pam_unix(sshd:auth): check pass; user unknown
Mar 29 04:35:06 cls sshd[646510]: pam_unix(sshd:auth): authentication failure; logname= uid=0 euid=0 tty=ssh ruser= rhost=206.123.145.72 
Mar 29 04:35:07 cls sshd[646512]: pam_unix(sshd:auth): check pass; user unknown
Mar 29 04:35:07 cls sshd[646512]: pam_unix(sshd:auth): authentication failure; logname= uid=0 euid=0 tty=ssh ruser= rhost=206.123.145.77 
Mar 29 04:35:08 cls sshd[646510]: Failed password for invalid user cat from 206.123.145.72 port 13802 ssh2
Mar 29 04:35:09 cls sshd[646512]: Failed password for invalid user lisa from 206.123.145.77 port 27162 ssh2
Mar 29 04:35:09 cls sshd[646510]: Connection closed by invalid user cat 206.123.145.72 port 13802 [preauth]
Mar 29 04:35:14 cls sshd[646512]: Connection closed by invalid user lisa 206.123.145.77 port 27162 [preauth]
Mar 29 04:35:38 cls sshd[646518]: Invalid user zjl from 130.12.181.97 port 36602
Mar 29 04:35:40 cls sshd[646518]: pam_unix(sshd:auth): check pass; user unknown
Mar 29 04:35:40 cls sshd[646518]: pam_unix(sshd:auth): authentication failure; logname= uid=0 euid=0 tty=ssh ruser= rhost=130.12.181.97 
Mar 29 04:35:42 cls sshd[646518]: Failed password for invalid user zjl from 130.12.181.97 port 36602 ssh2
Mar 29 04:35:44 cls sshd[646518]: Connection closed by invalid user zjl 130.12.181.97 port 36602 [preauth]
Mar 29 04:35:49 cls sshd[646522]: Invalid user dipens from 130.12.181.101 port 13822
Mar 29 04:35:51 cls sshd[646522]: pam_unix(sshd:auth): check pass; user unknown
Mar 29 04:35:51 cls sshd[646522]: pam_unix(sshd:auth): authentication failure; logname= uid=0 euid=0 tty=ssh ruser= rhost=130.12.181.101 
Mar 29 04:35:52 cls sshd[646522]: Failed password for invalid user dipens from 130.12.181.101 port 13822 ssh2
Mar 29 04:35:55 cls sshd[646522]: Connection closed by invalid user dipens 130.12.181.101 port 13822 [preauth]
Mar 29 04:36:05 cls sshd[646529]: pam_unix(sshd:auth): authentication failure; logname= uid=0 euid=0 tty=ssh ruser= rhost=123.58.219.234  user=root
Mar 29 04:36:05 cls sshd[646525]: pam_unix(sshd:auth): authentication failure; logname= uid=0 euid=0 tty=ssh ruser= rhost=130.12.181.98  user=root
Mar 29 04:36:06 cls sshd[646527]: pam_unix(sshd:auth): authentication failure; logname= uid=0 euid=0 tty=ssh ruser= rhost=152.32.163.183  user=root
Mar 29 04:36:07 cls sshd[646529]: Failed password for root from 123.58.219.234 port 41364 ssh2
Mar 29 04:36:07 cls sshd[646525]: Failed password for root from 130.12.181.98 port 64698 ssh2
Mar 29 04:36:08 cls sshd[646529]: Received disconnect from 123.58.219.234 port 41364:11: Bye Bye [preauth]
Mar 29 04:36:08 cls sshd[646529]: Disconnected from authenticating user root 123.58.219.234 port 41364 [preauth]
Mar 29 04:36:08 cls sshd[646527]: Failed password for root from 152.32.163.183 port 29046 ssh2
Mar 29 04:36:09 cls sshd[646527]: Received disconnect from 152.32.163.183 port 29046:11: Bye Bye [preauth]
Mar 29 04:36:09 cls sshd[646527]: Disconnected from authenticating user root 152.32.163.183 port 29046 [preauth]
Mar 29 04:36:10 cls sshd[646525]: Connection closed by authenticating user root 130.12.181.98 port 64698 [preauth]
Mar 29 04:36:13 cls sshd[646535]: pam_unix(sshd:auth): authentication failure; logname= uid=0 euid=0 tty=ssh ruser= rhost=41.59.86.232  user=root
Mar 29 04:36:15 cls sshd[646535]: Failed password for root from 41.59.86.232 port 33266 ssh2
Mar 29 04:36:16 cls sshd[646535]: Received disconnect from 41.59.86.232 port 33266:11: Bye Bye [preauth]
Mar 29 04:36:16 cls sshd[646535]: Disconnected from authenticating user root 41.59.86.232 port 33266 [preauth]
Mar 29 04:36:24 cls sshd[646537]: Invalid user mgkim from 206.123.145.75 port 39508
Mar 29 04:36:24 cls sshd[646540]: pam_unix(sshd:auth): authentication failure; logname= uid=0 euid=0 tty=ssh ruser= rhost=43.132.227.251  user=root
Mar 29 04:36:26 cls sshd[646540]: Failed password for root from 43.132.227.251 port 48036 ssh2
Mar 29 04:36:26 cls sshd[646537]: pam_unix(sshd:auth): check pass; user unknown
Mar 29 04:36:26 cls sshd[646537]: pam_unix(sshd:auth): authentication failure; logname= uid=0 euid=0 tty=ssh ruser= rhost=206.123.145.75 
Mar 29 04:36:27 cls sshd[646540]: Received disconnect from 43.132.227.251 port 48036:11: Bye Bye [preauth]
Mar 29 04:36:27 cls sshd[646540]: Disconnected from authenticating user root 43.132.227.251 port 48036 [preauth]
Mar 29 04:36:28 cls sshd[646537]: Failed password for invalid user mgkim from 206.123.145.75 port 39508 ssh2
Mar 29 04:36:32 cls sshd[646539]: Invalid user zzg from 206.123.145.48 port 51842
Mar 29 04:36:33 cls sshd[646537]: Connection closed by invalid user mgkim 206.123.145.75 port 39508 [preauth]
Mar 29 04:36:34 cls sshd[646547]: Invalid user dachuang from 130.12.181.105 port 35040
Mar 29 04:36:36 cls sshd[646547]: pam_unix(sshd:auth): check pass; user unknown
Mar 29 04:36:36 cls sshd[646547]: pam_unix(sshd:auth): authentication failure; logname= uid=0 euid=0 tty=ssh ruser= rhost=130.12.181.105 
Mar 29 04:36:37 cls sshd[646547]: Failed password for invalid user dachuang from 130.12.181.105 port 35040 ssh2
Mar 29 04:36:39 cls sshd[646539]: pam_unix(sshd:auth): check pass; user unknown
Mar 29 04:36:39 cls sshd[646539]: pam_unix(sshd:auth): authentication failure; logname= uid=0 euid=0 tty=ssh ruser= rhost=206.123.145.48 
Mar 29 04:36:41 cls sshd[646539]: Failed password for invalid user zzg from 206.123.145.48 port 51842 ssh2
Mar 29 04:36:41 cls sshd[646547]: Connection closed by invalid user dachuang 130.12.181.105 port 35040 [preauth]
Mar 29 04:36:45 cls sshd[646539]: Connection closed by invalid user zzg 206.123.145.48 port 51842 [preauth]
Mar 29 04:36:54 cls sshd[646555]: pam_unix(sshd:auth): authentication failure; logname= uid=0 euid=0 tty=ssh ruser= rhost=43.242.203.160  user=root
Mar 29 04:36:54 cls sshd[646552]: Invalid user dft3 from 206.123.145.53 port 32790
Mar 29 04:36:56 cls sshd[646555]: Failed password for root from 43.242.203.160 port 52534 ssh2
Mar 29 04:36:57 cls sshd[646555]: Received disconnect from 43.242.203.160 port 52534:11: Bye Bye [preauth]
Mar 29 04:36:57 cls sshd[646555]: Disconnected from authenticating user root 43.242.203.160 port 52534 [preauth]
Mar 29 04:36:57 cls sshd[646552]: pam_unix(sshd:auth): check pass; user unknown
Mar 29 04:36:57 cls sshd[646552]: pam_unix(sshd:auth): authentication failure; logname= uid=0 euid=0 tty=ssh ruser= rhost=206.123.145.53 
Mar 29 04:36:58 cls sshd[646551]: pam_unix(sshd:auth): authentication failure; logname= uid=0 euid=0 tty=ssh ruser= rhost=130.12.181.103  user=root
Mar 29 04:36:59 cls sshd[646552]: Failed password for invalid user dft3 from 206.123.145.53 port 32790 ssh2
Mar 29 04:36:59 cls sshd[646551]: Failed password for root from 130.12.181.103 port 35230 ssh2
Mar 29 04:37:02 cls sshd[646552]: Connection closed by invalid user dft3 206.123.145.53 port 32790 [preauth]
Mar 29 04:37:03 cls sshd[646551]: Connection closed by authenticating user root 130.12.181.103 port 35230 [preauth]
Mar 29 04:37:18 cls sshd[646557]: pam_unix(sshd:auth): authentication failure; logname= uid=0 euid=0 tty=ssh ruser= rhost=103.91.246.101  user=root
Mar 29 04:37:20 cls sshd[646557]: Failed password for root from 103.91.246.101 port 34994 ssh2
Mar 29 04:37:21 cls sshd[646557]: Received disconnect from 103.91.246.101 port 34994:11: Bye Bye [preauth]
Mar 29 04:37:21 cls sshd[646557]: Disconnected from authenticating user root 103.91.246.101 port 34994 [preauth]
Mar 29 04:37:25 cls sshd[646559]: pam_unix(sshd:auth): authentication failure; logname= uid=0 euid=0 tty=ssh ruser= rhost=45.119.84.54  user=root
Mar 29 04:37:27 cls sshd[646559]: Failed password for root from 45.119.84.54 port 55310 ssh2
Mar 29 04:37:28 cls sshd[646559]: Received disconnect from 45.119.84.54 port 55310:11: Bye Bye [preauth]
Mar 29 04:37:28 cls sshd[646559]: Disconnected from authenticating user root 45.119.84.54 port 55310 [preauth]
Mar 29 04:37:37 cls sshd[646565]: Invalid user dongmk from 130.12.181.104 port 11654
Mar 29 04:37:39 cls sshd[646565]: pam_unix(sshd:auth): check pass; user unknown
Mar 29 04:37:39 cls sshd[646565]: pam_unix(sshd:auth): authentication failure; logname= uid=0 euid=0 tty=ssh ruser= rhost=130.12.181.104 
Mar 29 04:37:41 cls sshd[646565]: Failed password for invalid user dongmk from 130.12.181.104 port 11654 ssh2
Mar 29 04:37:43 cls sshd[646565]: Connection closed by invalid user dongmk 130.12.181.104 port 11654 [preauth]
Mar 29 04:37:57 cls sshd[646567]: Invalid user dcmtk from 206.123.145.51 port 37574
Mar 29 04:37:59 cls sshd[646567]: pam_unix(sshd:auth): check pass; user unknown
Mar 29 04:37:59 cls sshd[646567]: pam_unix(sshd:auth): authentication failure; logname= uid=0 euid=0 tty=ssh ruser= rhost=206.123.145.51 
Mar 29 04:38:00 cls sshd[646571]: pam_unix(sshd:auth): authentication failure; logname= uid=0 euid=0 tty=ssh ruser= rhost=165.154.6.66  user=root
Mar 29 04:38:01 cls sshd[646567]: Failed password for invalid user dcmtk from 206.123.145.51 port 37574 ssh2
Mar 29 04:38:02 cls sshd[646573]: pam_unix(sshd:auth): authentication failure; logname= uid=0 euid=0 tty=ssh ruser= rhost=103.179.56.44  user=root
Mar 29 04:38:02 cls sshd[646571]: Failed password for root from 165.154.6.66 port 40240 ssh2
Mar 29 04:38:02 cls sshd[646571]: Received disconnect from 165.154.6.66 port 40240:11: Bye Bye [preauth]
Mar 29 04:38:02 cls sshd[646571]: Disconnected from authenticating user root 165.154.6.66 port 40240 [preauth]
Mar 29 04:38:03 cls sshd[646567]: Connection closed by invalid user dcmtk 206.123.145.51 port 37574 [preauth]
Mar 29 04:38:04 cls sshd[646573]: Failed password for root from 103.179.56.44 port 44206 ssh2
Mar 29 04:38:04 cls sshd[646575]: pam_unix(sshd:auth): authentication failure; logname= uid=0 euid=0 tty=ssh ruser= rhost=57.128.223.80  user=root
Mar 29 04:38:04 cls sshd[646573]: Received disconnect from 103.179.56.44 port 44206:11: Bye Bye [preauth]
Mar 29 04:38:04 cls sshd[646573]: Disconnected from authenticating user root 103.179.56.44 port 44206 [preauth]
Mar 29 04:38:05 cls sshd[646569]: Invalid user dmitri from 130.12.181.107 port 24870
Mar 29 04:38:06 cls sshd[646575]: Failed password for root from 57.128.223.80 port 50430 ssh2
Mar 29 04:38:07 cls sshd[646569]: pam_unix(sshd:auth): check pass; user unknown
Mar 29 04:38:07 cls sshd[646569]: pam_unix(sshd:auth): authentication failure; logname= uid=0 euid=0 tty=ssh ruser= rhost=130.12.181.107 
Mar 29 04:38:07 cls sshd[646575]: Received disconnect from 57.128.223.80 port 50430:11: Bye Bye [preauth]
Mar 29 04:38:07 cls sshd[646575]: Disconnected from authenticating user root 57.128.223.80 port 50430 [preauth]
Mar 29 04:38:09 cls sshd[646569]: Failed password for invalid user dmitri from 130.12.181.107 port 24870 ssh2
Mar 29 04:38:13 cls sshd[646569]: Connection closed by invalid user dmitri 130.12.181.107 port 24870 [preauth]
Mar 29 04:38:35 cls sshd[646577]: Invalid user mox from 206.123.145.73 port 64916
Mar 29 04:38:38 cls sshd[646577]: pam_unix(sshd:auth): check pass; user unknown
Mar 29 04:38:38 cls sshd[646577]: pam_unix(sshd:auth): authentication failure; logname= uid=0 euid=0 tty=ssh ruser= rhost=206.123.145.73 
Mar 29 04:38:38 cls sshd[646585]: Invalid user galaxy from 206.123.145.46 port 24846
Mar 29 04:38:39 cls sshd[646585]: pam_unix(sshd:auth): check pass; user unknown
Mar 29 04:38:39 cls sshd[646585]: pam_unix(sshd:auth): authentication failure; logname= uid=0 euid=0 tty=ssh ruser= rhost=206.123.145.46 
Mar 29 04:38:39 cls sshd[646577]: Failed password for invalid user mox from 206.123.145.73 port 64916 ssh2
Mar 29 04:38:41 cls sshd[646585]: Failed password for invalid user galaxy from 206.123.145.46 port 24846 ssh2
Mar 29 04:38:41 cls sshd[646577]: Connection closed by invalid user mox 206.123.145.73 port 64916 [preauth]
Mar 29 04:38:42 cls sshd[646588]: Invalid user csh from 206.123.145.76 port 54912
Mar 29 04:38:42 cls sshd[646585]: Connection closed by invalid user galaxy 206.123.145.46 port 24846 [preauth]
Mar 29 04:38:44 cls sshd[646587]: Invalid user wangjs from 206.123.145.54 port 54864
Mar 29 04:38:45 cls sshd[646587]: pam_unix(sshd:auth): check pass; user unknown
Mar 29 04:38:45 cls sshd[646587]: pam_unix(sshd:auth): authentication failure; logname= uid=0 euid=0 tty=ssh ruser= rhost=206.123.145.54 
Mar 29 04:38:45 cls sshd[646588]: pam_unix(sshd:auth): check pass; user unknown
Mar 29 04:38:45 cls sshd[646588]: pam_unix(sshd:auth): authentication failure; logname= uid=0 euid=0 tty=ssh ruser= rhost=206.123.145.76 
Mar 29 04:38:47 cls sshd[646587]: Failed password for invalid user wangjs from 206.123.145.54 port 54864 ssh2
Mar 29 04:38:47 cls sshd[646588]: Failed password for invalid user csh from 206.123.145.76 port 54912 ssh2
Mar 29 04:38:51 cls sshd[646588]: Connection closed by invalid user csh 206.123.145.76 port 54912 [preauth]
Mar 29 04:38:52 cls sshd[646587]: Connection closed by invalid user wangjs 206.123.145.54 port 54864 [preauth]
Mar 29 04:38:58 cls sshd[646591]: pam_unix(sshd:auth): authentication failure; logname= uid=0 euid=0 tty=ssh ruser= rhost=14.103.247.214  user=root
Mar 29 04:39:00 cls sshd[646591]: Failed password for root from 14.103.247.214 port 25088 ssh2
Mar 29 04:39:01 cls sshd[646591]: Received disconnect from 14.103.247.214 port 25088:11: Bye Bye [preauth]
Mar 29 04:39:01 cls sshd[646591]: Disconnected from authenticating user root 14.103.247.214 port 25088 [preauth]
Mar 29 04:39:01 cls CRON[646630]: pam_unix(cron:session): session opened for user root by (uid=0)
Mar 29 04:39:01 cls CRON[646630]: pam_unix(cron:session): session closed for user root
Mar 29 04:39:10 cls sshd[646972]: Invalid user user22 from 130.12.181.106 port 44368
Mar 29 04:39:11 cls sshd[646989]: pam_unix(sshd:auth): authentication failure; logname= uid=0 euid=0 tty=ssh ruser= rhost=123.58.219.234  user=root
Mar 29 04:39:12 cls sshd[646972]: pam_unix(sshd:auth): check pass; user unknown
Mar 29 04:39:12 cls sshd[646972]: pam_unix(sshd:auth): authentication failure; logname= uid=0 euid=0 tty=ssh ruser= rhost=130.12.181.106 
Mar 29 04:39:13 cls sshd[646989]: Failed password for root from 123.58.219.234 port 51842 ssh2
Mar 29 04:39:13 cls sshd[646989]: Received disconnect from 123.58.219.234 port 51842:11: Bye Bye [preauth]
Mar 29 04:39:13 cls sshd[646989]: Disconnected from authenticating user root 123.58.219.234 port 51842 [preauth]
Mar 29 04:39:15 cls sshd[646972]: Failed password for invalid user user22 from 130.12.181.106 port 44368 ssh2
Mar 29 04:39:15 cls sshd[646986]: Invalid user xinghaitao from 130.12.181.108 port 4362
Mar 29 04:39:17 cls sshd[646985]: Invalid user text from 206.123.145.52 port 40474
Mar 29 04:39:17 cls sshd[646986]: pam_unix(sshd:auth): check pass; user unknown
Mar 29 04:39:17 cls sshd[646986]: pam_unix(sshd:auth): authentication failure; logname= uid=0 euid=0 tty=ssh ruser= rhost=130.12.181.108 
Mar 29 04:39:19 cls sshd[646972]: Connection closed by invalid user user22 130.12.181.106 port 44368 [preauth]
Mar 29 04:39:19 cls sshd[646985]: pam_unix(sshd:auth): check pass; user unknown
Mar 29 04:39:19 cls sshd[646985]: pam_unix(sshd:auth): authentication failure; logname= uid=0 euid=0 tty=ssh ruser= rhost=206.123.145.52 
Mar 29 04:39:19 cls sshd[646986]: Failed password for invalid user xinghaitao from 130.12.181.108 port 4362 ssh2
Mar 29 04:39:22 cls sshd[646985]: Failed password for invalid user text from 206.123.145.52 port 40474 ssh2
Mar 29 04:39:22 cls sshd[646986]: Connection closed by invalid user xinghaitao 130.12.181.108 port 4362 [preauth]
Mar 29 04:39:24 cls sshd[646985]: Connection closed by invalid user text 206.123.145.52 port 40474 [preauth]
Mar 29 04:39:59 cls sshd[647005]: pam_unix(sshd:auth): authentication failure; logname= uid=0 euid=0 tty=ssh ruser= rhost=41.59.86.232  user=root
Mar 29 04:40:01 cls sshd[647005]: Failed password for root from 41.59.86.232 port 41824 ssh2
Mar 29 04:40:02 cls sshd[647005]: Received disconnect from 41.59.86.232 port 41824:11: Bye Bye [preauth]
Mar 29 04:40:02 cls sshd[647005]: Disconnected from authenticating user root 41.59.86.232 port 41824 [preauth]
Mar 29 04:40:07 cls sshd[647009]: pam_unix(sshd:auth): authentication failure; logname= uid=0 euid=0 tty=ssh ruser= rhost=43.132.227.251  user=root
Mar 29 04:40:09 cls sshd[647009]: Failed password for root from 43.132.227.251 port 54656 ssh2
Mar 29 04:40:10 cls sshd[647009]: Received disconnect from 43.132.227.251 port 54656:11: Bye Bye [preauth]
Mar 29 04:40:10 cls sshd[647009]: Disconnected from authenticating user root 43.132.227.251 port 54656 [preauth]
Mar 29 04:40:42 cls sshd[647031]: pam_unix(sshd:auth): authentication failure; logname= uid=0 euid=0 tty=ssh ruser= rhost=103.91.246.101  user=root
Mar 29 04:40:44 cls sshd[647027]: Invalid user xiabo from 130.12.181.109 port 49520
Mar 29 04:40:44 cls sshd[647031]: Failed password for root from 103.91.246.101 port 48898 ssh2
Mar 29 04:40:45 cls sshd[647027]: pam_unix(sshd:auth): check pass; user unknown
Mar 29 04:40:45 cls sshd[647027]: pam_unix(sshd:auth): authentication failure; logname= uid=0 euid=0 tty=ssh ruser= rhost=130.12.181.109 
Mar 29 04:40:47 cls sshd[647027]: Failed password for invalid user xiabo from 130.12.181.109 port 49520 ssh2
Mar 29 04:40:47 cls sshd[647031]: Received disconnect from 103.91.246.101 port 48898:11: Bye Bye [preauth]
Mar 29 04:40:47 cls sshd[647031]: Disconnected from authenticating user root 103.91.246.101 port 48898 [preauth]
Mar 29 04:40:48 cls sshd[647030]: Invalid user test from 206.123.145.79 port 52892
Mar 29 04:40:49 cls sshd[647030]: pam_unix(sshd:auth): check pass; user unknown
Mar 29 04:40:49 cls sshd[647030]: pam_unix(sshd:auth): authentication failure; logname= uid=0 euid=0 tty=ssh ruser= rhost=206.123.145.79 
Mar 29 04:40:49 cls sshd[647027]: Connection closed by invalid user xiabo 130.12.181.109 port 49520 [preauth]
Mar 29 04:40:51 cls sshd[647029]: pam_unix(sshd:auth): authentication failure; logname= uid=0 euid=0 tty=ssh ruser= rhost=130.12.181.102  user=mysql
Mar 29 04:40:51 cls sshd[647030]: Failed password for invalid user test from 206.123.145.79 port 52892 ssh2
Mar 29 04:40:53 cls sshd[647029]: Failed password for mysql from 130.12.181.102 port 52852 ssh2
Mar 29 04:40:54 cls sshd[647030]: Connection closed by invalid user test 206.123.145.79 port 52892 [preauth]
Mar 29 04:40:54 cls sshd[647035]: Invalid user admin from 130.12.181.100 port 39648
Mar 29 04:40:56 cls sshd[647037]: pam_unix(sshd:auth): authentication failure; logname= uid=0 euid=0 tty=ssh ruser= rhost=185.236.25.178  user=root
Mar 29 04:40:56 cls sshd[647035]: pam_unix(sshd:auth): check pass; user unknown
Mar 29 04:40:56 cls sshd[647035]: pam_unix(sshd:auth): authentication failure; logname= uid=0 euid=0 tty=ssh ruser= rhost=130.12.181.100 
Mar 29 04:40:57 cls sshd[647029]: Connection closed by authenticating user mysql 130.12.181.102 port 52852 [preauth]
Mar 29 04:40:57 cls sshd[647037]: Failed password for root from 185.236.25.178 port 36600 ssh2
Mar 29 04:40:58 cls sshd[647035]: Failed password for invalid user admin from 130.12.181.100 port 39648 ssh2
Mar 29 04:40:58 cls sshd[647037]: Received disconnect from 185.236.25.178 port 36600:11: Bye Bye [preauth]
Mar 29 04:40:58 cls sshd[647037]: Disconnected from authenticating user root 185.236.25.178 port 36600 [preauth]
Mar 29 04:41:00 cls sshd[647035]: Connection closed by invalid user admin 130.12.181.100 port 39648 [preauth]
Mar 29 04:41:10 cls sshd[647040]: Invalid user test from 206.123.145.20 port 44636
Mar 29 04:41:11 cls sshd[647040]: pam_unix(sshd:auth): check pass; user unknown
Mar 29 04:41:11 cls sshd[647040]: pam_unix(sshd:auth): authentication failure; logname= uid=0 euid=0 tty=ssh ruser= rhost=206.123.145.20 
Mar 29 04:41:12 cls sshd[647042]: Invalid user hewei from 206.123.145.69 port 56412
Mar 29 04:41:12 cls sshd[647040]: Failed password for invalid user test from 206.123.145.20 port 44636 ssh2
Mar 29 04:41:14 cls sshd[647042]: pam_unix(sshd:auth): check pass; user unknown
Mar 29 04:41:14 cls sshd[647042]: pam_unix(sshd:auth): authentication failure; logname= uid=0 euid=0 tty=ssh ruser= rhost=206.123.145.69 
Mar 29 04:41:16 cls sshd[647042]: Failed password for invalid user hewei from 206.123.145.69 port 56412 ssh2
Mar 29 04:41:17 cls sshd[647040]: Connection closed by invalid user test 206.123.145.20 port 44636 [preauth]
Mar 29 04:41:18 cls sshd[647042]: Connection closed by invalid user hewei 206.123.145.69 port 56412 [preauth]
Mar 29 04:41:21 cls sshd[647050]: pam_unix(sshd:auth): authentication failure; logname= uid=0 euid=0 tty=ssh ruser= rhost=57.128.223.80  user=root
Mar 29 04:41:22 cls sshd[647050]: Failed password for root from 57.128.223.80 port 50752 ssh2
Mar 29 04:41:23 cls sshd[647050]: Received disconnect from 57.128.223.80 port 50752:11: Bye Bye [preauth]
Mar 29 04:41:23 cls sshd[647050]: Disconnected from authenticating user root 57.128.223.80 port 50752 [preauth]
Mar 29 04:41:40 cls sshd[647058]: pam_unix(sshd:auth): authentication failure; logname= uid=0 euid=0 tty=ssh ruser= rhost=152.32.163.183  user=root
Mar 29 04:41:42 cls sshd[647058]: Failed password for root from 152.32.163.183 port 37394 ssh2
Mar 29 04:41:43 cls sshd[647058]: Received disconnect from 152.32.163.183 port 37394:11: Bye Bye [preauth]
Mar 29 04:41:43 cls sshd[647058]: Disconnected from authenticating user root 152.32.163.183 port 37394 [preauth]
Mar 29 04:41:57 cls sshd[647060]: pam_unix(sshd:auth): authentication failure; logname= uid=0 euid=0 tty=ssh ruser= rhost=45.119.84.54  user=root
Mar 29 04:41:59 cls sshd[647060]: Failed password for root from 45.119.84.54 port 43480 ssh2
Mar 29 04:42:00 cls sshd[647060]: Received disconnect from 45.119.84.54 port 43480:11: Bye Bye [preauth]
Mar 29 04:42:00 cls sshd[647060]: Disconnected from authenticating user root 45.119.84.54 port 43480 [preauth]
Mar 29 04:42:19 cls sshd[647068]: Invalid user datauser from 206.123.145.57 port 27406
Mar 29 04:42:20 cls sshd[647075]: pam_unix(sshd:auth): authentication failure; logname= uid=0 euid=0 tty=ssh ruser= rhost=123.58.219.234  user=root
Mar 29 04:42:20 cls sshd[647068]: pam_unix(sshd:auth): check pass; user unknown
Mar 29 04:42:20 cls sshd[647068]: pam_unix(sshd:auth): authentication failure; logname= uid=0 euid=0 tty=ssh ruser= rhost=206.123.145.57 
Mar 29 04:42:21 cls sshd[647075]: Failed password for root from 123.58.219.234 port 42042 ssh2
Mar 29 04:42:22 cls sshd[647068]: Failed password for invalid user datauser from 206.123.145.57 port 27406 ssh2
Mar 29 04:42:22 cls sshd[647075]: Received disconnect from 123.58.219.234 port 42042:11: Bye Bye [preauth]
Mar 29 04:42:22 cls sshd[647075]: Disconnected from authenticating user root 123.58.219.234 port 42042 [preauth]
Mar 29 04:42:26 cls sshd[647068]: Connection closed by invalid user datauser 206.123.145.57 port 27406 [preauth]
Mar 29 04:42:27 cls sshd[647074]: Invalid user whq from 130.12.181.99 port 54308
Mar 29 04:42:29 cls sshd[647074]: pam_unix(sshd:auth): check pass; user unknown
Mar 29 04:42:29 cls sshd[647074]: pam_unix(sshd:auth): authentication failure; logname= uid=0 euid=0 tty=ssh ruser= rhost=130.12.181.99 
Mar 29 04:42:29 cls sshd[647082]: Invalid user darshb from 206.123.145.78 port 26278
Mar 29 04:42:31 cls sshd[647074]: Failed password for invalid user whq from 130.12.181.99 port 54308 ssh2
Mar 29 04:42:32 cls sshd[647082]: pam_unix(sshd:auth): check pass; user unknown
Mar 29 04:42:32 cls sshd[647082]: pam_unix(sshd:auth): authentication failure; logname= uid=0 euid=0 tty=ssh ruser= rhost=206.123.145.78 
Mar 29 04:42:33 cls sshd[647074]: Connection closed by invalid user whq 130.12.181.99 port 54308 [preauth]
Mar 29 04:42:34 cls sshd[647082]: Failed password for invalid user darshb from 206.123.145.78 port 26278 ssh2
Mar 29 04:42:36 cls sshd[647082]: Connection closed by invalid user darshb 206.123.145.78 port 26278 [preauth]
Mar 29 04:42:49 cls sshd[647104]: pam_unix(sshd:auth): authentication failure; logname= uid=0 euid=0 tty=ssh ruser= rhost=103.179.56.44  user=root
Mar 29 04:42:52 cls sshd[647104]: Failed password for root from 103.179.56.44 port 45642 ssh2
Mar 29 04:42:52 cls sshd[647104]: Received disconnect from 103.179.56.44 port 45642:11: Bye Bye [preauth]
Mar 29 04:42:52 cls sshd[647104]: Disconnected from authenticating user root 103.179.56.44 port 45642 [preauth]
Mar 29 04:43:01 cls sshd[647106]: Invalid user terra from 206.123.145.49 port 10042
Mar 29 04:43:04 cls sshd[647106]: pam_unix(sshd:auth): check pass; user unknown
Mar 29 04:43:04 cls sshd[647106]: pam_unix(sshd:auth): authentication failure; logname= uid=0 euid=0 tty=ssh ruser= rhost=206.123.145.49 
Mar 29 04:43:05 cls sshd[647106]: Failed password for invalid user terra from 206.123.145.49 port 10042 ssh2
Mar 29 04:43:08 cls sshd[647106]: Connection closed by invalid user terra 206.123.145.49 port 10042 [preauth]
Mar 29 04:43:13 cls sshd[647108]: pam_unix(sshd:auth): authentication failure; logname= uid=0 euid=0 tty=ssh ruser= rhost=206.123.145.55  user=root
Mar 29 04:43:15 cls sshd[647108]: Failed password for root from 206.123.145.55 port 12974 ssh2
Mar 29 04:43:17 cls sshd[647114]: Invalid user chzhang from 206.123.145.50 port 34278
Mar 29 04:43:18 cls sshd[647108]: Connection closed by authenticating user root 206.123.145.55 port 12974 [preauth]
Mar 29 04:43:20 cls sshd[647114]: pam_unix(sshd:auth): check pass; user unknown
Mar 29 04:43:20 cls sshd[647114]: pam_unix(sshd:auth): authentication failure; logname= uid=0 euid=0 tty=ssh ruser= rhost=206.123.145.50 
Mar 29 04:43:22 cls sshd[647114]: Failed password for invalid user chzhang from 206.123.145.50 port 34278 ssh2
Mar 29 04:43:25 cls sshd[647114]: Connection closed by invalid user chzhang 206.123.145.50 port 34278 [preauth]
Mar 29 04:43:33 cls sshd[647126]: Invalid user colab from 130.12.181.98 port 23166
Mar 29 04:43:35 cls sshd[647126]: pam_unix(sshd:auth): check pass; user unknown
Mar 29 04:43:35 cls sshd[647126]: pam_unix(sshd:auth): authentication failure; logname= uid=0 euid=0 tty=ssh ruser= rhost=130.12.181.98 
Mar 29 04:43:37 cls sshd[647126]: Failed password for invalid user colab from 130.12.181.98 port 23166 ssh2
Mar 29 04:43:38 cls sshd[647142]: pam_unix(sshd:auth): authentication failure; logname= uid=0 euid=0 tty=ssh ruser= rhost=41.59.86.232  user=root
Mar 29 04:43:39 cls sshd[647126]: Connection closed by invalid user colab 130.12.181.98 port 23166 [preauth]
Mar 29 04:43:39 cls sshd[647142]: Failed password for root from 41.59.86.232 port 46348 ssh2
Mar 29 04:43:41 cls sshd[647142]: Received disconnect from 41.59.86.232 port 46348:11: Bye Bye [preauth]
Mar 29 04:43:41 cls sshd[647142]: Disconnected from authenticating user root 41.59.86.232 port 46348 [preauth]
Mar 29 04:43:46 cls sshd[647148]: pam_unix(sshd:auth): authentication failure; logname= uid=0 euid=0 tty=ssh ruser= rhost=43.132.227.251  user=root
Mar 29 04:43:48 cls sshd[647148]: Failed password for root from 43.132.227.251 port 33038 ssh2
Mar 29 04:43:49 cls sshd[647148]: Received disconnect from 43.132.227.251 port 33038:11: Bye Bye [preauth]
Mar 29 04:43:49 cls sshd[647148]: Disconnected from authenticating user root 43.132.227.251 port 33038 [preauth]
Mar 29 04:43:54 cls sshd[647154]: pam_unix(sshd:auth): authentication failure; logname= uid=0 euid=0 tty=ssh ruser= rhost=103.91.246.101  user=root
Mar 29 04:43:56 cls sshd[647154]: Failed password for root from 103.91.246.101 port 56544 ssh2
Mar 29 04:43:57 cls sshd[647154]: Received disconnect from 103.91.246.101 port 56544:11: Bye Bye [preauth]
Mar 29 04:43:57 cls sshd[647154]: Disconnected from authenticating user root 103.91.246.101 port 56544 [preauth]
Mar 29 04:44:19 cls sshd[647160]: pam_unix(sshd:auth): authentication failure; logname= uid=0 euid=0 tty=ssh ruser= rhost=206.123.145.74  user=root
Mar 29 04:44:21 cls sshd[647160]: Failed password for root from 206.123.145.74 port 16356 ssh2
Mar 29 04:44:23 cls sshd[647160]: Connection closed by authenticating user root 206.123.145.74 port 16356 [preauth]
Mar 29 04:44:27 cls sshd[647164]: pam_unix(sshd:auth): authentication failure; logname= uid=0 euid=0 tty=ssh ruser= rhost=57.128.223.80  user=root
Mar 29 04:44:29 cls sshd[647164]: Failed password for root from 57.128.223.80 port 59668 ssh2
Mar 29 04:44:30 cls sshd[647164]: Received disconnect from 57.128.223.80 port 59668:11: Bye Bye [preauth]
Mar 29 04:44:30 cls sshd[647164]: Disconnected from authenticating user root 57.128.223.80 port 59668 [preauth]
Mar 29 04:44:35 cls sshd[647166]: Invalid user wjh from 206.123.145.56 port 13936
Mar 29 04:44:36 cls sshd[647166]: pam_unix(sshd:auth): check pass; user unknown
Mar 29 04:44:36 cls sshd[647166]: pam_unix(sshd:auth): authentication failure; logname= uid=0 euid=0 tty=ssh ruser= rhost=206.123.145.56 
Mar 29 04:44:38 cls sshd[647166]: Failed password for invalid user wjh from 206.123.145.56 port 13936 ssh2
Mar 29 04:44:42 cls sshd[647170]: Invalid user xuekaiwen from 130.12.181.97 port 15210
Mar 29 04:44:43 cls sshd[647166]: Connection closed by invalid user wjh 206.123.145.56 port 13936 [preauth]
Mar 29 04:44:44 cls sshd[647170]: pam_unix(sshd:auth): check pass; user unknown
Mar 29 04:44:44 cls sshd[647170]: pam_unix(sshd:auth): authentication failure; logname= uid=0 euid=0 tty=ssh ruser= rhost=130.12.181.97 
Mar 29 04:44:46 cls sshd[647170]: Failed password for invalid user xuekaiwen from 130.12.181.97 port 15210 ssh2
Mar 29 04:44:49 cls sshd[647170]: Connection closed by invalid user xuekaiwen 130.12.181.97 port 15210 [preauth]
Mar 29 04:44:55 cls sshd[647184]: Invalid user oraprod from 130.12.181.101 port 24786
Mar 29 04:44:57 cls sshd[647184]: pam_unix(sshd:auth): check pass; user unknown
Mar 29 04:44:57 cls sshd[647184]: pam_unix(sshd:auth): authentication failure; logname= uid=0 euid=0 tty=ssh ruser= rhost=130.12.181.101 
Mar 29 04:44:59 cls sshd[647184]: Failed password for invalid user oraprod from 130.12.181.101 port 24786 ssh2
Mar 29 04:45:01 cls sshd[647184]: Connection closed by invalid user oraprod 130.12.181.101 port 24786 [preauth]
Mar 29 04:45:20 cls sshd[647188]: Invalid user francesco from 206.123.145.77 port 32622
Mar 29 04:45:21 cls sshd[647188]: pam_unix(sshd:auth): check pass; user unknown
Mar 29 04:45:21 cls sshd[647188]: pam_unix(sshd:auth): authentication failure; logname= uid=0 euid=0 tty=ssh ruser= rhost=206.123.145.77 
Mar 29 04:45:23 cls sshd[647188]: Failed password for invalid user francesco from 206.123.145.77 port 32622 ssh2
Mar 29 04:45:23 cls sshd[647195]: pam_unix(sshd:auth): authentication failure; logname= uid=0 euid=0 tty=ssh ruser= rhost=123.58.219.234  user=root
Mar 29 04:45:25 cls sshd[647195]: Failed password for root from 123.58.219.234 port 45764 ssh2
Mar 29 04:45:25 cls sshd[647192]: pam_unix(sshd:auth): authentication failure; logname= uid=0 euid=0 tty=ssh ruser= rhost=206.123.145.71  user=root
Mar 29 04:45:26 cls sshd[647188]: Connection closed by invalid user francesco 206.123.145.77 port 32622 [preauth]
Mar 29 04:45:26 cls sshd[647195]: Received disconnect from 123.58.219.234 port 45764:11: Bye Bye [preauth]
Mar 29 04:45:26 cls sshd[647195]: Disconnected from authenticating user root 123.58.219.234 port 45764 [preauth]
Mar 29 04:45:28 cls sshd[647192]: Failed password for root from 206.123.145.71 port 59732 ssh2
Mar 29 04:45:31 cls sshd[647194]: Invalid user seho from 206.123.145.70 port 26324
Mar 29 04:45:31 cls sshd[647192]: Connection closed by authenticating user root 206.123.145.71 port 59732 [preauth]
Mar 29 04:45:33 cls sshd[647194]: pam_unix(sshd:auth): check pass; user unknown
Mar 29 04:45:33 cls sshd[647194]: pam_unix(sshd:auth): authentication failure; logname= uid=0 euid=0 tty=ssh ruser= rhost=206.123.145.70 
Mar 29 04:45:35 cls sshd[647194]: Failed password for invalid user seho from 206.123.145.70 port 26324 ssh2
Mar 29 04:45:35 cls sshd[647198]: Invalid user jhong from 206.123.145.72 port 54940
Mar 29 04:45:37 cls sshd[647194]: Connection closed by invalid user seho 206.123.145.70 port 26324 [preauth]
Mar 29 04:45:37 cls sshd[647198]: pam_unix(sshd:auth): check pass; user unknown
Mar 29 04:45:37 cls sshd[647198]: pam_unix(sshd:auth): authentication failure; logname= uid=0 euid=0 tty=ssh ruser= rhost=206.123.145.72 
Mar 29 04:45:40 cls sshd[647198]: Failed password for invalid user jhong from 206.123.145.72 port 54940 ssh2
Mar 29 04:45:40 cls sshd[647202]: Invalid user caohanghang from 130.12.181.105 port 32674
Mar 29 04:45:42 cls sshd[647202]: pam_unix(sshd:auth): check pass; user unknown
Mar 29 04:45:42 cls sshd[647202]: pam_unix(sshd:auth): authentication failure; logname= uid=0 euid=0 tty=ssh ruser= rhost=130.12.181.105 
Mar 29 04:45:42 cls sshd[647198]: Connection closed by invalid user jhong 206.123.145.72 port 54940 [preauth]
Mar 29 04:45:44 cls sshd[647202]: Failed password for invalid user caohanghang from 130.12.181.105 port 32674 ssh2
Mar 29 04:45:47 cls sshd[647202]: Connection closed by invalid user caohanghang 130.12.181.105 port 32674 [preauth]
Mar 29 04:45:57 cls sshd[647217]: pam_unix(sshd:auth): authentication failure; logname= uid=0 euid=0 tty=ssh ruser= rhost=185.236.25.178  user=root
Mar 29 04:45:59 cls sshd[647217]: Failed password for root from 185.236.25.178 port 44784 ssh2
Mar 29 04:45:59 cls sshd[647220]: pam_unix(sshd:auth): authentication failure; logname= uid=0 euid=0 tty=ssh ruser= rhost=14.103.247.214  user=root
Mar 29 04:46:00 cls sshd[647217]: Received disconnect from 185.236.25.178 port 44784:11: Bye Bye [preauth]
Mar 29 04:46:00 cls sshd[647217]: Disconnected from authenticating user root 185.236.25.178 port 44784 [preauth]
Mar 29 04:46:01 cls sshd[647220]: Failed password for root from 14.103.247.214 port 17290 ssh2
Mar 29 04:46:03 cls sshd[647219]: Invalid user doc from 130.12.181.103 port 25670
Mar 29 04:46:05 cls sshd[647219]: pam_unix(sshd:auth): check pass; user unknown
Mar 29 04:46:05 cls sshd[647219]: pam_unix(sshd:auth): authentication failure; logname= uid=0 euid=0 tty=ssh ruser= rhost=130.12.181.103 
Mar 29 04:46:07 cls sshd[647219]: Failed password for invalid user doc from 130.12.181.103 port 25670 ssh2
Mar 29 04:46:09 cls sshd[647219]: Connection closed by invalid user doc 130.12.181.103 port 25670 [preauth]
Mar 29 04:46:26 cls sshd[647231]: Invalid user admin from 206.123.145.75 port 36016
Mar 29 04:46:29 cls sshd[647231]: pam_unix(sshd:auth): check pass; user unknown
Mar 29 04:46:29 cls sshd[647231]: pam_unix(sshd:auth): authentication failure; logname= uid=0 euid=0 tty=ssh ruser= rhost=206.123.145.75 
Mar 29 04:46:29 cls sshd[647235]: pam_unix(sshd:auth): authentication failure; logname= uid=0 euid=0 tty=ssh ruser= rhost=45.119.84.54  user=root
Mar 29 04:46:31 cls sshd[647231]: Failed password for invalid user admin from 206.123.145.75 port 36016 ssh2
Mar 29 04:46:31 cls sshd[647235]: Failed password for root from 45.119.84.54 port 52132 ssh2
Mar 29 04:46:32 cls sshd[647235]: Received disconnect from 45.119.84.54 port 52132:11: Bye Bye [preauth]
Mar 29 04:46:32 cls sshd[647235]: Disconnected from authenticating user root 45.119.84.54 port 52132 [preauth]
Mar 29 04:46:34 cls sshd[647233]: Invalid user guest from 130.12.181.104 port 58234
Mar 29 04:46:34 cls sshd[647231]: Connection closed by invalid user admin 206.123.145.75 port 36016 [preauth]
Mar 29 04:46:36 cls sshd[647233]: pam_unix(sshd:auth): check pass; user unknown
Mar 29 04:46:36 cls sshd[647233]: pam_unix(sshd:auth): authentication failure; logname= uid=0 euid=0 tty=ssh ruser= rhost=130.12.181.104 
Mar 29 04:46:38 cls sshd[647233]: Failed password for invalid user guest from 130.12.181.104 port 58234 ssh2
Mar 29 04:46:40 cls sshd[647233]: Connection closed by invalid user guest 130.12.181.104 port 58234 [preauth]
Mar 29 04:46:51 cls sshd[647254]: Invalid user user from 206.123.145.48 port 26978
Mar 29 04:46:51 cls sshd[647255]: Invalid user huangyh from 206.123.145.53 port 20080
Mar 29 04:46:52 cls sshd[647254]: pam_unix(sshd:auth): check pass; user unknown
Mar 29 04:46:52 cls sshd[647254]: pam_unix(sshd:auth): authentication failure; logname= uid=0 euid=0 tty=ssh ruser= rhost=206.123.145.48 
Mar 29 04:46:52 cls sshd[647255]: pam_unix(sshd:auth): check pass; user unknown
Mar 29 04:46:52 cls sshd[647255]: pam_unix(sshd:auth): authentication failure; logname= uid=0 euid=0 tty=ssh ruser= rhost=206.123.145.53 
Mar 29 04:46:55 cls sshd[647254]: Failed password for invalid user user from 206.123.145.48 port 26978 ssh2
Mar 29 04:46:55 cls sshd[647255]: Failed password for invalid user huangyh from 206.123.145.53 port 20080 ssh2
Mar 29 04:46:56 cls sshd[647254]: Connection closed by invalid user user 206.123.145.48 port 26978 [preauth]
Mar 29 04:46:57 cls sshd[647258]: Invalid user devops from 130.12.181.107 port 57908
Mar 29 04:46:59 cls sshd[647258]: pam_unix(sshd:auth): check pass; user unknown
Mar 29 04:46:59 cls sshd[647258]: pam_unix(sshd:auth): authentication failure; logname= uid=0 euid=0 tty=ssh ruser= rhost=130.12.181.107 
Mar 29 04:47:01 cls sshd[647255]: Connection closed by invalid user huangyh 206.123.145.53 port 20080 [preauth]
Mar 29 04:47:01 cls sshd[647258]: Failed password for invalid user devops from 130.12.181.107 port 57908 ssh2
Mar 29 04:47:04 cls sshd[647258]: Connection closed by invalid user devops 130.12.181.107 port 57908 [preauth]
Mar 29 04:47:14 cls sshd[647260]: pam_unix(sshd:auth): authentication failure; logname= uid=0 euid=0 tty=ssh ruser= rhost=103.91.246.101  user=root
Mar 29 04:47:15 cls sshd[647260]: Failed password for root from 103.91.246.101 port 57982 ssh2
Mar 29 04:47:15 cls sshd[647260]: Received disconnect from 103.91.246.101 port 57982:11: Bye Bye [preauth]
Mar 29 04:47:15 cls sshd[647260]: Disconnected from authenticating user root 103.91.246.101 port 57982 [preauth]
Mar 29 04:47:17 cls sshd[647262]: pam_unix(sshd:auth): authentication failure; logname= uid=0 euid=0 tty=ssh ruser= rhost=152.32.163.183  user=root
Mar 29 04:47:20 cls sshd[647262]: Failed password for root from 152.32.163.183 port 45744 ssh2
Mar 29 04:47:20 cls sshd[647264]: pam_unix(sshd:auth): authentication failure; logname= uid=0 euid=0 tty=ssh ruser= rhost=41.59.86.232  user=root
Mar 29 04:47:20 cls sshd[647262]: Received disconnect from 152.32.163.183 port 45744:11: Bye Bye [preauth]
Mar 29 04:47:20 cls sshd[647262]: Disconnected from authenticating user root 152.32.163.183 port 45744 [preauth]
Mar 29 04:47:22 cls sshd[647264]: Failed password for root from 41.59.86.232 port 49730 ssh2
Mar 29 04:47:23 cls sshd[647264]: Received disconnect from 41.59.86.232 port 49730:11: Bye Bye [preauth]
Mar 29 04:47:23 cls sshd[647264]: Disconnected from authenticating user root 41.59.86.232 port 49730 [preauth]
Mar 29 04:47:28 cls sshd[647266]: pam_unix(sshd:auth): authentication failure; logname= uid=0 euid=0 tty=ssh ruser= rhost=43.132.227.251  user=root
Mar 29 04:47:31 cls sshd[647266]: Failed password for root from 43.132.227.251 port 39650 ssh2
Mar 29 04:47:31 cls sshd[647266]: Received disconnect from 43.132.227.251 port 39650:11: Bye Bye [preauth]
Mar 29 04:47:31 cls sshd[647266]: Disconnected from authenticating user root 43.132.227.251 port 39650 [preauth]
Mar 29 04:47:40 cls sshd[647268]: pam_unix(sshd:auth): authentication failure; logname= uid=0 euid=0 tty=ssh ruser= rhost=57.128.223.80  user=root
Mar 29 04:47:42 cls sshd[647268]: Failed password for root from 57.128.223.80 port 44688 ssh2
Mar 29 04:47:43 cls sshd[647268]: Received disconnect from 57.128.223.80 port 44688:11: Bye Bye [preauth]
Mar 29 04:47:43 cls sshd[647268]: Disconnected from authenticating user root 57.128.223.80 port 44688 [preauth]
Mar 29 04:47:55 cls sshd[647273]: pam_unix(sshd:auth): authentication failure; logname= uid=0 euid=0 tty=ssh ruser= rhost=103.179.56.44  user=root
Mar 29 04:47:57 cls sshd[647273]: Failed password for root from 103.179.56.44 port 41894 ssh2
Mar 29 04:47:57 cls sshd[647273]: Received disconnect from 103.179.56.44 port 41894:11: Bye Bye [preauth]
Mar 29 04:47:57 cls sshd[647273]: Disconnected from authenticating user root 103.179.56.44 port 41894 [preauth]
Mar 29 04:48:03 cls sshd[647270]: pam_unix(sshd:auth): authentication failure; logname= uid=0 euid=0 tty=ssh ruser= rhost=206.123.145.51  user=root
Mar 29 04:48:06 cls sshd[647270]: Failed password for root from 206.123.145.51 port 17318 ssh2
Mar 29 04:48:08 cls sshd[647270]: Connection closed by authenticating user root 206.123.145.51 port 17318 [preauth]
Mar 29 04:48:14 cls sshd[647276]: Invalid user yangxun from 130.12.181.108 port 13508
Mar 29 04:48:17 cls sshd[647276]: pam_unix(sshd:auth): check pass; user unknown
Mar 29 04:48:17 cls sshd[647276]: pam_unix(sshd:auth): authentication failure; logname= uid=0 euid=0 tty=ssh ruser= rhost=130.12.181.108 
Mar 29 04:48:19 cls sshd[647276]: Failed password for invalid user yangxun from 130.12.181.108 port 13508 ssh2
Mar 29 04:48:20 cls sshd[647278]: Invalid user WFX from 206.123.145.76 port 12704
Mar 29 04:48:21 cls sshd[647278]: pam_unix(sshd:auth): check pass; user unknown
Mar 29 04:48:21 cls sshd[647278]: pam_unix(sshd:auth): authentication failure; logname= uid=0 euid=0 tty=ssh ruser= rhost=206.123.145.76 
Mar 29 04:48:23 cls sshd[647276]: Connection closed by invalid user yangxun 130.12.181.108 port 13508 [preauth]
Mar 29 04:48:23 cls sshd[647278]: Failed password for invalid user WFX from 206.123.145.76 port 12704 ssh2
Mar 29 04:48:24 cls sshd[647280]: Invalid user gjb from 130.12.181.106 port 32576
Mar 29 04:48:25 cls sshd[647280]: pam_unix(sshd:auth): check pass; user unknown
Mar 29 04:48:25 cls sshd[647280]: pam_unix(sshd:auth): authentication failure; logname= uid=0 euid=0 tty=ssh ruser= rhost=130.12.181.106 
Mar 29 04:48:26 cls sshd[647278]: Connection closed by invalid user WFX 206.123.145.76 port 12704 [preauth]
Mar 29 04:48:28 cls sshd[647280]: Failed password for invalid user gjb from 130.12.181.106 port 32576 ssh2
Mar 29 04:48:30 cls sshd[647282]: pam_unix(sshd:auth): authentication failure; logname= uid=0 euid=0 tty=ssh ruser= rhost=206.123.145.46  user=root
Mar 29 04:48:31 cls sshd[647280]: Connection closed by invalid user gjb 130.12.181.106 port 32576 [preauth]
Mar 29 04:48:32 cls sshd[647282]: Failed password for root from 206.123.145.46 port 52368 ssh2
Mar 29 04:48:34 cls sshd[647284]: pam_unix(sshd:auth): authentication failure; logname= uid=0 euid=0 tty=ssh ruser= rhost=123.58.219.234  user=root
Mar 29 04:48:35 cls sshd[647282]: Connection closed by authenticating user root 206.123.145.46 port 52368 [preauth]
Mar 29 04:48:35 cls sshd[647284]: Failed password for root from 123.58.219.234 port 46226 ssh2
Mar 29 04:48:36 cls sshd[647284]: Received disconnect from 123.58.219.234 port 46226:11: Bye Bye [preauth]
Mar 29 04:48:36 cls sshd[647284]: Disconnected from authenticating user root 123.58.219.234 port 46226 [preauth]
Mar 29 04:48:40 cls sshd[647286]: Invalid user default from 206.123.145.54 port 6896
Mar 29 04:48:41 cls sshd[647286]: pam_unix(sshd:auth): check pass; user unknown
Mar 29 04:48:41 cls sshd[647286]: pam_unix(sshd:auth): authentication failure; logname= uid=0 euid=0 tty=ssh ruser= rhost=206.123.145.54 
Mar 29 04:48:43 cls sshd[647286]: Failed password for invalid user default from 206.123.145.54 port 6896 ssh2
Mar 29 04:48:46 cls sshd[647286]: Connection closed by invalid user default 206.123.145.54 port 6896 [preauth]
Mar 29 04:48:59 cls sshd[647302]: pam_unix(sshd:auth): authentication failure; logname= uid=0 euid=0 tty=ssh ruser= rhost=206.123.145.73  user=root
Mar 29 04:49:01 cls sshd[647302]: Failed password for root from 206.123.145.73 port 11374 ssh2
Mar 29 04:49:04 cls sshd[647302]: Connection closed by authenticating user root 206.123.145.73 port 11374 [preauth]
Mar 29 04:49:19 cls sshd[647304]: Invalid user lan from 206.123.145.52 port 28750
Mar 29 04:49:20 cls sshd[647304]: pam_unix(sshd:auth): check pass; user unknown
Mar 29 04:49:20 cls sshd[647304]: pam_unix(sshd:auth): authentication failure; logname= uid=0 euid=0 tty=ssh ruser= rhost=206.123.145.52 
Mar 29 04:49:22 cls sshd[647304]: Failed password for invalid user lan from 206.123.145.52 port 28750 ssh2
Mar 29 04:49:26 cls sshd[647304]: Connection closed by invalid user lan 206.123.145.52 port 28750 [preauth]
Mar 29 04:49:38 cls sshd[647308]: Invalid user zane from 130.12.181.102 port 63756
Mar 29 04:49:40 cls sshd[647308]: pam_unix(sshd:auth): check pass; user unknown
Mar 29 04:49:40 cls sshd[647308]: pam_unix(sshd:auth): authentication failure; logname= uid=0 euid=0 tty=ssh ruser= rhost=130.12.181.102 
Mar 29 04:49:42 cls sshd[647308]: Failed password for invalid user zane from 130.12.181.102 port 63756 ssh2
Mar 29 04:49:46 cls sshd[647308]: Connection closed by invalid user zane 130.12.181.102 port 63756 [preauth]
Mar 29 04:49:49 cls sshd[647312]: Invalid user yuting from 130.12.181.109 port 49268
Mar 29 04:49:51 cls sshd[647312]: pam_unix(sshd:auth): check pass; user unknown
Mar 29 04:49:51 cls sshd[647312]: pam_unix(sshd:auth): authentication failure; logname= uid=0 euid=0 tty=ssh ruser= rhost=130.12.181.109 
Mar 29 04:49:53 cls sshd[647312]: Failed password for invalid user yuting from 130.12.181.109 port 49268 ssh2
Mar 29 04:49:56 cls sshd[647312]: Connection closed by invalid user yuting 130.12.181.109 port 49268 [preauth]
Mar 29 04:50:04 cls sshd[647326]: Invalid user ata from 130.12.181.100 port 56992
Mar 29 04:50:06 cls sshd[647326]: pam_unix(sshd:auth): check pass; user unknown
Mar 29 04:50:06 cls sshd[647326]: pam_unix(sshd:auth): authentication failure; logname= uid=0 euid=0 tty=ssh ruser= rhost=130.12.181.100 
Mar 29 04:50:08 cls sshd[647326]: Failed password for invalid user ata from 130.12.181.100 port 56992 ssh2
Mar 29 04:50:10 cls sshd[647326]: Connection closed by invalid user ata 130.12.181.100 port 56992 [preauth]
Mar 29 04:50:29 cls sshd[647335]: pam_unix(sshd:auth): authentication failure; logname= uid=0 euid=0 tty=ssh ruser= rhost=103.91.246.101  user=root
Mar 29 04:50:31 cls sshd[647335]: Failed password for root from 103.91.246.101 port 39512 ssh2
Mar 29 04:50:31 cls sshd[647335]: Received disconnect from 103.91.246.101 port 39512:11: Bye Bye [preauth]
Mar 29 04:50:31 cls sshd[647335]: Disconnected from authenticating user root 103.91.246.101 port 39512 [preauth]
Mar 29 04:50:52 cls sshd[647349]: pam_unix(sshd:auth): authentication failure; logname= uid=0 euid=0 tty=ssh ruser= rhost=57.128.223.80  user=root
Mar 29 04:50:54 cls sshd[647349]: Failed password for root from 57.128.223.80 port 53572 ssh2
Mar 29 04:50:54 cls sshd[647349]: Received disconnect from 57.128.223.80 port 53572:11: Bye Bye [preauth]
Mar 29 04:50:54 cls sshd[647349]: Disconnected from authenticating user root 57.128.223.80 port 53572 [preauth]
Mar 29 04:50:54 cls sshd[647345]: Invalid user zhangchao5 from 206.123.145.79 port 52380
Mar 29 04:50:56 cls sshd[647345]: pam_unix(sshd:auth): check pass; user unknown
Mar 29 04:50:56 cls sshd[647345]: pam_unix(sshd:auth): authentication failure; logname= uid=0 euid=0 tty=ssh ruser= rhost=206.123.145.79 
Mar 29 04:50:58 cls sshd[647352]: pam_unix(sshd:auth): authentication failure; logname= uid=0 euid=0 tty=ssh ruser= rhost=45.119.84.54  user=root
Mar 29 04:50:58 cls sshd[647345]: Failed password for invalid user zhangchao5 from 206.123.145.79 port 52380 ssh2
Mar 29 04:50:59 cls sshd[647354]: pam_unix(sshd:auth): authentication failure; logname= uid=0 euid=0 tty=ssh ruser= rhost=185.236.25.178  user=root
Mar 29 04:51:00 cls sshd[647345]: Connection closed by invalid user zhangchao5 206.123.145.79 port 52380 [preauth]
Mar 29 04:51:00 cls sshd[647352]: Failed password for root from 45.119.84.54 port 36772 ssh2
Mar 29 04:51:01 cls sshd[647352]: Received disconnect from 45.119.84.54 port 36772:11: Bye Bye [preauth]
Mar 29 04:51:01 cls sshd[647352]: Disconnected from authenticating user root 45.119.84.54 port 36772 [preauth]
Mar 29 04:51:01 cls sshd[647354]: Failed password for root from 185.236.25.178 port 50000 ssh2
Mar 29 04:51:01 cls sshd[647354]: Received disconnect from 185.236.25.178 port 50000:11: Bye Bye [preauth]
Mar 29 04:51:01 cls sshd[647354]: Disconnected from authenticating user root 185.236.25.178 port 50000 [preauth]
Mar 29 04:51:02 cls sshd[647356]: pam_unix(sshd:auth): authentication failure; logname= uid=0 euid=0 tty=ssh ruser= rhost=41.59.86.232  user=root
Mar 29 04:51:04 cls sshd[647356]: Failed password for root from 41.59.86.232 port 45716 ssh2
Mar 29 04:51:04 cls sshd[647356]: Received disconnect from 41.59.86.232 port 45716:11: Bye Bye [preauth]
Mar 29 04:51:04 cls sshd[647356]: Disconnected from authenticating user root 41.59.86.232 port 45716 [preauth]
Mar 29 04:51:09 cls sshd[647368]: pam_unix(sshd:auth): authentication failure; logname= uid=0 euid=0 tty=ssh ruser= rhost=43.132.227.251  user=root
Mar 29 04:51:11 cls sshd[647368]: Failed password for root from 43.132.227.251 port 46262 ssh2
Mar 29 04:51:12 cls sshd[647368]: Received disconnect from 43.132.227.251 port 46262:11: Bye Bye [preauth]
Mar 29 04:51:12 cls sshd[647368]: Disconnected from authenticating user root 43.132.227.251 port 46262 [preauth]
Mar 29 04:51:12 cls sshd[647358]: pam_unix(sshd:auth): authentication failure; logname= uid=0 euid=0 tty=ssh ruser= rhost=130.12.181.98  user=root
Mar 29 04:51:14 cls sshd[647358]: Failed password for root from 130.12.181.98 port 61342 ssh2
