Mar 29 05:08:23 cls sshd[648028]: Connection closed by invalid user samba_user 130.12.181.100 port 19248 [preauth]
Mar 29 05:08:24 cls sshd[648030]: pam_unix(sshd:auth): authentication failure; logname= uid=0 euid=0 tty=ssh ruser= rhost=103.179.56.44  user=root
Mar 29 05:08:26 cls sshd[648030]: Failed password for root from 103.179.56.44 port 54518 ssh2
Mar 29 05:08:27 cls sshd[648030]: Received disconnect from 103.179.56.44 port 54518:11: Bye Bye [preauth]
Mar 29 05:08:27 cls sshd[648030]: Disconnected from authenticating user root 103.179.56.44 port 54518 [preauth]
Mar 29 05:08:42 cls sshd[648032]: Invalid user dev from 206.123.145.76 port 55530
Mar 29 05:08:43 cls sshd[648032]: pam_unix(sshd:auth): check pass; user unknown
Mar 29 05:08:43 cls sshd[648032]: pam_unix(sshd:auth): authentication failure; logname= uid=0 euid=0 tty=ssh ruser= rhost=206.123.145.76 
Mar 29 05:08:43 cls sshd[648034]: Invalid user mfc from 206.123.145.46 port 29968
Mar 29 05:08:44 cls sshd[648032]: Failed password for invalid user dev from 206.123.145.76 port 55530 ssh2
Mar 29 05:08:46 cls sshd[648036]: Invalid user oper from 206.123.145.54 port 63044
Mar 29 05:08:46 cls sshd[648034]: pam_unix(sshd:auth): check pass; user unknown
Mar 29 05:08:46 cls sshd[648034]: pam_unix(sshd:auth): authentication failure; logname= uid=0 euid=0 tty=ssh ruser= rhost=206.123.145.46 
Mar 29 05:08:47 cls sshd[648036]: pam_unix(sshd:auth): check pass; user unknown
Mar 29 05:08:47 cls sshd[648036]: pam_unix(sshd:auth): authentication failure; logname= uid=0 euid=0 tty=ssh ruser= rhost=206.123.145.54 
Mar 29 05:08:48 cls sshd[648034]: Failed password for invalid user mfc from 206.123.145.46 port 29968 ssh2
Mar 29 05:08:48 cls sshd[648032]: Connection closed by invalid user dev 206.123.145.76 port 55530 [preauth]
Mar 29 05:08:49 cls sshd[648042]: pam_unix(sshd:auth): authentication failure; logname= uid=0 euid=0 tty=ssh ruser= rhost=43.132.227.251  user=root
Mar 29 05:08:50 cls sshd[648036]: Failed password for invalid user oper from 206.123.145.54 port 63044 ssh2
Mar 29 05:08:50 cls sshd[648042]: Failed password for root from 43.132.227.251 port 51148 ssh2
Mar 29 05:08:50 cls sshd[648042]: Received disconnect from 43.132.227.251 port 51148:11: Bye Bye [preauth]
Mar 29 05:08:50 cls sshd[648042]: Disconnected from authenticating user root 43.132.227.251 port 51148 [preauth]
Mar 29 05:08:52 cls sshd[648034]: Connection closed by invalid user mfc 206.123.145.46 port 29968 [preauth]
Mar 29 05:08:55 cls sshd[648036]: Connection closed by invalid user oper 206.123.145.54 port 63044 [preauth]
Mar 29 05:08:59 cls sshd[648050]: pam_unix(sshd:auth): authentication failure; logname= uid=0 euid=0 tty=ssh ruser= rhost=45.119.84.54  user=root
Mar 29 05:09:01 cls sshd[648050]: Failed password for root from 45.119.84.54 port 38886 ssh2
Mar 29 05:09:01 cls CRON[648052]: pam_unix(cron:session): session opened for user root by (uid=0)
Mar 29 05:09:01 cls CRON[648052]: pam_unix(cron:session): session closed for user root
Mar 29 05:09:02 cls sshd[648050]: Received disconnect from 45.119.84.54 port 38886:11: Bye Bye [preauth]
Mar 29 05:09:02 cls sshd[648050]: Disconnected from authenticating user root 45.119.84.54 port 38886 [preauth]
Mar 29 05:09:10 cls sshd[648445]: Invalid user openkm from 206.123.145.52 port 61576
Mar 29 05:09:12 cls sshd[648445]: pam_unix(sshd:auth): check pass; user unknown
Mar 29 05:09:12 cls sshd[648445]: pam_unix(sshd:auth): authentication failure; logname= uid=0 euid=0 tty=ssh ruser= rhost=206.123.145.52 
Mar 29 05:09:14 cls sshd[648445]: Failed password for invalid user openkm from 206.123.145.52 port 61576 ssh2
Mar 29 05:09:17 cls sshd[648445]: Connection closed by invalid user openkm 206.123.145.52 port 61576 [preauth]
Mar 29 05:09:38 cls sshd[648449]: pam_unix(sshd:auth): authentication failure; logname= uid=0 euid=0 tty=ssh ruser= rhost=130.12.181.99  user=root
Mar 29 05:09:40 cls sshd[648449]: Failed password for root from 130.12.181.99 port 4418 ssh2
Mar 29 05:09:43 cls sshd[648463]: pam_unix(sshd:auth): authentication failure; logname= uid=0 euid=0 tty=ssh ruser= rhost=41.59.86.232  user=root
Mar 29 05:09:44 cls sshd[648449]: Connection closed by authenticating user root 130.12.181.99 port 4418 [preauth]
Mar 29 05:09:44 cls sshd[648463]: Failed password for root from 41.59.86.232 port 47904 ssh2
Mar 29 05:09:45 cls sshd[648463]: Received disconnect from 41.59.86.232 port 47904:11: Bye Bye [preauth]
Mar 29 05:09:45 cls sshd[648463]: Disconnected from authenticating user root 41.59.86.232 port 47904 [preauth]
Mar 29 05:10:05 cls sshd[648479]: pam_unix(sshd:auth): authentication failure; logname= uid=0 euid=0 tty=ssh ruser= rhost=57.128.223.80  user=root
Mar 29 05:10:07 cls sshd[648479]: Failed password for root from 57.128.223.80 port 39480 ssh2
Mar 29 05:10:08 cls sshd[648479]: Received disconnect from 57.128.223.80 port 39480:11: Bye Bye [preauth]
Mar 29 05:10:08 cls sshd[648479]: Disconnected from authenticating user root 57.128.223.80 port 39480 [preauth]
Mar 29 05:10:09 cls sshd[648467]: pam_unix(sshd:auth): authentication failure; logname= uid=0 euid=0 tty=ssh ruser= rhost=206.123.145.73  user=root
Mar 29 05:10:11 cls sshd[648467]: Failed password for root from 206.123.145.73 port 7502 ssh2
Mar 29 05:10:13 cls sshd[648467]: Connection closed by authenticating user root 206.123.145.73 port 7502 [preauth]
Mar 29 05:10:23 cls sshd[648481]: pam_unix(sshd:auth): authentication failure; logname= uid=0 euid=0 tty=ssh ruser= rhost=103.91.246.101  user=root
Mar 29 05:10:26 cls sshd[648481]: Failed password for root from 103.91.246.101 port 58192 ssh2
Mar 29 05:10:26 cls sshd[648481]: Received disconnect from 103.91.246.101 port 58192:11: Bye Bye [preauth]
Mar 29 05:10:26 cls sshd[648481]: Disconnected from authenticating user root 103.91.246.101 port 58192 [preauth]
Mar 29 05:10:53 cls sshd[648487]: pam_unix(sshd:auth): authentication failure; logname= uid=0 euid=0 tty=ssh ruser= rhost=89.218.69.66  user=root
Mar 29 05:10:56 cls sshd[648487]: Failed password for root from 89.218.69.66 port 58364 ssh2
Mar 29 05:10:58 cls sshd[648487]: Received disconnect from 89.218.69.66 port 58364:11: Bye Bye [preauth]
Mar 29 05:10:58 cls sshd[648487]: Disconnected from authenticating user root 89.218.69.66 port 58364 [preauth]
Mar 29 05:11:36 cls sshd[648516]: Invalid user lusc from 206.123.145.20 port 22740
Mar 29 05:11:37 cls sshd[648516]: pam_unix(sshd:auth): check pass; user unknown
Mar 29 05:11:37 cls sshd[648516]: pam_unix(sshd:auth): authentication failure; logname= uid=0 euid=0 tty=ssh ruser= rhost=206.123.145.20 
Mar 29 05:11:39 cls sshd[648516]: Failed password for invalid user lusc from 206.123.145.20 port 22740 ssh2
Mar 29 05:11:43 cls sshd[648518]: Invalid user jujl1 from 206.123.145.79 port 16502
Mar 29 05:11:43 cls sshd[648516]: Connection closed by invalid user lusc 206.123.145.20 port 22740 [preauth]
Mar 29 05:11:44 cls sshd[648518]: pam_unix(sshd:auth): check pass; user unknown
Mar 29 05:11:44 cls sshd[648518]: pam_unix(sshd:auth): authentication failure; logname= uid=0 euid=0 tty=ssh ruser= rhost=206.123.145.79 
Mar 29 05:11:45 cls sshd[648518]: Failed password for invalid user jujl1 from 206.123.145.79 port 16502 ssh2
Mar 29 05:11:48 cls sshd[648518]: Connection closed by invalid user jujl1 206.123.145.79 port 16502 [preauth]
Mar 29 05:11:52 cls sshd[648529]: Invalid user zhyl from 130.12.181.101 port 51734
Mar 29 05:11:54 cls sshd[648529]: pam_unix(sshd:auth): check pass; user unknown
Mar 29 05:11:54 cls sshd[648529]: pam_unix(sshd:auth): authentication failure; logname= uid=0 euid=0 tty=ssh ruser= rhost=130.12.181.101 
Mar 29 05:11:56 cls sshd[648529]: Failed password for invalid user zhyl from 130.12.181.101 port 51734 ssh2
Mar 29 05:11:59 cls sshd[648529]: Connection closed by invalid user zhyl 130.12.181.101 port 51734 [preauth]
Mar 29 05:12:05 cls sshd[648539]: Invalid user devops from 206.123.145.57 port 15818
Mar 29 05:12:06 cls sshd[648539]: pam_unix(sshd:auth): check pass; user unknown
Mar 29 05:12:06 cls sshd[648539]: pam_unix(sshd:auth): authentication failure; logname= uid=0 euid=0 tty=ssh ruser= rhost=206.123.145.57 
Mar 29 05:12:07 cls sshd[648545]: Invalid user test from 130.12.181.97 port 13664
Mar 29 05:12:09 cls sshd[648539]: Failed password for invalid user devops from 206.123.145.57 port 15818 ssh2
Mar 29 05:12:09 cls sshd[648545]: pam_unix(sshd:auth): check pass; user unknown
Mar 29 05:12:09 cls sshd[648545]: pam_unix(sshd:auth): authentication failure; logname= uid=0 euid=0 tty=ssh ruser= rhost=130.12.181.97 
Mar 29 05:12:11 cls sshd[648545]: Failed password for invalid user test from 130.12.181.97 port 13664 ssh2
Mar 29 05:12:12 cls sshd[648539]: Connection closed by invalid user devops 206.123.145.57 port 15818 [preauth]
Mar 29 05:12:13 cls sshd[648545]: Connection closed by invalid user test 130.12.181.97 port 13664 [preauth]
Mar 29 05:12:24 cls sshd[648559]: Invalid user qa from 206.123.145.69 port 18950
Mar 29 05:12:26 cls sshd[648559]: pam_unix(sshd:auth): check pass; user unknown
Mar 29 05:12:26 cls sshd[648559]: pam_unix(sshd:auth): authentication failure; logname= uid=0 euid=0 tty=ssh ruser= rhost=206.123.145.69 
Mar 29 05:12:28 cls sshd[648559]: Failed password for invalid user qa from 206.123.145.69 port 18950 ssh2
Mar 29 05:12:30 cls sshd[648563]: Invalid user user3 from 206.123.145.78 port 26894
Mar 29 05:12:31 cls sshd[648571]: pam_unix(sshd:auth): authentication failure; logname= uid=0 euid=0 tty=ssh ruser= rhost=43.132.227.251  user=root
Mar 29 05:12:32 cls sshd[648559]: Connection closed by invalid user qa 206.123.145.69 port 18950 [preauth]
Mar 29 05:12:33 cls sshd[648571]: Failed password for root from 43.132.227.251 port 57762 ssh2
Mar 29 05:12:34 cls sshd[648571]: Received disconnect from 43.132.227.251 port 57762:11: Bye Bye [preauth]
Mar 29 05:12:34 cls sshd[648571]: Disconnected from authenticating user root 43.132.227.251 port 57762 [preauth]
Mar 29 05:12:34 cls sshd[648563]: pam_unix(sshd:auth): check pass; user unknown
Mar 29 05:12:34 cls sshd[648563]: pam_unix(sshd:auth): authentication failure; logname= uid=0 euid=0 tty=ssh ruser= rhost=206.123.145.78 
Mar 29 05:12:36 cls sshd[648563]: Failed password for invalid user user3 from 206.123.145.78 port 26894 ssh2
Mar 29 05:12:39 cls sshd[648563]: Connection closed by invalid user user3 206.123.145.78 port 26894 [preauth]
Mar 29 05:12:58 cls sshd[648579]: Invalid user darshb from 206.123.145.50 port 10640
Mar 29 05:13:00 cls sshd[648579]: pam_unix(sshd:auth): check pass; user unknown
Mar 29 05:13:00 cls sshd[648579]: pam_unix(sshd:auth): authentication failure; logname= uid=0 euid=0 tty=ssh ruser= rhost=206.123.145.50 
Mar 29 05:13:03 cls sshd[648579]: Failed password for invalid user darshb from 206.123.145.50 port 10640 ssh2
Mar 29 05:13:08 cls sshd[648579]: Connection closed by invalid user darshb 206.123.145.50 port 10640 [preauth]
Mar 29 05:13:10 cls sshd[648583]: Invalid user dpl from 130.12.181.105 port 50892
Mar 29 05:13:11 cls sshd[648584]: Invalid user flc from 130.12.181.103 port 57506
Mar 29 05:13:12 cls sshd[648583]: pam_unix(sshd:auth): check pass; user unknown
Mar 29 05:13:12 cls sshd[648583]: pam_unix(sshd:auth): authentication failure; logname= uid=0 euid=0 tty=ssh ruser= rhost=130.12.181.105 
Mar 29 05:13:14 cls sshd[648584]: pam_unix(sshd:auth): check pass; user unknown
Mar 29 05:13:14 cls sshd[648584]: pam_unix(sshd:auth): authentication failure; logname= uid=0 euid=0 tty=ssh ruser= rhost=130.12.181.103 
Mar 29 05:13:15 cls sshd[648583]: Failed password for invalid user dpl from 130.12.181.105 port 50892 ssh2
Mar 29 05:13:16 cls sshd[648584]: Failed password for invalid user flc from 130.12.181.103 port 57506 ssh2
Mar 29 05:13:17 cls sshd[648583]: Connection closed by invalid user dpl 130.12.181.105 port 50892 [preauth]
Mar 29 05:13:19 cls sshd[648584]: Connection closed by invalid user flc 130.12.181.103 port 57506 [preauth]
Mar 29 05:13:19 cls sshd[648597]: pam_unix(sshd:auth): authentication failure; logname= uid=0 euid=0 tty=ssh ruser= rhost=57.128.223.80  user=root
Mar 29 05:13:20 cls sshd[648597]: Failed password for root from 57.128.223.80 port 51252 ssh2
Mar 29 05:13:21 cls sshd[648597]: Received disconnect from 57.128.223.80 port 51252:11: Bye Bye [preauth]
Mar 29 05:13:21 cls sshd[648597]: Disconnected from authenticating user root 57.128.223.80 port 51252 [preauth]
Mar 29 05:13:24 cls sshd[648602]: pam_unix(sshd:auth): authentication failure; logname= uid=0 euid=0 tty=ssh ruser= rhost=45.119.84.54  user=root
Mar 29 05:13:25 cls sshd[648595]: Invalid user apache from 206.123.145.55 port 44124
Mar 29 05:13:26 cls sshd[648595]: pam_unix(sshd:auth): check pass; user unknown
Mar 29 05:13:26 cls sshd[648595]: pam_unix(sshd:auth): authentication failure; logname= uid=0 euid=0 tty=ssh ruser= rhost=206.123.145.55 
Mar 29 05:13:26 cls sshd[648602]: Failed password for root from 45.119.84.54 port 40272 ssh2
Mar 29 05:13:27 cls sshd[648605]: pam_unix(sshd:auth): authentication failure; logname= uid=0 euid=0 tty=ssh ruser= rhost=41.59.86.232  user=root
Mar 29 05:13:28 cls sshd[648595]: Failed password for invalid user apache from 206.123.145.55 port 44124 ssh2
Mar 29 05:13:28 cls sshd[648605]: Failed password for root from 41.59.86.232 port 41180 ssh2
Mar 29 05:13:29 cls sshd[648602]: Received disconnect from 45.119.84.54 port 40272:11: Bye Bye [preauth]
Mar 29 05:13:29 cls sshd[648602]: Disconnected from authenticating user root 45.119.84.54 port 40272 [preauth]
Mar 29 05:13:29 cls sshd[648607]: pam_unix(sshd:auth): authentication failure; logname= uid=0 euid=0 tty=ssh ruser= rhost=103.179.56.44  user=root
Mar 29 05:13:30 cls sshd[648605]: Received disconnect from 41.59.86.232 port 41180:11: Bye Bye [preauth]
Mar 29 05:13:30 cls sshd[648605]: Disconnected from authenticating user root 41.59.86.232 port 41180 [preauth]
Mar 29 05:13:31 cls sshd[648607]: Failed password for root from 103.179.56.44 port 53648 ssh2
Mar 29 05:13:31 cls sshd[648601]: pam_unix(sshd:auth): authentication failure; logname= uid=0 euid=0 tty=ssh ruser= rhost=206.123.145.49  user=lp
Mar 29 05:13:32 cls sshd[648595]: Connection closed by invalid user apache 206.123.145.55 port 44124 [preauth]
Mar 29 05:13:32 cls sshd[648607]: Received disconnect from 103.179.56.44 port 53648:11: Bye Bye [preauth]
Mar 29 05:13:32 cls sshd[648607]: Disconnected from authenticating user root 103.179.56.44 port 53648 [preauth]
Mar 29 05:13:33 cls sshd[648601]: Failed password for lp from 206.123.145.49 port 4630 ssh2
Mar 29 05:13:36 cls sshd[648601]: Connection closed by authenticating user lp 206.123.145.49 port 4630 [preauth]
Mar 29 05:13:38 cls sshd[648611]: Invalid user train from 130.12.181.98 port 29136
Mar 29 05:13:40 cls sshd[648609]: pam_unix(sshd:auth): authentication failure; logname= uid=0 euid=0 tty=ssh ruser= rhost=130.12.181.104  user=root
Mar 29 05:13:40 cls sshd[648611]: pam_unix(sshd:auth): check pass; user unknown
Mar 29 05:13:40 cls sshd[648611]: pam_unix(sshd:auth): authentication failure; logname= uid=0 euid=0 tty=ssh ruser= rhost=130.12.181.98 
Mar 29 05:13:41 cls sshd[648609]: Failed password for root from 130.12.181.104 port 57298 ssh2
Mar 29 05:13:42 cls sshd[648611]: Failed password for invalid user train from 130.12.181.98 port 29136 ssh2
Mar 29 05:13:42 cls sshd[648616]: pam_unix(sshd:auth): authentication failure; logname= uid=0 euid=0 tty=ssh ruser= rhost=103.91.246.101  user=root
Mar 29 05:13:44 cls sshd[648616]: Failed password for root from 103.91.246.101 port 45492 ssh2
Mar 29 05:13:44 cls sshd[648609]: Connection closed by authenticating user root 130.12.181.104 port 57298 [preauth]
Mar 29 05:13:45 cls sshd[648616]: Received disconnect from 103.91.246.101 port 45492:11: Bye Bye [preauth]
Mar 29 05:13:45 cls sshd[648616]: Disconnected from authenticating user root 103.91.246.101 port 45492 [preauth]
Mar 29 05:13:46 cls sshd[648611]: Connection closed by invalid user train 130.12.181.98 port 29136 [preauth]
Mar 29 05:13:51 cls sshd[648615]: pam_unix(sshd:auth): authentication failure; logname= uid=0 euid=0 tty=ssh ruser= rhost=130.12.181.107  user=root
Mar 29 05:13:53 cls sshd[648615]: Failed password for root from 130.12.181.107 port 17530 ssh2
Mar 29 05:13:56 cls sshd[648615]: Connection closed by authenticating user root 130.12.181.107 port 17530 [preauth]
Mar 29 05:14:48 cls sshd[648626]: pam_unix(sshd:auth): authentication failure; logname= uid=0 euid=0 tty=ssh ruser= rhost=14.103.118.74  user=root
Mar 29 05:14:50 cls sshd[648626]: Failed password for root from 14.103.118.74 port 59186 ssh2
Mar 29 05:14:51 cls sshd[648628]: pam_unix(sshd:auth): authentication failure; logname= uid=0 euid=0 tty=ssh ruser= rhost=38.114.121.110  user=root
Mar 29 05:14:51 cls sshd[648626]: Received disconnect from 14.103.118.74 port 59186:11: Bye Bye [preauth]
Mar 29 05:14:51 cls sshd[648626]: Disconnected from authenticating user root 14.103.118.74 port 59186 [preauth]
Mar 29 05:14:52 cls sshd[648628]: Failed password for root from 38.114.121.110 port 62483 ssh2
Mar 29 05:14:53 cls sshd[648628]: Received disconnect from 38.114.121.110 port 62483:11: Bye Bye [preauth]
Mar 29 05:14:53 cls sshd[648628]: Disconnected from authenticating user root 38.114.121.110 port 62483 [preauth]
Mar 29 05:15:08 cls sshd[648630]: Invalid user yoshia from 206.123.145.56 port 10854
Mar 29 05:15:10 cls sshd[648630]: pam_unix(sshd:auth): check pass; user unknown
Mar 29 05:15:10 cls sshd[648630]: pam_unix(sshd:auth): authentication failure; logname= uid=0 euid=0 tty=ssh ruser= rhost=206.123.145.56 
Mar 29 05:15:12 cls sshd[648630]: Failed password for invalid user yoshia from 206.123.145.56 port 10854 ssh2
Mar 29 05:15:15 cls sshd[648630]: Connection closed by invalid user yoshia 206.123.145.56 port 10854 [preauth]
Mar 29 05:15:18 cls sshd[648644]: pam_unix(sshd:auth): authentication failure; logname= uid=0 euid=0 tty=ssh ruser= rhost=152.32.163.183  user=root
Mar 29 05:15:20 cls sshd[648644]: Failed password for root from 152.32.163.183 port 32466 ssh2
Mar 29 05:15:20 cls sshd[648644]: Received disconnect from 152.32.163.183 port 32466:11: Bye Bye [preauth]
Mar 29 05:15:20 cls sshd[648644]: Disconnected from authenticating user root 152.32.163.183 port 32466 [preauth]
Mar 29 05:15:29 cls sshd[648646]: pam_unix(sshd:auth): authentication failure; logname= uid=0 euid=0 tty=ssh ruser= rhost=130.12.181.108  user=root
Mar 29 05:15:31 cls sshd[648646]: Failed password for root from 130.12.181.108 port 27900 ssh2
Mar 29 05:15:34 cls sshd[648646]: Connection closed by authenticating user root 130.12.181.108 port 27900 [preauth]
Mar 29 05:15:39 cls sshd[648648]: Invalid user rs from 206.123.145.74 port 3734
Mar 29 05:15:40 cls sshd[648648]: pam_unix(sshd:auth): check pass; user unknown
Mar 29 05:15:40 cls sshd[648648]: pam_unix(sshd:auth): authentication failure; logname= uid=0 euid=0 tty=ssh ruser= rhost=206.123.145.74 
Mar 29 05:15:42 cls sshd[648648]: Failed password for invalid user rs from 206.123.145.74 port 3734 ssh2
Mar 29 05:15:45 cls sshd[648648]: Connection closed by invalid user rs 206.123.145.74 port 3734 [preauth]
Mar 29 05:15:49 cls sshd[648650]: Invalid user user from 206.123.145.77 port 15878
Mar 29 05:15:50 cls sshd[648650]: pam_unix(sshd:auth): check pass; user unknown
Mar 29 05:15:50 cls sshd[648650]: pam_unix(sshd:auth): authentication failure; logname= uid=0 euid=0 tty=ssh ruser= rhost=206.123.145.77 
Mar 29 05:15:52 cls sshd[648650]: Failed password for invalid user user from 206.123.145.77 port 15878 ssh2
Mar 29 05:15:56 cls sshd[648650]: Connection closed by invalid user user 206.123.145.77 port 15878 [preauth]
Mar 29 05:16:07 cls sshd[648652]: pam_unix(sshd:auth): authentication failure; logname= uid=0 euid=0 tty=ssh ruser= rhost=130.12.181.106  user=root
Mar 29 05:16:09 cls sshd[648652]: Failed password for root from 130.12.181.106 port 24784 ssh2
Mar 29 05:16:12 cls sshd[648652]: Connection closed by authenticating user root 130.12.181.106 port 24784 [preauth]
Mar 29 05:16:28 cls sshd[648666]: pam_unix(sshd:auth): authentication failure; logname= uid=0 euid=0 tty=ssh ruser= rhost=57.128.223.80  user=root
Mar 29 05:16:30 cls sshd[648666]: Failed password for root from 57.128.223.80 port 42762 ssh2
Mar 29 05:16:31 cls sshd[648666]: Received disconnect from 57.128.223.80 port 42762:11: Bye Bye [preauth]
Mar 29 05:16:31 cls sshd[648666]: Disconnected from authenticating user root 57.128.223.80 port 42762 [preauth]
Mar 29 05:16:42 cls sshd[648669]: Invalid user hik from 130.12.181.109 port 48290
Mar 29 05:16:43 cls sshd[648668]: pam_unix(sshd:auth): authentication failure; logname= uid=0 euid=0 tty=ssh ruser= rhost=130.12.181.102  user=root
Mar 29 05:16:44 cls sshd[648669]: pam_unix(sshd:auth): check pass; user unknown
Mar 29 05:16:44 cls sshd[648669]: pam_unix(sshd:auth): authentication failure; logname= uid=0 euid=0 tty=ssh ruser= rhost=130.12.181.109 
Mar 29 05:16:45 cls sshd[648668]: Failed password for root from 130.12.181.102 port 10842 ssh2
Mar 29 05:16:46 cls sshd[648669]: Failed password for invalid user hik from 130.12.181.109 port 48290 ssh2
Mar 29 05:16:48 cls sshd[648668]: Connection closed by authenticating user root 130.12.181.102 port 10842 [preauth]
Mar 29 05:16:49 cls sshd[648669]: Connection closed by invalid user hik 130.12.181.109 port 48290 [preauth]
Mar 29 05:16:58 cls sshd[648674]: Invalid user xuwx1 from 206.123.145.75 port 38028
Mar 29 05:16:58 cls sshd[648676]: pam_unix(sshd:auth): authentication failure; logname= uid=0 euid=0 tty=ssh ruser= rhost=103.91.246.101  user=root
Mar 29 05:16:59 cls sshd[648674]: pam_unix(sshd:auth): check pass; user unknown
Mar 29 05:16:59 cls sshd[648674]: pam_unix(sshd:auth): authentication failure; logname= uid=0 euid=0 tty=ssh ruser= rhost=206.123.145.75 
Mar 29 05:17:00 cls sshd[648676]: Failed password for root from 103.91.246.101 port 41938 ssh2
Mar 29 05:17:01 cls sshd[648676]: Received disconnect from 103.91.246.101 port 41938:11: Bye Bye [preauth]
Mar 29 05:17:01 cls sshd[648676]: Disconnected from authenticating user root 103.91.246.101 port 41938 [preauth]
Mar 29 05:17:01 cls CRON[648682]: pam_unix(cron:session): session opened for user root by (uid=0)
Mar 29 05:17:01 cls CRON[648682]: pam_unix(cron:session): session closed for user root
Mar 29 05:17:02 cls sshd[648674]: Failed password for invalid user xuwx1 from 206.123.145.75 port 38028 ssh2
Mar 29 05:17:05 cls sshd[648674]: Connection closed by invalid user xuwx1 206.123.145.75 port 38028 [preauth]
Mar 29 05:17:08 cls sshd[648686]: pam_unix(sshd:auth): authentication failure; logname= uid=0 euid=0 tty=ssh ruser= rhost=41.59.86.232  user=root
Mar 29 05:17:10 cls sshd[648686]: Failed password for root from 41.59.86.232 port 33510 ssh2
Mar 29 05:17:11 cls sshd[648686]: Received disconnect from 41.59.86.232 port 33510:11: Bye Bye [preauth]
Mar 29 05:17:11 cls sshd[648686]: Disconnected from authenticating user root 41.59.86.232 port 33510 [preauth]
Mar 29 05:17:14 cls sshd[648685]: Invalid user zhaolei from 206.123.145.72 port 31136
Mar 29 05:17:16 cls sshd[648685]: pam_unix(sshd:auth): check pass; user unknown
Mar 29 05:17:16 cls sshd[648685]: pam_unix(sshd:auth): authentication failure; logname= uid=0 euid=0 tty=ssh ruser= rhost=206.123.145.72 
Mar 29 05:17:18 cls sshd[648685]: Failed password for invalid user zhaolei from 206.123.145.72 port 31136 ssh2
Mar 29 05:17:21 cls sshd[648689]: pam_unix(sshd:auth): authentication failure; logname= uid=0 euid=0 tty=ssh ruser= rhost=130.12.181.100  user=root
Mar 29 05:17:22 cls sshd[648685]: Connection closed by invalid user zhaolei 206.123.145.72 port 31136 [preauth]
Mar 29 05:17:23 cls sshd[648689]: Failed password for root from 130.12.181.100 port 1050 ssh2
Mar 29 05:17:25 cls sshd[648689]: Connection closed by authenticating user root 130.12.181.100 port 1050 [preauth]
Mar 29 05:17:25 cls sshd[648701]: Invalid user george from 206.123.145.70 port 22278
Mar 29 05:17:28 cls sshd[648701]: pam_unix(sshd:auth): check pass; user unknown
Mar 29 05:17:28 cls sshd[648701]: pam_unix(sshd:auth): authentication failure; logname= uid=0 euid=0 tty=ssh ruser= rhost=206.123.145.70 
Mar 29 05:17:30 cls sshd[648701]: Failed password for invalid user george from 206.123.145.70 port 22278 ssh2
Mar 29 05:17:32 cls sshd[648701]: Connection closed by invalid user george 206.123.145.70 port 22278 [preauth]
Mar 29 05:17:48 cls sshd[648703]: Invalid user support from 206.123.145.53 port 24794
Mar 29 05:17:48 cls sshd[648707]: pam_unix(sshd:auth): authentication failure; logname= uid=0 euid=0 tty=ssh ruser= rhost=45.119.84.54  user=root
Mar 29 05:17:49 cls sshd[648704]: Invalid user dipens from 206.123.145.71 port 10444
Mar 29 05:17:50 cls sshd[648703]: pam_unix(sshd:auth): check pass; user unknown
Mar 29 05:17:50 cls sshd[648703]: pam_unix(sshd:auth): authentication failure; logname= uid=0 euid=0 tty=ssh ruser= rhost=206.123.145.53 
Mar 29 05:17:51 cls sshd[648707]: Failed password for root from 45.119.84.54 port 49928 ssh2
Mar 29 05:17:51 cls sshd[648707]: Received disconnect from 45.119.84.54 port 49928:11: Bye Bye [preauth]
Mar 29 05:17:51 cls sshd[648707]: Disconnected from authenticating user root 45.119.84.54 port 49928 [preauth]
Mar 29 05:17:51 cls sshd[648704]: pam_unix(sshd:auth): check pass; user unknown
Mar 29 05:17:51 cls sshd[648704]: pam_unix(sshd:auth): authentication failure; logname= uid=0 euid=0 tty=ssh ruser= rhost=206.123.145.71 
Mar 29 05:17:52 cls sshd[648703]: Failed password for invalid user support from 206.123.145.53 port 24794 ssh2
Mar 29 05:17:52 cls sshd[648704]: Failed password for invalid user dipens from 206.123.145.71 port 10444 ssh2
Mar 29 05:17:55 cls sshd[648703]: Connection closed by invalid user support 206.123.145.53 port 24794 [preauth]
Mar 29 05:17:55 cls sshd[648704]: Connection closed by invalid user dipens 206.123.145.71 port 10444 [preauth]
Mar 29 05:18:08 cls sshd[648711]: pam_unix(sshd:auth): authentication failure; logname= uid=0 euid=0 tty=ssh ruser= rhost=38.114.121.110  user=root
Mar 29 05:18:09 cls sshd[648711]: Failed password for root from 38.114.121.110 port 62508 ssh2
Mar 29 05:18:10 cls sshd[648711]: Received disconnect from 38.114.121.110 port 62508:11: Bye Bye [preauth]
Mar 29 05:18:10 cls sshd[648711]: Disconnected from authenticating user root 38.114.121.110 port 62508 [preauth]
Mar 29 05:18:13 cls sshd[648709]: pam_unix(sshd:auth): authentication failure; logname= uid=0 euid=0 tty=ssh ruser= rhost=206.123.145.51  user=root
Mar 29 05:18:15 cls sshd[648713]: Invalid user speedtest from 206.123.145.48 port 3134
Mar 29 05:18:15 cls sshd[648709]: Failed password for root from 206.123.145.51 port 44040 ssh2
Mar 29 05:18:17 cls sshd[648713]: pam_unix(sshd:auth): check pass; user unknown
Mar 29 05:18:17 cls sshd[648713]: pam_unix(sshd:auth): authentication failure; logname= uid=0 euid=0 tty=ssh ruser= rhost=206.123.145.48 
Mar 29 05:18:19 cls sshd[648709]: Connection closed by authenticating user root 206.123.145.51 port 44040 [preauth]
Mar 29 05:18:20 cls sshd[648713]: Failed password for invalid user speedtest from 206.123.145.48 port 3134 ssh2
Mar 29 05:18:21 cls sshd[648713]: Connection closed by invalid user speedtest 206.123.145.48 port 3134 [preauth]
Mar 29 05:18:35 cls sshd[648731]: pam_unix(sshd:auth): authentication failure; logname= uid=0 euid=0 tty=ssh ruser= rhost=103.179.56.44  user=root
Mar 29 05:18:37 cls sshd[648731]: Failed password for root from 103.179.56.44 port 54296 ssh2
Mar 29 05:18:38 cls sshd[648731]: Received disconnect from 103.179.56.44 port 54296:11: Bye Bye [preauth]
Mar 29 05:18:38 cls sshd[648731]: Disconnected from authenticating user root 103.179.56.44 port 54296 [preauth]
Mar 29 05:18:41 cls sshd[648727]: Invalid user sn from 206.123.145.46 port 1334
Mar 29 05:18:43 cls sshd[648727]: pam_unix(sshd:auth): check pass; user unknown
Mar 29 05:18:43 cls sshd[648727]: pam_unix(sshd:auth): authentication failure; logname= uid=0 euid=0 tty=ssh ruser= rhost=206.123.145.46 
Mar 29 05:18:44 cls sshd[648729]: pam_unix(sshd:auth): authentication failure; logname= uid=0 euid=0 tty=ssh ruser= rhost=130.12.181.99  user=root
Mar 29 05:18:46 cls sshd[648727]: Failed password for invalid user sn from 206.123.145.46 port 1334 ssh2
Mar 29 05:18:46 cls sshd[648729]: Failed password for root from 130.12.181.99 port 58046 ssh2
Mar 29 05:18:49 cls sshd[648729]: Connection closed by authenticating user root 130.12.181.99 port 58046 [preauth]
Mar 29 05:18:49 cls sshd[648727]: Connection closed by invalid user sn 206.123.145.46 port 1334 [preauth]
Mar 29 05:19:05 cls sshd[648733]: Invalid user mesos from 206.123.145.54 port 54074
Mar 29 05:19:08 cls sshd[648733]: pam_unix(sshd:auth): check pass; user unknown
Mar 29 05:19:08 cls sshd[648733]: pam_unix(sshd:auth): authentication failure; logname= uid=0 euid=0 tty=ssh ruser= rhost=206.123.145.54 
Mar 29 05:19:08 cls sshd[648735]: Invalid user mc from 206.123.145.76 port 10424
Mar 29 05:19:09 cls sshd[648733]: Failed password for invalid user mesos from 206.123.145.54 port 54074 ssh2
Mar 29 05:19:12 cls sshd[648735]: pam_unix(sshd:auth): check pass; user unknown
Mar 29 05:19:12 cls sshd[648735]: pam_unix(sshd:auth): authentication failure; logname= uid=0 euid=0 tty=ssh ruser= rhost=206.123.145.76 
Mar 29 05:19:14 cls sshd[648733]: Connection closed by invalid user mesos 206.123.145.54 port 54074 [preauth]
Mar 29 05:19:14 cls sshd[648735]: Failed password for invalid user mc from 206.123.145.76 port 10424 ssh2
Mar 29 05:19:19 cls sshd[648735]: Connection closed by invalid user mc 206.123.145.76 port 10424 [preauth]
Mar 29 05:19:25 cls sshd[648751]: Invalid user user from 206.123.145.52 port 35876
Mar 29 05:19:27 cls sshd[648751]: pam_unix(sshd:auth): check pass; user unknown
Mar 29 05:19:27 cls sshd[648751]: pam_unix(sshd:auth): authentication failure; logname= uid=0 euid=0 tty=ssh ruser= rhost=206.123.145.52 
Mar 29 05:19:29 cls sshd[648751]: Failed password for invalid user user from 206.123.145.52 port 35876 ssh2
Mar 29 05:19:32 cls sshd[648751]: Connection closed by invalid user user 206.123.145.52 port 35876 [preauth]
Mar 29 05:19:44 cls sshd[648753]: pam_unix(sshd:auth): authentication failure; logname= uid=0 euid=0 tty=ssh ruser= rhost=57.128.223.80  user=root
Mar 29 05:19:46 cls sshd[648753]: Failed password for root from 57.128.223.80 port 43720 ssh2
Mar 29 05:19:47 cls sshd[648753]: Received disconnect from 57.128.223.80 port 43720:11: Bye Bye [preauth]
Mar 29 05:19:47 cls sshd[648753]: Disconnected from authenticating user root 57.128.223.80 port 43720 [preauth]
Mar 29 05:20:19 cls sshd[648783]: pam_unix(sshd:auth): authentication failure; logname= uid=0 euid=0 tty=ssh ruser= rhost=103.91.246.101  user=root
Mar 29 05:20:21 cls sshd[648783]: Failed password for root from 103.91.246.101 port 60810 ssh2
Mar 29 05:20:22 cls sshd[648783]: Received disconnect from 103.91.246.101 port 60810:11: Bye Bye [preauth]
Mar 29 05:20:22 cls sshd[648783]: Disconnected from authenticating user root 103.91.246.101 port 60810 [preauth]
Mar 29 05:20:51 cls sshd[648802]: pam_unix(sshd:auth): authentication failure; logname= uid=0 euid=0 tty=ssh ruser= rhost=41.59.86.232  user=root
Mar 29 05:20:53 cls sshd[648802]: Failed password for root from 41.59.86.232 port 37220 ssh2
Mar 29 05:20:54 cls sshd[648802]: Received disconnect from 41.59.86.232 port 37220:11: Bye Bye [preauth]
Mar 29 05:20:54 cls sshd[648802]: Disconnected from authenticating user root 41.59.86.232 port 37220 [preauth]
Mar 29 05:20:54 cls sshd[648796]: Invalid user xinghao from 130.12.181.101 port 61614
Mar 29 05:20:56 cls sshd[648796]: pam_unix(sshd:auth): check pass; user unknown
Mar 29 05:20:56 cls sshd[648796]: pam_unix(sshd:auth): authentication failure; logname= uid=0 euid=0 tty=ssh ruser= rhost=130.12.181.101 
Mar 29 05:20:57 cls sshd[648795]: Invalid user liwei from 206.123.145.73 port 26646
Mar 29 05:20:58 cls sshd[648796]: Failed password for invalid user xinghao from 130.12.181.101 port 61614 ssh2
Mar 29 05:21:00 cls sshd[648796]: Connection closed by invalid user xinghao 130.12.181.101 port 61614 [preauth]
Mar 29 05:21:01 cls sshd[648795]: pam_unix(sshd:auth): check pass; user unknown
Mar 29 05:21:01 cls sshd[648795]: pam_unix(sshd:auth): authentication failure; logname= uid=0 euid=0 tty=ssh ruser= rhost=206.123.145.73 
Mar 29 05:21:03 cls sshd[648795]: Failed password for invalid user liwei from 206.123.145.73 port 26646 ssh2
Mar 29 05:21:05 cls sshd[648804]: Invalid user support from 130.12.181.98 port 30868
Mar 29 05:21:07 cls sshd[648795]: Connection closed by invalid user liwei 206.123.145.73 port 26646 [preauth]
Mar 29 05:21:07 cls sshd[648804]: pam_unix(sshd:auth): check pass; user unknown
Mar 29 05:21:07 cls sshd[648804]: pam_unix(sshd:auth): authentication failure; logname= uid=0 euid=0 tty=ssh ruser= rhost=130.12.181.98 
Mar 29 05:21:09 cls sshd[648804]: Failed password for invalid user support from 130.12.181.98 port 30868 ssh2
Mar 29 05:21:12 cls sshd[648804]: Connection closed by invalid user support 130.12.181.98 port 30868 [preauth]
Mar 29 05:21:25 cls sshd[648823]: pam_unix(sshd:auth): authentication failure; logname= uid=0 euid=0 tty=ssh ruser= rhost=38.114.121.110  user=root
Mar 29 05:21:26 cls sshd[648819]: Invalid user gituser from 130.12.181.97 port 15820
Mar 29 05:21:27 cls sshd[648823]: Failed password for root from 38.114.121.110 port 64221 ssh2
Mar 29 05:21:27 cls sshd[648823]: Received disconnect from 38.114.121.110 port 64221:11: Bye Bye [preauth]
Mar 29 05:21:27 cls sshd[648823]: Disconnected from authenticating user root 38.114.121.110 port 64221 [preauth]
Mar 29 05:21:28 cls sshd[648819]: pam_unix(sshd:auth): check pass; user unknown
Mar 29 05:21:28 cls sshd[648819]: pam_unix(sshd:auth): authentication failure; logname= uid=0 euid=0 tty=ssh ruser= rhost=130.12.181.97 
Mar 29 05:21:30 cls sshd[648819]: Failed password for invalid user gituser from 130.12.181.97 port 15820 ssh2
Mar 29 05:21:32 cls sshd[648819]: Connection closed by invalid user gituser 130.12.181.97 port 15820 [preauth]
Mar 29 05:21:37 cls sshd[648827]: Invalid user driver from 206.123.145.79 port 49906
Mar 29 05:21:38 cls sshd[648827]: pam_unix(sshd:auth): check pass; user unknown
Mar 29 05:21:38 cls sshd[648827]: pam_unix(sshd:auth): authentication failure; logname= uid=0 euid=0 tty=ssh ruser= rhost=206.123.145.79 
Mar 29 05:21:40 cls sshd[648827]: Failed password for invalid user driver from 206.123.145.79 port 49906 ssh2
Mar 29 05:21:42 cls sshd[648827]: Connection closed by invalid user driver 206.123.145.79 port 49906 [preauth]
Mar 29 05:22:04 cls sshd[648849]: pam_unix(sshd:auth): authentication failure; logname= uid=0 euid=0 tty=ssh ruser= rhost=89.218.69.66  user=root
Mar 29 05:22:05 cls sshd[648844]: Invalid user batman from 130.12.181.105 port 21350
Mar 29 05:22:06 cls sshd[648849]: Failed password for root from 89.218.69.66 port 33825 ssh2
Mar 29 05:22:07 cls sshd[648849]: Received disconnect from 89.218.69.66 port 33825:11: Bye Bye [preauth]
Mar 29 05:22:07 cls sshd[648849]: Disconnected from authenticating user root 89.218.69.66 port 33825 [preauth]
Mar 29 05:22:07 cls sshd[648844]: pam_unix(sshd:auth): check pass; user unknown
Mar 29 05:22:07 cls sshd[648844]: pam_unix(sshd:auth): authentication failure; logname= uid=0 euid=0 tty=ssh ruser= rhost=130.12.181.105 
Mar 29 05:22:09 cls sshd[648848]: Invalid user home from 206.123.145.20 port 60084
Mar 29 05:22:10 cls sshd[648844]: Failed password for invalid user batman from 130.12.181.105 port 21350 ssh2
Mar 29 05:22:12 cls sshd[648848]: pam_unix(sshd:auth): check pass; user unknown
Mar 29 05:22:12 cls sshd[648848]: pam_unix(sshd:auth): authentication failure; logname= uid=0 euid=0 tty=ssh ruser= rhost=206.123.145.20 
Mar 29 05:22:13 cls sshd[648862]: pam_unix(sshd:auth): authentication failure; logname= uid=0 euid=0 tty=ssh ruser= rhost=45.119.84.54  user=root
Mar 29 05:22:13 cls sshd[648844]: Connection closed by invalid user batman 130.12.181.105 port 21350 [preauth]
Mar 29 05:22:14 cls sshd[648848]: Failed password for invalid user home from 206.123.145.20 port 60084 ssh2
Mar 29 05:22:15 cls sshd[648862]: Failed password for root from 45.119.84.54 port 54278 ssh2
Mar 29 05:22:16 cls sshd[648862]: Received disconnect from 45.119.84.54 port 54278:11: Bye Bye [preauth]
Mar 29 05:22:16 cls sshd[648862]: Disconnected from authenticating user root 45.119.84.54 port 54278 [preauth]
Mar 29 05:22:17 cls sshd[648859]: pam_unix(sshd:auth): authentication failure; logname= uid=0 euid=0 tty=ssh ruser= rhost=206.123.145.57  user=ubuntu
Mar 29 05:22:18 cls sshd[648848]: Connection closed by invalid user home 206.123.145.20 port 60084 [preauth]
Mar 29 05:22:19 cls sshd[648859]: Failed password for ubuntu from 206.123.145.57 port 62968 ssh2
Mar 29 05:22:19 cls sshd[648858]: pam_unix(sshd:auth): authentication failure; logname= uid=0 euid=0 tty=ssh ruser= rhost=130.12.181.103  user=ubuntu
Mar 29 05:22:21 cls sshd[648859]: Connection closed by authenticating user ubuntu 206.123.145.57 port 62968 [preauth]
Mar 29 05:22:22 cls sshd[648858]: Failed password for ubuntu from 130.12.181.103 port 51378 ssh2
Mar 29 05:22:25 cls sshd[648858]: Connection closed by authenticating user ubuntu 130.12.181.103 port 51378 [preauth]
Mar 29 05:22:49 cls sshd[648880]: pam_unix(sshd:auth): authentication failure; logname= uid=0 euid=0 tty=ssh ruser= rhost=206.123.145.78  user=root
Mar 29 05:22:51 cls sshd[648880]: Failed password for root from 206.123.145.78 port 64628 ssh2
Mar 29 05:22:53 cls sshd[648886]: pam_unix(sshd:auth): authentication failure; logname= uid=0 euid=0 tty=ssh ruser= rhost=57.128.223.80  user=root
Mar 29 05:22:53 cls sshd[648882]: pam_unix(sshd:auth): authentication failure; logname= uid=0 euid=0 tty=ssh ruser= rhost=130.12.181.104  user=root
Mar 29 05:22:53 cls sshd[648880]: Connection closed by authenticating user root 206.123.145.78 port 64628 [preauth]
Mar 29 05:22:55 cls sshd[648886]: Failed password for root from 57.128.223.80 port 35070 ssh2
Mar 29 05:22:55 cls sshd[648882]: Failed password for root from 130.12.181.104 port 25484 ssh2
Mar 29 05:22:56 cls sshd[648886]: Received disconnect from 57.128.223.80 port 35070:11: Bye Bye [preauth]
Mar 29 05:22:56 cls sshd[648886]: Disconnected from authenticating user root 57.128.223.80 port 35070 [preauth]
Mar 29 05:22:58 cls sshd[648884]: Invalid user zhangsw from 206.123.145.69 port 33800
Mar 29 05:22:58 cls sshd[648882]: Connection closed by authenticating user root 130.12.181.104 port 25484 [preauth]
Mar 29 05:23:00 cls sshd[648884]: pam_unix(sshd:auth): check pass; user unknown
Mar 29 05:23:00 cls sshd[648884]: pam_unix(sshd:auth): authentication failure; logname= uid=0 euid=0 tty=ssh ruser= rhost=206.123.145.69 
Mar 29 05:23:02 cls sshd[648888]: Invalid user liupeijie from 130.12.181.107 port 49110
Mar 29 05:23:02 cls sshd[648884]: Failed password for invalid user zhangsw from 206.123.145.69 port 33800 ssh2
Mar 29 05:23:04 cls sshd[648888]: pam_unix(sshd:auth): check pass; user unknown
Mar 29 05:23:04 cls sshd[648888]: pam_unix(sshd:auth): authentication failure; logname= uid=0 euid=0 tty=ssh ruser= rhost=130.12.181.107 
Mar 29 05:23:06 cls sshd[648884]: Connection closed by invalid user zhangsw 206.123.145.69 port 33800 [preauth]
Mar 29 05:23:07 cls sshd[648888]: Failed password for invalid user liupeijie from 130.12.181.107 port 49110 ssh2
Mar 29 05:23:11 cls sshd[648888]: Connection closed by invalid user liupeijie 130.12.181.107 port 49110 [preauth]
Mar 29 05:23:14 cls sshd[648890]: pam_unix(sshd:auth): authentication failure; logname= uid=0 euid=0 tty=ssh ruser= rhost=206.123.145.50  user=root
Mar 29 05:23:15 cls sshd[648890]: Failed password for root from 206.123.145.50 port 18254 ssh2
Mar 29 05:23:18 cls sshd[648890]: Connection closed by authenticating user root 206.123.145.50 port 18254 [preauth]
Mar 29 05:23:37 cls sshd[648902]: pam_unix(sshd:auth): authentication failure; logname= uid=0 euid=0 tty=ssh ruser= rhost=103.91.246.101  user=root
Mar 29 05:23:37 cls sshd[648905]: pam_unix(sshd:auth): authentication failure; logname= uid=0 euid=0 tty=ssh ruser= rhost=103.179.56.44  user=root
Mar 29 05:23:39 cls sshd[648902]: Failed password for root from 103.91.246.101 port 42530 ssh2
Mar 29 05:23:39 cls sshd[648902]: Received disconnect from 103.91.246.101 port 42530:11: Bye Bye [preauth]
Mar 29 05:23:39 cls sshd[648902]: Disconnected from authenticating user root 103.91.246.101 port 42530 [preauth]
Mar 29 05:23:39 cls sshd[648905]: Failed password for root from 103.179.56.44 port 40946 ssh2
Mar 29 05:23:40 cls sshd[648905]: Received disconnect from 103.179.56.44 port 40946:11: Bye Bye [preauth]
Mar 29 05:23:40 cls sshd[648905]: Disconnected from authenticating user root 103.179.56.44 port 40946 [preauth]
Mar 29 05:23:43 cls sshd[648900]: Invalid user fiskal2 from 206.123.145.55 port 49766
Mar 29 05:23:45 cls sshd[648900]: pam_unix(sshd:auth): check pass; user unknown
Mar 29 05:23:45 cls sshd[648900]: pam_unix(sshd:auth): authentication failure; logname= uid=0 euid=0 tty=ssh ruser= rhost=206.123.145.55 
Mar 29 05:23:46 cls sshd[648904]: Invalid user administrator from 206.123.145.49 port 43790
Mar 29 05:23:47 cls sshd[648900]: Failed password for invalid user fiskal2 from 206.123.145.55 port 49766 ssh2
Mar 29 05:23:49 cls sshd[648904]: pam_unix(sshd:auth): check pass; user unknown
Mar 29 05:23:49 cls sshd[648904]: pam_unix(sshd:auth): authentication failure; logname= uid=0 euid=0 tty=ssh ruser= rhost=206.123.145.49 
Mar 29 05:23:51 cls sshd[648900]: Connection closed by invalid user fiskal2 206.123.145.55 port 49766 [preauth]
Mar 29 05:23:51 cls sshd[648904]: Failed password for invalid user administrator from 206.123.145.49 port 43790 ssh2
Mar 29 05:23:54 cls sshd[648904]: Connection closed by invalid user administrator 206.123.145.49 port 43790 [preauth]
Mar 29 05:24:32 cls sshd[648936]: pam_unix(sshd:auth): authentication failure; logname= uid=0 euid=0 tty=ssh ruser= rhost=41.59.86.232  user=root
Mar 29 05:24:34 cls sshd[648936]: Failed password for root from 41.59.86.232 port 39572 ssh2
Mar 29 05:24:34 cls sshd[648932]: Invalid user aishuli from 130.12.181.108 port 22692
Mar 29 05:24:35 cls sshd[648936]: Received disconnect from 41.59.86.232 port 39572:11: Bye Bye [preauth]
Mar 29 05:24:35 cls sshd[648936]: Disconnected from authenticating user root 41.59.86.232 port 39572 [preauth]
Mar 29 05:24:36 cls sshd[648932]: pam_unix(sshd:auth): check pass; user unknown
Mar 29 05:24:36 cls sshd[648932]: pam_unix(sshd:auth): authentication failure; logname= uid=0 euid=0 tty=ssh ruser= rhost=130.12.181.108 
Mar 29 05:24:38 cls sshd[648932]: Failed password for invalid user aishuli from 130.12.181.108 port 22692 ssh2
Mar 29 05:24:41 cls sshd[648932]: Connection closed by invalid user aishuli 130.12.181.108 port 22692 [preauth]
Mar 29 05:24:42 cls sshd[648938]: pam_unix(sshd:auth): authentication failure; logname= uid=0 euid=0 tty=ssh ruser= rhost=38.114.121.110  user=root
Mar 29 05:24:44 cls sshd[648938]: Failed password for root from 38.114.121.110 port 64006 ssh2
Mar 29 05:24:45 cls sshd[648938]: Received disconnect from 38.114.121.110 port 64006:11: Bye Bye [preauth]
Mar 29 05:24:45 cls sshd[648938]: Disconnected from authenticating user root 38.114.121.110 port 64006 [preauth]
Mar 29 05:25:03 cls sshd[648940]: Invalid user jean from 130.12.181.106 port 14728
Mar 29 05:25:05 cls sshd[648940]: pam_unix(sshd:auth): check pass; user unknown
Mar 29 05:25:05 cls sshd[648940]: pam_unix(sshd:auth): authentication failure; logname= uid=0 euid=0 tty=ssh ruser= rhost=130.12.181.106 
Mar 29 05:25:08 cls sshd[648940]: Failed password for invalid user jean from 130.12.181.106 port 14728 ssh2
Mar 29 05:25:11 cls sshd[648940]: Connection closed by invalid user jean 130.12.181.106 port 14728 [preauth]
Mar 29 05:25:13 cls sshd[648942]: pam_unix(sshd:auth): authentication failure; logname= uid=0 euid=0 tty=ssh ruser= rhost=89.218.69.66  user=root
Mar 29 05:25:15 cls sshd[648942]: Failed password for root from 89.218.69.66 port 20872 ssh2
Mar 29 05:25:16 cls sshd[648942]: Received disconnect from 89.218.69.66 port 20872:11: Bye Bye [preauth]
Mar 29 05:25:16 cls sshd[648942]: Disconnected from authenticating user root 89.218.69.66 port 20872 [preauth]
Mar 29 05:25:37 cls sshd[648958]: Invalid user share from 206.123.145.56 port 26052
Mar 29 05:25:40 cls sshd[648958]: pam_unix(sshd:auth): check pass; user unknown
Mar 29 05:25:40 cls sshd[648958]: pam_unix(sshd:auth): authentication failure; logname= uid=0 euid=0 tty=ssh ruser= rhost=206.123.145.56 
Mar 29 05:25:40 cls sshd[648962]: Invalid user yujicheng from 130.12.181.102 port 18530
Mar 29 05:25:42 cls sshd[648958]: Failed password for invalid user share from 206.123.145.56 port 26052 ssh2
Mar 29 05:25:42 cls sshd[648964]: Invalid user chenjiahao from 130.12.181.109 port 13396
Mar 29 05:25:42 cls sshd[648962]: pam_unix(sshd:auth): check pass; user unknown
Mar 29 05:25:42 cls sshd[648962]: pam_unix(sshd:auth): authentication failure; logname= uid=0 euid=0 tty=ssh ruser= rhost=130.12.181.102 
Mar 29 05:25:44 cls sshd[648958]: Connection closed by invalid user share 206.123.145.56 port 26052 [preauth]
Mar 29 05:25:44 cls sshd[648964]: pam_unix(sshd:auth): check pass; user unknown
Mar 29 05:25:44 cls sshd[648964]: pam_unix(sshd:auth): authentication failure; logname= uid=0 euid=0 tty=ssh ruser= rhost=130.12.181.109 
Mar 29 05:25:45 cls sshd[648962]: Failed password for invalid user yujicheng from 130.12.181.102 port 18530 ssh2
Mar 29 05:25:46 cls sshd[648964]: Failed password for invalid user chenjiahao from 130.12.181.109 port 13396 ssh2
Mar 29 05:25:48 cls sshd[648962]: Connection closed by invalid user yujicheng 130.12.181.102 port 18530 [preauth]
Mar 29 05:25:49 cls sshd[648964]: Connection closed by invalid user chenjiahao 130.12.181.109 port 13396 [preauth]
Mar 29 05:26:06 cls sshd[648966]: pam_unix(sshd:auth): authentication failure; logname= uid=0 euid=0 tty=ssh ruser= rhost=57.128.223.80  user=root
Mar 29 05:26:09 cls sshd[648966]: Failed password for root from 57.128.223.80 port 41764 ssh2
Mar 29 05:26:09 cls sshd[648966]: Received disconnect from 57.128.223.80 port 41764:11: Bye Bye [preauth]
Mar 29 05:26:09 cls sshd[648966]: Disconnected from authenticating user root 57.128.223.80 port 41764 [preauth]
Mar 29 05:26:22 cls sshd[648975]: pam_unix(sshd:auth): authentication failure; logname= uid=0 euid=0 tty=ssh ruser= rhost=130.12.181.100  user=root
Mar 29 05:26:24 cls sshd[648975]: Failed password for root from 130.12.181.100 port 6272 ssh2
Mar 29 05:26:27 cls sshd[648975]: Connection closed by authenticating user root 130.12.181.100 port 6272 [preauth]
Mar 29 05:26:28 cls sshd[648977]: Invalid user changhl from 206.123.145.74 port 9640
Mar 29 05:26:31 cls sshd[648977]: pam_unix(sshd:auth): check pass; user unknown
Mar 29 05:26:31 cls sshd[648977]: pam_unix(sshd:auth): authentication failure; logname= uid=0 euid=0 tty=ssh ruser= rhost=206.123.145.74 
Mar 29 05:26:33 cls sshd[648977]: Failed password for invalid user changhl from 206.123.145.74 port 9640 ssh2
Mar 29 05:26:36 cls sshd[648977]: Connection closed by invalid user changhl 206.123.145.74 port 9640 [preauth]
Mar 29 05:26:38 cls sshd[648993]: Invalid user hannah from 206.123.145.77 port 33298
Mar 29 05:26:39 cls sshd[648995]: pam_unix(sshd:auth): authentication failure; logname= uid=0 euid=0 tty=ssh ruser= rhost=45.119.84.54  user=root
Mar 29 05:26:40 cls sshd[648995]: Failed password for root from 45.119.84.54 port 53202 ssh2
Mar 29 05:26:41 cls sshd[648993]: pam_unix(sshd:auth): check pass; user unknown
Mar 29 05:26:41 cls sshd[648993]: pam_unix(sshd:auth): authentication failure; logname= uid=0 euid=0 tty=ssh ruser= rhost=206.123.145.77 
Mar 29 05:26:41 cls sshd[648995]: Received disconnect from 45.119.84.54 port 53202:11: Bye Bye [preauth]
Mar 29 05:26:41 cls sshd[648995]: Disconnected from authenticating user root 45.119.84.54 port 53202 [preauth]
Mar 29 05:26:42 cls sshd[648993]: Failed password for invalid user hannah from 206.123.145.77 port 33298 ssh2
Mar 29 05:26:47 cls sshd[648993]: Connection closed by invalid user hannah 206.123.145.77 port 33298 [preauth]
Mar 29 05:26:59 cls sshd[648999]: pam_unix(sshd:auth): authentication failure; logname= uid=0 euid=0 tty=ssh ruser= rhost=103.91.246.101  user=root
Mar 29 05:27:01 cls sshd[648999]: Failed password for root from 103.91.246.101 port 40098 ssh2
Mar 29 05:27:02 cls sshd[648999]: Received disconnect from 103.91.246.101 port 40098:11: Bye Bye [preauth]
Mar 29 05:27:02 cls sshd[648999]: Disconnected from authenticating user root 103.91.246.101 port 40098 [preauth]
Mar 29 05:27:28 cls sshd[649003]: Invalid user ceo from 130.12.181.99 port 6584
Mar 29 05:27:29 cls sshd[649003]: pam_unix(sshd:auth): check pass; user unknown
Mar 29 05:27:29 cls sshd[649003]: pam_unix(sshd:auth): authentication failure; logname= uid=0 euid=0 tty=ssh ruser= rhost=130.12.181.99 
Mar 29 05:27:31 cls sshd[649003]: Failed password for invalid user ceo from 130.12.181.99 port 6584 ssh2
Mar 29 05:27:34 cls sshd[649003]: Connection closed by invalid user ceo 130.12.181.99 port 6584 [preauth]
Mar 29 05:27:39 cls sshd[649013]: Invalid user dingzheming from 206.123.145.75 port 51632
Mar 29 05:27:42 cls sshd[649013]: pam_unix(sshd:auth): check pass; user unknown
Mar 29 05:27:42 cls sshd[649013]: pam_unix(sshd:auth): authentication failure; logname= uid=0 euid=0 tty=ssh ruser= rhost=206.123.145.75 
Mar 29 05:27:44 cls sshd[649013]: Failed password for invalid user dingzheming from 206.123.145.75 port 51632 ssh2
Mar 29 05:27:47 cls sshd[649013]: Connection closed by invalid user dingzheming 206.123.145.75 port 51632 [preauth]
Mar 29 05:27:56 cls sshd[649019]: pam_unix(sshd:auth): authentication failure; logname= uid=0 euid=0 tty=ssh ruser= rhost=38.114.121.110  user=root
Mar 29 05:27:59 cls sshd[649019]: Failed password for root from 38.114.121.110 port 63673 ssh2
