Mar 29 04:16:57 cls sshd[645858]: pam_unix(sshd:auth): authentication failure; logname= uid=0 euid=0 tty=ssh ruser= rhost=123.58.219.234  user=root
Mar 29 04:16:59 cls sshd[645858]: Failed password for root from 123.58.219.234 port 32956 ssh2
Mar 29 04:17:00 cls sshd[645858]: Received disconnect from 123.58.219.234 port 32956:11: Bye Bye [preauth]
Mar 29 04:17:00 cls sshd[645858]: Disconnected from authenticating user root 123.58.219.234 port 32956 [preauth]
Mar 29 04:17:01 cls CRON[645860]: pam_unix(cron:session): session opened for user root by (uid=0)
Mar 29 04:17:01 cls CRON[645860]: pam_unix(cron:session): session closed for user root
Mar 29 04:17:13 cls sshd[645863]: Invalid user server from 206.123.145.51 port 7768
Mar 29 04:17:15 cls sshd[645863]: pam_unix(sshd:auth): check pass; user unknown
Mar 29 04:17:15 cls sshd[645863]: pam_unix(sshd:auth): authentication failure; logname= uid=0 euid=0 tty=ssh ruser= rhost=206.123.145.51 
Mar 29 04:17:17 cls sshd[645863]: Failed password for invalid user server from 206.123.145.51 port 7768 ssh2
Mar 29 04:17:21 cls sshd[645863]: Connection closed by invalid user server 206.123.145.51 port 7768 [preauth]
Mar 29 04:17:33 cls sshd[645883]: pam_unix(sshd:auth): authentication failure; logname= uid=0 euid=0 tty=ssh ruser= rhost=40.81.244.142  user=root
Mar 29 04:17:34 cls sshd[645881]: Invalid user centos from 206.123.145.73 port 35086
Mar 29 04:17:35 cls sshd[645883]: Failed password for root from 40.81.244.142 port 34794 ssh2
Mar 29 04:17:36 cls sshd[645883]: Received disconnect from 40.81.244.142 port 34794:11: Bye Bye [preauth]
Mar 29 04:17:36 cls sshd[645883]: Disconnected from authenticating user root 40.81.244.142 port 34794 [preauth]
Mar 29 04:17:37 cls sshd[645881]: pam_unix(sshd:auth): check pass; user unknown
Mar 29 04:17:37 cls sshd[645881]: pam_unix(sshd:auth): authentication failure; logname= uid=0 euid=0 tty=ssh ruser= rhost=206.123.145.73 
Mar 29 04:17:39 cls sshd[645881]: Failed password for invalid user centos from 206.123.145.73 port 35086 ssh2
Mar 29 04:17:45 cls sshd[645881]: Connection closed by invalid user centos 206.123.145.73 port 35086 [preauth]
Mar 29 04:17:55 cls sshd[645885]: Invalid user jupyter from 206.123.145.76 port 49478
Mar 29 04:17:56 cls sshd[645890]: pam_unix(sshd:auth): authentication failure; logname= uid=0 euid=0 tty=ssh ruser= rhost=43.132.227.251  user=root
Mar 29 04:17:57 cls sshd[645887]: Invalid user testuser from 130.12.181.97 port 41878
Mar 29 04:17:57 cls sshd[645890]: Failed password for root from 43.132.227.251 port 43084 ssh2
Mar 29 04:17:58 cls sshd[645890]: Received disconnect from 43.132.227.251 port 43084:11: Bye Bye [preauth]
Mar 29 04:17:58 cls sshd[645890]: Disconnected from authenticating user root 43.132.227.251 port 43084 [preauth]
Mar 29 04:17:59 cls sshd[645887]: pam_unix(sshd:auth): check pass; user unknown
Mar 29 04:17:59 cls sshd[645887]: pam_unix(sshd:auth): authentication failure; logname= uid=0 euid=0 tty=ssh ruser= rhost=130.12.181.97 
Mar 29 04:18:00 cls sshd[645885]: pam_unix(sshd:auth): check pass; user unknown
Mar 29 04:18:00 cls sshd[645885]: pam_unix(sshd:auth): authentication failure; logname= uid=0 euid=0 tty=ssh ruser= rhost=206.123.145.76 
Mar 29 04:18:02 cls sshd[645887]: Failed password for invalid user testuser from 130.12.181.97 port 41878 ssh2
Mar 29 04:18:02 cls sshd[645889]: Invalid user david from 130.12.181.101 port 37340
Mar 29 04:18:02 cls sshd[645885]: Failed password for invalid user jupyter from 206.123.145.76 port 49478 ssh2
Mar 29 04:18:04 cls sshd[645889]: pam_unix(sshd:auth): check pass; user unknown
Mar 29 04:18:04 cls sshd[645889]: pam_unix(sshd:auth): authentication failure; logname= uid=0 euid=0 tty=ssh ruser= rhost=130.12.181.101 
Mar 29 04:18:04 cls sshd[645885]: Connection closed by invalid user jupyter 206.123.145.76 port 49478 [preauth]
Mar 29 04:18:04 cls sshd[645887]: Connection closed by invalid user testuser 130.12.181.97 port 41878 [preauth]
Mar 29 04:18:06 cls sshd[645889]: Failed password for invalid user david from 130.12.181.101 port 37340 ssh2
Mar 29 04:18:09 cls sshd[645889]: Connection closed by invalid user david 130.12.181.101 port 37340 [preauth]
Mar 29 04:18:11 cls sshd[645893]: pam_unix(sshd:auth): authentication failure; logname= uid=0 euid=0 tty=ssh ruser= rhost=206.123.145.46  user=root
Mar 29 04:18:14 cls sshd[645893]: Failed password for root from 206.123.145.46 port 40000 ssh2
Mar 29 04:18:15 cls sshd[645893]: Connection closed by authenticating user root 206.123.145.46 port 40000 [preauth]
Mar 29 04:18:24 cls sshd[645907]: Invalid user zjy from 206.123.145.52 port 59036
Mar 29 04:18:25 cls sshd[645907]: pam_unix(sshd:auth): check pass; user unknown
Mar 29 04:18:25 cls sshd[645907]: pam_unix(sshd:auth): authentication failure; logname= uid=0 euid=0 tty=ssh ruser= rhost=206.123.145.52 
Mar 29 04:18:26 cls sshd[645907]: Failed password for invalid user zjy from 206.123.145.52 port 59036 ssh2
Mar 29 04:18:27 cls sshd[645905]: Invalid user wjli from 206.123.145.54 port 61622
Mar 29 04:18:27 cls sshd[645907]: Connection closed by invalid user zjy 206.123.145.52 port 59036 [preauth]
Mar 29 04:18:29 cls sshd[645908]: Invalid user cosmal from 130.12.181.105 port 14380
Mar 29 04:18:30 cls sshd[645905]: pam_unix(sshd:auth): check pass; user unknown
Mar 29 04:18:30 cls sshd[645905]: pam_unix(sshd:auth): authentication failure; logname= uid=0 euid=0 tty=ssh ruser= rhost=206.123.145.54 
Mar 29 04:18:31 cls sshd[645908]: pam_unix(sshd:auth): check pass; user unknown
Mar 29 04:18:31 cls sshd[645908]: pam_unix(sshd:auth): authentication failure; logname= uid=0 euid=0 tty=ssh ruser= rhost=130.12.181.105 
Mar 29 04:18:32 cls sshd[645905]: Failed password for invalid user wjli from 206.123.145.54 port 61622 ssh2
Mar 29 04:18:33 cls sshd[645905]: Connection closed by invalid user wjli 206.123.145.54 port 61622 [preauth]
Mar 29 04:18:33 cls sshd[645908]: Failed password for invalid user cosmal from 130.12.181.105 port 14380 ssh2
Mar 29 04:18:36 cls sshd[645908]: Connection closed by invalid user cosmal 130.12.181.105 port 14380 [preauth]
Mar 29 04:18:48 cls sshd[645913]: Invalid user dipens from 130.12.181.103 port 60414
Mar 29 04:18:50 cls sshd[645913]: pam_unix(sshd:auth): check pass; user unknown
Mar 29 04:18:50 cls sshd[645913]: pam_unix(sshd:auth): authentication failure; logname= uid=0 euid=0 tty=ssh ruser= rhost=130.12.181.103 
Mar 29 04:18:52 cls sshd[645913]: Failed password for invalid user dipens from 130.12.181.103 port 60414 ssh2
Mar 29 04:18:55 cls sshd[645913]: Connection closed by invalid user dipens 130.12.181.103 port 60414 [preauth]
Mar 29 04:19:31 cls sshd[645929]: pam_unix(sshd:auth): authentication failure; logname= uid=0 euid=0 tty=ssh ruser= rhost=43.242.203.160  user=root
Mar 29 04:19:33 cls sshd[645929]: Failed password for root from 43.242.203.160 port 51386 ssh2
Mar 29 04:19:33 cls sshd[645929]: Received disconnect from 43.242.203.160 port 51386:11: Bye Bye [preauth]
Mar 29 04:19:33 cls sshd[645929]: Disconnected from authenticating user root 43.242.203.160 port 51386 [preauth]
Mar 29 04:19:51 cls sshd[645931]: Invalid user hbtcm from 130.12.181.104 port 30082
Mar 29 04:19:54 cls sshd[645931]: pam_unix(sshd:auth): check pass; user unknown
Mar 29 04:19:54 cls sshd[645931]: pam_unix(sshd:auth): authentication failure; logname= uid=0 euid=0 tty=ssh ruser= rhost=130.12.181.104 
Mar 29 04:19:56 cls sshd[645931]: Failed password for invalid user hbtcm from 130.12.181.104 port 30082 ssh2
Mar 29 04:19:58 cls sshd[645933]: Invalid user zhaohuijie from 206.123.145.79 port 55378
Mar 29 04:19:59 cls sshd[645931]: Connection closed by invalid user hbtcm 130.12.181.104 port 30082 [preauth]
Mar 29 04:19:59 cls sshd[645933]: pam_unix(sshd:auth): check pass; user unknown
Mar 29 04:19:59 cls sshd[645933]: pam_unix(sshd:auth): authentication failure; logname= uid=0 euid=0 tty=ssh ruser= rhost=206.123.145.79 
Mar 29 04:20:01 cls sshd[645935]: Invalid user net from 130.12.181.107 port 29664
Mar 29 04:20:02 cls sshd[645933]: Failed password for invalid user zhaohuijie from 206.123.145.79 port 55378 ssh2
Mar 29 04:20:03 cls sshd[645935]: pam_unix(sshd:auth): check pass; user unknown
Mar 29 04:20:03 cls sshd[645935]: pam_unix(sshd:auth): authentication failure; logname= uid=0 euid=0 tty=ssh ruser= rhost=130.12.181.107 
Mar 29 04:20:05 cls sshd[645935]: Failed password for invalid user net from 130.12.181.107 port 29664 ssh2
Mar 29 04:20:06 cls sshd[645933]: Connection closed by invalid user zhaohuijie 206.123.145.79 port 55378 [preauth]
Mar 29 04:20:07 cls sshd[645935]: Connection closed by invalid user net 130.12.181.107 port 29664 [preauth]
Mar 29 04:20:13 cls sshd[645937]: Invalid user user-es from 206.123.145.69 port 27474
Mar 29 04:20:14 cls sshd[645937]: pam_unix(sshd:auth): check pass; user unknown
Mar 29 04:20:14 cls sshd[645937]: pam_unix(sshd:auth): authentication failure; logname= uid=0 euid=0 tty=ssh ruser= rhost=206.123.145.69 
Mar 29 04:20:16 cls sshd[645937]: Failed password for invalid user user-es from 206.123.145.69 port 27474 ssh2
Mar 29 04:20:18 cls sshd[645937]: Connection closed by invalid user user-es 206.123.145.69 port 27474 [preauth]
Mar 29 04:20:26 cls sshd[645953]: pam_unix(sshd:auth): authentication failure; logname= uid=0 euid=0 tty=ssh ruser= rhost=123.58.219.234  user=root
Mar 29 04:20:28 cls sshd[645953]: Failed password for root from 123.58.219.234 port 39840 ssh2
Mar 29 04:20:28 cls sshd[645953]: Received disconnect from 123.58.219.234 port 39840:11: Bye Bye [preauth]
Mar 29 04:20:28 cls sshd[645953]: Disconnected from authenticating user root 123.58.219.234 port 39840 [preauth]
Mar 29 04:20:30 cls sshd[645956]: pam_unix(sshd:auth): authentication failure; logname= uid=0 euid=0 tty=ssh ruser= rhost=165.154.6.66  user=root
Mar 29 04:20:31 cls sshd[645956]: Failed password for root from 165.154.6.66 port 45848 ssh2
Mar 29 04:20:32 cls sshd[645956]: Received disconnect from 165.154.6.66 port 45848:11: Bye Bye [preauth]
Mar 29 04:20:32 cls sshd[645956]: Disconnected from authenticating user root 165.154.6.66 port 45848 [preauth]
Mar 29 04:20:36 cls sshd[645955]: Invalid user centos7 from 206.123.145.20 port 63392
Mar 29 04:20:37 cls sshd[645955]: pam_unix(sshd:auth): check pass; user unknown
Mar 29 04:20:37 cls sshd[645955]: pam_unix(sshd:auth): authentication failure; logname= uid=0 euid=0 tty=ssh ruser= rhost=206.123.145.20 
Mar 29 04:20:39 cls sshd[645955]: Failed password for invalid user centos7 from 206.123.145.20 port 63392 ssh2
Mar 29 04:20:41 cls sshd[645955]: Connection closed by invalid user centos7 206.123.145.20 port 63392 [preauth]
Mar 29 04:20:56 cls sshd[645962]: pam_unix(sshd:auth): authentication failure; logname= uid=0 euid=0 tty=ssh ruser= rhost=40.81.244.142  user=root
Mar 29 04:20:58 cls sshd[645962]: Failed password for root from 40.81.244.142 port 33936 ssh2
Mar 29 04:20:58 cls sshd[645962]: Received disconnect from 40.81.244.142 port 33936:11: Bye Bye [preauth]
Mar 29 04:20:58 cls sshd[645962]: Disconnected from authenticating user root 40.81.244.142 port 33936 [preauth]
Mar 29 04:21:02 cls sshd[645961]: Invalid user davia from 130.12.181.108 port 30156
Mar 29 04:21:04 cls sshd[645961]: pam_unix(sshd:auth): check pass; user unknown
Mar 29 04:21:04 cls sshd[645961]: pam_unix(sshd:auth): authentication failure; logname= uid=0 euid=0 tty=ssh ruser= rhost=130.12.181.108 
Mar 29 04:21:06 cls sshd[645961]: Failed password for invalid user davia from 130.12.181.108 port 30156 ssh2
Mar 29 04:21:10 cls sshd[645961]: Connection closed by invalid user davia 130.12.181.108 port 30156 [preauth]
Mar 29 04:21:14 cls sshd[645965]: Invalid user wenjingyi from 130.12.181.106 port 20832
Mar 29 04:21:15 cls sshd[645966]: Invalid user usr20 from 130.12.181.98 port 2960
Mar 29 04:21:15 cls sshd[645965]: pam_unix(sshd:auth): check pass; user unknown
Mar 29 04:21:15 cls sshd[645965]: pam_unix(sshd:auth): authentication failure; logname= uid=0 euid=0 tty=ssh ruser= rhost=130.12.181.106 
Mar 29 04:21:16 cls sshd[645966]: pam_unix(sshd:auth): check pass; user unknown
Mar 29 04:21:16 cls sshd[645966]: pam_unix(sshd:auth): authentication failure; logname= uid=0 euid=0 tty=ssh ruser= rhost=130.12.181.98 
Mar 29 04:21:17 cls sshd[645965]: Failed password for invalid user wenjingyi from 130.12.181.106 port 20832 ssh2
Mar 29 04:21:18 cls sshd[645966]: Failed password for invalid user usr20 from 130.12.181.98 port 2960 ssh2
Mar 29 04:21:19 cls sshd[645965]: Connection closed by invalid user wenjingyi 130.12.181.106 port 20832 [preauth]
Mar 29 04:21:21 cls sshd[645966]: Connection closed by invalid user usr20 130.12.181.98 port 2960 [preauth]
Mar 29 04:21:39 cls sshd[645992]: pam_unix(sshd:auth): authentication failure; logname= uid=0 euid=0 tty=ssh ruser= rhost=43.132.227.251  user=root
Mar 29 04:21:40 cls sshd[645992]: Failed password for root from 43.132.227.251 port 49704 ssh2
Mar 29 04:21:41 cls sshd[645992]: Received disconnect from 43.132.227.251 port 49704:11: Bye Bye [preauth]
Mar 29 04:21:41 cls sshd[645992]: Disconnected from authenticating user root 43.132.227.251 port 49704 [preauth]
Mar 29 04:21:46 cls sshd[645991]: Invalid user gwt from 206.123.145.57 port 31598
Mar 29 04:21:48 cls sshd[645991]: pam_unix(sshd:auth): check pass; user unknown
Mar 29 04:21:48 cls sshd[645991]: pam_unix(sshd:auth): authentication failure; logname= uid=0 euid=0 tty=ssh ruser= rhost=206.123.145.57 
Mar 29 04:21:51 cls sshd[645991]: Failed password for invalid user gwt from 206.123.145.57 port 31598 ssh2
Mar 29 04:21:55 cls sshd[645991]: Connection closed by invalid user gwt 206.123.145.57 port 31598 [preauth]
Mar 29 04:22:21 cls sshd[646005]: Invalid user jxt from 206.123.145.78 port 24498
Mar 29 04:22:22 cls sshd[646005]: pam_unix(sshd:auth): check pass; user unknown
Mar 29 04:22:22 cls sshd[646005]: pam_unix(sshd:auth): authentication failure; logname= uid=0 euid=0 tty=ssh ruser= rhost=206.123.145.78 
Mar 29 04:22:24 cls sshd[646005]: Failed password for invalid user jxt from 206.123.145.78 port 24498 ssh2
Mar 29 04:22:26 cls sshd[646009]: Invalid user jenkins from 206.123.145.49 port 20086
Mar 29 04:22:27 cls sshd[646005]: Connection closed by invalid user jxt 206.123.145.78 port 24498 [preauth]
Mar 29 04:22:28 cls sshd[646009]: pam_unix(sshd:auth): check pass; user unknown
Mar 29 04:22:28 cls sshd[646009]: pam_unix(sshd:auth): authentication failure; logname= uid=0 euid=0 tty=ssh ruser= rhost=206.123.145.49 
Mar 29 04:22:29 cls sshd[646013]: Invalid user yuguo from 130.12.181.102 port 27342
Mar 29 04:22:29 cls sshd[646009]: Failed password for invalid user jenkins from 206.123.145.49 port 20086 ssh2
Mar 29 04:22:31 cls sshd[646013]: pam_unix(sshd:auth): check pass; user unknown
Mar 29 04:22:31 cls sshd[646013]: pam_unix(sshd:auth): authentication failure; logname= uid=0 euid=0 tty=ssh ruser= rhost=130.12.181.102 
Mar 29 04:22:31 cls sshd[646009]: Connection closed by invalid user jenkins 206.123.145.49 port 20086 [preauth]
Mar 29 04:22:33 cls sshd[646013]: Failed password for invalid user yuguo from 130.12.181.102 port 27342 ssh2
Mar 29 04:22:35 cls sshd[646013]: Connection closed by invalid user yuguo 130.12.181.102 port 27342 [preauth]
Mar 29 04:22:36 cls sshd[646021]: Invalid user pc from 206.123.145.55 port 21524
Mar 29 04:22:37 cls sshd[646021]: pam_unix(sshd:auth): check pass; user unknown
Mar 29 04:22:37 cls sshd[646021]: pam_unix(sshd:auth): authentication failure; logname= uid=0 euid=0 tty=ssh ruser= rhost=206.123.145.55 
Mar 29 04:22:39 cls sshd[646021]: Failed password for invalid user pc from 206.123.145.55 port 21524 ssh2
Mar 29 04:22:41 cls sshd[646021]: Connection closed by invalid user pc 206.123.145.55 port 21524 [preauth]
Mar 29 04:22:59 cls sshd[646035]: Invalid user acs from 206.123.145.50 port 37358
Mar 29 04:23:01 cls sshd[646035]: pam_unix(sshd:auth): check pass; user unknown
Mar 29 04:23:01 cls sshd[646035]: pam_unix(sshd:auth): authentication failure; logname= uid=0 euid=0 tty=ssh ruser= rhost=206.123.145.50 
Mar 29 04:23:02 cls sshd[646039]: Invalid user admin from 130.12.181.109 port 50426
Mar 29 04:23:02 cls sshd[646035]: Failed password for invalid user acs from 206.123.145.50 port 37358 ssh2
Mar 29 04:23:04 cls sshd[646035]: Connection closed by invalid user acs 206.123.145.50 port 37358 [preauth]
Mar 29 04:23:05 cls sshd[646039]: pam_unix(sshd:auth): check pass; user unknown
Mar 29 04:23:05 cls sshd[646039]: pam_unix(sshd:auth): authentication failure; logname= uid=0 euid=0 tty=ssh ruser= rhost=130.12.181.109 
Mar 29 04:23:07 cls sshd[646039]: Failed password for invalid user admin from 130.12.181.109 port 50426 ssh2
Mar 29 04:23:08 cls sshd[646054]: pam_unix(sshd:auth): authentication failure; logname= uid=0 euid=0 tty=ssh ruser= rhost=103.91.246.101  user=root
Mar 29 04:23:10 cls sshd[646054]: Failed password for root from 103.91.246.101 port 47410 ssh2
Mar 29 04:23:10 cls sshd[646039]: Connection closed by invalid user admin 130.12.181.109 port 50426 [preauth]
Mar 29 04:23:11 cls sshd[646045]: Invalid user yimeng from 130.12.181.100 port 47056
Mar 29 04:23:11 cls sshd[646054]: Received disconnect from 103.91.246.101 port 47410:11: Bye Bye [preauth]
Mar 29 04:23:11 cls sshd[646054]: Disconnected from authenticating user root 103.91.246.101 port 47410 [preauth]
Mar 29 04:23:13 cls sshd[646045]: pam_unix(sshd:auth): check pass; user unknown
Mar 29 04:23:13 cls sshd[646045]: pam_unix(sshd:auth): authentication failure; logname= uid=0 euid=0 tty=ssh ruser= rhost=130.12.181.100 
Mar 29 04:23:14 cls sshd[646045]: Failed password for invalid user yimeng from 130.12.181.100 port 47056 ssh2
Mar 29 04:23:15 cls sshd[646061]: pam_unix(sshd:auth): authentication failure; logname= uid=0 euid=0 tty=ssh ruser= rhost=43.242.203.160  user=root
Mar 29 04:23:16 cls sshd[646045]: Connection closed by invalid user yimeng 130.12.181.100 port 47056 [preauth]
Mar 29 04:23:17 cls sshd[646061]: Failed password for root from 43.242.203.160 port 57278 ssh2
Mar 29 04:23:17 cls sshd[646051]: Invalid user hanjin from 206.123.145.74 port 61208
Mar 29 04:23:18 cls sshd[646061]: Received disconnect from 43.242.203.160 port 57278:11: Bye Bye [preauth]
Mar 29 04:23:18 cls sshd[646061]: Disconnected from authenticating user root 43.242.203.160 port 57278 [preauth]
Mar 29 04:23:18 cls sshd[646051]: pam_unix(sshd:auth): check pass; user unknown
Mar 29 04:23:18 cls sshd[646051]: pam_unix(sshd:auth): authentication failure; logname= uid=0 euid=0 tty=ssh ruser= rhost=206.123.145.74 
Mar 29 04:23:21 cls sshd[646051]: Failed password for invalid user hanjin from 206.123.145.74 port 61208 ssh2
Mar 29 04:23:24 cls sshd[646051]: Connection closed by invalid user hanjin 206.123.145.74 port 61208 [preauth]
Mar 29 04:23:34 cls sshd[646083]: pam_unix(sshd:auth): authentication failure; logname= uid=0 euid=0 tty=ssh ruser= rhost=123.58.219.234  user=root
Mar 29 04:23:36 cls sshd[646083]: Failed password for root from 123.58.219.234 port 60162 ssh2
Mar 29 04:23:36 cls sshd[646083]: Received disconnect from 123.58.219.234 port 60162:11: Bye Bye [preauth]
Mar 29 04:23:36 cls sshd[646083]: Disconnected from authenticating user root 123.58.219.234 port 60162 [preauth]
Mar 29 04:23:59 cls sshd[646091]: pam_unix(sshd:auth): authentication failure; logname= uid=0 euid=0 tty=ssh ruser= rhost=206.123.145.71  user=root
Mar 29 04:24:01 cls sshd[646091]: Failed password for root from 206.123.145.71 port 11578 ssh2
Mar 29 04:24:03 cls sshd[646098]: pam_unix(sshd:auth): authentication failure; logname= uid=0 euid=0 tty=ssh ruser= rhost=165.154.6.66  user=root
Mar 29 04:24:03 cls sshd[646095]: Invalid user chq from 206.123.145.70 port 45848
Mar 29 04:24:04 cls sshd[646095]: pam_unix(sshd:auth): check pass; user unknown
Mar 29 04:24:04 cls sshd[646095]: pam_unix(sshd:auth): authentication failure; logname= uid=0 euid=0 tty=ssh ruser= rhost=206.123.145.70 
Mar 29 04:24:04 cls sshd[646098]: Failed password for root from 165.154.6.66 port 43946 ssh2
Mar 29 04:24:05 cls sshd[646091]: Connection closed by authenticating user root 206.123.145.71 port 11578 [preauth]
Mar 29 04:24:05 cls sshd[646098]: Received disconnect from 165.154.6.66 port 43946:11: Bye Bye [preauth]
Mar 29 04:24:05 cls sshd[646098]: Disconnected from authenticating user root 165.154.6.66 port 43946 [preauth]
Mar 29 04:24:06 cls sshd[646095]: Failed password for invalid user chq from 206.123.145.70 port 45848 ssh2
Mar 29 04:24:09 cls sshd[646095]: Connection closed by invalid user chq 206.123.145.70 port 45848 [preauth]
Mar 29 04:24:15 cls sshd[646097]: Invalid user liweijia from 206.123.145.72 port 35126
Mar 29 04:24:16 cls sshd[646101]: pam_unix(sshd:auth): authentication failure; logname= uid=0 euid=0 tty=ssh ruser= rhost=206.123.145.56  user=root
Mar 29 04:24:17 cls sshd[646097]: pam_unix(sshd:auth): check pass; user unknown
Mar 29 04:24:17 cls sshd[646097]: pam_unix(sshd:auth): authentication failure; logname= uid=0 euid=0 tty=ssh ruser= rhost=206.123.145.72 
Mar 29 04:24:18 cls sshd[646103]: pam_unix(sshd:auth): authentication failure; logname= uid=0 euid=0 tty=ssh ruser= rhost=40.81.244.142  user=root
Mar 29 04:24:18 cls sshd[646101]: Failed password for root from 206.123.145.56 port 8826 ssh2
Mar 29 04:24:19 cls sshd[646097]: Failed password for invalid user liweijia from 206.123.145.72 port 35126 ssh2
Mar 29 04:24:20 cls sshd[646103]: Failed password for root from 40.81.244.142 port 59358 ssh2
Mar 29 04:24:20 cls sshd[646103]: Received disconnect from 40.81.244.142 port 59358:11: Bye Bye [preauth]
Mar 29 04:24:20 cls sshd[646103]: Disconnected from authenticating user root 40.81.244.142 port 59358 [preauth]
Mar 29 04:24:21 cls sshd[646101]: Connection closed by authenticating user root 206.123.145.56 port 8826 [preauth]
Mar 29 04:24:22 cls sshd[646097]: Connection closed by invalid user liweijia 206.123.145.72 port 35126 [preauth]
Mar 29 04:24:28 cls sshd[646107]: Invalid user noc from 206.123.145.77 port 15558
Mar 29 04:24:30 cls sshd[646107]: pam_unix(sshd:auth): check pass; user unknown
Mar 29 04:24:30 cls sshd[646107]: pam_unix(sshd:auth): authentication failure; logname= uid=0 euid=0 tty=ssh ruser= rhost=206.123.145.77 
Mar 29 04:24:31 cls sshd[646107]: Failed password for invalid user noc from 206.123.145.77 port 15558 ssh2
Mar 29 04:24:35 cls sshd[646107]: Connection closed by invalid user noc 206.123.145.77 port 15558 [preauth]
Mar 29 04:24:54 cls sshd[646127]: pam_unix(sshd:auth): authentication failure; logname= uid=0 euid=0 tty=ssh ruser= rhost=152.32.163.183  user=root
Mar 29 04:24:56 cls sshd[646127]: Failed password for root from 152.32.163.183 port 12352 ssh2
Mar 29 04:24:57 cls sshd[646127]: Received disconnect from 152.32.163.183 port 12352:11: Bye Bye [preauth]
Mar 29 04:24:57 cls sshd[646127]: Disconnected from authenticating user root 152.32.163.183 port 12352 [preauth]
Mar 29 04:24:58 cls sshd[646123]: pam_unix(sshd:auth): authentication failure; logname= uid=0 euid=0 tty=ssh ruser= rhost=130.12.181.99  user=root
Mar 29 04:25:01 cls sshd[646123]: Failed password for root from 130.12.181.99 port 28266 ssh2
Mar 29 04:25:03 cls sshd[646123]: Connection closed by authenticating user root 130.12.181.99 port 28266 [preauth]
Mar 29 04:25:17 cls sshd[646131]: pam_unix(sshd:auth): authentication failure; logname= uid=0 euid=0 tty=ssh ruser= rhost=43.132.227.251  user=root
Mar 29 04:25:19 cls sshd[646131]: Failed password for root from 43.132.227.251 port 56306 ssh2
Mar 29 04:25:20 cls sshd[646131]: Received disconnect from 43.132.227.251 port 56306:11: Bye Bye [preauth]
Mar 29 04:25:20 cls sshd[646131]: Disconnected from authenticating user root 43.132.227.251 port 56306 [preauth]
Mar 29 04:25:49 cls sshd[646150]: pam_unix(sshd:auth): authentication failure; logname= uid=0 euid=0 tty=ssh ruser= rhost=185.236.25.178  user=root
Mar 29 04:25:51 cls sshd[646150]: Failed password for root from 185.236.25.178 port 56930 ssh2
Mar 29 04:25:52 cls sshd[646150]: Received disconnect from 185.236.25.178 port 56930:11: Bye Bye [preauth]
Mar 29 04:25:52 cls sshd[646150]: Disconnected from authenticating user root 185.236.25.178 port 56930 [preauth]
Mar 29 04:26:16 cls sshd[646163]: pam_unix(sshd:auth): authentication failure; logname= uid=0 euid=0 tty=ssh ruser= rhost=206.123.145.75  user=ubuntu
Mar 29 04:26:19 cls sshd[646163]: Failed password for ubuntu from 206.123.145.75 port 25836 ssh2
Mar 29 04:26:22 cls sshd[646163]: Connection closed by authenticating user ubuntu 206.123.145.75 port 25836 [preauth]
Mar 29 04:26:28 cls sshd[646165]: Invalid user lr from 206.123.145.48 port 49364
Mar 29 04:26:31 cls sshd[646165]: pam_unix(sshd:auth): check pass; user unknown
Mar 29 04:26:31 cls sshd[646165]: pam_unix(sshd:auth): authentication failure; logname= uid=0 euid=0 tty=ssh ruser= rhost=206.123.145.48 
Mar 29 04:26:33 cls sshd[646165]: Failed password for invalid user lr from 206.123.145.48 port 49364 ssh2
Mar 29 04:26:36 cls sshd[646165]: Connection closed by invalid user lr 206.123.145.48 port 49364 [preauth]
Mar 29 04:26:42 cls sshd[646188]: pam_unix(sshd:auth): authentication failure; logname= uid=0 euid=0 tty=ssh ruser= rhost=123.58.219.234  user=root
Mar 29 04:26:44 cls sshd[646192]: pam_unix(sshd:auth): authentication failure; logname= uid=0 euid=0 tty=ssh ruser= rhost=43.242.203.160  user=root
Mar 29 04:26:45 cls sshd[646188]: Failed password for root from 123.58.219.234 port 47778 ssh2
Mar 29 04:26:46 cls sshd[646192]: Failed password for root from 43.242.203.160 port 34920 ssh2
Mar 29 04:26:47 cls sshd[646192]: Received disconnect from 43.242.203.160 port 34920:11: Bye Bye [preauth]
Mar 29 04:26:47 cls sshd[646192]: Disconnected from authenticating user root 43.242.203.160 port 34920 [preauth]
Mar 29 04:26:47 cls sshd[646188]: Received disconnect from 123.58.219.234 port 47778:11: Bye Bye [preauth]
Mar 29 04:26:47 cls sshd[646188]: Disconnected from authenticating user root 123.58.219.234 port 47778 [preauth]
Mar 29 04:26:48 cls sshd[646190]: Invalid user liuyl from 206.123.145.53 port 30356
Mar 29 04:26:50 cls sshd[646190]: pam_unix(sshd:auth): check pass; user unknown
Mar 29 04:26:50 cls sshd[646190]: pam_unix(sshd:auth): authentication failure; logname= uid=0 euid=0 tty=ssh ruser= rhost=206.123.145.53 
Mar 29 04:26:52 cls sshd[646187]: pam_unix(sshd:auth): authentication failure; logname= uid=0 euid=0 tty=ssh ruser= rhost=130.12.181.101  user=root
Mar 29 04:26:52 cls sshd[646190]: Failed password for invalid user liuyl from 206.123.145.53 port 30356 ssh2
Mar 29 04:26:53 cls sshd[646194]: pam_unix(sshd:auth): authentication failure; logname= uid=0 euid=0 tty=ssh ruser= rhost=130.12.181.97  user=root
Mar 29 04:26:54 cls sshd[646187]: Failed password for root from 130.12.181.101 port 41938 ssh2
Mar 29 04:26:54 cls sshd[646190]: Connection closed by invalid user liuyl 206.123.145.53 port 30356 [preauth]
Mar 29 04:26:56 cls sshd[646194]: Failed password for root from 130.12.181.97 port 19164 ssh2
Mar 29 04:26:56 cls sshd[646187]: Connection closed by authenticating user root 130.12.181.101 port 41938 [preauth]
Mar 29 04:26:57 cls sshd[646194]: Connection closed by authenticating user root 130.12.181.97 port 19164 [preauth]
Mar 29 04:27:22 cls sshd[646199]: pam_unix(sshd:auth): authentication failure; logname= uid=0 euid=0 tty=ssh ruser= rhost=165.154.6.66  user=root
Mar 29 04:27:25 cls sshd[646199]: Failed password for root from 165.154.6.66 port 36640 ssh2
Mar 29 04:27:25 cls sshd[646199]: Received disconnect from 165.154.6.66 port 36640:11: Bye Bye [preauth]
Mar 29 04:27:25 cls sshd[646199]: Disconnected from authenticating user root 165.154.6.66 port 36640 [preauth]
Mar 29 04:27:30 cls sshd[646212]: pam_unix(sshd:auth): authentication failure; logname= uid=0 euid=0 tty=ssh ruser= rhost=103.179.56.44  user=root
Mar 29 04:27:32 cls sshd[646212]: Failed password for root from 103.179.56.44 port 37988 ssh2
Mar 29 04:27:32 cls sshd[646212]: Received disconnect from 103.179.56.44 port 37988:11: Bye Bye [preauth]
Mar 29 04:27:32 cls sshd[646212]: Disconnected from authenticating user root 103.179.56.44 port 37988 [preauth]
Mar 29 04:27:36 cls sshd[646210]: Invalid user hemanth from 130.12.181.105 port 49758
Mar 29 04:27:36 cls sshd[646209]: Invalid user zhoulin from 206.123.145.51 port 35196
Mar 29 04:27:38 cls sshd[646210]: pam_unix(sshd:auth): check pass; user unknown
Mar 29 04:27:38 cls sshd[646210]: pam_unix(sshd:auth): authentication failure; logname= uid=0 euid=0 tty=ssh ruser= rhost=130.12.181.105 
Mar 29 04:27:38 cls sshd[646209]: pam_unix(sshd:auth): check pass; user unknown
Mar 29 04:27:38 cls sshd[646209]: pam_unix(sshd:auth): authentication failure; logname= uid=0 euid=0 tty=ssh ruser= rhost=206.123.145.51 
Mar 29 04:27:39 cls sshd[646210]: Failed password for invalid user hemanth from 130.12.181.105 port 49758 ssh2
Mar 29 04:27:39 cls sshd[646209]: Failed password for invalid user zhoulin from 206.123.145.51 port 35196 ssh2
Mar 29 04:27:42 cls sshd[646210]: Connection closed by invalid user hemanth 130.12.181.105 port 49758 [preauth]
Mar 29 04:27:44 cls sshd[646209]: Connection closed by invalid user zhoulin 206.123.145.51 port 35196 [preauth]
Mar 29 04:27:46 cls sshd[646215]: pam_unix(sshd:auth): authentication failure; logname= uid=0 euid=0 tty=ssh ruser= rhost=40.81.244.142  user=root
Mar 29 04:27:48 cls sshd[646215]: Failed password for root from 40.81.244.142 port 53250 ssh2
Mar 29 04:27:48 cls sshd[646215]: Received disconnect from 40.81.244.142 port 53250:11: Bye Bye [preauth]
Mar 29 04:27:48 cls sshd[646215]: Disconnected from authenticating user root 40.81.244.142 port 53250 [preauth]
Mar 29 04:27:55 cls sshd[646217]: Invalid user liuchen from 130.12.181.103 port 49838
Mar 29 04:27:57 cls sshd[646219]: Invalid user liuxx from 206.123.145.73 port 29684
Mar 29 04:27:57 cls sshd[646217]: pam_unix(sshd:auth): check pass; user unknown
Mar 29 04:27:57 cls sshd[646217]: pam_unix(sshd:auth): authentication failure; logname= uid=0 euid=0 tty=ssh ruser= rhost=130.12.181.103 
Mar 29 04:27:59 cls sshd[646217]: Failed password for invalid user liuchen from 130.12.181.103 port 49838 ssh2
Mar 29 04:27:59 cls sshd[646219]: pam_unix(sshd:auth): check pass; user unknown
Mar 29 04:27:59 cls sshd[646219]: pam_unix(sshd:auth): authentication failure; logname= uid=0 euid=0 tty=ssh ruser= rhost=206.123.145.73 
Mar 29 04:28:02 cls sshd[646219]: Failed password for invalid user liuxx from 206.123.145.73 port 29684 ssh2
Mar 29 04:28:02 cls sshd[646217]: Connection closed by invalid user liuchen 130.12.181.103 port 49838 [preauth]
Mar 29 04:28:05 cls sshd[646219]: Connection closed by invalid user liuxx 206.123.145.73 port 29684 [preauth]
Mar 29 04:28:23 cls sshd[646223]: pam_unix(sshd:auth): authentication failure; logname= uid=0 euid=0 tty=ssh ruser= rhost=206.123.145.76  user=root
Mar 29 04:28:25 cls sshd[646223]: Failed password for root from 206.123.145.76 port 43762 ssh2
Mar 29 04:28:26 cls sshd[646225]: Invalid user asher from 206.123.145.54 port 6674
Mar 29 04:28:27 cls sshd[646225]: pam_unix(sshd:auth): check pass; user unknown
Mar 29 04:28:27 cls sshd[646225]: pam_unix(sshd:auth): authentication failure; logname= uid=0 euid=0 tty=ssh ruser= rhost=206.123.145.54 
Mar 29 04:28:28 cls sshd[646223]: Connection closed by authenticating user root 206.123.145.76 port 43762 [preauth]
Mar 29 04:28:29 cls sshd[646225]: Failed password for invalid user asher from 206.123.145.54 port 6674 ssh2
Mar 29 04:28:34 cls sshd[646225]: Connection closed by invalid user asher 206.123.145.54 port 6674 [preauth]
Mar 29 04:28:36 cls sshd[646244]: Invalid user dana from 130.12.181.98 port 33338
Mar 29 04:28:36 cls sshd[646243]: pam_unix(sshd:auth): authentication failure; logname= uid=0 euid=0 tty=ssh ruser= rhost=206.123.145.46  user=root
Mar 29 04:28:37 cls sshd[646244]: pam_unix(sshd:auth): check pass; user unknown
Mar 29 04:28:37 cls sshd[646244]: pam_unix(sshd:auth): authentication failure; logname= uid=0 euid=0 tty=ssh ruser= rhost=130.12.181.98 
Mar 29 04:28:38 cls sshd[646243]: Failed password for root from 206.123.145.46 port 55064 ssh2
Mar 29 04:28:39 cls sshd[646244]: Failed password for invalid user dana from 130.12.181.98 port 33338 ssh2
Mar 29 04:28:39 cls sshd[646246]: Invalid user admin from 130.12.181.104 port 61164
Mar 29 04:28:42 cls sshd[646246]: pam_unix(sshd:auth): check pass; user unknown
Mar 29 04:28:42 cls sshd[646246]: pam_unix(sshd:auth): authentication failure; logname= uid=0 euid=0 tty=ssh ruser= rhost=130.12.181.104 
Mar 29 04:28:42 cls sshd[646244]: Connection closed by invalid user dana 130.12.181.98 port 33338 [preauth]
Mar 29 04:28:43 cls sshd[646246]: Failed password for invalid user admin from 130.12.181.104 port 61164 ssh2
Mar 29 04:28:44 cls sshd[646243]: Connection closed by authenticating user root 206.123.145.46 port 55064 [preauth]
Mar 29 04:28:47 cls sshd[646246]: Connection closed by invalid user admin 130.12.181.104 port 61164 [preauth]
Mar 29 04:28:55 cls sshd[646251]: Invalid user liuhw from 206.123.145.52 port 32592
Mar 29 04:28:57 cls sshd[646255]: Invalid user ftpuser from 130.12.181.107 port 3522
Mar 29 04:28:58 cls sshd[646251]: pam_unix(sshd:auth): check pass; user unknown
Mar 29 04:28:58 cls sshd[646251]: pam_unix(sshd:auth): authentication failure; logname= uid=0 euid=0 tty=ssh ruser= rhost=206.123.145.52 
Mar 29 04:28:59 cls sshd[646255]: pam_unix(sshd:auth): check pass; user unknown
Mar 29 04:28:59 cls sshd[646255]: pam_unix(sshd:auth): authentication failure; logname= uid=0 euid=0 tty=ssh ruser= rhost=130.12.181.107 
Mar 29 04:29:00 cls sshd[646251]: Failed password for invalid user liuhw from 206.123.145.52 port 32592 ssh2
Mar 29 04:29:01 cls sshd[646255]: Failed password for invalid user ftpuser from 130.12.181.107 port 3522 ssh2
Mar 29 04:29:03 cls sshd[646255]: Connection closed by invalid user ftpuser 130.12.181.107 port 3522 [preauth]
Mar 29 04:29:03 cls sshd[646257]: pam_unix(sshd:auth): authentication failure; logname= uid=0 euid=0 tty=ssh ruser= rhost=43.132.227.251  user=root
Mar 29 04:29:05 cls sshd[646257]: Failed password for root from 43.132.227.251 port 34702 ssh2
Mar 29 04:29:06 cls sshd[646257]: Received disconnect from 43.132.227.251 port 34702:11: Bye Bye [preauth]
Mar 29 04:29:06 cls sshd[646257]: Disconnected from authenticating user root 43.132.227.251 port 34702 [preauth]
Mar 29 04:29:08 cls sshd[646251]: Connection closed by invalid user liuhw 206.123.145.52 port 32592 [preauth]
Mar 29 04:29:50 cls sshd[646267]: pam_unix(sshd:auth): authentication failure; logname= uid=0 euid=0 tty=ssh ruser= rhost=123.58.219.234  user=root
Mar 29 04:29:52 cls sshd[646267]: Failed password for root from 123.58.219.234 port 40216 ssh2
Mar 29 04:29:53 cls sshd[646267]: Received disconnect from 123.58.219.234 port 40216:11: Bye Bye [preauth]
Mar 29 04:29:53 cls sshd[646267]: Disconnected from authenticating user root 123.58.219.234 port 40216 [preauth]
Mar 29 04:30:06 cls sshd[646287]: pam_unix(sshd:auth): authentication failure; logname= uid=0 euid=0 tty=ssh ruser= rhost=43.242.203.160  user=root
Mar 29 04:30:08 cls sshd[646275]: pam_unix(sshd:auth): authentication failure; logname= uid=0 euid=0 tty=ssh ruser= rhost=130.12.181.108  user=root
Mar 29 04:30:09 cls sshd[646287]: Failed password for root from 43.242.203.160 port 40794 ssh2
Mar 29 04:30:09 cls sshd[646287]: Received disconnect from 43.242.203.160 port 40794:11: Bye Bye [preauth]
Mar 29 04:30:09 cls sshd[646287]: Disconnected from authenticating user root 43.242.203.160 port 40794 [preauth]
Mar 29 04:30:09 cls sshd[646275]: Failed password for root from 130.12.181.108 port 20428 ssh2
Mar 29 04:30:09 cls sshd[646281]: Invalid user syncUser from 130.12.181.106 port 56228
Mar 29 04:30:12 cls sshd[646281]: pam_unix(sshd:auth): check pass; user unknown
Mar 29 04:30:12 cls sshd[646281]: pam_unix(sshd:auth): authentication failure; logname= uid=0 euid=0 tty=ssh ruser= rhost=130.12.181.106 
Mar 29 04:30:12 cls sshd[646275]: Connection closed by authenticating user root 130.12.181.108 port 20428 [preauth]
Mar 29 04:30:13 cls sshd[646281]: Failed password for invalid user syncUser from 130.12.181.106 port 56228 ssh2
Mar 29 04:30:17 cls sshd[646281]: Connection closed by invalid user syncUser 130.12.181.106 port 56228 [preauth]
Mar 29 04:30:23 cls sshd[646305]: pam_unix(sshd:auth): authentication failure; logname= uid=0 euid=0 tty=ssh ruser= rhost=57.128.223.80  user=root
Mar 29 04:30:25 cls sshd[646305]: Failed password for root from 57.128.223.80 port 46854 ssh2
Mar 29 04:30:26 cls sshd[646305]: Received disconnect from 57.128.223.80 port 46854:11: Bye Bye [preauth]
Mar 29 04:30:26 cls sshd[646305]: Disconnected from authenticating user root 57.128.223.80 port 46854 [preauth]
Mar 29 04:30:29 cls sshd[646313]: pam_unix(sshd:auth): authentication failure; logname= uid=0 euid=0 tty=ssh ruser= rhost=152.32.163.183  user=root
Mar 29 04:30:31 cls sshd[646313]: Failed password for root from 152.32.163.183 port 20698 ssh2
Mar 29 04:30:31 cls sshd[646313]: Received disconnect from 152.32.163.183 port 20698:11: Bye Bye [preauth]
Mar 29 04:30:31 cls sshd[646313]: Disconnected from authenticating user root 152.32.163.183 port 20698 [preauth]
Mar 29 04:30:31 cls sshd[646309]: Invalid user oradev from 206.123.145.79 port 64798
Mar 29 04:30:33 cls sshd[646309]: pam_unix(sshd:auth): check pass; user unknown
Mar 29 04:30:33 cls sshd[646309]: pam_unix(sshd:auth): authentication failure; logname= uid=0 euid=0 tty=ssh ruser= rhost=206.123.145.79 
Mar 29 04:30:34 cls sshd[646309]: Failed password for invalid user oradev from 206.123.145.79 port 64798 ssh2
Mar 29 04:30:37 cls sshd[646309]: Connection closed by invalid user oradev 206.123.145.79 port 64798 [preauth]
Mar 29 04:30:40 cls sshd[646317]: Invalid user traffic from 206.123.145.69 port 52800
Mar 29 04:30:42 cls sshd[646329]: pam_unix(sshd:auth): authentication failure; logname= uid=0 euid=0 tty=ssh ruser= rhost=165.154.6.66  user=root
Mar 29 04:30:42 cls sshd[646317]: pam_unix(sshd:auth): check pass; user unknown
Mar 29 04:30:42 cls sshd[646317]: pam_unix(sshd:auth): authentication failure; logname= uid=0 euid=0 tty=ssh ruser= rhost=206.123.145.69 
Mar 29 04:30:43 cls sshd[646329]: Failed password for root from 165.154.6.66 port 45904 ssh2
Mar 29 04:30:44 cls sshd[646317]: Failed password for invalid user traffic from 206.123.145.69 port 52800 ssh2
Mar 29 04:30:44 cls sshd[646329]: Received disconnect from 165.154.6.66 port 45904:11: Bye Bye [preauth]
Mar 29 04:30:44 cls sshd[646329]: Disconnected from authenticating user root 165.154.6.66 port 45904 [preauth]
Mar 29 04:30:54 cls sshd[646317]: Connection closed by invalid user traffic 206.123.145.69 port 52800 [preauth]
Mar 29 04:31:04 cls sshd[646346]: Invalid user peachrl from 206.123.145.20 port 31036
Mar 29 04:31:05 cls sshd[646356]: pam_unix(sshd:auth): authentication failure; logname= uid=0 euid=0 tty=ssh ruser= rhost=40.81.244.142  user=root
Mar 29 04:31:06 cls sshd[646346]: pam_unix(sshd:auth): check pass; user unknown
Mar 29 04:31:06 cls sshd[646346]: pam_unix(sshd:auth): authentication failure; logname= uid=0 euid=0 tty=ssh ruser= rhost=206.123.145.20 
Mar 29 04:31:07 cls sshd[646356]: Failed password for root from 40.81.244.142 port 37498 ssh2
Mar 29 04:31:07 cls sshd[646356]: Received disconnect from 40.81.244.142 port 37498:11: Bye Bye [preauth]
Mar 29 04:31:07 cls sshd[646356]: Disconnected from authenticating user root 40.81.244.142 port 37498 [preauth]
Mar 29 04:31:08 cls sshd[646346]: Failed password for invalid user peachrl from 206.123.145.20 port 31036 ssh2
Mar 29 04:31:11 cls sshd[646367]: pam_unix(sshd:auth): authentication failure; logname= uid=0 euid=0 tty=ssh ruser= rhost=45.119.84.54  user=root
Mar 29 04:31:12 cls sshd[646346]: Connection closed by invalid user peachrl 206.123.145.20 port 31036 [preauth]
Mar 29 04:31:14 cls sshd[646367]: Failed password for root from 45.119.84.54 port 52070 ssh2
Mar 29 04:31:14 cls sshd[646367]: Received disconnect from 45.119.84.54 port 52070:11: Bye Bye [preauth]
Mar 29 04:31:14 cls sshd[646367]: Disconnected from authenticating user root 45.119.84.54 port 52070 [preauth]
Mar 29 04:31:17 cls sshd[646369]: pam_unix(sshd:auth): authentication failure; logname= uid=0 euid=0 tty=ssh ruser= rhost=41.59.86.232  user=root
Mar 29 04:31:18 cls sshd[646369]: Failed password for root from 41.59.86.232 port 44428 ssh2
Mar 29 04:31:20 cls sshd[646369]: Received disconnect from 41.59.86.232 port 44428:11: Bye Bye [preauth]
Mar 29 04:31:20 cls sshd[646369]: Disconnected from authenticating user root 41.59.86.232 port 44428 [preauth]
Mar 29 04:31:38 cls sshd[646385]: Invalid user ls from 130.12.181.102 port 52284
Mar 29 04:31:40 cls sshd[646385]: pam_unix(sshd:auth): check pass; user unknown
Mar 29 04:31:40 cls sshd[646385]: pam_unix(sshd:auth): authentication failure; logname= uid=0 euid=0 tty=ssh ruser= rhost=130.12.181.102 
Mar 29 04:31:42 cls sshd[646385]: Failed password for invalid user ls from 130.12.181.102 port 52284 ssh2
Mar 29 04:31:46 cls sshd[646385]: Connection closed by invalid user ls 130.12.181.102 port 52284 [preauth]
Mar 29 04:31:57 cls sshd[646405]: Invalid user teamhd from 130.12.181.109 port 7186
Mar 29 04:31:59 cls sshd[646405]: pam_unix(sshd:auth): check pass; user unknown
Mar 29 04:31:59 cls sshd[646405]: pam_unix(sshd:auth): authentication failure; logname= uid=0 euid=0 tty=ssh ruser= rhost=130.12.181.109 
Mar 29 04:32:01 cls sshd[646413]: Invalid user niu from 130.12.181.100 port 1994
Mar 29 04:32:02 cls sshd[646405]: Failed password for invalid user teamhd from 130.12.181.109 port 7186 ssh2
Mar 29 04:32:03 cls sshd[646413]: pam_unix(sshd:auth): check pass; user unknown
Mar 29 04:32:03 cls sshd[646413]: pam_unix(sshd:auth): authentication failure; logname= uid=0 euid=0 tty=ssh ruser= rhost=130.12.181.100 
Mar 29 04:32:05 cls sshd[646413]: Failed password for invalid user niu from 130.12.181.100 port 1994 ssh2
Mar 29 04:32:05 cls sshd[646405]: Connection closed by invalid user teamhd 130.12.181.109 port 7186 [preauth]
Mar 29 04:32:07 cls sshd[646413]: Connection closed by invalid user niu 130.12.181.100 port 1994 [preauth]
Mar 29 04:32:11 cls sshd[646427]: pam_unix(sshd:auth): authentication failure; logname= uid=0 euid=0 tty=ssh ruser= rhost=14.103.247.214  user=root
Mar 29 04:32:14 cls sshd[646421]: Invalid user prasadv from 206.123.145.57 port 14536
Mar 29 04:32:14 cls sshd[646427]: Failed password for root from 14.103.247.214 port 34020 ssh2
Mar 29 04:32:14 cls sshd[646427]: Received disconnect from 14.103.247.214 port 34020:11: Bye Bye [preauth]
Mar 29 04:32:14 cls sshd[646427]: Disconnected from authenticating user root 14.103.247.214 port 34020 [preauth]
Mar 29 04:32:16 cls sshd[646421]: pam_unix(sshd:auth): check pass; user unknown
Mar 29 04:32:16 cls sshd[646421]: pam_unix(sshd:auth): authentication failure; logname= uid=0 euid=0 tty=ssh ruser= rhost=206.123.145.57 
Mar 29 04:32:18 cls sshd[646421]: Failed password for invalid user prasadv from 206.123.145.57 port 14536 ssh2
Mar 29 04:32:20 cls sshd[646421]: Connection closed by invalid user prasadv 206.123.145.57 port 14536 [preauth]
Mar 29 04:32:23 cls sshd[646429]: Invalid user ztl from 206.123.145.78 port 55124
Mar 29 04:32:24 cls sshd[646429]: pam_unix(sshd:auth): check pass; user unknown
Mar 29 04:32:24 cls sshd[646429]: pam_unix(sshd:auth): authentication failure; logname= uid=0 euid=0 tty=ssh ruser= rhost=206.123.145.78 
Mar 29 04:32:27 cls sshd[646429]: Failed password for invalid user ztl from 206.123.145.78 port 55124 ssh2
Mar 29 04:32:30 cls sshd[646429]: Connection closed by invalid user ztl 206.123.145.78 port 55124 [preauth]
Mar 29 04:32:41 cls sshd[646449]: pam_unix(sshd:auth): authentication failure; logname= uid=0 euid=0 tty=ssh ruser= rhost=43.132.227.251  user=root
Mar 29 04:32:44 cls sshd[646449]: Failed password for root from 43.132.227.251 port 41348 ssh2
Mar 29 04:32:44 cls sshd[646449]: Received disconnect from 43.132.227.251 port 41348:11: Bye Bye [preauth]
Mar 29 04:32:44 cls sshd[646449]: Disconnected from authenticating user root 43.132.227.251 port 41348 [preauth]
Mar 29 04:32:46 cls sshd[646443]: Invalid user uno from 206.123.145.49 port 18608
Mar 29 04:32:50 cls sshd[646443]: pam_unix(sshd:auth): check pass; user unknown
Mar 29 04:32:50 cls sshd[646443]: pam_unix(sshd:auth): authentication failure; logname= uid=0 euid=0 tty=ssh ruser= rhost=206.123.145.49 
Mar 29 04:32:51 cls sshd[646443]: Failed password for invalid user uno from 206.123.145.49 port 18608 ssh2
Mar 29 04:32:56 cls sshd[646443]: Connection closed by invalid user uno 206.123.145.49 port 18608 [preauth]
Mar 29 04:32:56 cls sshd[646460]: pam_unix(sshd:auth): authentication failure; logname= uid=0 euid=0 tty=ssh ruser= rhost=123.58.219.234  user=root
Mar 29 04:32:58 cls sshd[646460]: Failed password for root from 123.58.219.234 port 44550 ssh2
Mar 29 04:32:59 cls sshd[646460]: Received disconnect from 123.58.219.234 port 44550:11: Bye Bye [preauth]
Mar 29 04:32:59 cls sshd[646460]: Disconnected from authenticating user root 123.58.219.234 port 44550 [preauth]
Mar 29 04:33:05 cls sshd[646459]: Invalid user yjy from 206.123.145.50 port 16878
Mar 29 04:33:07 cls sshd[646459]: pam_unix(sshd:auth): check pass; user unknown
Mar 29 04:33:07 cls sshd[646459]: pam_unix(sshd:auth): authentication failure; logname= uid=0 euid=0 tty=ssh ruser= rhost=206.123.145.50 
Mar 29 04:33:09 cls sshd[646459]: Failed password for invalid user yjy from 206.123.145.50 port 16878 ssh2
Mar 29 04:33:15 cls sshd[646459]: Connection closed by invalid user yjy 206.123.145.50 port 16878 [preauth]
Mar 29 04:33:18 cls sshd[646469]: Invalid user support from 206.123.145.55 port 4992
Mar 29 04:33:19 cls sshd[646469]: pam_unix(sshd:auth): check pass; user unknown
Mar 29 04:33:19 cls sshd[646469]: pam_unix(sshd:auth): authentication failure; logname= uid=0 euid=0 tty=ssh ruser= rhost=206.123.145.55 
Mar 29 04:33:21 cls sshd[646469]: Failed password for invalid user support from 206.123.145.55 port 4992 ssh2
Mar 29 04:33:24 cls sshd[646469]: Connection closed by invalid user support 206.123.145.55 port 4992 [preauth]
Mar 29 04:33:29 cls sshd[646475]: Invalid user adminagora from 130.12.181.99 port 58322
Mar 29 04:33:31 cls sshd[646479]: pam_unix(sshd:auth): authentication failure; logname= uid=0 euid=0 tty=ssh ruser= rhost=43.242.203.160  user=root
Mar 29 04:33:32 cls sshd[646475]: pam_unix(sshd:auth): check pass; user unknown
Mar 29 04:33:32 cls sshd[646475]: pam_unix(sshd:auth): authentication failure; logname= uid=0 euid=0 tty=ssh ruser= rhost=130.12.181.99 
Mar 29 04:33:33 cls sshd[646479]: Failed password for root from 43.242.203.160 port 46662 ssh2
Mar 29 04:33:33 cls sshd[646475]: Failed password for invalid user adminagora from 130.12.181.99 port 58322 ssh2
Mar 29 04:33:34 cls sshd[646479]: Received disconnect from 43.242.203.160 port 46662:11: Bye Bye [preauth]
Mar 29 04:33:34 cls sshd[646479]: Disconnected from authenticating user root 43.242.203.160 port 46662 [preauth]
Mar 29 04:33:35 cls sshd[646475]: Connection closed by invalid user adminagora 130.12.181.99 port 58322 [preauth]
Mar 29 04:33:57 cls sshd[646489]: error: kex_exchange_identification: Connection closed by remote host
Mar 29 04:33:58 cls sshd[646485]: Invalid user hf from 206.123.145.74 port 33446
Mar 29 04:34:00 cls sshd[646490]: pam_unix(sshd:auth): authentication failure; logname= uid=0 euid=0 tty=ssh ruser= rhost=103.91.246.101  user=root
Mar 29 04:34:02 cls sshd[646485]: pam_unix(sshd:auth): check pass; user unknown
Mar 29 04:34:02 cls sshd[646485]: pam_unix(sshd:auth): authentication failure; logname= uid=0 euid=0 tty=ssh ruser= rhost=206.123.145.74 
Mar 29 04:34:03 cls sshd[646490]: Failed password for root from 103.91.246.101 port 48886 ssh2
Mar 29 04:34:03 cls sshd[646485]: Failed password for invalid user hf from 206.123.145.74 port 33446 ssh2
Mar 29 04:34:05 cls sshd[646490]: Received disconnect from 103.91.246.101 port 48886:11: Bye Bye [preauth]
Mar 29 04:34:05 cls sshd[646490]: Disconnected from authenticating user root 103.91.246.101 port 48886 [preauth]
Mar 29 04:34:06 cls sshd[646485]: Connection closed by invalid user hf 206.123.145.74 port 33446 [preauth]
Mar 29 04:34:22 cls sshd[646496]: Invalid user report from 206.123.145.56 port 50650
Mar 29 04:34:22 cls sshd[646498]: pam_unix(sshd:auth): authentication failure; logname= uid=0 euid=0 tty=ssh ruser= rhost=165.154.6.66  user=root
Mar 29 04:34:24 cls sshd[646498]: Failed password for root from 165.154.6.66 port 35206 ssh2
Mar 29 04:34:24 cls sshd[646498]: Received disconnect from 165.154.6.66 port 35206:11: Bye Bye [preauth]
Mar 29 04:34:24 cls sshd[646498]: Disconnected from authenticating user root 165.154.6.66 port 35206 [preauth]
Mar 29 04:34:24 cls sshd[646496]: pam_unix(sshd:auth): check pass; user unknown
Mar 29 04:34:24 cls sshd[646496]: pam_unix(sshd:auth): authentication failure; logname= uid=0 euid=0 tty=ssh ruser= rhost=206.123.145.56 
Mar 29 04:34:27 cls sshd[646496]: Failed password for invalid user report from 206.123.145.56 port 50650 ssh2
Mar 29 04:34:29 cls sshd[646496]: Connection closed by invalid user report 206.123.145.56 port 50650 [preauth]
Mar 29 04:34:45 cls sshd[646504]: pam_unix(sshd:auth): authentication failure; logname= uid=0 euid=0 tty=ssh ruser= rhost=206.123.145.71  user=root
Mar 29 04:34:47 cls sshd[646504]: Failed password for root from 206.123.145.71 port 64638 ssh2
Mar 29 04:34:51 cls sshd[646504]: Connection closed by authenticating user root 206.123.145.71 port 64638 [preauth]
Mar 29 04:34:51 cls sshd[646506]: Invalid user fanjintao from 206.123.145.70 port 45548
Mar 29 04:34:53 cls sshd[646508]: pam_unix(sshd:auth): authentication failure; logname= uid=0 euid=0 tty=ssh ruser= rhost=57.128.223.80  user=root
Mar 29 04:34:54 cls sshd[646506]: pam_unix(sshd:auth): check pass; user unknown
Mar 29 04:34:54 cls sshd[646506]: pam_unix(sshd:auth): authentication failure; logname= uid=0 euid=0 tty=ssh ruser= rhost=206.123.145.70 
