Mar 29 07:22:08 cls sshd[654486]: pam_unix(sshd:auth): authentication failure; logname= uid=0 euid=0 tty=ssh ruser= rhost=164.90.157.6  user=root
Mar 29 07:22:09 cls sshd[654486]: Failed password for root from 164.90.157.6 port 44300 ssh2
Mar 29 07:22:11 cls sshd[654486]: Received disconnect from 164.90.157.6 port 44300:11: Bye Bye [preauth]
Mar 29 07:22:11 cls sshd[654486]: Disconnected from authenticating user root 164.90.157.6 port 44300 [preauth]
Mar 29 07:22:16 cls sshd[654492]: Invalid user tzling from 206.123.145.69 port 39388
Mar 29 07:22:19 cls sshd[654492]: pam_unix(sshd:auth): check pass; user unknown
Mar 29 07:22:19 cls sshd[654492]: pam_unix(sshd:auth): authentication failure; logname= uid=0 euid=0 tty=ssh ruser= rhost=206.123.145.69 
Mar 29 07:22:21 cls sshd[654492]: Failed password for invalid user tzling from 206.123.145.69 port 39388 ssh2
Mar 29 07:22:23 cls sshd[654498]: Invalid user jia from 130.12.181.108 port 55428
Mar 29 07:22:23 cls sshd[654492]: Connection closed by invalid user tzling 206.123.145.69 port 39388 [preauth]
Mar 29 07:22:25 cls sshd[654496]: pam_unix(sshd:auth): authentication failure; logname= uid=0 euid=0 tty=ssh ruser= rhost=206.123.145.54  user=root
Mar 29 07:22:26 cls sshd[654498]: pam_unix(sshd:auth): check pass; user unknown
Mar 29 07:22:26 cls sshd[654498]: pam_unix(sshd:auth): authentication failure; logname= uid=0 euid=0 tty=ssh ruser= rhost=130.12.181.108 
Mar 29 07:22:27 cls sshd[654496]: Failed password for root from 206.123.145.54 port 31410 ssh2
Mar 29 07:22:28 cls sshd[654498]: Failed password for invalid user jia from 130.12.181.108 port 55428 ssh2
Mar 29 07:22:29 cls sshd[654496]: Connection closed by authenticating user root 206.123.145.54 port 31410 [preauth]
Mar 29 07:22:30 cls sshd[654498]: Connection closed by invalid user jia 130.12.181.108 port 55428 [preauth]
Mar 29 07:22:49 cls sshd[654510]: pam_unix(sshd:auth): authentication failure; logname= uid=0 euid=0 tty=ssh ruser= rhost=220.247.223.56  user=root
Mar 29 07:22:51 cls sshd[654510]: Failed password for root from 220.247.223.56 port 35568 ssh2
Mar 29 07:22:51 cls sshd[654510]: Received disconnect from 220.247.223.56 port 35568:11: Bye Bye [preauth]
Mar 29 07:22:51 cls sshd[654510]: Disconnected from authenticating user root 220.247.223.56 port 35568 [preauth]
Mar 29 07:22:52 cls sshd[654503]: Invalid user neo from 130.12.181.109 port 49712
Mar 29 07:22:52 cls sshd[654504]: Invalid user hitest from 130.12.181.102 port 14846
Mar 29 07:22:54 cls sshd[654503]: pam_unix(sshd:auth): check pass; user unknown
Mar 29 07:22:54 cls sshd[654503]: pam_unix(sshd:auth): authentication failure; logname= uid=0 euid=0 tty=ssh ruser= rhost=130.12.181.109 
Mar 29 07:22:55 cls sshd[654504]: pam_unix(sshd:auth): check pass; user unknown
Mar 29 07:22:55 cls sshd[654504]: pam_unix(sshd:auth): authentication failure; logname= uid=0 euid=0 tty=ssh ruser= rhost=130.12.181.102 
Mar 29 07:22:55 cls sshd[654517]: pam_unix(sshd:auth): authentication failure; logname= uid=0 euid=0 tty=ssh ruser= rhost=185.153.231.45  user=root
Mar 29 07:22:56 cls sshd[654503]: Failed password for invalid user neo from 130.12.181.109 port 49712 ssh2
Mar 29 07:22:57 cls sshd[654509]: Invalid user abc from 206.123.145.77 port 11112
Mar 29 07:22:57 cls sshd[654504]: Failed password for invalid user hitest from 130.12.181.102 port 14846 ssh2
Mar 29 07:22:57 cls sshd[654517]: Failed password for root from 185.153.231.45 port 58392 ssh2
Mar 29 07:22:58 cls sshd[654517]: Received disconnect from 185.153.231.45 port 58392:11: Bye Bye [preauth]
Mar 29 07:22:58 cls sshd[654517]: Disconnected from authenticating user root 185.153.231.45 port 58392 [preauth]
Mar 29 07:22:58 cls sshd[654503]: Connection closed by invalid user neo 130.12.181.109 port 49712 [preauth]
Mar 29 07:22:59 cls sshd[654509]: pam_unix(sshd:auth): check pass; user unknown
Mar 29 07:22:59 cls sshd[654509]: pam_unix(sshd:auth): authentication failure; logname= uid=0 euid=0 tty=ssh ruser= rhost=206.123.145.77 
Mar 29 07:23:00 cls sshd[654504]: Connection closed by invalid user hitest 130.12.181.102 port 14846 [preauth]
Mar 29 07:23:02 cls sshd[654509]: Failed password for invalid user abc from 206.123.145.77 port 11112 ssh2
Mar 29 07:23:04 cls sshd[654509]: Connection closed by invalid user abc 206.123.145.77 port 11112 [preauth]
Mar 29 07:23:17 cls sshd[654531]: Invalid user adminit from 206.123.145.75 port 57532
Mar 29 07:23:19 cls sshd[654531]: pam_unix(sshd:auth): check pass; user unknown
Mar 29 07:23:19 cls sshd[654531]: pam_unix(sshd:auth): authentication failure; logname= uid=0 euid=0 tty=ssh ruser= rhost=206.123.145.75 
Mar 29 07:23:20 cls sshd[654531]: Failed password for invalid user adminit from 206.123.145.75 port 57532 ssh2
Mar 29 07:23:25 cls sshd[654531]: Connection closed by invalid user adminit 206.123.145.75 port 57532 [preauth]
Mar 29 07:23:31 cls sshd[654543]: pam_unix(sshd:auth): authentication failure; logname= uid=0 euid=0 tty=ssh ruser= rhost=206.123.145.48  user=root
Mar 29 07:23:33 cls sshd[654543]: Failed password for root from 206.123.145.48 port 54624 ssh2
Mar 29 07:23:36 cls sshd[654543]: Connection closed by authenticating user root 206.123.145.48 port 54624 [preauth]
Mar 29 07:23:36 cls sshd[654546]: Invalid user changyue from 206.123.145.52 port 30384
Mar 29 07:23:38 cls sshd[654546]: pam_unix(sshd:auth): check pass; user unknown
Mar 29 07:23:38 cls sshd[654546]: pam_unix(sshd:auth): authentication failure; logname= uid=0 euid=0 tty=ssh ruser= rhost=206.123.145.52 
Mar 29 07:23:39 cls sshd[654550]: pam_unix(sshd:auth): authentication failure; logname= uid=0 euid=0 tty=ssh ruser= rhost=103.183.62.3  user=root
Mar 29 07:23:39 cls sshd[654546]: Failed password for invalid user changyue from 206.123.145.52 port 30384 ssh2
Mar 29 07:23:40 cls sshd[654550]: Failed password for root from 103.183.62.3 port 34350 ssh2
Mar 29 07:23:41 cls sshd[654550]: Received disconnect from 103.183.62.3 port 34350:11: Bye Bye [preauth]
Mar 29 07:23:41 cls sshd[654550]: Disconnected from authenticating user root 103.183.62.3 port 34350 [preauth]
Mar 29 07:23:41 cls sshd[654546]: Connection closed by invalid user changyue 206.123.145.52 port 30384 [preauth]
Mar 29 07:23:42 cls sshd[654557]: pam_unix(sshd:auth): authentication failure; logname= uid=0 euid=0 tty=ssh ruser= rhost=103.179.56.44  user=root
Mar 29 07:23:42 cls sshd[654559]: pam_unix(sshd:auth): authentication failure; logname= uid=0 euid=0 tty=ssh ruser= rhost=118.193.33.81  user=root
Mar 29 07:23:44 cls sshd[654557]: Failed password for root from 103.179.56.44 port 59542 ssh2
Mar 29 07:23:45 cls sshd[654557]: Received disconnect from 103.179.56.44 port 59542:11: Bye Bye [preauth]
Mar 29 07:23:45 cls sshd[654557]: Disconnected from authenticating user root 103.179.56.44 port 59542 [preauth]
Mar 29 07:23:45 cls sshd[654559]: Failed password for root from 118.193.33.81 port 33808 ssh2
Mar 29 07:23:45 cls sshd[654559]: Received disconnect from 118.193.33.81 port 33808:11: Bye Bye [preauth]
Mar 29 07:23:45 cls sshd[654559]: Disconnected from authenticating user root 118.193.33.81 port 33808 [preauth]
Mar 29 07:23:49 cls sshd[654556]: Invalid user xerox from 130.12.181.100 port 33496
Mar 29 07:23:53 cls sshd[654556]: pam_unix(sshd:auth): check pass; user unknown
Mar 29 07:23:53 cls sshd[654556]: pam_unix(sshd:auth): authentication failure; logname= uid=0 euid=0 tty=ssh ruser= rhost=130.12.181.100 
Mar 29 07:23:55 cls sshd[654556]: Failed password for invalid user xerox from 130.12.181.100 port 33496 ssh2
Mar 29 07:23:55 cls sshd[654568]: Invalid user startalk from 206.123.145.51 port 13158
Mar 29 07:23:57 cls sshd[654556]: Connection closed by invalid user xerox 130.12.181.100 port 33496 [preauth]
Mar 29 07:24:01 cls sshd[654568]: pam_unix(sshd:auth): check pass; user unknown
Mar 29 07:24:01 cls sshd[654568]: pam_unix(sshd:auth): authentication failure; logname= uid=0 euid=0 tty=ssh ruser= rhost=206.123.145.51 
Mar 29 07:24:02 cls sshd[654573]: Invalid user postgres from 130.12.181.99 port 64570
Mar 29 07:24:03 cls sshd[654569]: Invalid user ztc from 206.123.145.46 port 24580
Mar 29 07:24:04 cls sshd[654584]: pam_unix(sshd:auth): authentication failure; logname= uid=0 euid=0 tty=ssh ruser= rhost=185.226.89.235  user=root
Mar 29 07:24:04 cls sshd[654568]: Failed password for invalid user startalk from 206.123.145.51 port 13158 ssh2
Mar 29 07:24:04 cls sshd[654573]: pam_unix(sshd:auth): check pass; user unknown
Mar 29 07:24:04 cls sshd[654573]: pam_unix(sshd:auth): authentication failure; logname= uid=0 euid=0 tty=ssh ruser= rhost=130.12.181.99 
Mar 29 07:24:05 cls sshd[654584]: Failed password for root from 185.226.89.235 port 55872 ssh2
Mar 29 07:24:05 cls sshd[654569]: pam_unix(sshd:auth): check pass; user unknown
Mar 29 07:24:05 cls sshd[654569]: pam_unix(sshd:auth): authentication failure; logname= uid=0 euid=0 tty=ssh ruser= rhost=206.123.145.46 
Mar 29 07:24:05 cls sshd[654573]: Failed password for invalid user postgres from 130.12.181.99 port 64570 ssh2
Mar 29 07:24:06 cls sshd[654584]: Received disconnect from 185.226.89.235 port 55872:11: Bye Bye [preauth]
Mar 29 07:24:06 cls sshd[654584]: Disconnected from authenticating user root 185.226.89.235 port 55872 [preauth]
Mar 29 07:24:07 cls sshd[654568]: Connection closed by invalid user startalk 206.123.145.51 port 13158 [preauth]
Mar 29 07:24:08 cls sshd[654569]: Failed password for invalid user ztc from 206.123.145.46 port 24580 ssh2
Mar 29 07:24:08 cls sshd[654573]: Connection closed by invalid user postgres 130.12.181.99 port 64570 [preauth]
Mar 29 07:24:10 cls sshd[654569]: Connection closed by invalid user ztc 206.123.145.46 port 24580 [preauth]
Mar 29 07:24:10 cls sshd[654586]: pam_unix(sshd:auth): authentication failure; logname= uid=0 euid=0 tty=ssh ruser= rhost=220.247.223.56  user=root
Mar 29 07:24:12 cls sshd[654586]: Failed password for root from 220.247.223.56 port 34806 ssh2
Mar 29 07:24:12 cls sshd[654590]: pam_unix(sshd:auth): authentication failure; logname= uid=0 euid=0 tty=ssh ruser= rhost=185.153.231.45  user=root
Mar 29 07:24:13 cls sshd[654586]: Received disconnect from 220.247.223.56 port 34806:11: Bye Bye [preauth]
Mar 29 07:24:13 cls sshd[654586]: Disconnected from authenticating user root 220.247.223.56 port 34806 [preauth]
Mar 29 07:24:15 cls sshd[654590]: Failed password for root from 185.153.231.45 port 49958 ssh2
Mar 29 07:24:15 cls sshd[654590]: Received disconnect from 185.153.231.45 port 49958:11: Bye Bye [preauth]
Mar 29 07:24:15 cls sshd[654590]: Disconnected from authenticating user root 185.153.231.45 port 49958 [preauth]
Mar 29 07:25:00 cls sshd[654605]: pam_unix(sshd:auth): authentication failure; logname= uid=0 euid=0 tty=ssh ruser= rhost=164.90.157.6  user=root
Mar 29 07:25:02 cls sshd[654605]: Failed password for root from 164.90.157.6 port 58206 ssh2
Mar 29 07:25:02 cls sshd[654605]: Received disconnect from 164.90.157.6 port 58206:11: Bye Bye [preauth]
Mar 29 07:25:02 cls sshd[654605]: Disconnected from authenticating user root 164.90.157.6 port 58206 [preauth]
Mar 29 07:25:08 cls sshd[654607]: Invalid user postgres from 206.123.145.76 port 35136
Mar 29 07:25:12 cls sshd[654607]: pam_unix(sshd:auth): check pass; user unknown
Mar 29 07:25:12 cls sshd[654607]: pam_unix(sshd:auth): authentication failure; logname= uid=0 euid=0 tty=ssh ruser= rhost=206.123.145.76 
Mar 29 07:25:14 cls sshd[654607]: Failed password for invalid user postgres from 206.123.145.76 port 35136 ssh2
Mar 29 07:25:18 cls sshd[654609]: Invalid user zhipeng from 206.123.145.74 port 28328
Mar 29 07:25:19 cls sshd[654607]: Connection closed by invalid user postgres 206.123.145.76 port 35136 [preauth]
Mar 29 07:25:21 cls sshd[654609]: pam_unix(sshd:auth): check pass; user unknown
Mar 29 07:25:21 cls sshd[654609]: pam_unix(sshd:auth): authentication failure; logname= uid=0 euid=0 tty=ssh ruser= rhost=206.123.145.74 
Mar 29 07:25:23 cls sshd[654609]: Failed password for invalid user zhipeng from 206.123.145.74 port 28328 ssh2
Mar 29 07:25:27 cls sshd[654609]: Connection closed by invalid user zhipeng 206.123.145.74 port 28328 [preauth]
Mar 29 07:25:36 cls sshd[654627]: pam_unix(sshd:auth): authentication failure; logname= uid=0 euid=0 tty=ssh ruser= rhost=185.153.231.45  user=root
Mar 29 07:25:37 cls sshd[654629]: pam_unix(sshd:auth): authentication failure; logname= uid=0 euid=0 tty=ssh ruser= rhost=220.247.223.56  user=root
Mar 29 07:25:38 cls sshd[654627]: Failed password for root from 185.153.231.45 port 48734 ssh2
Mar 29 07:25:39 cls sshd[654627]: Received disconnect from 185.153.231.45 port 48734:11: Bye Bye [preauth]
Mar 29 07:25:39 cls sshd[654627]: Disconnected from authenticating user root 185.153.231.45 port 48734 [preauth]
Mar 29 07:25:40 cls sshd[654629]: Failed password for root from 220.247.223.56 port 34062 ssh2
Mar 29 07:25:42 cls sshd[654629]: Received disconnect from 220.247.223.56 port 34062:11: Bye Bye [preauth]
Mar 29 07:25:42 cls sshd[654629]: Disconnected from authenticating user root 220.247.223.56 port 34062 [preauth]
Mar 29 07:27:03 cls sshd[654692]: pam_unix(sshd:auth): authentication failure; logname= uid=0 euid=0 tty=ssh ruser= rhost=185.153.231.45  user=root
Mar 29 07:27:05 cls sshd[654694]: pam_unix(sshd:auth): authentication failure; logname= uid=0 euid=0 tty=ssh ruser= rhost=118.193.33.81  user=root
Mar 29 07:27:05 cls sshd[654692]: Failed password for root from 185.153.231.45 port 36148 ssh2
Mar 29 07:27:05 cls sshd[654696]: pam_unix(sshd:auth): authentication failure; logname= uid=0 euid=0 tty=ssh ruser= rhost=220.247.223.56  user=root
Mar 29 07:27:05 cls sshd[654692]: Received disconnect from 185.153.231.45 port 36148:11: Bye Bye [preauth]
Mar 29 07:27:05 cls sshd[654692]: Disconnected from authenticating user root 185.153.231.45 port 36148 [preauth]
Mar 29 07:27:06 cls sshd[654694]: Failed password for root from 118.193.33.81 port 28992 ssh2
Mar 29 07:27:07 cls sshd[654696]: Failed password for root from 220.247.223.56 port 33294 ssh2
Mar 29 07:27:08 cls sshd[654694]: Received disconnect from 118.193.33.81 port 28992:11: Bye Bye [preauth]
Mar 29 07:27:08 cls sshd[654694]: Disconnected from authenticating user root 118.193.33.81 port 28992 [preauth]
Mar 29 07:27:08 cls sshd[654696]: Received disconnect from 220.247.223.56 port 33294:11: Bye Bye [preauth]
Mar 29 07:27:08 cls sshd[654696]: Disconnected from authenticating user root 220.247.223.56 port 33294 [preauth]
Mar 29 07:27:20 cls sshd[654713]: pam_unix(sshd:auth): authentication failure; logname= uid=0 euid=0 tty=ssh ruser= rhost=103.179.56.44  user=root
Mar 29 07:27:22 cls sshd[654713]: Failed password for root from 103.179.56.44 port 38430 ssh2
Mar 29 07:27:23 cls sshd[654713]: Received disconnect from 103.179.56.44 port 38430:11: Bye Bye [preauth]
Mar 29 07:27:23 cls sshd[654713]: Disconnected from authenticating user root 103.179.56.44 port 38430 [preauth]
Mar 29 07:27:24 cls sshd[654700]: Invalid user aib from 130.12.181.101 port 1062
Mar 29 07:27:25 cls sshd[654712]: Invalid user user from 206.123.145.50 port 16812
Mar 29 07:27:26 cls sshd[654700]: pam_unix(sshd:auth): check pass; user unknown
Mar 29 07:27:26 cls sshd[654700]: pam_unix(sshd:auth): authentication failure; logname= uid=0 euid=0 tty=ssh ruser= rhost=130.12.181.101 
Mar 29 07:27:29 cls sshd[654700]: Failed password for invalid user aib from 130.12.181.101 port 1062 ssh2
Mar 29 07:27:29 cls sshd[654712]: pam_unix(sshd:auth): check pass; user unknown
Mar 29 07:27:29 cls sshd[654712]: pam_unix(sshd:auth): authentication failure; logname= uid=0 euid=0 tty=ssh ruser= rhost=206.123.145.50 
Mar 29 07:27:29 cls sshd[654723]: pam_unix(sshd:auth): authentication failure; logname= uid=0 euid=0 tty=ssh ruser= rhost=185.226.89.235  user=root
Mar 29 07:27:30 cls sshd[654725]: pam_unix(sshd:auth): authentication failure; logname= uid=0 euid=0 tty=ssh ruser= rhost=103.183.62.0  user=root
Mar 29 07:27:30 cls sshd[654712]: Failed password for invalid user user from 206.123.145.50 port 16812 ssh2
Mar 29 07:27:31 cls sshd[654723]: Failed password for root from 185.226.89.235 port 35188 ssh2
Mar 29 07:27:32 cls sshd[654723]: Received disconnect from 185.226.89.235 port 35188:11: Bye Bye [preauth]
Mar 29 07:27:32 cls sshd[654723]: Disconnected from authenticating user root 185.226.89.235 port 35188 [preauth]
Mar 29 07:27:32 cls sshd[654725]: Failed password for root from 103.183.62.0 port 35900 ssh2
Mar 29 07:27:32 cls sshd[654712]: Connection closed by invalid user user 206.123.145.50 port 16812 [preauth]
Mar 29 07:27:33 cls sshd[654725]: Received disconnect from 103.183.62.0 port 35900:11: Bye Bye [preauth]
Mar 29 07:27:33 cls sshd[654725]: Disconnected from authenticating user root 103.183.62.0 port 35900 [preauth]
Mar 29 07:27:34 cls sshd[654700]: Connection closed by invalid user aib 130.12.181.101 port 1062 [preauth]
Mar 29 07:27:34 cls sshd[654720]: Invalid user zcz from 206.123.145.20 port 36260
Mar 29 07:27:35 cls sshd[654720]: pam_unix(sshd:auth): check pass; user unknown
Mar 29 07:27:35 cls sshd[654720]: pam_unix(sshd:auth): authentication failure; logname= uid=0 euid=0 tty=ssh ruser= rhost=206.123.145.20 
Mar 29 07:27:37 cls sshd[654720]: Failed password for invalid user zcz from 206.123.145.20 port 36260 ssh2
Mar 29 07:27:39 cls sshd[654720]: Connection closed by invalid user zcz 206.123.145.20 port 36260 [preauth]
Mar 29 07:27:52 cls sshd[654730]: Invalid user loongson from 130.12.181.104 port 8698
Mar 29 07:27:53 cls sshd[654728]: pam_unix(sshd:auth): authentication failure; logname= uid=0 euid=0 tty=ssh ruser= rhost=206.123.145.78  user=root
Mar 29 07:27:53 cls sshd[654730]: pam_unix(sshd:auth): check pass; user unknown
Mar 29 07:27:53 cls sshd[654730]: pam_unix(sshd:auth): authentication failure; logname= uid=0 euid=0 tty=ssh ruser= rhost=130.12.181.104 
Mar 29 07:27:55 cls sshd[654728]: Failed password for root from 206.123.145.78 port 48222 ssh2
Mar 29 07:27:55 cls sshd[654730]: Failed password for invalid user loongson from 130.12.181.104 port 8698 ssh2
Mar 29 07:27:56 cls sshd[654734]: pam_unix(sshd:auth): authentication failure; logname= uid=0 euid=0 tty=ssh ruser= rhost=164.90.157.6  user=root
Mar 29 07:27:59 cls sshd[654730]: Connection closed by invalid user loongson 130.12.181.104 port 8698 [preauth]
Mar 29 07:27:59 cls sshd[654728]: Connection closed by authenticating user root 206.123.145.78 port 48222 [preauth]
Mar 29 07:27:59 cls sshd[654734]: Failed password for root from 164.90.157.6 port 39994 ssh2
Mar 29 07:28:01 cls sshd[654734]: Received disconnect from 164.90.157.6 port 39994:11: Bye Bye [preauth]
Mar 29 07:28:01 cls sshd[654734]: Disconnected from authenticating user root 164.90.157.6 port 39994 [preauth]
Mar 29 07:28:16 cls sshd[654736]: Invalid user yangx from 206.123.145.70 port 46186
Mar 29 07:28:19 cls sshd[654737]: Invalid user matthias.drobny from 130.12.181.97 port 14116
Mar 29 07:28:21 cls sshd[654736]: pam_unix(sshd:auth): check pass; user unknown
Mar 29 07:28:21 cls sshd[654736]: pam_unix(sshd:auth): authentication failure; logname= uid=0 euid=0 tty=ssh ruser= rhost=206.123.145.70 
Mar 29 07:28:21 cls sshd[654737]: pam_unix(sshd:auth): check pass; user unknown
Mar 29 07:28:21 cls sshd[654737]: pam_unix(sshd:auth): authentication failure; logname= uid=0 euid=0 tty=ssh ruser= rhost=130.12.181.97 
Mar 29 07:28:23 cls sshd[654736]: Failed password for invalid user yangx from 206.123.145.70 port 46186 ssh2
Mar 29 07:28:23 cls sshd[654737]: Failed password for invalid user matthias.drobny from 130.12.181.97 port 14116 ssh2
Mar 29 07:28:25 cls sshd[654736]: Connection closed by invalid user yangx 206.123.145.70 port 46186 [preauth]
Mar 29 07:28:25 cls sshd[654737]: Connection closed by invalid user matthias.drobny 130.12.181.97 port 14116 [preauth]
Mar 29 07:28:26 cls sshd[654753]: pam_unix(sshd:auth): authentication failure; logname= uid=0 euid=0 tty=ssh ruser= rhost=220.247.223.56  user=root
Mar 29 07:28:28 cls sshd[654755]: pam_unix(sshd:auth): authentication failure; logname= uid=0 euid=0 tty=ssh ruser= rhost=185.153.231.45  user=root
Mar 29 07:28:28 cls sshd[654753]: Failed password for root from 220.247.223.56 port 60782 ssh2
Mar 29 07:28:29 cls sshd[654753]: Received disconnect from 220.247.223.56 port 60782:11: Bye Bye [preauth]
Mar 29 07:28:29 cls sshd[654753]: Disconnected from authenticating user root 220.247.223.56 port 60782 [preauth]
Mar 29 07:28:29 cls sshd[654755]: Failed password for root from 185.153.231.45 port 59738 ssh2
Mar 29 07:28:31 cls sshd[654755]: Received disconnect from 185.153.231.45 port 59738:11: Bye Bye [preauth]
Mar 29 07:28:31 cls sshd[654755]: Disconnected from authenticating user root 185.153.231.45 port 59738 [preauth]
Mar 29 07:28:41 cls sshd[654760]: Invalid user beta from 206.123.145.57 port 55088
Mar 29 07:28:44 cls sshd[654760]: pam_unix(sshd:auth): check pass; user unknown
Mar 29 07:28:44 cls sshd[654760]: pam_unix(sshd:auth): authentication failure; logname= uid=0 euid=0 tty=ssh ruser= rhost=206.123.145.57 
Mar 29 07:28:44 cls sshd[654763]: Invalid user user from 206.123.145.55 port 10338
Mar 29 07:28:45 cls sshd[654762]: Invalid user postgres from 130.12.181.98 port 51794
Mar 29 07:28:46 cls sshd[654760]: Failed password for invalid user beta from 206.123.145.57 port 55088 ssh2
Mar 29 07:28:47 cls sshd[654762]: pam_unix(sshd:auth): check pass; user unknown
Mar 29 07:28:47 cls sshd[654762]: pam_unix(sshd:auth): authentication failure; logname= uid=0 euid=0 tty=ssh ruser= rhost=130.12.181.98 
Mar 29 07:28:47 cls sshd[654763]: pam_unix(sshd:auth): check pass; user unknown
Mar 29 07:28:47 cls sshd[654763]: pam_unix(sshd:auth): authentication failure; logname= uid=0 euid=0 tty=ssh ruser= rhost=206.123.145.55 
Mar 29 07:28:48 cls sshd[654760]: Connection closed by invalid user beta 206.123.145.57 port 55088 [preauth]
Mar 29 07:28:49 cls sshd[654762]: Failed password for invalid user postgres from 130.12.181.98 port 51794 ssh2
Mar 29 07:28:49 cls sshd[654763]: Failed password for invalid user user from 206.123.145.55 port 10338 ssh2
Mar 29 07:28:51 cls sshd[654762]: Connection closed by invalid user postgres 130.12.181.98 port 51794 [preauth]
Mar 29 07:28:52 cls sshd[654763]: Connection closed by invalid user user 206.123.145.55 port 10338 [preauth]
Mar 29 07:28:53 cls sshd[654766]: Invalid user alepo from 130.12.181.107 port 27526
Mar 29 07:28:55 cls sshd[654766]: pam_unix(sshd:auth): check pass; user unknown
Mar 29 07:28:55 cls sshd[654766]: pam_unix(sshd:auth): authentication failure; logname= uid=0 euid=0 tty=ssh ruser= rhost=130.12.181.107 
Mar 29 07:28:58 cls sshd[654766]: Failed password for invalid user alepo from 130.12.181.107 port 27526 ssh2
Mar 29 07:29:00 cls sshd[654766]: Connection closed by invalid user alepo 130.12.181.107 port 27526 [preauth]
Mar 29 07:29:03 cls sshd[654768]: Invalid user ssd from 130.12.181.105 port 40760
Mar 29 07:29:05 cls sshd[654768]: pam_unix(sshd:auth): check pass; user unknown
Mar 29 07:29:05 cls sshd[654768]: pam_unix(sshd:auth): authentication failure; logname= uid=0 euid=0 tty=ssh ruser= rhost=130.12.181.105 
Mar 29 07:29:08 cls sshd[654768]: Failed password for invalid user ssd from 130.12.181.105 port 40760 ssh2
Mar 29 07:29:11 cls sshd[654768]: Connection closed by invalid user ssd 130.12.181.105 port 40760 [preauth]
Mar 29 07:29:12 cls sshd[654770]: Invalid user devtest from 206.123.145.49 port 4172
Mar 29 07:29:14 cls sshd[654770]: pam_unix(sshd:auth): check pass; user unknown
Mar 29 07:29:14 cls sshd[654770]: pam_unix(sshd:auth): authentication failure; logname= uid=0 euid=0 tty=ssh ruser= rhost=206.123.145.49 
Mar 29 07:29:17 cls sshd[654770]: Failed password for invalid user devtest from 206.123.145.49 port 4172 ssh2
Mar 29 07:29:20 cls sshd[654770]: Connection closed by invalid user devtest 206.123.145.49 port 4172 [preauth]
Mar 29 07:29:24 cls sshd[654776]: Invalid user grafis from 206.123.145.73 port 26786
Mar 29 07:29:26 cls sshd[654776]: pam_unix(sshd:auth): check pass; user unknown
Mar 29 07:29:26 cls sshd[654776]: pam_unix(sshd:auth): authentication failure; logname= uid=0 euid=0 tty=ssh ruser= rhost=206.123.145.73 
Mar 29 07:29:28 cls sshd[654776]: Failed password for invalid user grafis from 206.123.145.73 port 26786 ssh2
Mar 29 07:29:31 cls sshd[654776]: Connection closed by invalid user grafis 206.123.145.73 port 26786 [preauth]
Mar 29 07:29:41 cls sshd[654784]: pam_unix(sshd:auth): authentication failure; logname= uid=0 euid=0 tty=ssh ruser= rhost=206.123.145.71  user=root
Mar 29 07:29:43 cls sshd[654784]: Failed password for root from 206.123.145.71 port 21242 ssh2
Mar 29 07:29:46 cls sshd[654784]: Connection closed by authenticating user root 206.123.145.71 port 21242 [preauth]
Mar 29 07:29:47 cls sshd[654786]: Invalid user songbb from 130.12.181.103 port 41986
Mar 29 07:29:49 cls sshd[654786]: pam_unix(sshd:auth): check pass; user unknown
Mar 29 07:29:49 cls sshd[654786]: pam_unix(sshd:auth): authentication failure; logname= uid=0 euid=0 tty=ssh ruser= rhost=130.12.181.103 
Mar 29 07:29:50 cls sshd[654790]: pam_unix(sshd:auth): authentication failure; logname= uid=0 euid=0 tty=ssh ruser= rhost=220.247.223.56  user=root
Mar 29 07:29:50 cls sshd[654788]: pam_unix(sshd:auth): authentication failure; logname= uid=0 euid=0 tty=ssh ruser= rhost=185.153.231.45  user=root
Mar 29 07:29:52 cls sshd[654786]: Failed password for invalid user songbb from 130.12.181.103 port 41986 ssh2
Mar 29 07:29:52 cls sshd[654790]: Failed password for root from 220.247.223.56 port 60016 ssh2
Mar 29 07:29:52 cls sshd[654790]: Received disconnect from 220.247.223.56 port 60016:11: Bye Bye [preauth]
Mar 29 07:29:52 cls sshd[654790]: Disconnected from authenticating user root 220.247.223.56 port 60016 [preauth]
Mar 29 07:29:52 cls sshd[654788]: Failed password for root from 185.153.231.45 port 60254 ssh2
Mar 29 07:29:53 cls sshd[654788]: Received disconnect from 185.153.231.45 port 60254:11: Bye Bye [preauth]
Mar 29 07:29:53 cls sshd[654788]: Disconnected from authenticating user root 185.153.231.45 port 60254 [preauth]
Mar 29 07:29:56 cls sshd[654786]: Connection closed by invalid user songbb 130.12.181.103 port 41986 [preauth]
Mar 29 07:30:16 cls sshd[654797]: pam_unix(sshd:auth): authentication failure; logname= uid=0 euid=0 tty=ssh ruser= rhost=118.193.33.81  user=root
Mar 29 07:30:17 cls sshd[654797]: Failed password for root from 118.193.33.81 port 19580 ssh2
Mar 29 07:30:18 cls sshd[654797]: Received disconnect from 118.193.33.81 port 19580:11: Bye Bye [preauth]
Mar 29 07:30:18 cls sshd[654797]: Disconnected from authenticating user root 118.193.33.81 port 19580 [preauth]
Mar 29 07:30:23 cls sshd[654794]: pam_unix(sshd:auth): authentication failure; logname= uid=0 euid=0 tty=ssh ruser= rhost=206.123.145.72  user=root
Mar 29 07:30:25 cls sshd[654794]: Failed password for root from 206.123.145.72 port 56960 ssh2
Mar 29 07:30:27 cls sshd[654794]: Connection closed by authenticating user root 206.123.145.72 port 56960 [preauth]
Mar 29 07:30:38 cls sshd[654814]: pam_unix(sshd:auth): authentication failure; logname= uid=0 euid=0 tty=ssh ruser= rhost=103.179.56.44  user=root
Mar 29 07:30:41 cls sshd[654814]: Failed password for root from 103.179.56.44 port 60796 ssh2
Mar 29 07:30:41 cls sshd[654814]: Received disconnect from 103.179.56.44 port 60796:11: Bye Bye [preauth]
Mar 29 07:30:41 cls sshd[654814]: Disconnected from authenticating user root 103.179.56.44 port 60796 [preauth]
Mar 29 07:30:43 cls sshd[654813]: Invalid user liucb from 130.12.181.106 port 4024
Mar 29 07:30:44 cls sshd[654819]: pam_unix(sshd:auth): authentication failure; logname= uid=0 euid=0 tty=ssh ruser= rhost=164.90.157.6  user=root
Mar 29 07:30:46 cls sshd[654813]: pam_unix(sshd:auth): check pass; user unknown
Mar 29 07:30:46 cls sshd[654813]: pam_unix(sshd:auth): authentication failure; logname= uid=0 euid=0 tty=ssh ruser= rhost=130.12.181.106 
Mar 29 07:30:47 cls sshd[654819]: Failed password for root from 164.90.157.6 port 40436 ssh2
Mar 29 07:30:47 cls sshd[654819]: Received disconnect from 164.90.157.6 port 40436:11: Bye Bye [preauth]
Mar 29 07:30:47 cls sshd[654819]: Disconnected from authenticating user root 164.90.157.6 port 40436 [preauth]
Mar 29 07:30:48 cls sshd[654813]: Failed password for invalid user liucb from 130.12.181.106 port 4024 ssh2
Mar 29 07:30:49 cls sshd[654817]: Invalid user adfexc from 206.123.145.79 port 26608
Mar 29 07:30:50 cls sshd[654813]: Connection closed by invalid user liucb 130.12.181.106 port 4024 [preauth]
Mar 29 07:30:50 cls sshd[654817]: pam_unix(sshd:auth): check pass; user unknown
Mar 29 07:30:50 cls sshd[654817]: pam_unix(sshd:auth): authentication failure; logname= uid=0 euid=0 tty=ssh ruser= rhost=206.123.145.79 
Mar 29 07:30:53 cls sshd[654817]: Failed password for invalid user adfexc from 206.123.145.79 port 26608 ssh2
Mar 29 07:30:56 cls sshd[654817]: Connection closed by invalid user adfexc 206.123.145.79 port 26608 [preauth]
Mar 29 07:31:04 cls sshd[654829]: pam_unix(sshd:auth): authentication failure; logname= uid=0 euid=0 tty=ssh ruser= rhost=185.226.89.235  user=root
Mar 29 07:31:06 cls sshd[654829]: Failed password for root from 185.226.89.235 port 43144 ssh2
Mar 29 07:31:07 cls sshd[654829]: Received disconnect from 185.226.89.235 port 43144:11: Bye Bye [preauth]
Mar 29 07:31:07 cls sshd[654829]: Disconnected from authenticating user root 185.226.89.235 port 43144 [preauth]
Mar 29 07:31:14 cls sshd[654831]: Invalid user renc from 206.123.145.56 port 43540
Mar 29 07:31:14 cls sshd[654845]: pam_unix(sshd:auth): authentication failure; logname= uid=0 euid=0 tty=ssh ruser= rhost=220.247.223.56  user=root
Mar 29 07:31:15 cls sshd[654843]: pam_unix(sshd:auth): authentication failure; logname= uid=0 euid=0 tty=ssh ruser= rhost=185.153.231.45  user=root
Mar 29 07:31:16 cls sshd[654845]: Failed password for root from 220.247.223.56 port 59264 ssh2
Mar 29 07:31:17 cls sshd[654843]: Failed password for root from 185.153.231.45 port 58196 ssh2
Mar 29 07:31:17 cls sshd[654845]: Received disconnect from 220.247.223.56 port 59264:11: Bye Bye [preauth]
Mar 29 07:31:17 cls sshd[654845]: Disconnected from authenticating user root 220.247.223.56 port 59264 [preauth]
Mar 29 07:31:18 cls sshd[654843]: Received disconnect from 185.153.231.45 port 58196:11: Bye Bye [preauth]
Mar 29 07:31:18 cls sshd[654843]: Disconnected from authenticating user root 185.153.231.45 port 58196 [preauth]
Mar 29 07:31:18 cls sshd[654831]: pam_unix(sshd:auth): check pass; user unknown
Mar 29 07:31:18 cls sshd[654831]: pam_unix(sshd:auth): authentication failure; logname= uid=0 euid=0 tty=ssh ruser= rhost=206.123.145.56 
Mar 29 07:31:20 cls sshd[654831]: Failed password for invalid user renc from 206.123.145.56 port 43540 ssh2
Mar 29 07:31:21 cls sshd[654859]: pam_unix(sshd:auth): authentication failure; logname= uid=0 euid=0 tty=ssh ruser= rhost=103.183.62.0  user=root
Mar 29 07:31:23 cls sshd[654859]: Failed password for root from 103.183.62.0 port 60516 ssh2
Mar 29 07:31:24 cls sshd[654859]: Received disconnect from 103.183.62.0 port 60516:11: Bye Bye [preauth]
Mar 29 07:31:24 cls sshd[654859]: Disconnected from authenticating user root 103.183.62.0 port 60516 [preauth]
Mar 29 07:31:24 cls sshd[654831]: Connection closed by invalid user renc 206.123.145.56 port 43540 [preauth]
Mar 29 07:31:28 cls sshd[654856]: Invalid user mineacraftserver from 130.12.181.108 port 16562
Mar 29 07:31:30 cls sshd[654856]: pam_unix(sshd:auth): check pass; user unknown
Mar 29 07:31:30 cls sshd[654856]: pam_unix(sshd:auth): authentication failure; logname= uid=0 euid=0 tty=ssh ruser= rhost=130.12.181.108 
Mar 29 07:31:32 cls sshd[654856]: Failed password for invalid user mineacraftserver from 130.12.181.108 port 16562 ssh2
Mar 29 07:31:35 cls sshd[654856]: Connection closed by invalid user mineacraftserver 130.12.181.108 port 16562 [preauth]
Mar 29 07:31:53 cls sshd[654874]: Invalid user kube from 130.12.181.109 port 46198
Mar 29 07:31:55 cls sshd[654874]: pam_unix(sshd:auth): check pass; user unknown
Mar 29 07:31:55 cls sshd[654874]: pam_unix(sshd:auth): authentication failure; logname= uid=0 euid=0 tty=ssh ruser= rhost=130.12.181.109 
Mar 29 07:31:57 cls sshd[654874]: Failed password for invalid user kube from 130.12.181.109 port 46198 ssh2
Mar 29 07:31:59 cls sshd[654874]: Connection closed by invalid user kube 130.12.181.109 port 46198 [preauth]
Mar 29 07:32:07 cls sshd[654892]: Invalid user allen from 130.12.181.102 port 6826
Mar 29 07:32:09 cls sshd[654892]: pam_unix(sshd:auth): check pass; user unknown
Mar 29 07:32:09 cls sshd[654892]: pam_unix(sshd:auth): authentication failure; logname= uid=0 euid=0 tty=ssh ruser= rhost=130.12.181.102 
Mar 29 07:32:10 cls sshd[654892]: Failed password for invalid user allen from 130.12.181.102 port 6826 ssh2
Mar 29 07:32:12 cls sshd[654892]: Connection closed by invalid user allen 130.12.181.102 port 6826 [preauth]
Mar 29 07:32:20 cls sshd[654904]: pam_unix(sshd:auth): authentication failure; logname= uid=0 euid=0 tty=ssh ruser= rhost=206.123.145.53  user=root
Mar 29 07:32:22 cls sshd[654904]: Failed password for root from 206.123.145.53 port 49442 ssh2
Mar 29 07:32:25 cls sshd[654904]: Connection closed by authenticating user root 206.123.145.53 port 49442 [preauth]
Mar 29 07:32:33 cls sshd[654918]: Invalid user chenxi from 206.123.145.54 port 52432
Mar 29 07:32:35 cls sshd[654918]: pam_unix(sshd:auth): check pass; user unknown
Mar 29 07:32:35 cls sshd[654918]: pam_unix(sshd:auth): authentication failure; logname= uid=0 euid=0 tty=ssh ruser= rhost=206.123.145.54 
Mar 29 07:32:36 cls sshd[654918]: Failed password for invalid user chenxi from 206.123.145.54 port 52432 ssh2
Mar 29 07:32:37 cls sshd[654924]: pam_unix(sshd:auth): authentication failure; logname= uid=0 euid=0 tty=ssh ruser= rhost=185.153.231.45  user=root
Mar 29 07:32:39 cls sshd[654918]: Connection closed by invalid user chenxi 206.123.145.54 port 52432 [preauth]
Mar 29 07:32:40 cls sshd[654927]: pam_unix(sshd:auth): authentication failure; logname= uid=0 euid=0 tty=ssh ruser= rhost=220.247.223.56  user=root
Mar 29 07:32:40 cls sshd[654924]: Failed password for root from 185.153.231.45 port 49492 ssh2
Mar 29 07:32:42 cls sshd[654927]: Failed password for root from 220.247.223.56 port 58524 ssh2
Mar 29 07:32:43 cls sshd[654927]: Received disconnect from 220.247.223.56 port 58524:11: Bye Bye [preauth]
Mar 29 07:32:43 cls sshd[654927]: Disconnected from authenticating user root 220.247.223.56 port 58524 [preauth]
Mar 29 07:32:43 cls sshd[654924]: Received disconnect from 185.153.231.45 port 49492:11: Bye Bye [preauth]
Mar 29 07:32:43 cls sshd[654924]: Disconnected from authenticating user root 185.153.231.45 port 49492 [preauth]
Mar 29 07:32:47 cls sshd[654926]: Invalid user sophia from 130.12.181.100 port 12396
Mar 29 07:32:49 cls sshd[654926]: pam_unix(sshd:auth): check pass; user unknown
Mar 29 07:32:49 cls sshd[654926]: pam_unix(sshd:auth): authentication failure; logname= uid=0 euid=0 tty=ssh ruser= rhost=130.12.181.100 
Mar 29 07:32:52 cls sshd[654926]: Failed password for invalid user sophia from 130.12.181.100 port 12396 ssh2
Mar 29 07:32:54 cls sshd[654926]: Connection closed by invalid user sophia 130.12.181.100 port 12396 [preauth]
Mar 29 07:33:06 cls sshd[654946]: Invalid user zqh from 206.123.145.69 port 35404
Mar 29 07:33:09 cls sshd[654946]: pam_unix(sshd:auth): check pass; user unknown
Mar 29 07:33:09 cls sshd[654946]: pam_unix(sshd:auth): authentication failure; logname= uid=0 euid=0 tty=ssh ruser= rhost=206.123.145.69 
Mar 29 07:33:10 cls sshd[654946]: Failed password for invalid user zqh from 206.123.145.69 port 35404 ssh2
Mar 29 07:33:11 cls sshd[654952]: Invalid user panning from 130.12.181.99 port 39180
Mar 29 07:33:13 cls sshd[654952]: pam_unix(sshd:auth): check pass; user unknown
Mar 29 07:33:13 cls sshd[654952]: pam_unix(sshd:auth): authentication failure; logname= uid=0 euid=0 tty=ssh ruser= rhost=130.12.181.99 
Mar 29 07:33:14 cls sshd[654946]: Connection closed by invalid user zqh 206.123.145.69 port 35404 [preauth]
Mar 29 07:33:15 cls sshd[654952]: Failed password for invalid user panning from 130.12.181.99 port 39180 ssh2
Mar 29 07:33:20 cls sshd[654952]: Connection closed by invalid user panning 130.12.181.99 port 39180 [preauth]
Mar 29 07:33:22 cls sshd[654968]: Invalid user devops from 206.123.145.77 port 54410
Mar 29 07:33:24 cls sshd[654968]: pam_unix(sshd:auth): check pass; user unknown
Mar 29 07:33:24 cls sshd[654968]: pam_unix(sshd:auth): authentication failure; logname= uid=0 euid=0 tty=ssh ruser= rhost=206.123.145.77 
Mar 29 07:33:27 cls sshd[654968]: Failed password for invalid user devops from 206.123.145.77 port 54410 ssh2
Mar 29 07:33:30 cls sshd[654968]: Connection closed by invalid user devops 206.123.145.77 port 54410 [preauth]
Mar 29 07:33:33 cls sshd[654990]: pam_unix(sshd:auth): authentication failure; logname= uid=0 euid=0 tty=ssh ruser= rhost=118.193.33.81  user=root
Mar 29 07:33:34 cls sshd[654990]: Failed password for root from 118.193.33.81 port 58968 ssh2
Mar 29 07:33:34 cls sshd[654990]: Received disconnect from 118.193.33.81 port 58968:11: Bye Bye [preauth]
Mar 29 07:33:34 cls sshd[654990]: Disconnected from authenticating user root 118.193.33.81 port 58968 [preauth]
Mar 29 07:33:37 cls sshd[654986]: Invalid user admin from 206.123.145.75 port 27676
Mar 29 07:33:38 cls sshd[654998]: pam_unix(sshd:auth): authentication failure; logname= uid=0 euid=0 tty=ssh ruser= rhost=164.90.157.6  user=root
Mar 29 07:33:40 cls sshd[654986]: pam_unix(sshd:auth): check pass; user unknown
Mar 29 07:33:40 cls sshd[654986]: pam_unix(sshd:auth): authentication failure; logname= uid=0 euid=0 tty=ssh ruser= rhost=206.123.145.75 
Mar 29 07:33:41 cls sshd[654998]: Failed password for root from 164.90.157.6 port 41860 ssh2
Mar 29 07:33:42 cls sshd[654986]: Failed password for invalid user admin from 206.123.145.75 port 27676 ssh2
Mar 29 07:33:43 cls sshd[654998]: Received disconnect from 164.90.157.6 port 41860:11: Bye Bye [preauth]
Mar 29 07:33:43 cls sshd[654998]: Disconnected from authenticating user root 164.90.157.6 port 41860 [preauth]
Mar 29 07:33:44 cls sshd[654986]: Connection closed by invalid user admin 206.123.145.75 port 27676 [preauth]
Mar 29 07:33:59 cls sshd[655024]: pam_unix(sshd:auth): authentication failure; logname= uid=0 euid=0 tty=ssh ruser= rhost=220.247.223.56  user=root
Mar 29 07:34:00 cls sshd[655022]: pam_unix(sshd:auth): authentication failure; logname= uid=0 euid=0 tty=ssh ruser= rhost=185.153.231.45  user=root
Mar 29 07:34:02 cls sshd[655024]: Failed password for root from 220.247.223.56 port 57758 ssh2
Mar 29 07:34:02 cls sshd[655022]: Failed password for root from 185.153.231.45 port 47606 ssh2
Mar 29 07:34:02 cls sshd[655024]: Received disconnect from 220.247.223.56 port 57758:11: Bye Bye [preauth]
Mar 29 07:34:02 cls sshd[655024]: Disconnected from authenticating user root 220.247.223.56 port 57758 [preauth]
Mar 29 07:34:02 cls sshd[655010]: Invalid user iman from 206.123.145.52 port 43726
Mar 29 07:34:03 cls sshd[655022]: Received disconnect from 185.153.231.45 port 47606:11: Bye Bye [preauth]
Mar 29 07:34:03 cls sshd[655022]: Disconnected from authenticating user root 185.153.231.45 port 47606 [preauth]
Mar 29 07:34:03 cls sshd[655010]: pam_unix(sshd:auth): check pass; user unknown
Mar 29 07:34:03 cls sshd[655010]: pam_unix(sshd:auth): authentication failure; logname= uid=0 euid=0 tty=ssh ruser= rhost=206.123.145.52 
Mar 29 07:34:04 cls sshd[655013]: pam_unix(sshd:auth): authentication failure; logname= uid=0 euid=0 tty=ssh ruser= rhost=206.123.145.48  user=root
Mar 29 07:34:05 cls sshd[655031]: pam_unix(sshd:auth): authentication failure; logname= uid=0 euid=0 tty=ssh ruser= rhost=103.179.56.44  user=root
Mar 29 07:34:05 cls sshd[655010]: Failed password for invalid user iman from 206.123.145.52 port 43726 ssh2
Mar 29 07:34:05 cls sshd[655013]: Failed password for root from 206.123.145.48 port 21946 ssh2
Mar 29 07:34:07 cls sshd[655031]: Failed password for root from 103.179.56.44 port 40338 ssh2
Mar 29 07:34:08 cls sshd[655031]: Received disconnect from 103.179.56.44 port 40338:11: Bye Bye [preauth]
Mar 29 07:34:08 cls sshd[655031]: Disconnected from authenticating user root 103.179.56.44 port 40338 [preauth]
Mar 29 07:34:08 cls sshd[655013]: Connection closed by authenticating user root 206.123.145.48 port 21946 [preauth]
Mar 29 07:34:09 cls sshd[655010]: Connection closed by invalid user iman 206.123.145.52 port 43726 [preauth]
Mar 29 07:34:14 cls sshd[655033]: Invalid user hoang from 206.123.145.51 port 18232
Mar 29 07:34:16 cls sshd[655030]: Invalid user zbtrans from 206.123.145.46 port 35548
Mar 29 07:34:16 cls sshd[655033]: pam_unix(sshd:auth): check pass; user unknown
Mar 29 07:34:16 cls sshd[655033]: pam_unix(sshd:auth): authentication failure; logname= uid=0 euid=0 tty=ssh ruser= rhost=206.123.145.51 
Mar 29 07:34:17 cls sshd[655030]: pam_unix(sshd:auth): check pass; user unknown
Mar 29 07:34:17 cls sshd[655030]: pam_unix(sshd:auth): authentication failure; logname= uid=0 euid=0 tty=ssh ruser= rhost=206.123.145.46 
Mar 29 07:34:17 cls sshd[655033]: Failed password for invalid user hoang from 206.123.145.51 port 18232 ssh2
Mar 29 07:34:19 cls sshd[655030]: Failed password for invalid user zbtrans from 206.123.145.46 port 35548 ssh2
Mar 29 07:34:19 cls sshd[655033]: Connection closed by invalid user hoang 206.123.145.51 port 18232 [preauth]
Mar 29 07:34:23 cls sshd[655030]: Connection closed by invalid user zbtrans 206.123.145.46 port 35548 [preauth]
Mar 29 07:34:27 cls sshd[655052]: pam_unix(sshd:auth): authentication failure; logname= uid=0 euid=0 tty=ssh ruser= rhost=185.226.89.235  user=root
Mar 29 07:34:29 cls sshd[655052]: Failed password for root from 185.226.89.235 port 48044 ssh2
Mar 29 07:34:30 cls sshd[655052]: Received disconnect from 185.226.89.235 port 48044:11: Bye Bye [preauth]
Mar 29 07:34:30 cls sshd[655052]: Disconnected from authenticating user root 185.226.89.235 port 48044 [preauth]
Mar 29 07:35:18 cls sshd[655064]: pam_unix(sshd:auth): authentication failure; logname= uid=0 euid=0 tty=ssh ruser= rhost=220.247.223.56  user=root
Mar 29 07:35:20 cls sshd[655064]: Failed password for root from 220.247.223.56 port 56996 ssh2
Mar 29 07:35:20 cls sshd[655064]: Received disconnect from 220.247.223.56 port 56996:11: Bye Bye [preauth]
Mar 29 07:35:20 cls sshd[655064]: Disconnected from authenticating user root 220.247.223.56 port 56996 [preauth]
Mar 29 07:35:24 cls sshd[655069]: pam_unix(sshd:auth): authentication failure; logname= uid=0 euid=0 tty=ssh ruser= rhost=185.153.231.45  user=root
Mar 29 07:35:26 cls sshd[655069]: Failed password for root from 185.153.231.45 port 48380 ssh2
Mar 29 07:35:27 cls sshd[655069]: Received disconnect from 185.153.231.45 port 48380:11: Bye Bye [preauth]
Mar 29 07:35:27 cls sshd[655069]: Disconnected from authenticating user root 185.153.231.45 port 48380 [preauth]
Mar 29 07:35:39 cls sshd[655071]: Invalid user bsnl from 206.123.145.76 port 23036
Mar 29 07:35:41 cls sshd[655071]: pam_unix(sshd:auth): check pass; user unknown
Mar 29 07:35:41 cls sshd[655071]: pam_unix(sshd:auth): authentication failure; logname= uid=0 euid=0 tty=ssh ruser= rhost=206.123.145.76 
Mar 29 07:35:43 cls sshd[655071]: Failed password for invalid user bsnl from 206.123.145.76 port 23036 ssh2
Mar 29 07:35:45 cls sshd[655071]: Connection closed by invalid user bsnl 206.123.145.76 port 23036 [preauth]
Mar 29 07:36:07 cls sshd[655073]: Invalid user deploy from 206.123.145.74 port 54988
Mar 29 07:36:09 cls sshd[655073]: pam_unix(sshd:auth): check pass; user unknown
Mar 29 07:36:09 cls sshd[655073]: pam_unix(sshd:auth): authentication failure; logname= uid=0 euid=0 tty=ssh ruser= rhost=206.123.145.74 
Mar 29 07:36:11 cls sshd[655073]: Failed password for invalid user deploy from 206.123.145.74 port 54988 ssh2
Mar 29 07:36:14 cls sshd[655073]: Connection closed by invalid user deploy 206.123.145.74 port 54988 [preauth]
Mar 29 07:36:15 cls sshd[655075]: Invalid user liuyj from 130.12.181.98 port 58612
Mar 29 07:36:17 cls sshd[655075]: pam_unix(sshd:auth): check pass; user unknown
Mar 29 07:36:17 cls sshd[655075]: pam_unix(sshd:auth): authentication failure; logname= uid=0 euid=0 tty=ssh ruser= rhost=130.12.181.98 
Mar 29 07:36:19 cls sshd[655075]: Failed password for invalid user liuyj from 130.12.181.98 port 58612 ssh2
Mar 29 07:36:22 cls sshd[655075]: Connection closed by invalid user liuyj 130.12.181.98 port 58612 [preauth]
Mar 29 07:36:25 cls sshd[655094]: pam_unix(sshd:auth): authentication failure; logname= uid=0 euid=0 tty=ssh ruser= rhost=164.90.157.6  user=root
Mar 29 07:36:26 cls sshd[655088]: Invalid user admin3 from 130.12.181.101 port 37990
Mar 29 07:36:27 cls sshd[655094]: Failed password for root from 164.90.157.6 port 53152 ssh2
Mar 29 07:36:28 cls sshd[655094]: Received disconnect from 164.90.157.6 port 53152:11: Bye Bye [preauth]
Mar 29 07:36:28 cls sshd[655094]: Disconnected from authenticating user root 164.90.157.6 port 53152 [preauth]
Mar 29 07:36:28 cls sshd[655088]: pam_unix(sshd:auth): check pass; user unknown
Mar 29 07:36:28 cls sshd[655088]: pam_unix(sshd:auth): authentication failure; logname= uid=0 euid=0 tty=ssh ruser= rhost=130.12.181.101 
Mar 29 07:36:30 cls sshd[655088]: Failed password for invalid user admin3 from 130.12.181.101 port 37990 ssh2
Mar 29 07:36:34 cls sshd[655088]: Connection closed by invalid user admin3 130.12.181.101 port 37990 [preauth]
Mar 29 07:36:39 cls sshd[655096]: pam_unix(sshd:auth): authentication failure; logname= uid=0 euid=0 tty=ssh ruser= rhost=130.12.181.104  user=root
Mar 29 07:36:41 cls sshd[655096]: Failed password for root from 130.12.181.104 port 29846 ssh2
Mar 29 07:36:44 cls sshd[655098]: pam_unix(sshd:auth): authentication failure; logname= uid=0 euid=0 tty=ssh ruser= rhost=118.193.33.81  user=root
Mar 29 07:36:44 cls sshd[655096]: Connection closed by authenticating user root 130.12.181.104 port 29846 [preauth]
Mar 29 07:36:45 cls sshd[655100]: pam_unix(sshd:auth): authentication failure; logname= uid=0 euid=0 tty=ssh ruser= rhost=185.153.231.45  user=root
Mar 29 07:36:46 cls sshd[655100]: Failed password for root from 185.153.231.45 port 52516 ssh2
Mar 29 07:36:46 cls sshd[655098]: Failed password for root from 118.193.33.81 port 7678 ssh2
Mar 29 07:36:46 cls sshd[655098]: Received disconnect from 118.193.33.81 port 7678:11: Bye Bye [preauth]
Mar 29 07:36:46 cls sshd[655098]: Disconnected from authenticating user root 118.193.33.81 port 7678 [preauth]
Mar 29 07:36:47 cls sshd[655100]: Received disconnect from 185.153.231.45 port 52516:11: Bye Bye [preauth]
Mar 29 07:36:47 cls sshd[655100]: Disconnected from authenticating user root 185.153.231.45 port 52516 [preauth]
Mar 29 07:37:23 cls sshd[655110]: pam_unix(sshd:auth): authentication failure; logname= uid=0 euid=0 tty=ssh ruser= rhost=103.179.56.44  user=root
Mar 29 07:37:25 cls sshd[655110]: Failed password for root from 103.179.56.44 port 58762 ssh2
Mar 29 07:37:26 cls sshd[655110]: Received disconnect from 103.179.56.44 port 58762:11: Bye Bye [preauth]
Mar 29 07:37:26 cls sshd[655110]: Disconnected from authenticating user root 103.179.56.44 port 58762 [preauth]
Mar 29 07:37:27 cls sshd[655108]: Invalid user yuandl from 130.12.181.97 port 27850
Mar 29 07:37:29 cls sshd[655108]: pam_unix(sshd:auth): check pass; user unknown
Mar 29 07:37:29 cls sshd[655108]: pam_unix(sshd:auth): authentication failure; logname= uid=0 euid=0 tty=ssh ruser= rhost=130.12.181.97 
Mar 29 07:37:31 cls sshd[655108]: Failed password for invalid user yuandl from 130.12.181.97 port 27850 ssh2
Mar 29 07:37:35 cls sshd[655108]: Connection closed by invalid user yuandl 130.12.181.97 port 27850 [preauth]
Mar 29 07:37:51 cls sshd[655115]: Invalid user sammy from 206.123.145.20 port 8990
Mar 29 07:37:54 cls sshd[655114]: Invalid user tjct from 130.12.181.105 port 38348
Mar 29 07:37:54 cls sshd[655115]: pam_unix(sshd:auth): check pass; user unknown
Mar 29 07:37:54 cls sshd[655115]: pam_unix(sshd:auth): authentication failure; logname= uid=0 euid=0 tty=ssh ruser= rhost=206.123.145.20 
Mar 29 07:37:56 cls sshd[655116]: Invalid user zero from 130.12.181.107 port 60582
Mar 29 07:37:56 cls sshd[655114]: pam_unix(sshd:auth): check pass; user unknown
Mar 29 07:37:56 cls sshd[655114]: pam_unix(sshd:auth): authentication failure; logname= uid=0 euid=0 tty=ssh ruser= rhost=130.12.181.105 
Mar 29 07:37:56 cls sshd[655115]: Failed password for invalid user sammy from 206.123.145.20 port 8990 ssh2
Mar 29 07:37:58 cls sshd[655116]: pam_unix(sshd:auth): check pass; user unknown
Mar 29 07:37:58 cls sshd[655116]: pam_unix(sshd:auth): authentication failure; logname= uid=0 euid=0 tty=ssh ruser= rhost=130.12.181.107 
Mar 29 07:37:58 cls sshd[655119]: pam_unix(sshd:auth): authentication failure; logname= uid=0 euid=0 tty=ssh ruser= rhost=206.123.145.50  user=root
Mar 29 07:37:58 cls sshd[655114]: Failed password for invalid user tjct from 130.12.181.105 port 38348 ssh2
Mar 29 07:37:59 cls sshd[655116]: Failed password for invalid user zero from 130.12.181.107 port 60582 ssh2
Mar 29 07:38:00 cls sshd[655126]: pam_unix(sshd:auth): authentication failure; logname= uid=0 euid=0 tty=ssh ruser= rhost=185.226.89.235  user=root
Mar 29 07:38:00 cls sshd[655119]: Failed password for root from 206.123.145.50 port 47868 ssh2
Mar 29 07:38:01 cls sshd[655114]: Connection closed by invalid user tjct 130.12.181.105 port 38348 [preauth]
Mar 29 07:38:01 cls sshd[655115]: Connection closed by invalid user sammy 206.123.145.20 port 8990 [preauth]
Mar 29 07:38:02 cls sshd[655119]: Connection closed by authenticating user root 206.123.145.50 port 47868 [preauth]
Mar 29 07:38:02 cls sshd[655126]: Failed password for root from 185.226.89.235 port 54902 ssh2
Mar 29 07:38:02 cls sshd[655126]: Received disconnect from 185.226.89.235 port 54902:11: Bye Bye [preauth]
Mar 29 07:38:02 cls sshd[655126]: Disconnected from authenticating user root 185.226.89.235 port 54902 [preauth]
