Mar 29 10:40:46 cls sshd[664658]: pam_unix(sshd:auth): authentication failure; logname= uid=0 euid=0 tty=ssh ruser= rhost=130.12.181.104 
Mar 29 10:40:47 cls sshd[664659]: pam_unix(sshd:auth): check pass; user unknown
Mar 29 10:40:47 cls sshd[664659]: pam_unix(sshd:auth): authentication failure; logname= uid=0 euid=0 tty=ssh ruser= rhost=206.123.145.48 
Mar 29 10:40:48 cls sshd[664658]: Failed password for invalid user u0002 from 130.12.181.104 port 48802 ssh2
Mar 29 10:40:49 cls sshd[664659]: Failed password for invalid user redmine from 206.123.145.48 port 18506 ssh2
Mar 29 10:40:52 cls sshd[664658]: Connection closed by invalid user u0002 130.12.181.104 port 48802 [preauth]
Mar 29 10:40:52 cls sshd[664659]: Connection closed by invalid user redmine 206.123.145.48 port 18506 [preauth]
Mar 29 10:40:56 cls sshd[664662]: Invalid user vishal from 206.123.145.54 port 62646
Mar 29 10:40:58 cls sshd[664662]: pam_unix(sshd:auth): check pass; user unknown
Mar 29 10:40:58 cls sshd[664662]: pam_unix(sshd:auth): authentication failure; logname= uid=0 euid=0 tty=ssh ruser= rhost=206.123.145.54 
Mar 29 10:41:00 cls sshd[664662]: Failed password for invalid user vishal from 206.123.145.54 port 62646 ssh2
Mar 29 10:41:02 cls sshd[664662]: Connection closed by invalid user vishal 206.123.145.54 port 62646 [preauth]
Mar 29 10:41:23 cls sshd[664664]: Invalid user vps from 206.123.145.51 port 6724
Mar 29 10:41:25 cls sshd[664664]: pam_unix(sshd:auth): check pass; user unknown
Mar 29 10:41:25 cls sshd[664664]: pam_unix(sshd:auth): authentication failure; logname= uid=0 euid=0 tty=ssh ruser= rhost=206.123.145.51 
Mar 29 10:41:27 cls sshd[664664]: Failed password for invalid user vps from 206.123.145.51 port 6724 ssh2
Mar 29 10:41:31 cls sshd[664664]: Connection closed by invalid user vps 206.123.145.51 port 6724 [preauth]
Mar 29 10:41:44 cls sshd[664684]: Invalid user yujiong from 130.12.181.101 port 31550
Mar 29 10:41:45 cls sshd[664685]: pam_unix(sshd:auth): authentication failure; logname= uid=0 euid=0 tty=ssh ruser= rhost=206.123.145.73  user=root
Mar 29 10:41:47 cls sshd[664685]: Failed password for root from 206.123.145.73 port 39038 ssh2
Mar 29 10:41:47 cls sshd[664684]: pam_unix(sshd:auth): check pass; user unknown
Mar 29 10:41:47 cls sshd[664684]: pam_unix(sshd:auth): authentication failure; logname= uid=0 euid=0 tty=ssh ruser= rhost=130.12.181.101 
Mar 29 10:41:49 cls sshd[664684]: Failed password for invalid user yujiong from 130.12.181.101 port 31550 ssh2
Mar 29 10:41:49 cls sshd[664685]: Connection closed by authenticating user root 206.123.145.73 port 39038 [preauth]
Mar 29 10:41:50 cls sshd[664688]: error: kex_exchange_identification: read: Connection reset by peer
Mar 29 10:41:52 cls sshd[664684]: Connection closed by invalid user yujiong 130.12.181.101 port 31550 [preauth]
Mar 29 10:42:08 cls sshd[664689]: Connection closed by 66.132.172.177 port 12794 [preauth]
Mar 29 10:43:07 cls sshd[664703]: Invalid user routetst from 130.12.181.107 port 26330
Mar 29 10:43:10 cls sshd[664703]: pam_unix(sshd:auth): check pass; user unknown
Mar 29 10:43:10 cls sshd[664703]: pam_unix(sshd:auth): authentication failure; logname= uid=0 euid=0 tty=ssh ruser= rhost=130.12.181.107 
Mar 29 10:43:10 cls sshd[664715]: pam_unix(sshd:auth): authentication failure; logname= uid=0 euid=0 tty=ssh ruser= rhost=82.22.21.41  user=root
Mar 29 10:43:12 cls sshd[664703]: Failed password for invalid user routetst from 130.12.181.107 port 26330 ssh2
Mar 29 10:43:12 cls sshd[664715]: Failed password for root from 82.22.21.41 port 60406 ssh2
Mar 29 10:43:13 cls sshd[664715]: Received disconnect from 82.22.21.41 port 60406:11: Bye Bye [preauth]
Mar 29 10:43:13 cls sshd[664715]: Disconnected from authenticating user root 82.22.21.41 port 60406 [preauth]
Mar 29 10:43:16 cls sshd[664703]: Connection closed by invalid user routetst 130.12.181.107 port 26330 [preauth]
Mar 29 10:43:21 cls sshd[664729]: pam_unix(sshd:auth): authentication failure; logname= uid=0 euid=0 tty=ssh ruser= rhost=217.148.142.100  user=root
Mar 29 10:43:21 cls sshd[664719]: pam_unix(sshd:auth): authentication failure; logname= uid=0 euid=0 tty=ssh ruser= rhost=206.123.145.75  user=ubuntu
Mar 29 10:43:23 cls sshd[664729]: Failed password for root from 217.148.142.100 port 38984 ssh2
Mar 29 10:43:23 cls sshd[664719]: Failed password for ubuntu from 206.123.145.75 port 42754 ssh2
Mar 29 10:43:24 cls sshd[664729]: Received disconnect from 217.148.142.100 port 38984:11: Bye Bye [preauth]
Mar 29 10:43:24 cls sshd[664729]: Disconnected from authenticating user root 217.148.142.100 port 38984 [preauth]
Mar 29 10:43:32 cls sshd[664719]: Connection closed by authenticating user ubuntu 206.123.145.75 port 42754 [preauth]
Mar 29 10:43:41 cls sshd[664737]: Invalid user zh from 206.123.145.79 port 24076
Mar 29 10:43:43 cls sshd[664737]: pam_unix(sshd:auth): check pass; user unknown
Mar 29 10:43:43 cls sshd[664737]: pam_unix(sshd:auth): authentication failure; logname= uid=0 euid=0 tty=ssh ruser= rhost=206.123.145.79 
Mar 29 10:43:46 cls sshd[664737]: Failed password for invalid user zh from 206.123.145.79 port 24076 ssh2
Mar 29 10:43:47 cls sshd[664755]: pam_unix(sshd:auth): authentication failure; logname= uid=0 euid=0 tty=ssh ruser= rhost=171.25.158.57  user=root
Mar 29 10:43:50 cls sshd[664755]: Failed password for root from 171.25.158.57 port 44790 ssh2
Mar 29 10:43:51 cls sshd[664755]: Received disconnect from 171.25.158.57 port 44790:11: Bye Bye [preauth]
Mar 29 10:43:51 cls sshd[664755]: Disconnected from authenticating user root 171.25.158.57 port 44790 [preauth]
Mar 29 10:43:51 cls sshd[664737]: Connection closed by invalid user zh 206.123.145.79 port 24076 [preauth]
Mar 29 10:44:56 cls sshd[664820]: Invalid user tim from 130.12.181.97 port 5862
Mar 29 10:44:57 cls sshd[664820]: pam_unix(sshd:auth): check pass; user unknown
Mar 29 10:44:57 cls sshd[664820]: pam_unix(sshd:auth): authentication failure; logname= uid=0 euid=0 tty=ssh ruser= rhost=130.12.181.97 
Mar 29 10:44:59 cls sshd[664822]: Invalid user SMC1 from 130.12.181.103 port 16676
Mar 29 10:44:59 cls sshd[664820]: Failed password for invalid user tim from 130.12.181.97 port 5862 ssh2
Mar 29 10:45:00 cls sshd[664822]: pam_unix(sshd:auth): check pass; user unknown
Mar 29 10:45:00 cls sshd[664822]: pam_unix(sshd:auth): authentication failure; logname= uid=0 euid=0 tty=ssh ruser= rhost=130.12.181.103 
Mar 29 10:45:01 cls sshd[664826]: Invalid user dell from 206.123.145.70 port 25880
Mar 29 10:45:03 cls sshd[664822]: Failed password for invalid user SMC1 from 130.12.181.103 port 16676 ssh2
Mar 29 10:45:03 cls sshd[664820]: Connection closed by invalid user tim 130.12.181.97 port 5862 [preauth]
Mar 29 10:45:04 cls sshd[664826]: pam_unix(sshd:auth): check pass; user unknown
Mar 29 10:45:04 cls sshd[664826]: pam_unix(sshd:auth): authentication failure; logname= uid=0 euid=0 tty=ssh ruser= rhost=206.123.145.70 
Mar 29 10:45:05 cls sshd[664830]: Invalid user support from 206.123.145.57 port 32090
Mar 29 10:45:05 cls sshd[664822]: Connection closed by invalid user SMC1 130.12.181.103 port 16676 [preauth]
Mar 29 10:45:06 cls sshd[664826]: Failed password for invalid user dell from 206.123.145.70 port 25880 ssh2
Mar 29 10:45:07 cls sshd[664830]: pam_unix(sshd:auth): check pass; user unknown
Mar 29 10:45:07 cls sshd[664830]: pam_unix(sshd:auth): authentication failure; logname= uid=0 euid=0 tty=ssh ruser= rhost=206.123.145.57 
Mar 29 10:45:08 cls sshd[664826]: Connection closed by invalid user dell 206.123.145.70 port 25880 [preauth]
Mar 29 10:45:10 cls sshd[664830]: Failed password for invalid user support from 206.123.145.57 port 32090 ssh2
Mar 29 10:45:12 cls sshd[664830]: Connection closed by invalid user support 206.123.145.57 port 32090 [preauth]
Mar 29 10:45:13 cls sshd[664838]: pam_unix(sshd:auth): authentication failure; logname= uid=0 euid=0 tty=ssh ruser= rhost=130.12.181.105  user=root
Mar 29 10:45:15 cls sshd[664838]: Failed password for root from 130.12.181.105 port 37382 ssh2
Mar 29 10:45:18 cls sshd[664838]: Connection closed by authenticating user root 130.12.181.105 port 37382 [preauth]
Mar 29 10:45:23 cls sshd[664843]: pam_unix(sshd:auth): authentication failure; logname= uid=0 euid=0 tty=ssh ruser= rhost=206.123.145.77  user=root
Mar 29 10:45:24 cls sshd[664843]: Failed password for root from 206.123.145.77 port 16468 ssh2
Mar 29 10:45:31 cls sshd[664851]: Invalid user hadoop from 130.12.181.109 port 40994
Mar 29 10:45:32 cls sshd[664843]: Connection closed by authenticating user root 206.123.145.77 port 16468 [preauth]
Mar 29 10:45:33 cls sshd[664851]: pam_unix(sshd:auth): check pass; user unknown
Mar 29 10:45:33 cls sshd[664851]: pam_unix(sshd:auth): authentication failure; logname= uid=0 euid=0 tty=ssh ruser= rhost=130.12.181.109 
Mar 29 10:45:35 cls sshd[664851]: Failed password for invalid user hadoop from 130.12.181.109 port 40994 ssh2
Mar 29 10:45:35 cls sshd[664853]: Invalid user nbp from 130.12.181.99 port 16134
Mar 29 10:45:37 cls sshd[664853]: pam_unix(sshd:auth): check pass; user unknown
Mar 29 10:45:37 cls sshd[664853]: pam_unix(sshd:auth): authentication failure; logname= uid=0 euid=0 tty=ssh ruser= rhost=130.12.181.99 
Mar 29 10:45:38 cls sshd[664851]: Connection closed by invalid user hadoop 130.12.181.109 port 40994 [preauth]
Mar 29 10:45:39 cls sshd[664853]: Failed password for invalid user nbp from 130.12.181.99 port 16134 ssh2
Mar 29 10:45:42 cls sshd[664853]: Connection closed by invalid user nbp 130.12.181.99 port 16134 [preauth]
Mar 29 10:45:48 cls sshd[664871]: pam_unix(sshd:auth): authentication failure; logname= uid=0 euid=0 tty=ssh ruser= rhost=82.22.21.41  user=root
Mar 29 10:45:49 cls sshd[664873]: pam_unix(sshd:auth): authentication failure; logname= uid=0 euid=0 tty=ssh ruser= rhost=103.187.146.33  user=root
Mar 29 10:45:50 cls sshd[664871]: Failed password for root from 82.22.21.41 port 47232 ssh2
Mar 29 10:45:51 cls sshd[664871]: Received disconnect from 82.22.21.41 port 47232:11: Bye Bye [preauth]
Mar 29 10:45:51 cls sshd[664871]: Disconnected from authenticating user root 82.22.21.41 port 47232 [preauth]
Mar 29 10:45:51 cls sshd[664873]: Failed password for root from 103.187.146.33 port 53402 ssh2
Mar 29 10:45:52 cls sshd[664873]: Received disconnect from 103.187.146.33 port 53402:11: Bye Bye [preauth]
Mar 29 10:45:52 cls sshd[664873]: Disconnected from authenticating user root 103.187.146.33 port 53402 [preauth]
Mar 29 10:46:03 cls sshd[664878]: Invalid user sjy from 206.123.145.76 port 21328
Mar 29 10:46:05 cls sshd[664878]: pam_unix(sshd:auth): check pass; user unknown
Mar 29 10:46:05 cls sshd[664878]: pam_unix(sshd:auth): authentication failure; logname= uid=0 euid=0 tty=ssh ruser= rhost=206.123.145.76 
Mar 29 10:46:07 cls sshd[664878]: Failed password for invalid user sjy from 206.123.145.76 port 21328 ssh2
Mar 29 10:46:09 cls sshd[664878]: Connection closed by invalid user sjy 206.123.145.76 port 21328 [preauth]
Mar 29 10:46:11 cls sshd[664877]: pam_unix(sshd:auth): authentication failure; logname= uid=0 euid=0 tty=ssh ruser= rhost=206.123.145.49  user=root
Mar 29 10:46:11 cls sshd[664893]: pam_unix(sshd:auth): authentication failure; logname= uid=0 euid=0 tty=ssh ruser= rhost=217.148.142.100  user=root
Mar 29 10:46:13 cls sshd[664877]: Failed password for root from 206.123.145.49 port 4954 ssh2
Mar 29 10:46:13 cls sshd[664893]: Failed password for root from 217.148.142.100 port 39078 ssh2
Mar 29 10:46:14 cls sshd[664893]: Received disconnect from 217.148.142.100 port 39078:11: Bye Bye [preauth]
Mar 29 10:46:14 cls sshd[664893]: Disconnected from authenticating user root 217.148.142.100 port 39078 [preauth]
Mar 29 10:46:15 cls sshd[664889]: Invalid user ftpbackup from 130.12.181.106 port 14210
Mar 29 10:46:17 cls sshd[664889]: pam_unix(sshd:auth): check pass; user unknown
Mar 29 10:46:17 cls sshd[664889]: pam_unix(sshd:auth): authentication failure; logname= uid=0 euid=0 tty=ssh ruser= rhost=130.12.181.106 
Mar 29 10:46:18 cls sshd[664877]: Connection closed by authenticating user root 206.123.145.49 port 4954 [preauth]
Mar 29 10:46:19 cls sshd[664889]: Failed password for invalid user ftpbackup from 130.12.181.106 port 14210 ssh2
Mar 29 10:46:23 cls sshd[664889]: Connection closed by invalid user ftpbackup 130.12.181.106 port 14210 [preauth]
Mar 29 10:46:32 cls sshd[664901]: pam_unix(sshd:auth): authentication failure; logname= uid=0 euid=0 tty=ssh ruser= rhost=206.123.145.50  user=root
Mar 29 10:46:35 cls sshd[664901]: Failed password for root from 206.123.145.50 port 60326 ssh2
Mar 29 10:46:37 cls sshd[664901]: Connection closed by authenticating user root 206.123.145.50 port 60326 [preauth]
Mar 29 10:46:39 cls sshd[664905]: Invalid user dell from 206.123.145.20 port 52286
Mar 29 10:46:40 cls sshd[664905]: pam_unix(sshd:auth): check pass; user unknown
Mar 29 10:46:40 cls sshd[664905]: pam_unix(sshd:auth): authentication failure; logname= uid=0 euid=0 tty=ssh ruser= rhost=206.123.145.20 
Mar 29 10:46:43 cls sshd[664905]: Failed password for invalid user dell from 206.123.145.20 port 52286 ssh2
Mar 29 10:46:45 cls sshd[664909]: pam_unix(sshd:auth): authentication failure; logname= uid=0 euid=0 tty=ssh ruser= rhost=206.123.145.78  user=root
Mar 29 10:46:45 cls sshd[664910]: Invalid user app1 from 206.123.145.71 port 45908
Mar 29 10:46:46 cls sshd[664905]: Connection closed by invalid user dell 206.123.145.20 port 52286 [preauth]
Mar 29 10:46:46 cls sshd[664909]: Failed password for root from 206.123.145.78 port 37836 ssh2
Mar 29 10:46:48 cls sshd[664910]: pam_unix(sshd:auth): check pass; user unknown
Mar 29 10:46:48 cls sshd[664910]: pam_unix(sshd:auth): authentication failure; logname= uid=0 euid=0 tty=ssh ruser= rhost=206.123.145.71 
Mar 29 10:46:50 cls sshd[664909]: Connection closed by authenticating user root 206.123.145.78 port 37836 [preauth]
Mar 29 10:46:50 cls sshd[664910]: Failed password for invalid user app1 from 206.123.145.71 port 45908 ssh2
Mar 29 10:46:51 cls sshd[664923]: Invalid user user02 from 206.123.145.69 port 20988
Mar 29 10:46:54 cls sshd[664923]: pam_unix(sshd:auth): check pass; user unknown
Mar 29 10:46:54 cls sshd[664923]: pam_unix(sshd:auth): authentication failure; logname= uid=0 euid=0 tty=ssh ruser= rhost=206.123.145.69 
Mar 29 10:46:55 cls sshd[664910]: Connection closed by invalid user app1 206.123.145.71 port 45908 [preauth]
Mar 29 10:46:56 cls sshd[664923]: Failed password for invalid user user02 from 206.123.145.69 port 20988 ssh2
Mar 29 10:46:59 cls sshd[664923]: Connection closed by invalid user user02 206.123.145.69 port 20988 [preauth]
Mar 29 10:47:01 cls sshd[664929]: pam_unix(sshd:auth): authentication failure; logname= uid=0 euid=0 tty=ssh ruser= rhost=206.123.145.55  user=root
Mar 29 10:47:03 cls sshd[664929]: Failed password for root from 206.123.145.55 port 58736 ssh2
Mar 29 10:47:07 cls sshd[664929]: Connection closed by authenticating user root 206.123.145.55 port 58736 [preauth]
Mar 29 10:47:28 cls sshd[664935]: Invalid user salman from 130.12.181.108 port 45674
Mar 29 10:47:30 cls sshd[664935]: pam_unix(sshd:auth): check pass; user unknown
Mar 29 10:47:30 cls sshd[664935]: pam_unix(sshd:auth): authentication failure; logname= uid=0 euid=0 tty=ssh ruser= rhost=130.12.181.108 
Mar 29 10:47:32 cls sshd[664935]: Failed password for invalid user salman from 130.12.181.108 port 45674 ssh2
Mar 29 10:47:35 cls sshd[664935]: Connection closed by invalid user salman 130.12.181.108 port 45674 [preauth]
Mar 29 10:47:36 cls sshd[664939]: Invalid user zhangyh from 130.12.181.100 port 56888
Mar 29 10:47:38 cls sshd[664939]: pam_unix(sshd:auth): check pass; user unknown
Mar 29 10:47:38 cls sshd[664939]: pam_unix(sshd:auth): authentication failure; logname= uid=0 euid=0 tty=ssh ruser= rhost=130.12.181.100 
Mar 29 10:47:40 cls sshd[664943]: pam_unix(sshd:auth): authentication failure; logname= uid=0 euid=0 tty=ssh ruser= rhost=171.25.158.57  user=root
Mar 29 10:47:40 cls sshd[664939]: Failed password for invalid user zhangyh from 130.12.181.100 port 56888 ssh2
Mar 29 10:47:42 cls sshd[664943]: Failed password for root from 171.25.158.57 port 60518 ssh2
Mar 29 10:47:43 cls sshd[664943]: Received disconnect from 171.25.158.57 port 60518:11: Bye Bye [preauth]
Mar 29 10:47:43 cls sshd[664943]: Disconnected from authenticating user root 171.25.158.57 port 60518 [preauth]
Mar 29 10:47:43 cls sshd[664939]: Connection closed by invalid user zhangyh 130.12.181.100 port 56888 [preauth]
Mar 29 10:47:43 cls sshd[664941]: Invalid user china from 130.12.181.102 port 57798
Mar 29 10:47:45 cls sshd[664941]: pam_unix(sshd:auth): check pass; user unknown
Mar 29 10:47:45 cls sshd[664941]: pam_unix(sshd:auth): authentication failure; logname= uid=0 euid=0 tty=ssh ruser= rhost=130.12.181.102 
Mar 29 10:47:46 cls sshd[664945]: Invalid user upcftst from 130.12.181.98 port 52756
Mar 29 10:47:47 cls sshd[664945]: pam_unix(sshd:auth): check pass; user unknown
Mar 29 10:47:47 cls sshd[664945]: pam_unix(sshd:auth): authentication failure; logname= uid=0 euid=0 tty=ssh ruser= rhost=130.12.181.98 
Mar 29 10:47:48 cls sshd[664941]: Failed password for invalid user china from 130.12.181.102 port 57798 ssh2
Mar 29 10:47:49 cls sshd[664945]: Failed password for invalid user upcftst from 130.12.181.98 port 52756 ssh2
Mar 29 10:47:51 cls sshd[664941]: Connection closed by invalid user china 130.12.181.102 port 57798 [preauth]
Mar 29 10:47:51 cls sshd[664945]: Connection closed by invalid user upcftst 130.12.181.98 port 52756 [preauth]
Mar 29 10:48:28 cls sshd[664969]: pam_unix(sshd:auth): authentication failure; logname= uid=0 euid=0 tty=ssh ruser= rhost=82.22.21.41  user=root
Mar 29 10:48:31 cls sshd[664969]: Failed password for root from 82.22.21.41 port 39866 ssh2
Mar 29 10:48:31 cls sshd[664969]: Received disconnect from 82.22.21.41 port 39866:11: Bye Bye [preauth]
Mar 29 10:48:31 cls sshd[664969]: Disconnected from authenticating user root 82.22.21.41 port 39866 [preauth]
Mar 29 10:48:46 cls sshd[664973]: Invalid user jenkins from 206.123.145.56 port 64082
Mar 29 10:48:48 cls sshd[664973]: pam_unix(sshd:auth): check pass; user unknown
Mar 29 10:48:48 cls sshd[664973]: pam_unix(sshd:auth): authentication failure; logname= uid=0 euid=0 tty=ssh ruser= rhost=206.123.145.56 
Mar 29 10:48:50 cls sshd[664973]: Failed password for invalid user jenkins from 206.123.145.56 port 64082 ssh2
Mar 29 10:48:56 cls sshd[664973]: Connection closed by invalid user jenkins 206.123.145.56 port 64082 [preauth]
Mar 29 10:48:58 cls sshd[664989]: Invalid user uploader from 206.123.145.53 port 33728
Mar 29 10:48:59 cls sshd[664989]: pam_unix(sshd:auth): check pass; user unknown
Mar 29 10:48:59 cls sshd[664989]: pam_unix(sshd:auth): authentication failure; logname= uid=0 euid=0 tty=ssh ruser= rhost=206.123.145.53 
Mar 29 10:49:01 cls sshd[664989]: Failed password for invalid user uploader from 206.123.145.53 port 33728 ssh2
Mar 29 10:49:05 cls sshd[664989]: Connection closed by invalid user uploader 206.123.145.53 port 33728 [preauth]
Mar 29 10:49:06 cls sshd[664993]: Invalid user zhao from 206.123.145.72 port 31580
Mar 29 10:49:07 cls sshd[664995]: pam_unix(sshd:auth): authentication failure; logname= uid=0 euid=0 tty=ssh ruser= rhost=217.148.142.100  user=root
Mar 29 10:49:09 cls sshd[664995]: Failed password for root from 217.148.142.100 port 51418 ssh2
Mar 29 10:49:10 cls sshd[664995]: Received disconnect from 217.148.142.100 port 51418:11: Bye Bye [preauth]
Mar 29 10:49:10 cls sshd[664995]: Disconnected from authenticating user root 217.148.142.100 port 51418 [preauth]
Mar 29 10:49:10 cls sshd[664993]: pam_unix(sshd:auth): check pass; user unknown
Mar 29 10:49:10 cls sshd[664993]: pam_unix(sshd:auth): authentication failure; logname= uid=0 euid=0 tty=ssh ruser= rhost=206.123.145.72 
Mar 29 10:49:12 cls sshd[664993]: Failed password for invalid user zhao from 206.123.145.72 port 31580 ssh2
Mar 29 10:49:15 cls sshd[664993]: Connection closed by invalid user zhao 206.123.145.72 port 31580 [preauth]
Mar 29 10:49:18 cls sshd[664999]: pam_unix(sshd:auth): authentication failure; logname= uid=0 euid=0 tty=ssh ruser= rhost=103.187.146.33  user=root
Mar 29 10:49:19 cls sshd[664997]: Invalid user piloo from 206.123.145.74 port 9730
Mar 29 10:49:20 cls sshd[664999]: Failed password for root from 103.187.146.33 port 37364 ssh2
Mar 29 10:49:21 cls sshd[664999]: Received disconnect from 103.187.146.33 port 37364:11: Bye Bye [preauth]
Mar 29 10:49:21 cls sshd[664999]: Disconnected from authenticating user root 103.187.146.33 port 37364 [preauth]
Mar 29 10:49:23 cls sshd[664997]: pam_unix(sshd:auth): check pass; user unknown
Mar 29 10:49:23 cls sshd[664997]: pam_unix(sshd:auth): authentication failure; logname= uid=0 euid=0 tty=ssh ruser= rhost=206.123.145.74 
Mar 29 10:49:25 cls sshd[664997]: Failed password for invalid user piloo from 206.123.145.74 port 9730 ssh2
Mar 29 10:49:27 cls sshd[665001]: Invalid user miao from 130.12.181.104 port 32678
Mar 29 10:49:28 cls sshd[665001]: pam_unix(sshd:auth): check pass; user unknown
Mar 29 10:49:28 cls sshd[665001]: pam_unix(sshd:auth): authentication failure; logname= uid=0 euid=0 tty=ssh ruser= rhost=130.12.181.104 
Mar 29 10:49:29 cls sshd[664997]: Connection closed by invalid user piloo 206.123.145.74 port 9730 [preauth]
Mar 29 10:49:30 cls sshd[665001]: Failed password for invalid user miao from 130.12.181.104 port 32678 ssh2
Mar 29 10:49:34 cls sshd[665001]: Connection closed by invalid user miao 130.12.181.104 port 32678 [preauth]
Mar 29 10:49:56 cls sshd[665015]: Invalid user xunsuhang from 206.123.145.46 port 38204
Mar 29 10:49:58 cls sshd[665015]: pam_unix(sshd:auth): check pass; user unknown
Mar 29 10:49:58 cls sshd[665015]: pam_unix(sshd:auth): authentication failure; logname= uid=0 euid=0 tty=ssh ruser= rhost=206.123.145.46 
Mar 29 10:50:00 cls sshd[665015]: Failed password for invalid user xunsuhang from 206.123.145.46 port 38204 ssh2
Mar 29 10:50:01 cls sshd[665025]: pam_unix(sshd:auth): authentication failure; logname= uid=0 euid=0 tty=ssh ruser= rhost=159.223.8.62  user=root
Mar 29 10:50:03 cls sshd[665015]: Connection closed by invalid user xunsuhang 206.123.145.46 port 38204 [preauth]
Mar 29 10:50:04 cls sshd[665025]: Failed password for root from 159.223.8.62 port 41656 ssh2
Mar 29 10:50:04 cls sshd[665025]: Received disconnect from 159.223.8.62 port 41656:11: Bye Bye [preauth]
Mar 29 10:50:04 cls sshd[665025]: Disconnected from authenticating user root 159.223.8.62 port 41656 [preauth]
Mar 29 10:50:35 cls sshd[665032]: Invalid user xactai from 206.123.145.52 port 32968
Mar 29 10:50:39 cls sshd[665032]: pam_unix(sshd:auth): check pass; user unknown
Mar 29 10:50:39 cls sshd[665032]: pam_unix(sshd:auth): authentication failure; logname= uid=0 euid=0 tty=ssh ruser= rhost=206.123.145.52 
Mar 29 10:50:39 cls sshd[665040]: Invalid user yanni from 130.12.181.101 port 30332
Mar 29 10:50:40 cls sshd[665032]: Failed password for invalid user xactai from 206.123.145.52 port 32968 ssh2
Mar 29 10:50:41 cls sshd[665032]: Connection closed by invalid user xactai 206.123.145.52 port 32968 [preauth]
Mar 29 10:50:41 cls sshd[665040]: pam_unix(sshd:auth): check pass; user unknown
Mar 29 10:50:41 cls sshd[665040]: pam_unix(sshd:auth): authentication failure; logname= uid=0 euid=0 tty=ssh ruser= rhost=130.12.181.101 
Mar 29 10:50:43 cls sshd[665040]: Failed password for invalid user yanni from 130.12.181.101 port 30332 ssh2
Mar 29 10:50:45 cls sshd[665040]: Connection closed by invalid user yanni 130.12.181.101 port 30332 [preauth]
Mar 29 10:50:48 cls sshd[665048]: Invalid user liusizhen from 206.123.145.48 port 23298
Mar 29 10:50:52 cls sshd[665048]: pam_unix(sshd:auth): check pass; user unknown
Mar 29 10:50:52 cls sshd[665048]: pam_unix(sshd:auth): authentication failure; logname= uid=0 euid=0 tty=ssh ruser= rhost=206.123.145.48 
Mar 29 10:50:54 cls sshd[665048]: Failed password for invalid user liusizhen from 206.123.145.48 port 23298 ssh2
Mar 29 10:50:56 cls sshd[665056]: pam_unix(sshd:auth): authentication failure; logname= uid=0 euid=0 tty=ssh ruser= rhost=206.123.145.54  user=root
Mar 29 10:50:56 cls sshd[665048]: Connection closed by invalid user liusizhen 206.123.145.48 port 23298 [preauth]
Mar 29 10:50:58 cls sshd[665056]: Failed password for root from 206.123.145.54 port 62572 ssh2
Mar 29 10:51:01 cls sshd[665056]: Connection closed by authenticating user root 206.123.145.54 port 62572 [preauth]
Mar 29 10:51:09 cls sshd[665066]: pam_unix(sshd:auth): authentication failure; logname= uid=0 euid=0 tty=ssh ruser= rhost=82.22.21.41  user=root
Mar 29 10:51:11 cls sshd[665066]: Failed password for root from 82.22.21.41 port 35906 ssh2
Mar 29 10:51:12 cls sshd[665066]: Received disconnect from 82.22.21.41 port 35906:11: Bye Bye [preauth]
Mar 29 10:51:12 cls sshd[665066]: Disconnected from authenticating user root 82.22.21.41 port 35906 [preauth]
Mar 29 10:51:33 cls sshd[665080]: pam_unix(sshd:auth): authentication failure; logname= uid=0 euid=0 tty=ssh ruser= rhost=171.25.158.57  user=root
Mar 29 10:51:35 cls sshd[665080]: Failed password for root from 171.25.158.57 port 32998 ssh2
Mar 29 10:51:36 cls sshd[665080]: Received disconnect from 171.25.158.57 port 32998:11: Bye Bye [preauth]
Mar 29 10:51:36 cls sshd[665080]: Disconnected from authenticating user root 171.25.158.57 port 32998 [preauth]
Mar 29 10:51:39 cls sshd[665084]: Invalid user sms from 206.123.145.51 port 7180
Mar 29 10:51:40 cls sshd[665084]: pam_unix(sshd:auth): check pass; user unknown
Mar 29 10:51:40 cls sshd[665084]: pam_unix(sshd:auth): authentication failure; logname= uid=0 euid=0 tty=ssh ruser= rhost=206.123.145.51 
Mar 29 10:51:41 cls sshd[665084]: Failed password for invalid user sms from 206.123.145.51 port 7180 ssh2
Mar 29 10:51:45 cls sshd[665084]: Connection closed by invalid user sms 206.123.145.51 port 7180 [preauth]
Mar 29 10:51:55 cls sshd[665108]: pam_unix(sshd:auth): authentication failure; logname= uid=0 euid=0 tty=ssh ruser= rhost=217.148.142.100  user=root
Mar 29 10:51:58 cls sshd[665108]: Failed password for root from 217.148.142.100 port 38732 ssh2
Mar 29 10:51:58 cls sshd[665108]: Received disconnect from 217.148.142.100 port 38732:11: Bye Bye [preauth]
Mar 29 10:51:58 cls sshd[665108]: Disconnected from authenticating user root 217.148.142.100 port 38732 [preauth]
Mar 29 10:51:59 cls sshd[665102]: pam_unix(sshd:auth): authentication failure; logname= uid=0 euid=0 tty=ssh ruser= rhost=130.12.181.107  user=root
Mar 29 10:52:00 cls sshd[665098]: Invalid user user1 from 206.123.145.73 port 1120
Mar 29 10:52:00 cls sshd[665102]: Failed password for root from 130.12.181.107 port 18850 ssh2
Mar 29 10:52:02 cls sshd[665098]: pam_unix(sshd:auth): check pass; user unknown
Mar 29 10:52:02 cls sshd[665098]: pam_unix(sshd:auth): authentication failure; logname= uid=0 euid=0 tty=ssh ruser= rhost=206.123.145.73 
Mar 29 10:52:03 cls sshd[665102]: Connection closed by authenticating user root 130.12.181.107 port 18850 [preauth]
Mar 29 10:52:04 cls sshd[665098]: Failed password for invalid user user1 from 206.123.145.73 port 1120 ssh2
Mar 29 10:52:06 cls sshd[665098]: Connection closed by invalid user user1 206.123.145.73 port 1120 [preauth]
Mar 29 10:52:47 cls sshd[665152]: pam_unix(sshd:auth): authentication failure; logname= uid=0 euid=0 tty=ssh ruser= rhost=103.187.146.33  user=root
Mar 29 10:52:48 cls sshd[665152]: Failed password for root from 103.187.146.33 port 35730 ssh2
Mar 29 10:52:49 cls sshd[665152]: Received disconnect from 103.187.146.33 port 35730:11: Bye Bye [preauth]
Mar 29 10:52:49 cls sshd[665152]: Disconnected from authenticating user root 103.187.146.33 port 35730 [preauth]
Mar 29 10:53:35 cls sshd[665178]: Invalid user alphaai from 206.123.145.75 port 13936
Mar 29 10:53:37 cls sshd[665178]: pam_unix(sshd:auth): check pass; user unknown
Mar 29 10:53:37 cls sshd[665178]: pam_unix(sshd:auth): authentication failure; logname= uid=0 euid=0 tty=ssh ruser= rhost=206.123.145.75 
Mar 29 10:53:39 cls sshd[665178]: Failed password for invalid user alphaai from 206.123.145.75 port 13936 ssh2
Mar 29 10:53:40 cls sshd[665182]: Invalid user liujing from 130.12.181.103 port 15340
Mar 29 10:53:41 cls sshd[665178]: Connection closed by invalid user alphaai 206.123.145.75 port 13936 [preauth]
Mar 29 10:53:43 cls sshd[665182]: pam_unix(sshd:auth): check pass; user unknown
Mar 29 10:53:43 cls sshd[665182]: pam_unix(sshd:auth): authentication failure; logname= uid=0 euid=0 tty=ssh ruser= rhost=130.12.181.103 
Mar 29 10:53:45 cls sshd[665184]: pam_unix(sshd:auth): authentication failure; logname= uid=0 euid=0 tty=ssh ruser= rhost=130.12.181.105  user=root
Mar 29 10:53:45 cls sshd[665182]: Failed password for invalid user liujing from 130.12.181.103 port 15340 ssh2
Mar 29 10:53:45 cls sshd[665188]: pam_unix(sshd:auth): authentication failure; logname= uid=0 euid=0 tty=ssh ruser= rhost=82.22.21.41  user=root
Mar 29 10:53:47 cls sshd[665184]: Failed password for root from 130.12.181.105 port 34596 ssh2
Mar 29 10:53:48 cls sshd[665188]: Failed password for root from 82.22.21.41 port 35264 ssh2
Mar 29 10:53:48 cls sshd[665188]: Received disconnect from 82.22.21.41 port 35264:11: Bye Bye [preauth]
Mar 29 10:53:48 cls sshd[665188]: Disconnected from authenticating user root 82.22.21.41 port 35264 [preauth]
Mar 29 10:53:50 cls sshd[665182]: Connection closed by invalid user liujing 130.12.181.103 port 15340 [preauth]
Mar 29 10:53:50 cls sshd[665184]: Connection closed by authenticating user root 130.12.181.105 port 34596 [preauth]
Mar 29 10:53:53 cls sshd[665190]: Invalid user evan from 130.12.181.97 port 18928
Mar 29 10:53:55 cls sshd[665190]: pam_unix(sshd:auth): check pass; user unknown
Mar 29 10:53:55 cls sshd[665190]: pam_unix(sshd:auth): authentication failure; logname= uid=0 euid=0 tty=ssh ruser= rhost=130.12.181.97 
Mar 29 10:53:57 cls sshd[665190]: Failed password for invalid user evan from 130.12.181.97 port 18928 ssh2
Mar 29 10:53:59 cls sshd[665190]: Connection closed by invalid user evan 130.12.181.97 port 18928 [preauth]
Mar 29 10:54:08 cls sshd[665208]: Invalid user yuanyuan from 130.12.181.99 port 7480
Mar 29 10:54:09 cls sshd[665208]: pam_unix(sshd:auth): check pass; user unknown
Mar 29 10:54:09 cls sshd[665208]: pam_unix(sshd:auth): authentication failure; logname= uid=0 euid=0 tty=ssh ruser= rhost=130.12.181.99 
Mar 29 10:54:11 cls sshd[665210]: Invalid user caixiaochen from 206.123.145.79 port 2854
Mar 29 10:54:12 cls sshd[665210]: pam_unix(sshd:auth): check pass; user unknown
Mar 29 10:54:12 cls sshd[665210]: pam_unix(sshd:auth): authentication failure; logname= uid=0 euid=0 tty=ssh ruser= rhost=206.123.145.79 
Mar 29 10:54:12 cls sshd[665208]: Failed password for invalid user yuanyuan from 130.12.181.99 port 7480 ssh2
Mar 29 10:54:14 cls sshd[665210]: Failed password for invalid user caixiaochen from 206.123.145.79 port 2854 ssh2
Mar 29 10:54:14 cls sshd[665208]: Connection closed by invalid user yuanyuan 130.12.181.99 port 7480 [preauth]
Mar 29 10:54:16 cls sshd[665210]: Connection closed by invalid user caixiaochen 206.123.145.79 port 2854 [preauth]
Mar 29 10:54:22 cls sshd[665212]: Invalid user cw2 from 130.12.181.109 port 28214
Mar 29 10:54:24 cls sshd[665212]: pam_unix(sshd:auth): check pass; user unknown
Mar 29 10:54:24 cls sshd[665212]: pam_unix(sshd:auth): authentication failure; logname= uid=0 euid=0 tty=ssh ruser= rhost=130.12.181.109 
Mar 29 10:54:26 cls sshd[665212]: Failed password for invalid user cw2 from 130.12.181.109 port 28214 ssh2
Mar 29 10:54:28 cls sshd[665212]: Connection closed by invalid user cw2 130.12.181.109 port 28214 [preauth]
Mar 29 10:54:45 cls sshd[665216]: pam_unix(sshd:auth): authentication failure; logname= uid=0 euid=0 tty=ssh ruser= rhost=217.148.142.100  user=root
Mar 29 10:54:48 cls sshd[665216]: Failed password for root from 217.148.142.100 port 50468 ssh2
Mar 29 10:54:50 cls sshd[665216]: Received disconnect from 217.148.142.100 port 50468:11: Bye Bye [preauth]
Mar 29 10:54:50 cls sshd[665216]: Disconnected from authenticating user root 217.148.142.100 port 50468 [preauth]
Mar 29 10:55:04 cls sshd[665226]: Invalid user lenovo from 130.12.181.106 port 49968
Mar 29 10:55:05 cls sshd[665228]: Invalid user ftphes from 130.12.181.98 port 43858
Mar 29 10:55:06 cls sshd[665226]: pam_unix(sshd:auth): check pass; user unknown
Mar 29 10:55:06 cls sshd[665226]: pam_unix(sshd:auth): authentication failure; logname= uid=0 euid=0 tty=ssh ruser= rhost=130.12.181.106 
Mar 29 10:55:07 cls sshd[665228]: pam_unix(sshd:auth): check pass; user unknown
Mar 29 10:55:07 cls sshd[665228]: pam_unix(sshd:auth): authentication failure; logname= uid=0 euid=0 tty=ssh ruser= rhost=130.12.181.98 
Mar 29 10:55:07 cls sshd[665226]: Failed password for invalid user lenovo from 130.12.181.106 port 49968 ssh2
Mar 29 10:55:09 cls sshd[665228]: Failed password for invalid user ftphes from 130.12.181.98 port 43858 ssh2
Mar 29 10:55:10 cls sshd[665226]: Connection closed by invalid user lenovo 130.12.181.106 port 49968 [preauth]
Mar 29 10:55:11 cls sshd[665228]: Connection closed by invalid user ftphes 130.12.181.98 port 43858 [preauth]
Mar 29 10:55:16 cls sshd[665235]: pam_unix(sshd:auth): authentication failure; logname= uid=0 euid=0 tty=ssh ruser= rhost=171.25.158.57  user=root
Mar 29 10:55:18 cls sshd[665235]: Failed password for root from 171.25.158.57 port 42936 ssh2
Mar 29 10:55:19 cls sshd[665235]: Received disconnect from 171.25.158.57 port 42936:11: Bye Bye [preauth]
Mar 29 10:55:19 cls sshd[665235]: Disconnected from authenticating user root 171.25.158.57 port 42936 [preauth]
Mar 29 10:55:23 cls sshd[665234]: Invalid user store from 206.123.145.57 port 12272
Mar 29 10:55:25 cls sshd[665234]: pam_unix(sshd:auth): check pass; user unknown
Mar 29 10:55:25 cls sshd[665234]: pam_unix(sshd:auth): authentication failure; logname= uid=0 euid=0 tty=ssh ruser= rhost=206.123.145.57 
Mar 29 10:55:27 cls sshd[665234]: Failed password for invalid user store from 206.123.145.57 port 12272 ssh2
Mar 29 10:55:32 cls sshd[665234]: Connection closed by invalid user store 206.123.145.57 port 12272 [preauth]
Mar 29 10:55:36 cls sshd[665238]: Invalid user deploy from 206.123.145.77 port 26626
Mar 29 10:55:37 cls sshd[665238]: pam_unix(sshd:auth): check pass; user unknown
Mar 29 10:55:37 cls sshd[665238]: pam_unix(sshd:auth): authentication failure; logname= uid=0 euid=0 tty=ssh ruser= rhost=206.123.145.77 
Mar 29 10:55:40 cls sshd[665238]: Failed password for invalid user deploy from 206.123.145.77 port 26626 ssh2
Mar 29 10:55:43 cls sshd[665238]: Connection closed by invalid user deploy 206.123.145.77 port 26626 [preauth]
Mar 29 10:55:50 cls sshd[665241]: Invalid user yueqin from 206.123.145.76 port 41362
Mar 29 10:55:55 cls sshd[665241]: pam_unix(sshd:auth): check pass; user unknown
Mar 29 10:55:55 cls sshd[665241]: pam_unix(sshd:auth): authentication failure; logname= uid=0 euid=0 tty=ssh ruser= rhost=206.123.145.76 
Mar 29 10:55:57 cls sshd[665241]: Failed password for invalid user yueqin from 206.123.145.76 port 41362 ssh2
Mar 29 10:55:58 cls sshd[665250]: Invalid user pan from 206.123.145.49 port 5386
Mar 29 10:55:59 cls sshd[665243]: Invalid user wangxinyu from 206.123.145.70 port 16230
Mar 29 10:56:00 cls sshd[665243]: pam_unix(sshd:auth): check pass; user unknown
Mar 29 10:56:00 cls sshd[665243]: pam_unix(sshd:auth): authentication failure; logname= uid=0 euid=0 tty=ssh ruser= rhost=206.123.145.70 
Mar 29 10:56:01 cls sshd[665250]: pam_unix(sshd:auth): check pass; user unknown
Mar 29 10:56:01 cls sshd[665250]: pam_unix(sshd:auth): authentication failure; logname= uid=0 euid=0 tty=ssh ruser= rhost=206.123.145.49 
Mar 29 10:56:01 cls sshd[665243]: Failed password for invalid user wangxinyu from 206.123.145.70 port 16230 ssh2
Mar 29 10:56:03 cls sshd[665250]: Failed password for invalid user pan from 206.123.145.49 port 5386 ssh2
Mar 29 10:56:03 cls sshd[665241]: Connection closed by invalid user yueqin 206.123.145.76 port 41362 [preauth]
Mar 29 10:56:05 cls sshd[665243]: Connection closed by invalid user wangxinyu 206.123.145.70 port 16230 [preauth]
Mar 29 10:56:06 cls sshd[665250]: Connection closed by invalid user pan 206.123.145.49 port 5386 [preauth]
Mar 29 10:56:10 cls sshd[665257]: Invalid user lj from 130.12.181.108 port 48474
Mar 29 10:56:13 cls sshd[665257]: pam_unix(sshd:auth): check pass; user unknown
Mar 29 10:56:13 cls sshd[665257]: pam_unix(sshd:auth): authentication failure; logname= uid=0 euid=0 tty=ssh ruser= rhost=130.12.181.108 
Mar 29 10:56:14 cls sshd[665259]: pam_unix(sshd:auth): authentication failure; logname= uid=0 euid=0 tty=ssh ruser= rhost=103.187.146.33  user=root
Mar 29 10:56:15 cls sshd[665257]: Failed password for invalid user lj from 130.12.181.108 port 48474 ssh2
Mar 29 10:56:16 cls sshd[665259]: Failed password for root from 103.187.146.33 port 59524 ssh2
Mar 29 10:56:16 cls sshd[665259]: Received disconnect from 103.187.146.33 port 59524:11: Bye Bye [preauth]
Mar 29 10:56:16 cls sshd[665259]: Disconnected from authenticating user root 103.187.146.33 port 59524 [preauth]
Mar 29 10:56:18 cls sshd[665257]: Connection closed by invalid user lj 130.12.181.108 port 48474 [preauth]
Mar 29 10:56:27 cls sshd[665261]: Invalid user wtb from 206.123.145.50 port 12144
Mar 29 10:56:28 cls sshd[665261]: pam_unix(sshd:auth): check pass; user unknown
Mar 29 10:56:28 cls sshd[665261]: pam_unix(sshd:auth): authentication failure; logname= uid=0 euid=0 tty=ssh ruser= rhost=206.123.145.50 
Mar 29 10:56:28 cls sshd[665265]: Invalid user emall from 206.123.145.20 port 63788
Mar 29 10:56:29 cls sshd[665268]: Invalid user sos_1 from 130.12.181.100 port 33800
Mar 29 10:56:30 cls sshd[665261]: Failed password for invalid user wtb from 206.123.145.50 port 12144 ssh2
Mar 29 10:56:31 cls sshd[665268]: pam_unix(sshd:auth): check pass; user unknown
Mar 29 10:56:31 cls sshd[665268]: pam_unix(sshd:auth): authentication failure; logname= uid=0 euid=0 tty=ssh ruser= rhost=130.12.181.100 
Mar 29 10:56:32 cls sshd[665271]: pam_unix(sshd:auth): authentication failure; logname= uid=0 euid=0 tty=ssh ruser= rhost=82.22.21.41  user=root
Mar 29 10:56:33 cls sshd[665265]: pam_unix(sshd:auth): check pass; user unknown
Mar 29 10:56:33 cls sshd[665265]: pam_unix(sshd:auth): authentication failure; logname= uid=0 euid=0 tty=ssh ruser= rhost=206.123.145.20 
Mar 29 10:56:33 cls sshd[665268]: Failed password for invalid user sos_1 from 130.12.181.100 port 33800 ssh2
Mar 29 10:56:34 cls sshd[665271]: Failed password for root from 82.22.21.41 port 42170 ssh2
Mar 29 10:56:35 cls sshd[665268]: Connection closed by invalid user sos_1 130.12.181.100 port 33800 [preauth]
Mar 29 10:56:35 cls sshd[665265]: Failed password for invalid user emall from 206.123.145.20 port 63788 ssh2
Mar 29 10:56:35 cls sshd[665271]: Received disconnect from 82.22.21.41 port 42170:11: Bye Bye [preauth]
Mar 29 10:56:35 cls sshd[665271]: Disconnected from authenticating user root 82.22.21.41 port 42170 [preauth]
Mar 29 10:56:35 cls sshd[665261]: Connection closed by invalid user wtb 206.123.145.50 port 12144 [preauth]
Mar 29 10:56:38 cls sshd[665265]: Connection closed by invalid user emall 206.123.145.20 port 63788 [preauth]
Mar 29 10:56:43 cls sshd[665273]: Invalid user wx from 130.12.181.102 port 10278
Mar 29 10:56:45 cls sshd[665273]: pam_unix(sshd:auth): check pass; user unknown
Mar 29 10:56:45 cls sshd[665273]: pam_unix(sshd:auth): authentication failure; logname= uid=0 euid=0 tty=ssh ruser= rhost=130.12.181.102 
Mar 29 10:56:46 cls sshd[665274]: Invalid user niruoxin from 206.123.145.78 port 27870
Mar 29 10:56:47 cls sshd[665273]: Failed password for invalid user wx from 130.12.181.102 port 10278 ssh2
Mar 29 10:56:47 cls sshd[665274]: pam_unix(sshd:auth): check pass; user unknown
Mar 29 10:56:47 cls sshd[665274]: pam_unix(sshd:auth): authentication failure; logname= uid=0 euid=0 tty=ssh ruser= rhost=206.123.145.78 
Mar 29 10:56:50 cls sshd[665273]: Connection closed by invalid user wx 130.12.181.102 port 10278 [preauth]
Mar 29 10:56:50 cls sshd[665274]: Failed password for invalid user niruoxin from 206.123.145.78 port 27870 ssh2
Mar 29 10:56:53 cls sshd[665274]: Connection closed by invalid user niruoxin 206.123.145.78 port 27870 [preauth]
Mar 29 10:57:03 cls sshd[665286]: Invalid user user from 206.123.145.71 port 38334
Mar 29 10:57:05 cls sshd[665286]: pam_unix(sshd:auth): check pass; user unknown
Mar 29 10:57:05 cls sshd[665286]: pam_unix(sshd:auth): authentication failure; logname= uid=0 euid=0 tty=ssh ruser= rhost=206.123.145.71 
Mar 29 10:57:06 cls sshd[665286]: Failed password for invalid user user from 206.123.145.71 port 38334 ssh2
Mar 29 10:57:09 cls sshd[665286]: Connection closed by invalid user user 206.123.145.71 port 38334 [preauth]
Mar 29 10:57:13 cls sshd[665289]: Invalid user zh from 206.123.145.69 port 19934
Mar 29 10:57:13 cls sshd[665288]: Invalid user mrq from 206.123.145.55 port 10970
Mar 29 10:57:14 cls sshd[665289]: pam_unix(sshd:auth): check pass; user unknown
Mar 29 10:57:14 cls sshd[665289]: pam_unix(sshd:auth): authentication failure; logname= uid=0 euid=0 tty=ssh ruser= rhost=206.123.145.69 
Mar 29 10:57:16 cls sshd[665288]: pam_unix(sshd:auth): check pass; user unknown
Mar 29 10:57:16 cls sshd[665288]: pam_unix(sshd:auth): authentication failure; logname= uid=0 euid=0 tty=ssh ruser= rhost=206.123.145.55 
Mar 29 10:57:16 cls sshd[665289]: Failed password for invalid user zh from 206.123.145.69 port 19934 ssh2
Mar 29 10:57:17 cls sshd[665288]: Failed password for invalid user mrq from 206.123.145.55 port 10970 ssh2
Mar 29 10:57:20 cls sshd[665288]: Connection closed by invalid user mrq 206.123.145.55 port 10970 [preauth]
Mar 29 10:57:21 cls sshd[665289]: Connection closed by invalid user zh 206.123.145.69 port 19934 [preauth]
Mar 29 10:57:44 cls sshd[665294]: pam_unix(sshd:auth): authentication failure; logname= uid=0 euid=0 tty=ssh ruser= rhost=217.148.142.100  user=root
Mar 29 10:57:45 cls sshd[665294]: Failed password for root from 217.148.142.100 port 40126 ssh2
Mar 29 10:57:46 cls sshd[665294]: Received disconnect from 217.148.142.100 port 40126:11: Bye Bye [preauth]
Mar 29 10:57:46 cls sshd[665294]: Disconnected from authenticating user root 217.148.142.100 port 40126 [preauth]
Mar 29 10:58:12 cls sshd[665304]: Invalid user yangguangyu from 130.12.181.104 port 11084
Mar 29 10:58:14 cls sshd[665304]: pam_unix(sshd:auth): check pass; user unknown
Mar 29 10:58:14 cls sshd[665304]: pam_unix(sshd:auth): authentication failure; logname= uid=0 euid=0 tty=ssh ruser= rhost=130.12.181.104 
Mar 29 10:58:16 cls sshd[665304]: Failed password for invalid user yangguangyu from 130.12.181.104 port 11084 ssh2
Mar 29 10:58:19 cls sshd[665304]: Connection closed by invalid user yangguangyu 130.12.181.104 port 11084 [preauth]
Mar 29 10:58:41 cls sshd[665307]: Invalid user pertsol from 206.123.145.53 port 57578
Mar 29 10:58:43 cls sshd[665306]: pam_unix(sshd:auth): authentication failure; logname= uid=0 euid=0 tty=ssh ruser= rhost=206.123.145.56  user=root
Mar 29 10:58:43 cls sshd[665307]: pam_unix(sshd:auth): check pass; user unknown
Mar 29 10:58:43 cls sshd[665307]: pam_unix(sshd:auth): authentication failure; logname= uid=0 euid=0 tty=ssh ruser= rhost=206.123.145.53 
Mar 29 10:58:45 cls sshd[665306]: Failed password for root from 206.123.145.56 port 30996 ssh2
Mar 29 10:58:46 cls sshd[665307]: Failed password for invalid user pertsol from 206.123.145.53 port 57578 ssh2
Mar 29 10:58:48 cls sshd[665306]: Connection closed by authenticating user root 206.123.145.56 port 30996 [preauth]
Mar 29 10:58:48 cls sshd[665307]: Connection closed by invalid user pertsol 206.123.145.53 port 57578 [preauth]
Mar 29 10:58:53 cls sshd[665310]: pam_unix(sshd:auth): authentication failure; logname= uid=0 euid=0 tty=ssh ruser= rhost=171.25.158.57  user=root
Mar 29 10:58:54 cls sshd[665310]: Failed password for root from 171.25.158.57 port 45692 ssh2
Mar 29 10:58:56 cls sshd[665310]: Received disconnect from 171.25.158.57 port 45692:11: Bye Bye [preauth]
Mar 29 10:58:56 cls sshd[665310]: Disconnected from authenticating user root 171.25.158.57 port 45692 [preauth]
Mar 29 10:59:10 cls sshd[665331]: pam_unix(sshd:auth): authentication failure; logname= uid=0 euid=0 tty=ssh ruser= rhost=159.223.8.62  user=root
Mar 29 10:59:12 cls sshd[665333]: pam_unix(sshd:auth): authentication failure; logname= uid=0 euid=0 tty=ssh ruser= rhost=82.22.21.41  user=root
Mar 29 10:59:12 cls sshd[665331]: Failed password for root from 159.223.8.62 port 35120 ssh2
Mar 29 10:59:13 cls sshd[665331]: Received disconnect from 159.223.8.62 port 35120:11: Bye Bye [preauth]
Mar 29 10:59:13 cls sshd[665331]: Disconnected from authenticating user root 159.223.8.62 port 35120 [preauth]
Mar 29 10:59:13 cls sshd[665333]: Failed password for root from 82.22.21.41 port 50656 ssh2
Mar 29 10:59:14 cls sshd[665333]: Received disconnect from 82.22.21.41 port 50656:11: Bye Bye [preauth]
Mar 29 10:59:14 cls sshd[665333]: Disconnected from authenticating user root 82.22.21.41 port 50656 [preauth]
Mar 29 10:59:30 cls sshd[665337]: Invalid user benedict from 130.12.181.101 port 24430
Mar 29 10:59:32 cls sshd[665337]: pam_unix(sshd:auth): check pass; user unknown
Mar 29 10:59:32 cls sshd[665337]: pam_unix(sshd:auth): authentication failure; logname= uid=0 euid=0 tty=ssh ruser= rhost=130.12.181.101 
Mar 29 10:59:35 cls sshd[665337]: Failed password for invalid user benedict from 130.12.181.101 port 24430 ssh2
Mar 29 10:59:35 cls sshd[665342]: Invalid user hz from 206.123.145.74 port 50014
Mar 29 10:59:36 cls sshd[665342]: pam_unix(sshd:auth): check pass; user unknown
Mar 29 10:59:36 cls sshd[665342]: pam_unix(sshd:auth): authentication failure; logname= uid=0 euid=0 tty=ssh ruser= rhost=206.123.145.74 
Mar 29 10:59:36 cls sshd[665341]: Invalid user pe from 206.123.145.72 port 43010
Mar 29 10:59:38 cls sshd[665337]: Connection closed by invalid user benedict 130.12.181.101 port 24430 [preauth]
Mar 29 10:59:38 cls sshd[665342]: Failed password for invalid user hz from 206.123.145.74 port 50014 ssh2
Mar 29 10:59:38 cls sshd[665341]: pam_unix(sshd:auth): check pass; user unknown
Mar 29 10:59:38 cls sshd[665341]: pam_unix(sshd:auth): authentication failure; logname= uid=0 euid=0 tty=ssh ruser= rhost=206.123.145.72 
Mar 29 10:59:40 cls sshd[665341]: Failed password for invalid user pe from 206.123.145.72 port 43010 ssh2
Mar 29 10:59:42 cls sshd[665342]: Connection closed by invalid user hz 206.123.145.74 port 50014 [preauth]
Mar 29 10:59:44 cls sshd[665341]: Connection closed by invalid user pe 206.123.145.72 port 43010 [preauth]
Mar 29 10:59:51 cls sshd[665361]: pam_unix(sshd:auth): authentication failure; logname= uid=0 euid=0 tty=ssh ruser= rhost=103.187.146.33  user=root
Mar 29 10:59:53 cls sshd[665361]: Failed password for root from 103.187.146.33 port 39700 ssh2
Mar 29 10:59:54 cls sshd[665361]: Received disconnect from 103.187.146.33 port 39700:11: Bye Bye [preauth]
Mar 29 10:59:54 cls sshd[665361]: Disconnected from authenticating user root 103.187.146.33 port 39700 [preauth]
Mar 29 10:59:54 cls sshd[665359]: Invalid user weijian from 206.123.145.46 port 31958
Mar 29 10:59:56 cls sshd[665359]: pam_unix(sshd:auth): check pass; user unknown
Mar 29 10:59:56 cls sshd[665359]: pam_unix(sshd:auth): authentication failure; logname= uid=0 euid=0 tty=ssh ruser= rhost=206.123.145.46 
Mar 29 10:59:58 cls sshd[665359]: Failed password for invalid user weijian from 206.123.145.46 port 31958 ssh2
Mar 29 11:00:01 cls sshd[665359]: Connection closed by invalid user weijian 206.123.145.46 port 31958 [preauth]
Mar 29 11:00:01 cls CRON[665373]: pam_unix(cron:session): session opened for user akriveia by (uid=0)
Mar 29 11:00:02 cls CRON[665374]: pam_unix(cron:session): session opened for user akriveia by (uid=0)
Mar 29 11:00:02 cls CRON[665375]: pam_unix(cron:session): session opened for user akriveia by (uid=0)
Mar 29 11:00:02 cls CRON[665373]: pam_unix(cron:session): session closed for user akriveia
Mar 29 11:00:02 cls CRON[665375]: pam_unix(cron:session): session closed for user akriveia
Mar 29 11:00:02 cls CRON[665374]: pam_unix(cron:session): session closed for user akriveia
Mar 29 11:00:32 cls sshd[665407]: pam_unix(sshd:auth): authentication failure; logname= uid=0 euid=0 tty=ssh ruser= rhost=217.148.142.100  user=root
Mar 29 11:00:34 cls sshd[665407]: Failed password for root from 217.148.142.100 port 58846 ssh2
Mar 29 11:00:35 cls sshd[665407]: Received disconnect from 217.148.142.100 port 58846:11: Bye Bye [preauth]
Mar 29 11:00:35 cls sshd[665407]: Disconnected from authenticating user root 217.148.142.100 port 58846 [preauth]
Mar 29 11:00:40 cls sshd[665404]: Invalid user capitoladmin from 206.123.145.52 port 5684
Mar 29 11:00:41 cls sshd[665404]: pam_unix(sshd:auth): check pass; user unknown
Mar 29 11:00:41 cls sshd[665404]: pam_unix(sshd:auth): authentication failure; logname= uid=0 euid=0 tty=ssh ruser= rhost=206.123.145.52 
Mar 29 11:00:42 cls sshd[665404]: Failed password for invalid user capitoladmin from 206.123.145.52 port 5684 ssh2
Mar 29 11:00:45 cls sshd[665404]: Connection closed by invalid user capitoladmin 206.123.145.52 port 5684 [preauth]
Mar 29 11:00:54 cls sshd[665421]: Invalid user ymt from 130.12.181.107 port 65450
Mar 29 11:00:56 cls sshd[665421]: pam_unix(sshd:auth): check pass; user unknown
Mar 29 11:00:56 cls sshd[665421]: pam_unix(sshd:auth): authentication failure; logname= uid=0 euid=0 tty=ssh ruser= rhost=130.12.181.107 
Mar 29 11:00:56 cls sshd[665423]: Invalid user darshb from 206.123.145.54 port 5494
Mar 29 11:00:57 cls sshd[665423]: pam_unix(sshd:auth): check pass; user unknown
Mar 29 11:00:57 cls sshd[665423]: pam_unix(sshd:auth): authentication failure; logname= uid=0 euid=0 tty=ssh ruser= rhost=206.123.145.54 
Mar 29 11:00:58 cls sshd[665421]: Failed password for invalid user ymt from 130.12.181.107 port 65450 ssh2
Mar 29 11:01:00 cls sshd[665423]: Failed password for invalid user darshb from 206.123.145.54 port 5494 ssh2
