Mar 29 03:57:13 cls sshd[644905]: Received disconnect from 43.242.203.160 port 44296:11: Bye Bye [preauth]
Mar 29 03:57:13 cls sshd[644905]: Disconnected from authenticating user root 43.242.203.160 port 44296 [preauth]
Mar 29 03:57:13 cls sshd[644907]: pam_unix(sshd:auth): authentication failure; logname= uid=0 euid=0 tty=ssh ruser= rhost=43.132.227.251  user=root
Mar 29 03:57:15 cls sshd[644907]: Failed password for root from 43.132.227.251 port 39394 ssh2
Mar 29 03:57:16 cls sshd[644907]: Received disconnect from 43.132.227.251 port 39394:11: Bye Bye [preauth]
Mar 29 03:57:16 cls sshd[644907]: Disconnected from authenticating user root 43.132.227.251 port 39394 [preauth]
Mar 29 03:57:20 cls sshd[644909]: pam_unix(sshd:auth): authentication failure; logname= uid=0 euid=0 tty=ssh ruser= rhost=40.81.244.142  user=root
Mar 29 03:57:21 cls sshd[644909]: Failed password for root from 40.81.244.142 port 43746 ssh2
Mar 29 03:57:22 cls sshd[644909]: Received disconnect from 40.81.244.142 port 43746:11: Bye Bye [preauth]
Mar 29 03:57:22 cls sshd[644909]: Disconnected from authenticating user root 40.81.244.142 port 43746 [preauth]
Mar 29 03:57:33 cls sshd[644911]: pam_unix(sshd:auth): authentication failure; logname= uid=0 euid=0 tty=ssh ruser= rhost=206.123.145.54  user=root
Mar 29 03:57:35 cls sshd[644911]: Failed password for root from 206.123.145.54 port 35548 ssh2
Mar 29 03:57:37 cls sshd[644911]: Connection closed by authenticating user root 206.123.145.54 port 35548 [preauth]
Mar 29 03:57:45 cls sshd[644913]: Invalid user dipens from 206.123.145.52 port 53576
Mar 29 03:57:46 cls sshd[644913]: pam_unix(sshd:auth): check pass; user unknown
Mar 29 03:57:46 cls sshd[644913]: pam_unix(sshd:auth): authentication failure; logname= uid=0 euid=0 tty=ssh ruser= rhost=206.123.145.52 
Mar 29 03:57:48 cls sshd[644913]: Failed password for invalid user dipens from 206.123.145.52 port 53576 ssh2
Mar 29 03:57:51 cls sshd[644913]: Connection closed by invalid user dipens 206.123.145.52 port 53576 [preauth]
Mar 29 03:58:30 cls sshd[644928]: Invalid user tech from 206.123.145.79 port 38606
Mar 29 03:58:31 cls sshd[644930]: Invalid user lyneng from 130.12.181.99 port 37184
Mar 29 03:58:32 cls sshd[644928]: pam_unix(sshd:auth): check pass; user unknown
Mar 29 03:58:32 cls sshd[644928]: pam_unix(sshd:auth): authentication failure; logname= uid=0 euid=0 tty=ssh ruser= rhost=206.123.145.79 
Mar 29 03:58:34 cls sshd[644930]: pam_unix(sshd:auth): check pass; user unknown
Mar 29 03:58:34 cls sshd[644930]: pam_unix(sshd:auth): authentication failure; logname= uid=0 euid=0 tty=ssh ruser= rhost=130.12.181.99 
Mar 29 03:58:34 cls sshd[644928]: Failed password for invalid user tech from 206.123.145.79 port 38606 ssh2
Mar 29 03:58:35 cls sshd[644930]: Failed password for invalid user lyneng from 130.12.181.99 port 37184 ssh2
Mar 29 03:58:36 cls sshd[644928]: Connection closed by invalid user tech 206.123.145.79 port 38606 [preauth]
Mar 29 03:58:37 cls sshd[644930]: Connection closed by invalid user lyneng 130.12.181.99 port 37184 [preauth]
Mar 29 03:58:41 cls sshd[644932]: pam_unix(sshd:auth): authentication failure; logname= uid=0 euid=0 tty=ssh ruser= rhost=165.154.6.66  user=root
Mar 29 03:58:43 cls sshd[644932]: Failed password for root from 165.154.6.66 port 35934 ssh2
Mar 29 03:58:43 cls sshd[644932]: Received disconnect from 165.154.6.66 port 35934:11: Bye Bye [preauth]
Mar 29 03:58:43 cls sshd[644932]: Disconnected from authenticating user root 165.154.6.66 port 35934 [preauth]
Mar 29 03:58:52 cls sshd[644934]: Invalid user erkin from 206.123.145.69 port 33362
Mar 29 03:58:54 cls sshd[644938]: Invalid user khooshrin from 130.12.181.98 port 53882
Mar 29 03:58:55 cls sshd[644934]: pam_unix(sshd:auth): check pass; user unknown
Mar 29 03:58:55 cls sshd[644934]: pam_unix(sshd:auth): authentication failure; logname= uid=0 euid=0 tty=ssh ruser= rhost=206.123.145.69 
Mar 29 03:58:55 cls sshd[644938]: pam_unix(sshd:auth): check pass; user unknown
Mar 29 03:58:55 cls sshd[644938]: pam_unix(sshd:auth): authentication failure; logname= uid=0 euid=0 tty=ssh ruser= rhost=130.12.181.98 
Mar 29 03:58:57 cls sshd[644934]: Failed password for invalid user erkin from 206.123.145.69 port 33362 ssh2
Mar 29 03:58:57 cls sshd[644938]: Failed password for invalid user khooshrin from 130.12.181.98 port 53882 ssh2
Mar 29 03:59:00 cls sshd[644934]: Connection closed by invalid user erkin 206.123.145.69 port 33362 [preauth]
Mar 29 03:59:00 cls sshd[644938]: Connection closed by invalid user khooshrin 130.12.181.98 port 53882 [preauth]
Mar 29 03:59:47 cls sshd[644952]: pam_unix(sshd:auth): authentication failure; logname= uid=0 euid=0 tty=ssh ruser= rhost=130.12.181.97  user=root
Mar 29 03:59:47 cls sshd[644953]: Invalid user plex from 206.123.145.20 port 26032
Mar 29 03:59:49 cls sshd[644952]: Failed password for root from 130.12.181.97 port 7008 ssh2
Mar 29 03:59:49 cls sshd[644953]: pam_unix(sshd:auth): check pass; user unknown
Mar 29 03:59:49 cls sshd[644953]: pam_unix(sshd:auth): authentication failure; logname= uid=0 euid=0 tty=ssh ruser= rhost=206.123.145.20 
Mar 29 03:59:52 cls sshd[644952]: Connection closed by authenticating user root 130.12.181.97 port 7008 [preauth]
Mar 29 03:59:52 cls sshd[644953]: Failed password for invalid user plex from 206.123.145.20 port 26032 ssh2
Mar 29 03:59:54 cls sshd[644953]: Connection closed by invalid user plex 206.123.145.20 port 26032 [preauth]
Mar 29 04:00:01 cls CRON[644973]: pam_unix(cron:session): session opened for user akriveia by (uid=0)
Mar 29 04:00:01 cls CRON[644974]: pam_unix(cron:session): session opened for user akriveia by (uid=0)
Mar 29 04:00:01 cls CRON[644972]: pam_unix(cron:session): session opened for user akriveia by (uid=0)
Mar 29 04:00:01 cls CRON[644973]: pam_unix(cron:session): session closed for user akriveia
Mar 29 04:00:01 cls CRON[644974]: pam_unix(cron:session): session closed for user akriveia
Mar 29 04:00:01 cls CRON[644972]: pam_unix(cron:session): session closed for user akriveia
Mar 29 04:00:10 cls sshd[644990]: Invalid user wk from 130.12.181.105 port 12564
Mar 29 04:00:11 cls sshd[644991]: Invalid user user from 130.12.181.101 port 20076
Mar 29 04:00:12 cls sshd[644990]: pam_unix(sshd:auth): check pass; user unknown
Mar 29 04:00:12 cls sshd[644990]: pam_unix(sshd:auth): authentication failure; logname= uid=0 euid=0 tty=ssh ruser= rhost=130.12.181.105 
Mar 29 04:00:13 cls sshd[644991]: pam_unix(sshd:auth): check pass; user unknown
Mar 29 04:00:13 cls sshd[644991]: pam_unix(sshd:auth): authentication failure; logname= uid=0 euid=0 tty=ssh ruser= rhost=130.12.181.101 
Mar 29 04:00:14 cls sshd[644990]: Failed password for invalid user wk from 130.12.181.105 port 12564 ssh2
Mar 29 04:00:15 cls sshd[644991]: Failed password for invalid user user from 130.12.181.101 port 20076 ssh2
Mar 29 04:00:17 cls sshd[644990]: Connection closed by invalid user wk 130.12.181.105 port 12564 [preauth]
Mar 29 04:00:18 cls sshd[644991]: Connection closed by invalid user user 130.12.181.101 port 20076 [preauth]
Mar 29 04:00:31 cls sshd[644999]: pam_unix(sshd:auth): authentication failure; logname= uid=0 euid=0 tty=ssh ruser= rhost=185.236.25.178  user=root
Mar 29 04:00:34 cls sshd[644999]: Failed password for root from 185.236.25.178 port 60456 ssh2
Mar 29 04:00:34 cls sshd[644999]: Received disconnect from 185.236.25.178 port 60456:11: Bye Bye [preauth]
Mar 29 04:00:34 cls sshd[644999]: Disconnected from authenticating user root 185.236.25.178 port 60456 [preauth]
Mar 29 04:00:41 cls sshd[645011]: pam_unix(sshd:auth): authentication failure; logname= uid=0 euid=0 tty=ssh ruser= rhost=40.81.244.142  user=root
Mar 29 04:00:43 cls sshd[645011]: Failed password for root from 40.81.244.142 port 35816 ssh2
Mar 29 04:00:44 cls sshd[645011]: Received disconnect from 40.81.244.142 port 35816:11: Bye Bye [preauth]
Mar 29 04:00:44 cls sshd[645011]: Disconnected from authenticating user root 40.81.244.142 port 35816 [preauth]
Mar 29 04:00:45 cls sshd[645001]: pam_unix(sshd:auth): authentication failure; logname= uid=0 euid=0 tty=ssh ruser= rhost=130.12.181.103  user=root
Mar 29 04:00:47 cls sshd[645001]: Failed password for root from 130.12.181.103 port 63186 ssh2
Mar 29 04:00:49 cls sshd[645001]: Connection closed by authenticating user root 130.12.181.103 port 63186 [preauth]
Mar 29 04:00:54 cls sshd[645016]: pam_unix(sshd:auth): authentication failure; logname= uid=0 euid=0 tty=ssh ruser= rhost=43.242.203.160  user=root
Mar 29 04:00:56 cls sshd[645016]: Failed password for root from 43.242.203.160 port 50180 ssh2
Mar 29 04:00:56 cls sshd[645016]: Received disconnect from 43.242.203.160 port 50180:11: Bye Bye [preauth]
Mar 29 04:00:56 cls sshd[645016]: Disconnected from authenticating user root 43.242.203.160 port 50180 [preauth]
Mar 29 04:01:02 cls sshd[645015]: Invalid user zr from 206.123.145.57 port 17370
Mar 29 04:01:05 cls sshd[645015]: pam_unix(sshd:auth): check pass; user unknown
Mar 29 04:01:05 cls sshd[645015]: pam_unix(sshd:auth): authentication failure; logname= uid=0 euid=0 tty=ssh ruser= rhost=206.123.145.57 
Mar 29 04:01:07 cls sshd[645015]: Failed password for invalid user zr from 206.123.145.57 port 17370 ssh2
Mar 29 04:01:11 cls sshd[645015]: Connection closed by invalid user zr 206.123.145.57 port 17370 [preauth]
Mar 29 04:01:29 cls sshd[645041]: Invalid user guest01 from 206.123.145.78 port 64456
Mar 29 04:01:31 cls sshd[645041]: pam_unix(sshd:auth): check pass; user unknown
Mar 29 04:01:31 cls sshd[645041]: pam_unix(sshd:auth): authentication failure; logname= uid=0 euid=0 tty=ssh ruser= rhost=206.123.145.78 
Mar 29 04:01:33 cls sshd[645041]: Failed password for invalid user guest01 from 206.123.145.78 port 64456 ssh2
Mar 29 04:01:37 cls sshd[645041]: Connection closed by invalid user guest01 206.123.145.78 port 64456 [preauth]
Mar 29 04:01:49 cls sshd[645046]: Invalid user kafka from 206.123.145.49 port 5078
Mar 29 04:01:51 cls sshd[645051]: Invalid user ub from 206.123.145.55 port 62968
Mar 29 04:01:51 cls sshd[645046]: pam_unix(sshd:auth): check pass; user unknown
Mar 29 04:01:51 cls sshd[645046]: pam_unix(sshd:auth): authentication failure; logname= uid=0 euid=0 tty=ssh ruser= rhost=206.123.145.49 
Mar 29 04:01:52 cls sshd[645047]: Invalid user reduct from 206.123.145.74 port 41496
Mar 29 04:01:53 cls sshd[645051]: pam_unix(sshd:auth): check pass; user unknown
Mar 29 04:01:53 cls sshd[645051]: pam_unix(sshd:auth): authentication failure; logname= uid=0 euid=0 tty=ssh ruser= rhost=206.123.145.55 
Mar 29 04:01:53 cls sshd[645056]: Invalid user how from 130.12.181.107 port 20516
Mar 29 04:01:54 cls sshd[645046]: Failed password for invalid user kafka from 206.123.145.49 port 5078 ssh2
Mar 29 04:01:55 cls sshd[645047]: pam_unix(sshd:auth): check pass; user unknown
Mar 29 04:01:55 cls sshd[645047]: pam_unix(sshd:auth): authentication failure; logname= uid=0 euid=0 tty=ssh ruser= rhost=206.123.145.74 
Mar 29 04:01:55 cls sshd[645051]: Failed password for invalid user ub from 206.123.145.55 port 62968 ssh2
Mar 29 04:01:55 cls sshd[645056]: pam_unix(sshd:auth): check pass; user unknown
Mar 29 04:01:55 cls sshd[645056]: pam_unix(sshd:auth): authentication failure; logname= uid=0 euid=0 tty=ssh ruser= rhost=130.12.181.107 
Mar 29 04:01:56 cls sshd[645057]: pam_unix(sshd:auth): authentication failure; logname= uid=0 euid=0 tty=ssh ruser= rhost=130.12.181.104  user=root
Mar 29 04:01:57 cls sshd[645051]: Connection closed by invalid user ub 206.123.145.55 port 62968 [preauth]
Mar 29 04:01:57 cls sshd[645047]: Failed password for invalid user reduct from 206.123.145.74 port 41496 ssh2
Mar 29 04:01:58 cls sshd[645057]: Failed password for root from 130.12.181.104 port 57006 ssh2
Mar 29 04:01:58 cls sshd[645056]: Failed password for invalid user how from 130.12.181.107 port 20516 ssh2
Mar 29 04:01:58 cls sshd[645046]: Connection closed by invalid user kafka 206.123.145.49 port 5078 [preauth]
Mar 29 04:01:59 cls sshd[645047]: Connection closed by invalid user reduct 206.123.145.74 port 41496 [preauth]
Mar 29 04:01:59 cls sshd[645064]: Invalid user ssl from 206.123.145.72 port 6504
Mar 29 04:02:01 cls sshd[645057]: Connection closed by authenticating user root 130.12.181.104 port 57006 [preauth]
Mar 29 04:02:01 cls sshd[645056]: Connection closed by invalid user how 130.12.181.107 port 20516 [preauth]
Mar 29 04:02:02 cls sshd[645066]: Invalid user sa from 206.123.145.50 port 63700
Mar 29 04:02:02 cls sshd[645064]: pam_unix(sshd:auth): check pass; user unknown
Mar 29 04:02:02 cls sshd[645064]: pam_unix(sshd:auth): authentication failure; logname= uid=0 euid=0 tty=ssh ruser= rhost=206.123.145.72 
Mar 29 04:02:04 cls sshd[645066]: pam_unix(sshd:auth): check pass; user unknown
Mar 29 04:02:04 cls sshd[645066]: pam_unix(sshd:auth): authentication failure; logname= uid=0 euid=0 tty=ssh ruser= rhost=206.123.145.50 
Mar 29 04:02:04 cls sshd[645064]: Failed password for invalid user ssl from 206.123.145.72 port 6504 ssh2
Mar 29 04:02:06 cls sshd[645066]: Failed password for invalid user sa from 206.123.145.50 port 63700 ssh2
Mar 29 04:02:07 cls sshd[645064]: Connection closed by invalid user ssl 206.123.145.72 port 6504 [preauth]
Mar 29 04:02:08 cls sshd[645066]: Connection closed by invalid user sa 206.123.145.50 port 63700 [preauth]
Mar 29 04:02:21 cls sshd[645085]: Invalid user wrq from 206.123.145.71 port 2156
Mar 29 04:02:21 cls sshd[645087]: pam_unix(sshd:auth): authentication failure; logname= uid=0 euid=0 tty=ssh ruser= rhost=165.154.6.66  user=root
Mar 29 04:02:23 cls sshd[645085]: pam_unix(sshd:auth): check pass; user unknown
Mar 29 04:02:23 cls sshd[645085]: pam_unix(sshd:auth): authentication failure; logname= uid=0 euid=0 tty=ssh ruser= rhost=206.123.145.71 
Mar 29 04:02:23 cls sshd[645087]: Failed password for root from 165.154.6.66 port 56534 ssh2
Mar 29 04:02:24 cls sshd[645087]: Received disconnect from 165.154.6.66 port 56534:11: Bye Bye [preauth]
Mar 29 04:02:24 cls sshd[645087]: Disconnected from authenticating user root 165.154.6.66 port 56534 [preauth]
Mar 29 04:02:24 cls sshd[645085]: Failed password for invalid user wrq from 206.123.145.71 port 2156 ssh2
Mar 29 04:02:27 cls sshd[645085]: Connection closed by invalid user wrq 206.123.145.71 port 2156 [preauth]
Mar 29 04:02:33 cls sshd[645089]: Invalid user bit from 206.123.145.70 port 55064
Mar 29 04:02:34 cls sshd[645089]: pam_unix(sshd:auth): check pass; user unknown
Mar 29 04:02:34 cls sshd[645089]: pam_unix(sshd:auth): authentication failure; logname= uid=0 euid=0 tty=ssh ruser= rhost=206.123.145.70 
Mar 29 04:02:35 cls sshd[645091]: pam_unix(sshd:auth): authentication failure; logname= uid=0 euid=0 tty=ssh ruser= rhost=152.32.163.183  user=root
Mar 29 04:02:36 cls sshd[645089]: Failed password for invalid user bit from 206.123.145.70 port 55064 ssh2
Mar 29 04:02:38 cls sshd[645091]: Failed password for root from 152.32.163.183 port 34056 ssh2
Mar 29 04:02:39 cls sshd[645089]: Connection closed by invalid user bit 206.123.145.70 port 55064 [preauth]
Mar 29 04:02:40 cls sshd[645091]: Received disconnect from 152.32.163.183 port 34056:11: Bye Bye [preauth]
Mar 29 04:02:40 cls sshd[645091]: Disconnected from authenticating user root 152.32.163.183 port 34056 [preauth]
Mar 29 04:02:57 cls sshd[645093]: Invalid user testuser from 130.12.181.108 port 64628
Mar 29 04:02:59 cls sshd[645093]: pam_unix(sshd:auth): check pass; user unknown
Mar 29 04:02:59 cls sshd[645093]: pam_unix(sshd:auth): authentication failure; logname= uid=0 euid=0 tty=ssh ruser= rhost=130.12.181.108 
Mar 29 04:03:02 cls sshd[645093]: Failed password for invalid user testuser from 130.12.181.108 port 64628 ssh2
Mar 29 04:03:05 cls sshd[645093]: Connection closed by invalid user testuser 130.12.181.108 port 64628 [preauth]
Mar 29 04:03:06 cls sshd[645095]: Invalid user gwc from 206.123.145.77 port 12392
Mar 29 04:03:09 cls sshd[645095]: pam_unix(sshd:auth): check pass; user unknown
Mar 29 04:03:09 cls sshd[645095]: pam_unix(sshd:auth): authentication failure; logname= uid=0 euid=0 tty=ssh ruser= rhost=206.123.145.77 
Mar 29 04:03:10 cls sshd[645095]: Failed password for invalid user gwc from 206.123.145.77 port 12392 ssh2
Mar 29 04:03:14 cls sshd[645095]: Connection closed by invalid user gwc 206.123.145.77 port 12392 [preauth]
Mar 29 04:03:35 cls sshd[645117]: Invalid user hadoop from 130.12.181.106 port 26300
Mar 29 04:03:36 cls sshd[645117]: pam_unix(sshd:auth): check pass; user unknown
Mar 29 04:03:36 cls sshd[645117]: pam_unix(sshd:auth): authentication failure; logname= uid=0 euid=0 tty=ssh ruser= rhost=130.12.181.106 
Mar 29 04:03:39 cls sshd[645117]: Failed password for invalid user hadoop from 130.12.181.106 port 26300 ssh2
Mar 29 04:03:41 cls sshd[645117]: Connection closed by invalid user hadoop 130.12.181.106 port 26300 [preauth]
Mar 29 04:03:41 cls sshd[645123]: Invalid user yjh from 206.123.145.56 port 56394
Mar 29 04:03:42 cls sshd[645123]: pam_unix(sshd:auth): check pass; user unknown
Mar 29 04:03:42 cls sshd[645123]: pam_unix(sshd:auth): authentication failure; logname= uid=0 euid=0 tty=ssh ruser= rhost=206.123.145.56 
Mar 29 04:03:44 cls sshd[645123]: Failed password for invalid user yjh from 206.123.145.56 port 56394 ssh2
Mar 29 04:03:48 cls sshd[645123]: Connection closed by invalid user yjh 206.123.145.56 port 56394 [preauth]
Mar 29 04:04:07 cls sshd[645151]: pam_unix(sshd:auth): authentication failure; logname= uid=0 euid=0 tty=ssh ruser= rhost=40.81.244.142  user=root
Mar 29 04:04:08 cls sshd[645151]: Failed password for root from 40.81.244.142 port 44476 ssh2
Mar 29 04:04:09 cls sshd[645151]: Received disconnect from 40.81.244.142 port 44476:11: Bye Bye [preauth]
Mar 29 04:04:09 cls sshd[645151]: Disconnected from authenticating user root 40.81.244.142 port 44476 [preauth]
Mar 29 04:04:37 cls sshd[645158]: pam_unix(sshd:auth): authentication failure; logname= uid=0 euid=0 tty=ssh ruser= rhost=43.242.203.160  user=root
Mar 29 04:04:39 cls sshd[645158]: Failed password for root from 43.242.203.160 port 56068 ssh2
Mar 29 04:04:40 cls sshd[645158]: Received disconnect from 43.242.203.160 port 56068:11: Bye Bye [preauth]
Mar 29 04:04:40 cls sshd[645158]: Disconnected from authenticating user root 43.242.203.160 port 56068 [preauth]
Mar 29 04:04:44 cls sshd[645157]: Invalid user yangzy from 130.12.181.102 port 4206
Mar 29 04:04:46 cls sshd[645157]: pam_unix(sshd:auth): check pass; user unknown
Mar 29 04:04:46 cls sshd[645157]: pam_unix(sshd:auth): authentication failure; logname= uid=0 euid=0 tty=ssh ruser= rhost=130.12.181.102 
Mar 29 04:04:47 cls sshd[645157]: Failed password for invalid user yangzy from 130.12.181.102 port 4206 ssh2
Mar 29 04:04:50 cls sshd[645157]: Connection closed by invalid user yangzy 130.12.181.102 port 4206 [preauth]
Mar 29 04:05:04 cls sshd[645163]: Invalid user hryoon from 130.12.181.100 port 47716
Mar 29 04:05:06 cls sshd[645163]: pam_unix(sshd:auth): check pass; user unknown
Mar 29 04:05:06 cls sshd[645163]: pam_unix(sshd:auth): authentication failure; logname= uid=0 euid=0 tty=ssh ruser= rhost=130.12.181.100 
Mar 29 04:05:09 cls sshd[645163]: Failed password for invalid user hryoon from 130.12.181.100 port 47716 ssh2
Mar 29 04:05:09 cls sshd[645165]: Invalid user ali from 130.12.181.109 port 55734
Mar 29 04:05:11 cls sshd[645165]: pam_unix(sshd:auth): check pass; user unknown
Mar 29 04:05:11 cls sshd[645165]: pam_unix(sshd:auth): authentication failure; logname= uid=0 euid=0 tty=ssh ruser= rhost=130.12.181.109 
Mar 29 04:05:12 cls sshd[645163]: Connection closed by invalid user hryoon 130.12.181.100 port 47716 [preauth]
Mar 29 04:05:13 cls sshd[645165]: Failed password for invalid user ali from 130.12.181.109 port 55734 ssh2
Mar 29 04:05:16 cls sshd[645165]: Connection closed by invalid user ali 130.12.181.109 port 55734 [preauth]
Mar 29 04:05:28 cls sshd[645183]: Invalid user user1 from 206.123.145.75 port 24718
Mar 29 04:05:29 cls sshd[645183]: pam_unix(sshd:auth): check pass; user unknown
Mar 29 04:05:29 cls sshd[645183]: pam_unix(sshd:auth): authentication failure; logname= uid=0 euid=0 tty=ssh ruser= rhost=206.123.145.75 
Mar 29 04:05:32 cls sshd[645183]: Failed password for invalid user user1 from 206.123.145.75 port 24718 ssh2
Mar 29 04:05:32 cls sshd[645185]: Invalid user cj from 206.123.145.48 port 46958
Mar 29 04:05:35 cls sshd[645185]: pam_unix(sshd:auth): check pass; user unknown
Mar 29 04:05:35 cls sshd[645185]: pam_unix(sshd:auth): authentication failure; logname= uid=0 euid=0 tty=ssh ruser= rhost=206.123.145.48 
Mar 29 04:05:35 cls sshd[645183]: Connection closed by invalid user user1 206.123.145.75 port 24718 [preauth]
Mar 29 04:05:37 cls sshd[645185]: Failed password for invalid user cj from 206.123.145.48 port 46958 ssh2
Mar 29 04:05:40 cls sshd[645185]: Connection closed by invalid user cj 206.123.145.48 port 46958 [preauth]
Mar 29 04:05:54 cls sshd[645188]: pam_unix(sshd:auth): authentication failure; logname= uid=0 euid=0 tty=ssh ruser= rhost=165.154.6.66  user=root
Mar 29 04:05:56 cls sshd[645188]: Failed password for root from 165.154.6.66 port 59930 ssh2
Mar 29 04:05:57 cls sshd[645188]: Received disconnect from 165.154.6.66 port 59930:11: Bye Bye [preauth]
Mar 29 04:05:57 cls sshd[645188]: Disconnected from authenticating user root 165.154.6.66 port 59930 [preauth]
Mar 29 04:06:20 cls sshd[645205]: Invalid user darshb from 206.123.145.53 port 2756
Mar 29 04:06:21 cls sshd[645205]: pam_unix(sshd:auth): check pass; user unknown
Mar 29 04:06:21 cls sshd[645205]: pam_unix(sshd:auth): authentication failure; logname= uid=0 euid=0 tty=ssh ruser= rhost=206.123.145.53 
Mar 29 04:06:23 cls sshd[645207]: Invalid user fyzhang from 130.12.181.98 port 39200
Mar 29 04:06:23 cls sshd[645205]: Failed password for invalid user darshb from 206.123.145.53 port 2756 ssh2
Mar 29 04:06:25 cls sshd[645207]: pam_unix(sshd:auth): check pass; user unknown
Mar 29 04:06:25 cls sshd[645207]: pam_unix(sshd:auth): authentication failure; logname= uid=0 euid=0 tty=ssh ruser= rhost=130.12.181.98 
Mar 29 04:06:27 cls sshd[645205]: Connection closed by invalid user darshb 206.123.145.53 port 2756 [preauth]
Mar 29 04:06:27 cls sshd[645207]: Failed password for invalid user fyzhang from 130.12.181.98 port 39200 ssh2
Mar 29 04:06:31 cls sshd[645207]: Connection closed by invalid user fyzhang 130.12.181.98 port 39200 [preauth]
Mar 29 04:07:03 cls sshd[645211]: pam_unix(sshd:auth): authentication failure; logname= uid=0 euid=0 tty=ssh ruser= rhost=206.123.145.51  user=root
Mar 29 04:07:04 cls sshd[645222]: pam_unix(sshd:auth): authentication failure; logname= uid=0 euid=0 tty=ssh ruser= rhost=43.132.227.251  user=root
Mar 29 04:07:05 cls sshd[645211]: Failed password for root from 206.123.145.51 port 11432 ssh2
Mar 29 04:07:06 cls sshd[645222]: Failed password for root from 43.132.227.251 port 51510 ssh2
Mar 29 04:07:07 cls sshd[645222]: Received disconnect from 43.132.227.251 port 51510:11: Bye Bye [preauth]
Mar 29 04:07:07 cls sshd[645222]: Disconnected from authenticating user root 43.132.227.251 port 51510 [preauth]
Mar 29 04:07:08 cls sshd[645211]: Connection closed by authenticating user root 206.123.145.51 port 11432 [preauth]
Mar 29 04:07:15 cls sshd[645232]: Invalid user info1 from 206.123.145.73 port 59356
Mar 29 04:07:17 cls sshd[645232]: pam_unix(sshd:auth): check pass; user unknown
Mar 29 04:07:17 cls sshd[645232]: pam_unix(sshd:auth): authentication failure; logname= uid=0 euid=0 tty=ssh ruser= rhost=206.123.145.73 
Mar 29 04:07:19 cls sshd[645234]: Invalid user roo from 206.123.145.76 port 56510
Mar 29 04:07:19 cls sshd[645232]: Failed password for invalid user info1 from 206.123.145.73 port 59356 ssh2
Mar 29 04:07:20 cls sshd[645234]: pam_unix(sshd:auth): check pass; user unknown
Mar 29 04:07:20 cls sshd[645234]: pam_unix(sshd:auth): authentication failure; logname= uid=0 euid=0 tty=ssh ruser= rhost=206.123.145.76 
Mar 29 04:07:20 cls sshd[645232]: Connection closed by invalid user info1 206.123.145.73 port 59356 [preauth]
Mar 29 04:07:21 cls sshd[645235]: Invalid user wangzihao from 206.123.145.46 port 4584
Mar 29 04:07:22 cls sshd[645238]: Invalid user diego from 130.12.181.99 port 6886
Mar 29 04:07:22 cls sshd[645234]: Failed password for invalid user roo from 206.123.145.76 port 56510 ssh2
Mar 29 04:07:23 cls sshd[645235]: pam_unix(sshd:auth): check pass; user unknown
Mar 29 04:07:23 cls sshd[645235]: pam_unix(sshd:auth): authentication failure; logname= uid=0 euid=0 tty=ssh ruser= rhost=206.123.145.46 
Mar 29 04:07:23 cls sshd[645240]: pam_unix(sshd:auth): authentication failure; logname= uid=0 euid=0 tty=ssh ruser= rhost=40.81.244.142  user=root
Mar 29 04:07:24 cls sshd[645238]: pam_unix(sshd:auth): check pass; user unknown
Mar 29 04:07:24 cls sshd[645238]: pam_unix(sshd:auth): authentication failure; logname= uid=0 euid=0 tty=ssh ruser= rhost=130.12.181.99 
Mar 29 04:07:24 cls sshd[645235]: Failed password for invalid user wangzihao from 206.123.145.46 port 4584 ssh2
Mar 29 04:07:25 cls sshd[645240]: Failed password for root from 40.81.244.142 port 33232 ssh2
Mar 29 04:07:25 cls sshd[645238]: Failed password for invalid user diego from 130.12.181.99 port 6886 ssh2
Mar 29 04:07:26 cls sshd[645242]: pam_unix(sshd:auth): authentication failure; logname= uid=0 euid=0 tty=ssh ruser= rhost=123.58.219.234  user=root
Mar 29 04:07:26 cls sshd[645234]: Connection closed by invalid user roo 206.123.145.76 port 56510 [preauth]
Mar 29 04:07:26 cls sshd[645240]: Received disconnect from 40.81.244.142 port 33232:11: Bye Bye [preauth]
Mar 29 04:07:26 cls sshd[645240]: Disconnected from authenticating user root 40.81.244.142 port 33232 [preauth]
Mar 29 04:07:27 cls sshd[645235]: Connection closed by invalid user wangzihao 206.123.145.46 port 4584 [preauth]
Mar 29 04:07:28 cls sshd[645242]: Failed password for root from 123.58.219.234 port 40662 ssh2
Mar 29 04:07:28 cls sshd[645238]: Connection closed by invalid user diego 130.12.181.99 port 6886 [preauth]
Mar 29 04:07:29 cls sshd[645242]: Received disconnect from 123.58.219.234 port 40662:11: Bye Bye [preauth]
Mar 29 04:07:29 cls sshd[645242]: Disconnected from authenticating user root 123.58.219.234 port 40662 [preauth]
Mar 29 04:07:55 cls sshd[645244]: Invalid user cloudera from 206.123.145.54 port 13938
Mar 29 04:07:58 cls sshd[645244]: pam_unix(sshd:auth): check pass; user unknown
Mar 29 04:07:58 cls sshd[645244]: pam_unix(sshd:auth): authentication failure; logname= uid=0 euid=0 tty=ssh ruser= rhost=206.123.145.54 
Mar 29 04:08:00 cls sshd[645244]: Failed password for invalid user cloudera from 206.123.145.54 port 13938 ssh2
Mar 29 04:08:02 cls sshd[645244]: Connection closed by invalid user cloudera 206.123.145.54 port 13938 [preauth]
Mar 29 04:08:09 cls sshd[645260]: pam_unix(sshd:auth): authentication failure; logname= uid=0 euid=0 tty=ssh ruser= rhost=152.32.163.183  user=root
Mar 29 04:08:11 cls sshd[645260]: Failed password for root from 152.32.163.183 port 42370 ssh2
Mar 29 04:08:11 cls sshd[645260]: Received disconnect from 152.32.163.183 port 42370:11: Bye Bye [preauth]
Mar 29 04:08:11 cls sshd[645260]: Disconnected from authenticating user root 152.32.163.183 port 42370 [preauth]
Mar 29 04:08:13 cls sshd[645258]: Invalid user dipens from 206.123.145.52 port 13192
Mar 29 04:08:18 cls sshd[645258]: pam_unix(sshd:auth): check pass; user unknown
Mar 29 04:08:18 cls sshd[645258]: pam_unix(sshd:auth): authentication failure; logname= uid=0 euid=0 tty=ssh ruser= rhost=206.123.145.52 
Mar 29 04:08:19 cls sshd[645258]: Failed password for invalid user dipens from 206.123.145.52 port 13192 ssh2
Mar 29 04:08:19 cls sshd[645262]: pam_unix(sshd:auth): authentication failure; logname= uid=0 euid=0 tty=ssh ruser= rhost=43.242.203.160  user=root
Mar 29 04:08:22 cls sshd[645262]: Failed password for root from 43.242.203.160 port 33724 ssh2
Mar 29 04:08:22 cls sshd[645262]: Received disconnect from 43.242.203.160 port 33724:11: Bye Bye [preauth]
Mar 29 04:08:22 cls sshd[645262]: Disconnected from authenticating user root 43.242.203.160 port 33724 [preauth]
Mar 29 04:08:23 cls sshd[645258]: Connection closed by invalid user dipens 206.123.145.52 port 13192 [preauth]
Mar 29 04:08:56 cls sshd[645266]: Invalid user xuyuteng from 130.12.181.97 port 42466
Mar 29 04:08:58 cls sshd[645266]: pam_unix(sshd:auth): check pass; user unknown
Mar 29 04:08:58 cls sshd[645266]: pam_unix(sshd:auth): authentication failure; logname= uid=0 euid=0 tty=ssh ruser= rhost=130.12.181.97 
Mar 29 04:09:00 cls sshd[645266]: Failed password for invalid user xuyuteng from 130.12.181.97 port 42466 ssh2
Mar 29 04:09:01 cls CRON[645276]: pam_unix(cron:session): session opened for user root by (uid=0)
Mar 29 04:09:01 cls CRON[645276]: pam_unix(cron:session): session closed for user root
Mar 29 04:09:01 cls sshd[645272]: Invalid user dipens from 206.123.145.79 port 34816
Mar 29 04:09:02 cls sshd[645272]: pam_unix(sshd:auth): check pass; user unknown
Mar 29 04:09:02 cls sshd[645272]: pam_unix(sshd:auth): authentication failure; logname= uid=0 euid=0 tty=ssh ruser= rhost=206.123.145.79 
Mar 29 04:09:04 cls sshd[645266]: Connection closed by invalid user xuyuteng 130.12.181.97 port 42466 [preauth]
Mar 29 04:09:04 cls sshd[645274]: Invalid user zengz from 130.12.181.101 port 62146
Mar 29 04:09:05 cls sshd[645272]: Failed password for invalid user dipens from 206.123.145.79 port 34816 ssh2
Mar 29 04:09:06 cls sshd[645274]: pam_unix(sshd:auth): check pass; user unknown
Mar 29 04:09:06 cls sshd[645274]: pam_unix(sshd:auth): authentication failure; logname= uid=0 euid=0 tty=ssh ruser= rhost=130.12.181.101 
Mar 29 04:09:08 cls sshd[645274]: Failed password for invalid user zengz from 130.12.181.101 port 62146 ssh2
Mar 29 04:09:08 cls sshd[645272]: Connection closed by invalid user dipens 206.123.145.79 port 34816 [preauth]
Mar 29 04:09:11 cls sshd[645274]: Connection closed by invalid user zengz 130.12.181.101 port 62146 [preauth]
Mar 29 04:09:20 cls sshd[645667]: Invalid user abc from 130.12.181.105 port 59574
Mar 29 04:09:22 cls sshd[645667]: pam_unix(sshd:auth): check pass; user unknown
Mar 29 04:09:22 cls sshd[645667]: pam_unix(sshd:auth): authentication failure; logname= uid=0 euid=0 tty=ssh ruser= rhost=130.12.181.105 
Mar 29 04:09:24 cls sshd[645667]: Failed password for invalid user abc from 130.12.181.105 port 59574 ssh2
Mar 29 04:09:24 cls sshd[645669]: Invalid user liucong from 206.123.145.69 port 59940
Mar 29 04:09:26 cls sshd[645669]: pam_unix(sshd:auth): check pass; user unknown
Mar 29 04:09:26 cls sshd[645669]: pam_unix(sshd:auth): authentication failure; logname= uid=0 euid=0 tty=ssh ruser= rhost=206.123.145.69 
Mar 29 04:09:27 cls sshd[645667]: Connection closed by invalid user abc 130.12.181.105 port 59574 [preauth]
Mar 29 04:09:28 cls sshd[645669]: Failed password for invalid user liucong from 206.123.145.69 port 59940 ssh2
Mar 29 04:09:31 cls sshd[645669]: Connection closed by invalid user liucong 206.123.145.69 port 59940 [preauth]
Mar 29 04:09:33 cls sshd[645671]: pam_unix(sshd:auth): authentication failure; logname= uid=0 euid=0 tty=ssh ruser= rhost=165.154.6.66  user=root
Mar 29 04:09:35 cls sshd[645671]: Failed password for root from 165.154.6.66 port 48312 ssh2
Mar 29 04:09:36 cls sshd[645671]: Received disconnect from 165.154.6.66 port 48312:11: Bye Bye [preauth]
Mar 29 04:09:36 cls sshd[645671]: Disconnected from authenticating user root 165.154.6.66 port 48312 [preauth]
Mar 29 04:09:52 cls sshd[645673]: Invalid user cv from 130.12.181.103 port 32134
Mar 29 04:09:54 cls sshd[645673]: pam_unix(sshd:auth): check pass; user unknown
Mar 29 04:09:54 cls sshd[645673]: pam_unix(sshd:auth): authentication failure; logname= uid=0 euid=0 tty=ssh ruser= rhost=130.12.181.103 
Mar 29 04:09:55 cls sshd[645673]: Failed password for invalid user cv from 130.12.181.103 port 32134 ssh2
Mar 29 04:09:59 cls sshd[645673]: Connection closed by invalid user cv 130.12.181.103 port 32134 [preauth]
Mar 29 04:10:06 cls sshd[645675]: Invalid user zhugzh1 from 206.123.145.20 port 62046
Mar 29 04:10:08 cls sshd[645675]: pam_unix(sshd:auth): check pass; user unknown
Mar 29 04:10:08 cls sshd[645675]: pam_unix(sshd:auth): authentication failure; logname= uid=0 euid=0 tty=ssh ruser= rhost=206.123.145.20 
Mar 29 04:10:09 cls sshd[645675]: Failed password for invalid user zhugzh1 from 206.123.145.20 port 62046 ssh2
Mar 29 04:10:11 cls sshd[645675]: Connection closed by invalid user zhugzh1 206.123.145.20 port 62046 [preauth]
Mar 29 04:10:34 cls sshd[645688]: pam_unix(sshd:auth): authentication failure; logname= uid=0 euid=0 tty=ssh ruser= rhost=43.132.227.251  user=root
Mar 29 04:10:35 cls sshd[645688]: Failed password for root from 43.132.227.251 port 58100 ssh2
Mar 29 04:10:36 cls sshd[645688]: Received disconnect from 43.132.227.251 port 58100:11: Bye Bye [preauth]
Mar 29 04:10:36 cls sshd[645688]: Disconnected from authenticating user root 43.132.227.251 port 58100 [preauth]
Mar 29 04:10:37 cls sshd[645692]: pam_unix(sshd:auth): authentication failure; logname= uid=0 euid=0 tty=ssh ruser= rhost=185.236.25.178  user=root
Mar 29 04:10:38 cls sshd[645694]: pam_unix(sshd:auth): authentication failure; logname= uid=0 euid=0 tty=ssh ruser= rhost=123.58.219.234  user=root
Mar 29 04:10:39 cls sshd[645692]: Failed password for root from 185.236.25.178 port 38616 ssh2
Mar 29 04:10:40 cls sshd[645692]: Received disconnect from 185.236.25.178 port 38616:11: Bye Bye [preauth]
Mar 29 04:10:40 cls sshd[645692]: Disconnected from authenticating user root 185.236.25.178 port 38616 [preauth]
Mar 29 04:10:40 cls sshd[645694]: Failed password for root from 123.58.219.234 port 51112 ssh2
Mar 29 04:10:41 cls sshd[645694]: Received disconnect from 123.58.219.234 port 51112:11: Bye Bye [preauth]
Mar 29 04:10:41 cls sshd[645694]: Disconnected from authenticating user root 123.58.219.234 port 51112 [preauth]
Mar 29 04:10:47 cls sshd[645705]: pam_unix(sshd:auth): authentication failure; logname= uid=0 euid=0 tty=ssh ruser= rhost=40.81.244.142  user=root
Mar 29 04:10:50 cls sshd[645705]: Failed password for root from 40.81.244.142 port 48816 ssh2
Mar 29 04:10:50 cls sshd[645705]: Received disconnect from 40.81.244.142 port 48816:11: Bye Bye [preauth]
Mar 29 04:10:50 cls sshd[645705]: Disconnected from authenticating user root 40.81.244.142 port 48816 [preauth]
Mar 29 04:10:54 cls sshd[645702]: Invalid user sandesh from 130.12.181.104 port 52904
Mar 29 04:10:56 cls sshd[645702]: pam_unix(sshd:auth): check pass; user unknown
Mar 29 04:10:56 cls sshd[645702]: pam_unix(sshd:auth): authentication failure; logname= uid=0 euid=0 tty=ssh ruser= rhost=130.12.181.104 
Mar 29 04:10:58 cls sshd[645702]: Failed password for invalid user sandesh from 130.12.181.104 port 52904 ssh2
Mar 29 04:10:58 cls sshd[645708]: Invalid user dmdba from 130.12.181.107 port 19996
Mar 29 04:11:00 cls sshd[645702]: Connection closed by invalid user sandesh 130.12.181.104 port 52904 [preauth]
Mar 29 04:11:03 cls sshd[645708]: pam_unix(sshd:auth): check pass; user unknown
Mar 29 04:11:03 cls sshd[645708]: pam_unix(sshd:auth): authentication failure; logname= uid=0 euid=0 tty=ssh ruser= rhost=130.12.181.107 
Mar 29 04:11:04 cls sshd[645708]: Failed password for invalid user dmdba from 130.12.181.107 port 19996 ssh2
Mar 29 04:11:08 cls sshd[645708]: Connection closed by invalid user dmdba 130.12.181.107 port 19996 [preauth]
Mar 29 04:11:16 cls sshd[645720]: Invalid user liyuchen from 206.123.145.57 port 13762
Mar 29 04:11:18 cls sshd[645720]: pam_unix(sshd:auth): check pass; user unknown
Mar 29 04:11:18 cls sshd[645720]: pam_unix(sshd:auth): authentication failure; logname= uid=0 euid=0 tty=ssh ruser= rhost=206.123.145.57 
Mar 29 04:11:20 cls sshd[645720]: Failed password for invalid user liyuchen from 206.123.145.57 port 13762 ssh2
Mar 29 04:11:22 cls sshd[645720]: Connection closed by invalid user liyuchen 206.123.145.57 port 13762 [preauth]
Mar 29 04:12:00 cls sshd[645735]: Invalid user darshb from 206.123.145.49 port 20508
Mar 29 04:12:01 cls sshd[645735]: pam_unix(sshd:auth): check pass; user unknown
Mar 29 04:12:01 cls sshd[645735]: pam_unix(sshd:auth): authentication failure; logname= uid=0 euid=0 tty=ssh ruser= rhost=206.123.145.49 
Mar 29 04:12:02 cls sshd[645735]: Failed password for invalid user darshb from 206.123.145.49 port 20508 ssh2
Mar 29 04:12:03 cls sshd[645741]: pam_unix(sshd:auth): authentication failure; logname= uid=0 euid=0 tty=ssh ruser= rhost=43.242.203.160  user=root
Mar 29 04:12:04 cls sshd[645735]: Connection closed by invalid user darshb 206.123.145.49 port 20508 [preauth]
Mar 29 04:12:05 cls sshd[645741]: Failed password for root from 43.242.203.160 port 39610 ssh2
Mar 29 04:12:06 cls sshd[645741]: Received disconnect from 43.242.203.160 port 39610:11: Bye Bye [preauth]
Mar 29 04:12:06 cls sshd[645741]: Disconnected from authenticating user root 43.242.203.160 port 39610 [preauth]
Mar 29 04:12:06 cls sshd[645737]: Invalid user sa from 206.123.145.78 port 34416
Mar 29 04:12:06 cls sshd[645738]: Invalid user yhm from 130.12.181.108 port 38580
Mar 29 04:12:07 cls sshd[645737]: pam_unix(sshd:auth): check pass; user unknown
Mar 29 04:12:07 cls sshd[645737]: pam_unix(sshd:auth): authentication failure; logname= uid=0 euid=0 tty=ssh ruser= rhost=206.123.145.78 
Mar 29 04:12:08 cls sshd[645738]: pam_unix(sshd:auth): check pass; user unknown
Mar 29 04:12:08 cls sshd[645738]: pam_unix(sshd:auth): authentication failure; logname= uid=0 euid=0 tty=ssh ruser= rhost=130.12.181.108 
Mar 29 04:12:09 cls sshd[645737]: Failed password for invalid user sa from 206.123.145.78 port 34416 ssh2
Mar 29 04:12:10 cls sshd[645738]: Failed password for invalid user yhm from 130.12.181.108 port 38580 ssh2
Mar 29 04:12:12 cls sshd[645738]: Connection closed by invalid user yhm 130.12.181.108 port 38580 [preauth]
Mar 29 04:12:13 cls sshd[645737]: Connection closed by invalid user sa 206.123.145.78 port 34416 [preauth]
Mar 29 04:12:13 cls sshd[645743]: Invalid user ftpuser from 130.12.181.106 port 56950
Mar 29 04:12:15 cls sshd[645743]: pam_unix(sshd:auth): check pass; user unknown
Mar 29 04:12:15 cls sshd[645743]: pam_unix(sshd:auth): authentication failure; logname= uid=0 euid=0 tty=ssh ruser= rhost=130.12.181.106 
Mar 29 04:12:17 cls sshd[645743]: Failed password for invalid user ftpuser from 130.12.181.106 port 56950 ssh2
Mar 29 04:12:20 cls sshd[645743]: Connection closed by invalid user ftpuser 130.12.181.106 port 56950 [preauth]
Mar 29 04:12:23 cls sshd[645745]: Invalid user shivesh from 206.123.145.55 port 65242
Mar 29 04:12:25 cls sshd[645745]: pam_unix(sshd:auth): check pass; user unknown
Mar 29 04:12:25 cls sshd[645745]: pam_unix(sshd:auth): authentication failure; logname= uid=0 euid=0 tty=ssh ruser= rhost=206.123.145.55 
Mar 29 04:12:27 cls sshd[645745]: Failed password for invalid user shivesh from 206.123.145.55 port 65242 ssh2
Mar 29 04:12:30 cls sshd[645745]: Connection closed by invalid user shivesh 206.123.145.55 port 65242 [preauth]
Mar 29 04:12:31 cls sshd[645747]: Invalid user hust from 206.123.145.50 port 18010
Mar 29 04:12:33 cls sshd[645747]: pam_unix(sshd:auth): check pass; user unknown
Mar 29 04:12:33 cls sshd[645747]: pam_unix(sshd:auth): authentication failure; logname= uid=0 euid=0 tty=ssh ruser= rhost=206.123.145.50 
Mar 29 04:12:35 cls sshd[645747]: Failed password for invalid user hust from 206.123.145.50 port 18010 ssh2
Mar 29 04:12:38 cls sshd[645747]: Connection closed by invalid user hust 206.123.145.50 port 18010 [preauth]
Mar 29 04:12:46 cls sshd[645749]: Invalid user dummy from 206.123.145.74 port 59760
Mar 29 04:12:48 cls sshd[645749]: pam_unix(sshd:auth): check pass; user unknown
Mar 29 04:12:48 cls sshd[645749]: pam_unix(sshd:auth): authentication failure; logname= uid=0 euid=0 tty=ssh ruser= rhost=206.123.145.74 
Mar 29 04:12:50 cls sshd[645749]: Failed password for invalid user dummy from 206.123.145.74 port 59760 ssh2
Mar 29 04:12:53 cls sshd[645749]: Connection closed by invalid user dummy 206.123.145.74 port 59760 [preauth]
Mar 29 04:13:10 cls sshd[645755]: pam_unix(sshd:auth): authentication failure; logname= uid=0 euid=0 tty=ssh ruser= rhost=165.154.6.66  user=root
Mar 29 04:13:12 cls sshd[645751]: Invalid user yanghui from 206.123.145.71 port 43348
Mar 29 04:13:12 cls sshd[645755]: Failed password for root from 165.154.6.66 port 60002 ssh2
Mar 29 04:13:13 cls sshd[645751]: pam_unix(sshd:auth): check pass; user unknown
Mar 29 04:13:13 cls sshd[645751]: pam_unix(sshd:auth): authentication failure; logname= uid=0 euid=0 tty=ssh ruser= rhost=206.123.145.71 
Mar 29 04:13:13 cls sshd[645755]: Received disconnect from 165.154.6.66 port 60002:11: Bye Bye [preauth]
Mar 29 04:13:13 cls sshd[645755]: Disconnected from authenticating user root 165.154.6.66 port 60002 [preauth]
Mar 29 04:13:14 cls sshd[645753]: Invalid user yanf from 206.123.145.72 port 56814
Mar 29 04:13:15 cls sshd[645751]: Failed password for invalid user yanghui from 206.123.145.71 port 43348 ssh2
Mar 29 04:13:15 cls sshd[645753]: pam_unix(sshd:auth): check pass; user unknown
Mar 29 04:13:15 cls sshd[645753]: pam_unix(sshd:auth): authentication failure; logname= uid=0 euid=0 tty=ssh ruser= rhost=206.123.145.72 
Mar 29 04:13:18 cls sshd[645753]: Failed password for invalid user yanf from 206.123.145.72 port 56814 ssh2
Mar 29 04:13:18 cls sshd[645751]: Connection closed by invalid user yanghui 206.123.145.71 port 43348 [preauth]
Mar 29 04:13:20 cls sshd[645753]: Connection closed by invalid user yanf 206.123.145.72 port 56814 [preauth]
Mar 29 04:13:37 cls sshd[645757]: Invalid user wang from 206.123.145.70 port 22790
Mar 29 04:13:38 cls sshd[645759]: Invalid user dm from 130.12.181.102 port 1996
Mar 29 04:13:39 cls sshd[645757]: pam_unix(sshd:auth): check pass; user unknown
Mar 29 04:13:39 cls sshd[645757]: pam_unix(sshd:auth): authentication failure; logname= uid=0 euid=0 tty=ssh ruser= rhost=206.123.145.70 
Mar 29 04:13:40 cls sshd[645759]: pam_unix(sshd:auth): check pass; user unknown
Mar 29 04:13:40 cls sshd[645759]: pam_unix(sshd:auth): authentication failure; logname= uid=0 euid=0 tty=ssh ruser= rhost=130.12.181.102 
Mar 29 04:13:40 cls sshd[645761]: Invalid user pepe from 206.123.145.77 port 15020
Mar 29 04:13:41 cls sshd[645757]: Failed password for invalid user wang from 206.123.145.70 port 22790 ssh2
Mar 29 04:13:42 cls sshd[645761]: pam_unix(sshd:auth): check pass; user unknown
Mar 29 04:13:42 cls sshd[645761]: pam_unix(sshd:auth): authentication failure; logname= uid=0 euid=0 tty=ssh ruser= rhost=206.123.145.77 
Mar 29 04:13:42 cls sshd[645759]: Failed password for invalid user dm from 130.12.181.102 port 1996 ssh2
Mar 29 04:13:44 cls sshd[645757]: Connection closed by invalid user wang 206.123.145.70 port 22790 [preauth]
Mar 29 04:13:44 cls sshd[645761]: Failed password for invalid user pepe from 206.123.145.77 port 15020 ssh2
Mar 29 04:13:44 cls sshd[645765]: pam_unix(sshd:auth): authentication failure; logname= uid=0 euid=0 tty=ssh ruser= rhost=152.32.163.183  user=root
Mar 29 04:13:46 cls sshd[645763]: Invalid user licheng from 130.12.181.98 port 6558
Mar 29 04:13:46 cls sshd[645759]: Connection closed by invalid user dm 130.12.181.102 port 1996 [preauth]
Mar 29 04:13:47 cls sshd[645765]: Failed password for root from 152.32.163.183 port 50704 ssh2
Mar 29 04:13:47 cls sshd[645768]: pam_unix(sshd:auth): authentication failure; logname= uid=0 euid=0 tty=ssh ruser= rhost=123.58.219.234  user=root
Mar 29 04:13:47 cls sshd[645765]: Received disconnect from 152.32.163.183 port 50704:11: Bye Bye [preauth]
Mar 29 04:13:47 cls sshd[645765]: Disconnected from authenticating user root 152.32.163.183 port 50704 [preauth]
Mar 29 04:13:47 cls sshd[645761]: Connection closed by invalid user pepe 206.123.145.77 port 15020 [preauth]
Mar 29 04:13:48 cls sshd[645763]: pam_unix(sshd:auth): check pass; user unknown
Mar 29 04:13:48 cls sshd[645763]: pam_unix(sshd:auth): authentication failure; logname= uid=0 euid=0 tty=ssh ruser= rhost=130.12.181.98 
Mar 29 04:13:49 cls sshd[645763]: Failed password for invalid user licheng from 130.12.181.98 port 6558 ssh2
Mar 29 04:13:49 cls sshd[645768]: Failed password for root from 123.58.219.234 port 49298 ssh2
Mar 29 04:13:50 cls sshd[645768]: Received disconnect from 123.58.219.234 port 49298:11: Bye Bye [preauth]
Mar 29 04:13:50 cls sshd[645768]: Disconnected from authenticating user root 123.58.219.234 port 49298 [preauth]
Mar 29 04:13:51 cls sshd[645763]: Connection closed by invalid user licheng 130.12.181.98 port 6558 [preauth]
Mar 29 04:13:55 cls sshd[645767]: Invalid user zhuyong from 206.123.145.56 port 56464
Mar 29 04:13:57 cls sshd[645767]: pam_unix(sshd:auth): check pass; user unknown
Mar 29 04:13:57 cls sshd[645767]: pam_unix(sshd:auth): authentication failure; logname= uid=0 euid=0 tty=ssh ruser= rhost=206.123.145.56 
Mar 29 04:13:59 cls sshd[645767]: Failed password for invalid user zhuyong from 206.123.145.56 port 56464 ssh2
Mar 29 04:14:04 cls sshd[645771]: Invalid user wxp from 130.12.181.109 port 26828
Mar 29 04:14:05 cls sshd[645767]: Connection closed by invalid user zhuyong 206.123.145.56 port 56464 [preauth]
Mar 29 04:14:07 cls sshd[645771]: pam_unix(sshd:auth): check pass; user unknown
Mar 29 04:14:07 cls sshd[645771]: pam_unix(sshd:auth): authentication failure; logname= uid=0 euid=0 tty=ssh ruser= rhost=130.12.181.109 
Mar 29 04:14:09 cls sshd[645771]: Failed password for invalid user wxp from 130.12.181.109 port 26828 ssh2
Mar 29 04:14:10 cls sshd[645775]: pam_unix(sshd:auth): authentication failure; logname= uid=0 euid=0 tty=ssh ruser= rhost=40.81.244.142  user=root
Mar 29 04:14:10 cls sshd[645773]: Invalid user lvyang from 130.12.181.100 port 40582
Mar 29 04:14:11 cls sshd[645773]: pam_unix(sshd:auth): check pass; user unknown
Mar 29 04:14:11 cls sshd[645773]: pam_unix(sshd:auth): authentication failure; logname= uid=0 euid=0 tty=ssh ruser= rhost=130.12.181.100 
Mar 29 04:14:12 cls sshd[645771]: Connection closed by invalid user wxp 130.12.181.109 port 26828 [preauth]
Mar 29 04:14:12 cls sshd[645775]: Failed password for root from 40.81.244.142 port 53704 ssh2
Mar 29 04:14:12 cls sshd[645775]: Received disconnect from 40.81.244.142 port 53704:11: Bye Bye [preauth]
Mar 29 04:14:12 cls sshd[645775]: Disconnected from authenticating user root 40.81.244.142 port 53704 [preauth]
Mar 29 04:14:14 cls sshd[645773]: Failed password for invalid user lvyang from 130.12.181.100 port 40582 ssh2
Mar 29 04:14:16 cls sshd[645777]: pam_unix(sshd:auth): authentication failure; logname= uid=0 euid=0 tty=ssh ruser= rhost=43.132.227.251  user=root
Mar 29 04:14:18 cls sshd[645777]: Failed password for root from 43.132.227.251 port 36470 ssh2
Mar 29 04:14:18 cls sshd[645773]: Connection closed by invalid user lvyang 130.12.181.100 port 40582 [preauth]
Mar 29 04:14:18 cls sshd[645777]: Received disconnect from 43.132.227.251 port 36470:11: Bye Bye [preauth]
Mar 29 04:14:18 cls sshd[645777]: Disconnected from authenticating user root 43.132.227.251 port 36470 [preauth]
Mar 29 04:15:35 cls sshd[645821]: Invalid user xiaxsh from 206.123.145.75 port 10098
Mar 29 04:15:37 cls sshd[645821]: pam_unix(sshd:auth): check pass; user unknown
Mar 29 04:15:37 cls sshd[645821]: pam_unix(sshd:auth): authentication failure; logname= uid=0 euid=0 tty=ssh ruser= rhost=206.123.145.75 
Mar 29 04:15:39 cls sshd[645821]: Failed password for invalid user xiaxsh from 206.123.145.75 port 10098 ssh2
Mar 29 04:15:41 cls sshd[645821]: Connection closed by invalid user xiaxsh 206.123.145.75 port 10098 [preauth]
Mar 29 04:15:46 cls sshd[645824]: Invalid user file-transfer from 206.123.145.48 port 53892
Mar 29 04:15:48 cls sshd[645824]: pam_unix(sshd:auth): check pass; user unknown
Mar 29 04:15:48 cls sshd[645824]: pam_unix(sshd:auth): authentication failure; logname= uid=0 euid=0 tty=ssh ruser= rhost=206.123.145.48 
Mar 29 04:15:49 cls sshd[645824]: Failed password for invalid user file-transfer from 206.123.145.48 port 53892 ssh2
Mar 29 04:15:51 cls sshd[645828]: pam_unix(sshd:auth): authentication failure; logname= uid=0 euid=0 tty=ssh ruser= rhost=43.242.203.160  user=root
Mar 29 04:15:53 cls sshd[645824]: Connection closed by invalid user file-transfer 206.123.145.48 port 53892 [preauth]
Mar 29 04:15:53 cls sshd[645828]: Failed password for root from 43.242.203.160 port 45502 ssh2
Mar 29 04:15:56 cls sshd[645828]: Received disconnect from 43.242.203.160 port 45502:11: Bye Bye [preauth]
Mar 29 04:15:56 cls sshd[645828]: Disconnected from authenticating user root 43.242.203.160 port 45502 [preauth]
Mar 29 04:16:05 cls sshd[645832]: Invalid user master from 130.12.181.99 port 4518
Mar 29 04:16:07 cls sshd[645832]: pam_unix(sshd:auth): check pass; user unknown
Mar 29 04:16:07 cls sshd[645832]: pam_unix(sshd:auth): authentication failure; logname= uid=0 euid=0 tty=ssh ruser= rhost=130.12.181.99 
Mar 29 04:16:09 cls sshd[645832]: Failed password for invalid user master from 130.12.181.99 port 4518 ssh2
Mar 29 04:16:11 cls sshd[645832]: Connection closed by invalid user master 130.12.181.99 port 4518 [preauth]
Mar 29 04:16:40 cls sshd[645850]: Invalid user chengjie from 206.123.145.53 port 8292
Mar 29 04:16:41 cls sshd[645850]: pam_unix(sshd:auth): check pass; user unknown
Mar 29 04:16:41 cls sshd[645850]: pam_unix(sshd:auth): authentication failure; logname= uid=0 euid=0 tty=ssh ruser= rhost=206.123.145.53 
Mar 29 04:16:43 cls sshd[645850]: Failed password for invalid user chengjie from 206.123.145.53 port 8292 ssh2
Mar 29 04:16:46 cls sshd[645850]: Connection closed by invalid user chengjie 206.123.145.53 port 8292 [preauth]
Mar 29 04:16:54 cls sshd[645856]: pam_unix(sshd:auth): authentication failure; logname= uid=0 euid=0 tty=ssh ruser= rhost=165.154.6.66  user=root
Mar 29 04:16:56 cls sshd[645856]: Failed password for root from 165.154.6.66 port 39554 ssh2
Mar 29 04:16:57 cls sshd[645856]: Received disconnect from 165.154.6.66 port 39554:11: Bye Bye [preauth]
Mar 29 04:16:57 cls sshd[645856]: Disconnected from authenticating user root 165.154.6.66 port 39554 [preauth]
