Mar 29 05:47:38 cls sshd[649805]: Failed password for invalid user dipens from 206.123.145.77 port 60574 ssh2
Mar 29 05:47:41 cls sshd[649805]: Connection closed by invalid user dipens 206.123.145.77 port 60574 [preauth]
Mar 29 05:47:41 cls sshd[649809]: Invalid user zhangqz from 206.123.145.74 port 29628
Mar 29 05:47:44 cls sshd[649809]: pam_unix(sshd:auth): check pass; user unknown
Mar 29 05:47:44 cls sshd[649809]: pam_unix(sshd:auth): authentication failure; logname= uid=0 euid=0 tty=ssh ruser= rhost=206.123.145.74 
Mar 29 05:47:45 cls sshd[649809]: Failed password for invalid user zhangqz from 206.123.145.74 port 29628 ssh2
Mar 29 05:47:48 cls sshd[649809]: Connection closed by invalid user zhangqz 206.123.145.74 port 29628 [preauth]
Mar 29 05:48:15 cls sshd[649811]: Invalid user xiaoqing from 206.123.145.75 port 28922
Mar 29 05:48:18 cls sshd[649811]: pam_unix(sshd:auth): check pass; user unknown
Mar 29 05:48:18 cls sshd[649811]: pam_unix(sshd:auth): authentication failure; logname= uid=0 euid=0 tty=ssh ruser= rhost=206.123.145.75 
Mar 29 05:48:20 cls sshd[649811]: Failed password for invalid user xiaoqing from 206.123.145.75 port 28922 ssh2
Mar 29 05:48:24 cls sshd[649811]: Connection closed by invalid user xiaoqing 206.123.145.75 port 28922 [preauth]
Mar 29 05:48:25 cls sshd[649813]: Invalid user flc from 130.12.181.101 port 57412
Mar 29 05:48:27 cls sshd[649813]: pam_unix(sshd:auth): check pass; user unknown
Mar 29 05:48:27 cls sshd[649813]: pam_unix(sshd:auth): authentication failure; logname= uid=0 euid=0 tty=ssh ruser= rhost=130.12.181.101 
Mar 29 05:48:29 cls sshd[649813]: Failed password for invalid user flc from 130.12.181.101 port 57412 ssh2
Mar 29 05:48:32 cls sshd[649813]: Connection closed by invalid user flc 130.12.181.101 port 57412 [preauth]
Mar 29 05:48:45 cls sshd[649817]: Invalid user yangxiaodong from 130.12.181.97 port 17484
Mar 29 05:48:46 cls sshd[649815]: Invalid user east from 206.123.145.53 port 55240
Mar 29 05:48:46 cls sshd[649817]: pam_unix(sshd:auth): check pass; user unknown
Mar 29 05:48:46 cls sshd[649817]: pam_unix(sshd:auth): authentication failure; logname= uid=0 euid=0 tty=ssh ruser= rhost=130.12.181.97 
Mar 29 05:48:49 cls sshd[649815]: pam_unix(sshd:auth): check pass; user unknown
Mar 29 05:48:49 cls sshd[649815]: pam_unix(sshd:auth): authentication failure; logname= uid=0 euid=0 tty=ssh ruser= rhost=206.123.145.53 
Mar 29 05:48:49 cls sshd[649817]: Failed password for invalid user yangxiaodong from 130.12.181.97 port 17484 ssh2
Mar 29 05:48:49 cls sshd[649819]: pam_unix(sshd:auth): authentication failure; logname= uid=0 euid=0 tty=ssh ruser= rhost=103.179.56.44  user=root
Mar 29 05:48:51 cls sshd[649815]: Failed password for invalid user east from 206.123.145.53 port 55240 ssh2
Mar 29 05:48:51 cls sshd[649819]: Failed password for root from 103.179.56.44 port 46146 ssh2
Mar 29 05:48:52 cls sshd[649819]: Received disconnect from 103.179.56.44 port 46146:11: Bye Bye [preauth]
Mar 29 05:48:52 cls sshd[649819]: Disconnected from authenticating user root 103.179.56.44 port 46146 [preauth]
Mar 29 05:48:53 cls sshd[649817]: Connection closed by invalid user yangxiaodong 130.12.181.97 port 17484 [preauth]
Mar 29 05:48:56 cls sshd[649815]: Connection closed by invalid user east 206.123.145.53 port 55240 [preauth]
Mar 29 05:49:06 cls sshd[649821]: pam_unix(sshd:auth): authentication failure; logname= uid=0 euid=0 tty=ssh ruser= rhost=45.119.84.54  user=root
Mar 29 05:49:08 cls sshd[649821]: Failed password for root from 45.119.84.54 port 47982 ssh2
Mar 29 05:49:08 cls sshd[649821]: Received disconnect from 45.119.84.54 port 47982:11: Bye Bye [preauth]
Mar 29 05:49:08 cls sshd[649821]: Disconnected from authenticating user root 45.119.84.54 port 47982 [preauth]
Mar 29 05:49:29 cls sshd[649823]: Invalid user administrator from 130.12.181.105 port 51538
Mar 29 05:49:30 cls sshd[649823]: pam_unix(sshd:auth): check pass; user unknown
Mar 29 05:49:30 cls sshd[649823]: pam_unix(sshd:auth): authentication failure; logname= uid=0 euid=0 tty=ssh ruser= rhost=130.12.181.105 
Mar 29 05:49:33 cls sshd[649823]: Failed password for invalid user administrator from 130.12.181.105 port 51538 ssh2
Mar 29 05:49:37 cls sshd[649823]: Connection closed by invalid user administrator 130.12.181.105 port 51538 [preauth]
Mar 29 05:49:37 cls sshd[649825]: Invalid user wangya from 130.12.181.104 port 4646
Mar 29 05:49:39 cls sshd[649825]: pam_unix(sshd:auth): check pass; user unknown
Mar 29 05:49:39 cls sshd[649825]: pam_unix(sshd:auth): authentication failure; logname= uid=0 euid=0 tty=ssh ruser= rhost=130.12.181.104 
Mar 29 05:49:41 cls sshd[649825]: Failed password for invalid user wangya from 130.12.181.104 port 4646 ssh2
Mar 29 05:49:44 cls sshd[649827]: Invalid user zy from 130.12.181.103 port 49356
Mar 29 05:49:44 cls sshd[649825]: Connection closed by invalid user wangya 130.12.181.104 port 4646 [preauth]
Mar 29 05:49:45 cls sshd[649828]: Invalid user support from 130.12.181.107 port 6392
Mar 29 05:49:46 cls sshd[649827]: pam_unix(sshd:auth): check pass; user unknown
Mar 29 05:49:46 cls sshd[649827]: pam_unix(sshd:auth): authentication failure; logname= uid=0 euid=0 tty=ssh ruser= rhost=130.12.181.103 
Mar 29 05:49:47 cls sshd[649828]: pam_unix(sshd:auth): check pass; user unknown
Mar 29 05:49:47 cls sshd[649828]: pam_unix(sshd:auth): authentication failure; logname= uid=0 euid=0 tty=ssh ruser= rhost=130.12.181.107 
Mar 29 05:49:48 cls sshd[649827]: Failed password for invalid user zy from 130.12.181.103 port 49356 ssh2
Mar 29 05:49:49 cls sshd[649831]: Invalid user websrv from 206.123.145.48 port 37422
Mar 29 05:49:50 cls sshd[649828]: Failed password for invalid user support from 130.12.181.107 port 6392 ssh2
Mar 29 05:49:51 cls sshd[649827]: Connection closed by invalid user zy 130.12.181.103 port 49356 [preauth]
Mar 29 05:49:52 cls sshd[649831]: pam_unix(sshd:auth): check pass; user unknown
Mar 29 05:49:52 cls sshd[649831]: pam_unix(sshd:auth): authentication failure; logname= uid=0 euid=0 tty=ssh ruser= rhost=206.123.145.48 
Mar 29 05:49:53 cls sshd[649828]: Connection closed by invalid user support 130.12.181.107 port 6392 [preauth]
Mar 29 05:49:54 cls sshd[649831]: Failed password for invalid user websrv from 206.123.145.48 port 37422 ssh2
Mar 29 05:49:56 cls sshd[649833]: Invalid user lishujie from 206.123.145.54 port 32666
Mar 29 05:49:57 cls sshd[649833]: pam_unix(sshd:auth): check pass; user unknown
Mar 29 05:49:57 cls sshd[649833]: pam_unix(sshd:auth): authentication failure; logname= uid=0 euid=0 tty=ssh ruser= rhost=206.123.145.54 
Mar 29 05:49:58 cls sshd[649831]: Connection closed by invalid user websrv 206.123.145.48 port 37422 [preauth]
Mar 29 05:49:59 cls sshd[649833]: Failed password for invalid user lishujie from 206.123.145.54 port 32666 ssh2
Mar 29 05:50:02 cls sshd[649833]: Connection closed by invalid user lishujie 206.123.145.54 port 32666 [preauth]
Mar 29 05:50:03 cls sshd[649835]: Invalid user xuyuqiong from 206.123.145.46 port 38372
Mar 29 05:50:04 cls sshd[649835]: pam_unix(sshd:auth): check pass; user unknown
Mar 29 05:50:04 cls sshd[649835]: pam_unix(sshd:auth): authentication failure; logname= uid=0 euid=0 tty=ssh ruser= rhost=206.123.145.46 
Mar 29 05:50:06 cls sshd[649835]: Failed password for invalid user xuyuqiong from 206.123.145.46 port 38372 ssh2
Mar 29 05:50:07 cls sshd[649837]: Invalid user ftp1 from 206.123.145.51 port 28856
Mar 29 05:50:08 cls sshd[649837]: pam_unix(sshd:auth): check pass; user unknown
Mar 29 05:50:08 cls sshd[649837]: pam_unix(sshd:auth): authentication failure; logname= uid=0 euid=0 tty=ssh ruser= rhost=206.123.145.51 
Mar 29 05:50:10 cls sshd[649837]: Failed password for invalid user ftp1 from 206.123.145.51 port 28856 ssh2
Mar 29 05:50:11 cls sshd[649835]: Connection closed by invalid user xuyuqiong 206.123.145.46 port 38372 [preauth]
Mar 29 05:50:12 cls sshd[649837]: Connection closed by invalid user ftp1 206.123.145.51 port 28856 [preauth]
Mar 29 05:50:28 cls sshd[649839]: Invalid user devops from 206.123.145.52 port 1542
Mar 29 05:50:29 cls sshd[649841]: Invalid user fc from 206.123.145.76 port 63258
Mar 29 05:50:30 cls sshd[649845]: pam_unix(sshd:auth): authentication failure; logname= uid=0 euid=0 tty=ssh ruser= rhost=89.218.69.66  user=root
Mar 29 05:50:30 cls sshd[649839]: pam_unix(sshd:auth): check pass; user unknown
Mar 29 05:50:30 cls sshd[649839]: pam_unix(sshd:auth): authentication failure; logname= uid=0 euid=0 tty=ssh ruser= rhost=206.123.145.52 
Mar 29 05:50:31 cls sshd[649841]: pam_unix(sshd:auth): check pass; user unknown
Mar 29 05:50:31 cls sshd[649841]: pam_unix(sshd:auth): authentication failure; logname= uid=0 euid=0 tty=ssh ruser= rhost=206.123.145.76 
Mar 29 05:50:32 cls sshd[649845]: Failed password for root from 89.218.69.66 port 61530 ssh2
Mar 29 05:50:33 cls sshd[649839]: Failed password for invalid user devops from 206.123.145.52 port 1542 ssh2
Mar 29 05:50:33 cls sshd[649841]: Failed password for invalid user fc from 206.123.145.76 port 63258 ssh2
Mar 29 05:50:34 cls sshd[649843]: Invalid user newftpuser from 206.123.145.70 port 38190
Mar 29 05:50:35 cls sshd[649845]: Received disconnect from 89.218.69.66 port 61530:11: Bye Bye [preauth]
Mar 29 05:50:35 cls sshd[649845]: Disconnected from authenticating user root 89.218.69.66 port 61530 [preauth]
Mar 29 05:50:36 cls sshd[649841]: Connection closed by invalid user fc 206.123.145.76 port 63258 [preauth]
Mar 29 05:50:37 cls sshd[649843]: pam_unix(sshd:auth): check pass; user unknown
Mar 29 05:50:37 cls sshd[649843]: pam_unix(sshd:auth): authentication failure; logname= uid=0 euid=0 tty=ssh ruser= rhost=206.123.145.70 
Mar 29 05:50:37 cls sshd[649839]: Connection closed by invalid user devops 206.123.145.52 port 1542 [preauth]
Mar 29 05:50:39 cls sshd[649843]: Failed password for invalid user newftpuser from 206.123.145.70 port 38190 ssh2
Mar 29 05:50:43 cls sshd[649843]: Connection closed by invalid user newftpuser 206.123.145.70 port 38190 [preauth]
Mar 29 05:50:45 cls sshd[649847]: pam_unix(sshd:auth): authentication failure; logname= uid=0 euid=0 tty=ssh ruser= rhost=38.114.121.110  user=root
Mar 29 05:50:47 cls sshd[649847]: Failed password for root from 38.114.121.110 port 62983 ssh2
Mar 29 05:50:48 cls sshd[649847]: Received disconnect from 38.114.121.110 port 62983:11: Bye Bye [preauth]
Mar 29 05:50:48 cls sshd[649847]: Disconnected from authenticating user root 38.114.121.110 port 62983 [preauth]
Mar 29 05:50:59 cls sshd[649849]: Invalid user chenjw from 206.123.145.71 port 52094
Mar 29 05:51:02 cls sshd[649849]: pam_unix(sshd:auth): check pass; user unknown
Mar 29 05:51:02 cls sshd[649849]: pam_unix(sshd:auth): authentication failure; logname= uid=0 euid=0 tty=ssh ruser= rhost=206.123.145.71 
Mar 29 05:51:04 cls sshd[649849]: Failed password for invalid user chenjw from 206.123.145.71 port 52094 ssh2
Mar 29 05:51:05 cls sshd[649851]: Invalid user mhy from 206.123.145.72 port 58446
Mar 29 05:51:06 cls sshd[649849]: Connection closed by invalid user chenjw 206.123.145.71 port 52094 [preauth]
Mar 29 05:51:07 cls sshd[649851]: pam_unix(sshd:auth): check pass; user unknown
Mar 29 05:51:07 cls sshd[649851]: pam_unix(sshd:auth): authentication failure; logname= uid=0 euid=0 tty=ssh ruser= rhost=206.123.145.72 
Mar 29 05:51:08 cls sshd[649851]: Failed password for invalid user mhy from 206.123.145.72 port 58446 ssh2
Mar 29 05:51:10 cls sshd[649853]: Invalid user luoyao from 130.12.181.98 port 28898
Mar 29 05:51:12 cls sshd[649853]: pam_unix(sshd:auth): check pass; user unknown
Mar 29 05:51:12 cls sshd[649853]: pam_unix(sshd:auth): authentication failure; logname= uid=0 euid=0 tty=ssh ruser= rhost=130.12.181.98 
Mar 29 05:51:12 cls sshd[649851]: Connection closed by invalid user mhy 206.123.145.72 port 58446 [preauth]
Mar 29 05:51:14 cls sshd[649853]: Failed password for invalid user luoyao from 130.12.181.98 port 28898 ssh2
Mar 29 05:51:17 cls sshd[649853]: Connection closed by invalid user luoyao 130.12.181.98 port 28898 [preauth]
Mar 29 05:51:35 cls sshd[649862]: Invalid user liuyang from 130.12.181.108 port 20598
Mar 29 05:51:36 cls sshd[649862]: pam_unix(sshd:auth): check pass; user unknown
Mar 29 05:51:36 cls sshd[649862]: pam_unix(sshd:auth): authentication failure; logname= uid=0 euid=0 tty=ssh ruser= rhost=130.12.181.108 
Mar 29 05:51:38 cls sshd[649862]: Failed password for invalid user liuyang from 130.12.181.108 port 20598 ssh2
Mar 29 05:51:43 cls sshd[649862]: Connection closed by invalid user liuyang 130.12.181.108 port 20598 [preauth]
Mar 29 05:52:10 cls sshd[649879]: pam_unix(sshd:auth): authentication failure; logname= uid=0 euid=0 tty=ssh ruser= rhost=130.12.181.106  user=root
Mar 29 05:52:11 cls sshd[649879]: Failed password for root from 130.12.181.106 port 4660 ssh2
Mar 29 05:52:14 cls sshd[649879]: Connection closed by authenticating user root 130.12.181.106 port 4660 [preauth]
Mar 29 05:52:44 cls sshd[649881]: pam_unix(sshd:auth): authentication failure; logname= uid=0 euid=0 tty=ssh ruser= rhost=130.12.181.109  user=root
Mar 29 05:52:46 cls sshd[649883]: Invalid user ypc from 130.12.181.102 port 61256
Mar 29 05:52:46 cls sshd[649881]: Failed password for root from 130.12.181.109 port 30250 ssh2
Mar 29 05:52:47 cls sshd[649883]: pam_unix(sshd:auth): check pass; user unknown
Mar 29 05:52:47 cls sshd[649883]: pam_unix(sshd:auth): authentication failure; logname= uid=0 euid=0 tty=ssh ruser= rhost=130.12.181.102 
Mar 29 05:52:49 cls sshd[649881]: Connection closed by authenticating user root 130.12.181.109 port 30250 [preauth]
Mar 29 05:52:49 cls sshd[649883]: Failed password for invalid user ypc from 130.12.181.102 port 61256 ssh2
Mar 29 05:52:53 cls sshd[649883]: Connection closed by invalid user ypc 130.12.181.102 port 61256 [preauth]
Mar 29 05:53:30 cls sshd[649906]: pam_unix(sshd:auth): authentication failure; logname= uid=0 euid=0 tty=ssh ruser= rhost=89.218.69.66  user=root
Mar 29 05:53:32 cls sshd[649906]: Failed password for root from 89.218.69.66 port 62542 ssh2
Mar 29 05:53:33 cls sshd[649906]: Received disconnect from 89.218.69.66 port 62542:11: Bye Bye [preauth]
Mar 29 05:53:33 cls sshd[649906]: Disconnected from authenticating user root 89.218.69.66 port 62542 [preauth]
Mar 29 05:53:34 cls sshd[649911]: pam_unix(sshd:auth): authentication failure; logname= uid=0 euid=0 tty=ssh ruser= rhost=45.119.84.54  user=root
Mar 29 05:53:36 cls sshd[649911]: Failed password for root from 45.119.84.54 port 50356 ssh2
Mar 29 05:53:36 cls sshd[649911]: Received disconnect from 45.119.84.54 port 50356:11: Bye Bye [preauth]
Mar 29 05:53:36 cls sshd[649911]: Disconnected from authenticating user root 45.119.84.54 port 50356 [preauth]
Mar 29 05:53:37 cls sshd[649903]: Invalid user devops from 206.123.145.73 port 17028
Mar 29 05:53:41 cls sshd[649903]: pam_unix(sshd:auth): check pass; user unknown
Mar 29 05:53:41 cls sshd[649903]: pam_unix(sshd:auth): authentication failure; logname= uid=0 euid=0 tty=ssh ruser= rhost=206.123.145.73 
Mar 29 05:53:43 cls sshd[649913]: Invalid user rsync from 206.123.145.79 port 46382
Mar 29 05:53:43 cls sshd[649903]: Failed password for invalid user devops from 206.123.145.73 port 17028 ssh2
Mar 29 05:53:45 cls sshd[649913]: pam_unix(sshd:auth): check pass; user unknown
Mar 29 05:53:45 cls sshd[649913]: pam_unix(sshd:auth): authentication failure; logname= uid=0 euid=0 tty=ssh ruser= rhost=206.123.145.79 
Mar 29 05:53:46 cls sshd[649915]: pam_unix(sshd:auth): authentication failure; logname= uid=0 euid=0 tty=ssh ruser= rhost=130.12.181.100  user=ubuntu
Mar 29 05:53:47 cls sshd[649903]: Connection closed by invalid user devops 206.123.145.73 port 17028 [preauth]
Mar 29 05:53:47 cls sshd[649913]: Failed password for invalid user rsync from 206.123.145.79 port 46382 ssh2
Mar 29 05:53:48 cls sshd[649917]: Invalid user xushuo from 206.123.145.78 port 55016
Mar 29 05:53:48 cls sshd[649915]: Failed password for ubuntu from 130.12.181.100 port 41470 ssh2
Mar 29 05:53:49 cls sshd[649913]: Connection closed by invalid user rsync 206.123.145.79 port 46382 [preauth]
Mar 29 05:53:49 cls sshd[649917]: pam_unix(sshd:auth): check pass; user unknown
Mar 29 05:53:49 cls sshd[649917]: pam_unix(sshd:auth): authentication failure; logname= uid=0 euid=0 tty=ssh ruser= rhost=206.123.145.78 
Mar 29 05:53:51 cls sshd[649917]: Failed password for invalid user xushuo from 206.123.145.78 port 55016 ssh2
Mar 29 05:53:52 cls sshd[649915]: Connection closed by authenticating user ubuntu 130.12.181.100 port 41470 [preauth]
Mar 29 05:53:53 cls sshd[649937]: pam_unix(sshd:auth): authentication failure; logname= uid=0 euid=0 tty=ssh ruser= rhost=38.114.121.110  user=root
Mar 29 05:53:55 cls sshd[649939]: pam_unix(sshd:auth): authentication failure; logname= uid=0 euid=0 tty=ssh ruser= rhost=103.179.56.44  user=root
Mar 29 05:53:55 cls sshd[649917]: Connection closed by invalid user xushuo 206.123.145.78 port 55016 [preauth]
Mar 29 05:53:56 cls sshd[649937]: Failed password for root from 38.114.121.110 port 63331 ssh2
Mar 29 05:53:56 cls sshd[649937]: Received disconnect from 38.114.121.110 port 63331:11: Bye Bye [preauth]
Mar 29 05:53:56 cls sshd[649937]: Disconnected from authenticating user root 38.114.121.110 port 63331 [preauth]
Mar 29 05:53:57 cls sshd[649935]: Invalid user andrey from 206.123.145.20 port 41142
Mar 29 05:53:57 cls sshd[649939]: Failed password for root from 103.179.56.44 port 53770 ssh2
Mar 29 05:53:57 cls sshd[649939]: Received disconnect from 103.179.56.44 port 53770:11: Bye Bye [preauth]
Mar 29 05:53:57 cls sshd[649939]: Disconnected from authenticating user root 103.179.56.44 port 53770 [preauth]
Mar 29 05:53:58 cls sshd[649935]: pam_unix(sshd:auth): check pass; user unknown
Mar 29 05:53:58 cls sshd[649935]: pam_unix(sshd:auth): authentication failure; logname= uid=0 euid=0 tty=ssh ruser= rhost=206.123.145.20 
Mar 29 05:54:01 cls sshd[649935]: Failed password for invalid user andrey from 206.123.145.20 port 41142 ssh2
Mar 29 05:54:03 cls sshd[649935]: Connection closed by invalid user andrey 206.123.145.20 port 41142 [preauth]
Mar 29 05:54:13 cls sshd[649941]: Invalid user chenlh from 206.123.145.57 port 56506
Mar 29 05:54:15 cls sshd[649941]: pam_unix(sshd:auth): check pass; user unknown
Mar 29 05:54:15 cls sshd[649941]: pam_unix(sshd:auth): authentication failure; logname= uid=0 euid=0 tty=ssh ruser= rhost=206.123.145.57 
Mar 29 05:54:17 cls sshd[649941]: Failed password for invalid user chenlh from 206.123.145.57 port 56506 ssh2
Mar 29 05:54:20 cls sshd[649942]: Invalid user jmk from 206.123.145.50 port 46766
Mar 29 05:54:22 cls sshd[649942]: pam_unix(sshd:auth): check pass; user unknown
Mar 29 05:54:22 cls sshd[649942]: pam_unix(sshd:auth): authentication failure; logname= uid=0 euid=0 tty=ssh ruser= rhost=206.123.145.50 
Mar 29 05:54:24 cls sshd[649941]: Connection closed by invalid user chenlh 206.123.145.57 port 56506 [preauth]
Mar 29 05:54:24 cls sshd[649942]: Failed password for invalid user jmk from 206.123.145.50 port 46766 ssh2
Mar 29 05:54:26 cls sshd[649942]: Connection closed by invalid user jmk 206.123.145.50 port 46766 [preauth]
Mar 29 05:54:33 cls sshd[649945]: Invalid user demo from 130.12.181.99 port 2158
Mar 29 05:54:35 cls sshd[649945]: pam_unix(sshd:auth): check pass; user unknown
Mar 29 05:54:35 cls sshd[649945]: pam_unix(sshd:auth): authentication failure; logname= uid=0 euid=0 tty=ssh ruser= rhost=130.12.181.99 
Mar 29 05:54:37 cls sshd[649945]: Failed password for invalid user demo from 130.12.181.99 port 2158 ssh2
Mar 29 05:54:40 cls sshd[649945]: Connection closed by invalid user demo 130.12.181.99 port 2158 [preauth]
Mar 29 05:54:49 cls sshd[649957]: Invalid user shaohongen from 206.123.145.55 port 47786
Mar 29 05:54:51 cls sshd[649957]: pam_unix(sshd:auth): check pass; user unknown
Mar 29 05:54:51 cls sshd[649957]: pam_unix(sshd:auth): authentication failure; logname= uid=0 euid=0 tty=ssh ruser= rhost=206.123.145.55 
Mar 29 05:54:53 cls sshd[649957]: Failed password for invalid user shaohongen from 206.123.145.55 port 47786 ssh2
Mar 29 05:54:54 cls sshd[649957]: Connection closed by invalid user shaohongen 206.123.145.55 port 47786 [preauth]
Mar 29 05:55:16 cls sshd[649981]: Invalid user www from 206.123.145.49 port 14950
Mar 29 05:55:18 cls sshd[649981]: pam_unix(sshd:auth): check pass; user unknown
Mar 29 05:55:18 cls sshd[649981]: pam_unix(sshd:auth): authentication failure; logname= uid=0 euid=0 tty=ssh ruser= rhost=206.123.145.49 
Mar 29 05:55:21 cls sshd[649981]: Failed password for invalid user www from 206.123.145.49 port 14950 ssh2
Mar 29 05:55:25 cls sshd[649981]: Connection closed by invalid user www 206.123.145.49 port 14950 [preauth]
Mar 29 05:55:41 cls sshd[650005]: pam_unix(sshd:auth): authentication failure; logname= uid=0 euid=0 tty=ssh ruser= rhost=206.123.145.69  user=ubuntu
Mar 29 05:55:43 cls sshd[650005]: Failed password for ubuntu from 206.123.145.69 port 6108 ssh2
Mar 29 05:55:47 cls sshd[650005]: Connection closed by authenticating user ubuntu 206.123.145.69 port 6108 [preauth]
Mar 29 05:56:40 cls sshd[650068]: pam_unix(sshd:auth): authentication failure; logname= uid=0 euid=0 tty=ssh ruser= rhost=89.218.69.66  user=root
Mar 29 05:56:43 cls sshd[650068]: Failed password for root from 89.218.69.66 port 30157 ssh2
Mar 29 05:56:43 cls sshd[650068]: Received disconnect from 89.218.69.66 port 30157:11: Bye Bye [preauth]
Mar 29 05:56:43 cls sshd[650068]: Disconnected from authenticating user root 89.218.69.66 port 30157 [preauth]
Mar 29 05:57:10 cls sshd[650092]: Invalid user sk from 206.123.145.56 port 57346
Mar 29 05:57:14 cls sshd[650092]: pam_unix(sshd:auth): check pass; user unknown
Mar 29 05:57:14 cls sshd[650092]: pam_unix(sshd:auth): authentication failure; logname= uid=0 euid=0 tty=ssh ruser= rhost=206.123.145.56 
Mar 29 05:57:14 cls sshd[650097]: pam_unix(sshd:auth): authentication failure; logname= uid=0 euid=0 tty=ssh ruser= rhost=38.114.121.110  user=root
Mar 29 05:57:15 cls sshd[650092]: Failed password for invalid user sk from 206.123.145.56 port 57346 ssh2
Mar 29 05:57:16 cls sshd[650097]: Failed password for root from 38.114.121.110 port 63519 ssh2
Mar 29 05:57:17 cls sshd[650097]: Received disconnect from 38.114.121.110 port 63519:11: Bye Bye [preauth]
Mar 29 05:57:17 cls sshd[650097]: Disconnected from authenticating user root 38.114.121.110 port 63519 [preauth]
Mar 29 05:57:18 cls sshd[650092]: Connection closed by invalid user sk 206.123.145.56 port 57346 [preauth]
Mar 29 05:57:20 cls sshd[650096]: Invalid user wildfly from 130.12.181.101 port 31126
Mar 29 05:57:22 cls sshd[650096]: pam_unix(sshd:auth): check pass; user unknown
Mar 29 05:57:22 cls sshd[650096]: pam_unix(sshd:auth): authentication failure; logname= uid=0 euid=0 tty=ssh ruser= rhost=130.12.181.101 
Mar 29 05:57:24 cls sshd[650096]: Failed password for invalid user wildfly from 130.12.181.101 port 31126 ssh2
Mar 29 05:57:28 cls sshd[650096]: Connection closed by invalid user wildfly 130.12.181.101 port 31126 [preauth]
Mar 29 05:57:43 cls sshd[650102]: Invalid user hive from 130.12.181.97 port 28668
Mar 29 05:57:46 cls sshd[650102]: pam_unix(sshd:auth): check pass; user unknown
Mar 29 05:57:46 cls sshd[650102]: pam_unix(sshd:auth): authentication failure; logname= uid=0 euid=0 tty=ssh ruser= rhost=130.12.181.97 
Mar 29 05:57:47 cls sshd[650102]: Failed password for invalid user hive from 130.12.181.97 port 28668 ssh2
Mar 29 05:57:50 cls sshd[650102]: Connection closed by invalid user hive 130.12.181.97 port 28668 [preauth]
Mar 29 05:58:13 cls sshd[650126]: pam_unix(sshd:auth): authentication failure; logname= uid=0 euid=0 tty=ssh ruser= rhost=45.119.84.54  user=root
Mar 29 05:58:15 cls sshd[650126]: Failed password for root from 45.119.84.54 port 50624 ssh2
Mar 29 05:58:16 cls sshd[650126]: Received disconnect from 45.119.84.54 port 50624:11: Bye Bye [preauth]
Mar 29 05:58:16 cls sshd[650126]: Disconnected from authenticating user root 45.119.84.54 port 50624 [preauth]
Mar 29 05:58:17 cls sshd[650122]: pam_unix(sshd:auth): authentication failure; logname= uid=0 euid=0 tty=ssh ruser= rhost=206.123.145.77  user=root
Mar 29 05:58:19 cls sshd[650122]: Failed password for root from 206.123.145.77 port 58784 ssh2
Mar 29 05:58:21 cls sshd[650122]: Connection closed by authenticating user root 206.123.145.77 port 58784 [preauth]
Mar 29 05:58:37 cls sshd[650128]: Invalid user wenxiang from 130.12.181.105 port 34214
Mar 29 05:58:38 cls sshd[650128]: pam_unix(sshd:auth): check pass; user unknown
Mar 29 05:58:38 cls sshd[650128]: pam_unix(sshd:auth): authentication failure; logname= uid=0 euid=0 tty=ssh ruser= rhost=130.12.181.105 
Mar 29 05:58:39 cls sshd[650130]: Invalid user chuang from 206.123.145.74 port 57626
Mar 29 05:58:40 cls sshd[650130]: pam_unix(sshd:auth): check pass; user unknown
Mar 29 05:58:40 cls sshd[650130]: pam_unix(sshd:auth): authentication failure; logname= uid=0 euid=0 tty=ssh ruser= rhost=206.123.145.74 
Mar 29 05:58:41 cls sshd[650128]: Failed password for invalid user wenxiang from 130.12.181.105 port 34214 ssh2
Mar 29 05:58:42 cls sshd[650130]: Failed password for invalid user chuang from 206.123.145.74 port 57626 ssh2
Mar 29 05:58:43 cls sshd[650132]: Invalid user devops from 130.12.181.98 port 24684
Mar 29 05:58:44 cls sshd[650132]: pam_unix(sshd:auth): check pass; user unknown
Mar 29 05:58:44 cls sshd[650132]: pam_unix(sshd:auth): authentication failure; logname= uid=0 euid=0 tty=ssh ruser= rhost=130.12.181.98 
Mar 29 05:58:45 cls sshd[650130]: Connection closed by invalid user chuang 206.123.145.74 port 57626 [preauth]
Mar 29 05:58:45 cls sshd[650133]: Invalid user terence from 130.12.181.104 port 2738
Mar 29 05:58:45 cls sshd[650128]: Connection closed by invalid user wenxiang 130.12.181.105 port 34214 [preauth]
Mar 29 05:58:46 cls sshd[650132]: Failed password for invalid user devops from 130.12.181.98 port 24684 ssh2
Mar 29 05:58:46 cls sshd[650133]: pam_unix(sshd:auth): check pass; user unknown
Mar 29 05:58:46 cls sshd[650133]: pam_unix(sshd:auth): authentication failure; logname= uid=0 euid=0 tty=ssh ruser= rhost=130.12.181.104 
Mar 29 05:58:48 cls sshd[650133]: Failed password for invalid user terence from 130.12.181.104 port 2738 ssh2
Mar 29 05:58:48 cls sshd[650132]: Connection closed by invalid user devops 130.12.181.98 port 24684 [preauth]
Mar 29 05:58:51 cls sshd[650136]: Invalid user binfeng from 130.12.181.107 port 3098
Mar 29 05:58:52 cls sshd[650133]: Connection closed by invalid user terence 130.12.181.104 port 2738 [preauth]
Mar 29 05:58:53 cls sshd[650136]: pam_unix(sshd:auth): check pass; user unknown
Mar 29 05:58:53 cls sshd[650136]: pam_unix(sshd:auth): authentication failure; logname= uid=0 euid=0 tty=ssh ruser= rhost=130.12.181.107 
Mar 29 05:58:55 cls sshd[650136]: Failed password for invalid user binfeng from 130.12.181.107 port 3098 ssh2
Mar 29 05:58:57 cls sshd[650142]: Invalid user john from 130.12.181.103 port 42430
Mar 29 05:58:57 cls sshd[650136]: Connection closed by invalid user binfeng 130.12.181.107 port 3098 [preauth]
Mar 29 05:58:59 cls sshd[650148]: Invalid user piyush from 206.123.145.75 port 11536
Mar 29 05:59:00 cls sshd[650142]: pam_unix(sshd:auth): check pass; user unknown
Mar 29 05:59:00 cls sshd[650142]: pam_unix(sshd:auth): authentication failure; logname= uid=0 euid=0 tty=ssh ruser= rhost=130.12.181.103 
Mar 29 05:59:01 cls sshd[650148]: pam_unix(sshd:auth): check pass; user unknown
Mar 29 05:59:01 cls sshd[650148]: pam_unix(sshd:auth): authentication failure; logname= uid=0 euid=0 tty=ssh ruser= rhost=206.123.145.75 
Mar 29 05:59:01 cls sshd[650142]: Failed password for invalid user john from 130.12.181.103 port 42430 ssh2
Mar 29 05:59:03 cls sshd[650156]: pam_unix(sshd:auth): authentication failure; logname= uid=0 euid=0 tty=ssh ruser= rhost=103.179.56.44  user=root
Mar 29 05:59:03 cls sshd[650148]: Failed password for invalid user piyush from 206.123.145.75 port 11536 ssh2
Mar 29 05:59:03 cls sshd[650142]: Connection closed by invalid user john 130.12.181.103 port 42430 [preauth]
Mar 29 05:59:05 cls sshd[650152]: Invalid user hslee from 206.123.145.53 port 8700
Mar 29 05:59:05 cls sshd[650156]: Failed password for root from 103.179.56.44 port 60924 ssh2
Mar 29 05:59:06 cls sshd[650156]: Received disconnect from 103.179.56.44 port 60924:11: Bye Bye [preauth]
Mar 29 05:59:06 cls sshd[650156]: Disconnected from authenticating user root 103.179.56.44 port 60924 [preauth]
Mar 29 05:59:09 cls sshd[650152]: pam_unix(sshd:auth): check pass; user unknown
Mar 29 05:59:09 cls sshd[650152]: pam_unix(sshd:auth): authentication failure; logname= uid=0 euid=0 tty=ssh ruser= rhost=206.123.145.53 
Mar 29 05:59:09 cls sshd[650148]: Connection closed by invalid user piyush 206.123.145.75 port 11536 [preauth]
Mar 29 05:59:11 cls sshd[650152]: Failed password for invalid user hslee from 206.123.145.53 port 8700 ssh2
Mar 29 05:59:13 cls sshd[650152]: Connection closed by invalid user hslee 206.123.145.53 port 8700 [preauth]
Mar 29 05:59:45 cls sshd[650158]: pam_unix(sshd:auth): authentication failure; logname= uid=0 euid=0 tty=ssh ruser= rhost=89.218.69.66  user=root
Mar 29 05:59:47 cls sshd[650158]: Failed password for root from 89.218.69.66 port 57821 ssh2
Mar 29 05:59:48 cls sshd[650158]: Received disconnect from 89.218.69.66 port 57821:11: Bye Bye [preauth]
Mar 29 05:59:48 cls sshd[650158]: Disconnected from authenticating user root 89.218.69.66 port 57821 [preauth]
Mar 29 06:00:01 cls CRON[650172]: pam_unix(cron:session): session opened for user akriveia by (uid=0)
Mar 29 06:00:01 cls CRON[650171]: pam_unix(cron:session): session opened for user akriveia by (uid=0)
Mar 29 06:00:01 cls CRON[650170]: pam_unix(cron:session): session opened for user akriveia by (uid=0)
Mar 29 06:00:01 cls CRON[650171]: pam_unix(cron:session): session closed for user akriveia
Mar 29 06:00:01 cls CRON[650170]: pam_unix(cron:session): session closed for user akriveia
Mar 29 06:00:01 cls CRON[650172]: pam_unix(cron:session): session closed for user akriveia
Mar 29 06:00:07 cls sshd[650168]: Invalid user zhangyangcheng from 206.123.145.54 port 23062
Mar 29 06:00:09 cls sshd[650168]: pam_unix(sshd:auth): check pass; user unknown
Mar 29 06:00:09 cls sshd[650168]: pam_unix(sshd:auth): authentication failure; logname= uid=0 euid=0 tty=ssh ruser= rhost=206.123.145.54 
Mar 29 06:00:09 cls sshd[650190]: pam_unix(sshd:auth): authentication failure; logname= uid=0 euid=0 tty=ssh ruser= rhost=38.114.121.110  user=root
Mar 29 06:00:11 cls sshd[650168]: Failed password for invalid user zhangyangcheng from 206.123.145.54 port 23062 ssh2
Mar 29 06:00:11 cls sshd[650190]: Failed password for root from 38.114.121.110 port 63501 ssh2
Mar 29 06:00:12 cls sshd[650190]: Received disconnect from 38.114.121.110 port 63501:11: Bye Bye [preauth]
Mar 29 06:00:12 cls sshd[650190]: Disconnected from authenticating user root 38.114.121.110 port 63501 [preauth]
Mar 29 06:00:14 cls sshd[650168]: Connection closed by invalid user zhangyangcheng 206.123.145.54 port 23062 [preauth]
Mar 29 06:00:17 cls sshd[650188]: Invalid user root1 from 206.123.145.48 port 47202
Mar 29 06:00:20 cls sshd[650188]: pam_unix(sshd:auth): check pass; user unknown
Mar 29 06:00:20 cls sshd[650188]: pam_unix(sshd:auth): authentication failure; logname= uid=0 euid=0 tty=ssh ruser= rhost=206.123.145.48 
Mar 29 06:00:21 cls sshd[650188]: Failed password for invalid user root1 from 206.123.145.48 port 47202 ssh2
Mar 29 06:00:24 cls sshd[650188]: Connection closed by invalid user root1 206.123.145.48 port 47202 [preauth]
Mar 29 06:00:42 cls sshd[650192]: Invalid user lka from 130.12.181.108 port 58110
Mar 29 06:00:43 cls sshd[650193]: Invalid user myp from 206.123.145.46 port 1936
Mar 29 06:00:44 cls sshd[650192]: pam_unix(sshd:auth): check pass; user unknown
Mar 29 06:00:44 cls sshd[650192]: pam_unix(sshd:auth): authentication failure; logname= uid=0 euid=0 tty=ssh ruser= rhost=130.12.181.108 
Mar 29 06:00:45 cls sshd[650193]: pam_unix(sshd:auth): check pass; user unknown
Mar 29 06:00:45 cls sshd[650193]: pam_unix(sshd:auth): authentication failure; logname= uid=0 euid=0 tty=ssh ruser= rhost=206.123.145.46 
Mar 29 06:00:46 cls sshd[650192]: Failed password for invalid user lka from 130.12.181.108 port 58110 ssh2
Mar 29 06:00:46 cls sshd[650196]: Invalid user mssql from 206.123.145.51 port 28692
Mar 29 06:00:47 cls sshd[650193]: Failed password for invalid user myp from 206.123.145.46 port 1936 ssh2
Mar 29 06:00:48 cls sshd[650192]: Connection closed by invalid user lka 130.12.181.108 port 58110 [preauth]
Mar 29 06:00:48 cls sshd[650196]: pam_unix(sshd:auth): check pass; user unknown
Mar 29 06:00:48 cls sshd[650196]: pam_unix(sshd:auth): authentication failure; logname= uid=0 euid=0 tty=ssh ruser= rhost=206.123.145.51 
Mar 29 06:00:48 cls sshd[650197]: Invalid user oracle from 206.123.145.52 port 45354
Mar 29 06:00:49 cls sshd[650193]: Connection closed by invalid user myp 206.123.145.46 port 1936 [preauth]
Mar 29 06:00:50 cls sshd[650196]: Failed password for invalid user mssql from 206.123.145.51 port 28692 ssh2
Mar 29 06:00:50 cls sshd[650197]: pam_unix(sshd:auth): check pass; user unknown
Mar 29 06:00:50 cls sshd[650197]: pam_unix(sshd:auth): authentication failure; logname= uid=0 euid=0 tty=ssh ruser= rhost=206.123.145.52 
Mar 29 06:00:51 cls sshd[650200]: Invalid user jinhao from 130.12.181.106 port 8002
Mar 29 06:00:52 cls sshd[650197]: Failed password for invalid user oracle from 206.123.145.52 port 45354 ssh2
Mar 29 06:00:53 cls sshd[650196]: Connection closed by invalid user mssql 206.123.145.51 port 28692 [preauth]
Mar 29 06:00:53 cls sshd[650200]: pam_unix(sshd:auth): check pass; user unknown
Mar 29 06:00:53 cls sshd[650200]: pam_unix(sshd:auth): authentication failure; logname= uid=0 euid=0 tty=ssh ruser= rhost=130.12.181.106 
Mar 29 06:00:55 cls sshd[650197]: Connection closed by invalid user oracle 206.123.145.52 port 45354 [preauth]
Mar 29 06:00:55 cls sshd[650200]: Failed password for invalid user jinhao from 130.12.181.106 port 8002 ssh2
Mar 29 06:00:58 cls sshd[650200]: Connection closed by invalid user jinhao 130.12.181.106 port 8002 [preauth]
Mar 29 06:01:05 cls sshd[650202]: pam_unix(sshd:auth): authentication failure; logname= uid=0 euid=0 tty=ssh ruser= rhost=206.123.145.76  user=root
Mar 29 06:01:07 cls sshd[650202]: Failed password for root from 206.123.145.76 port 22618 ssh2
Mar 29 06:01:08 cls sshd[650202]: Connection closed by authenticating user root 206.123.145.76 port 22618 [preauth]
Mar 29 06:01:37 cls sshd[650233]: Invalid user jane from 206.123.145.70 port 26696
Mar 29 06:01:39 cls sshd[650233]: pam_unix(sshd:auth): check pass; user unknown
Mar 29 06:01:39 cls sshd[650233]: pam_unix(sshd:auth): authentication failure; logname= uid=0 euid=0 tty=ssh ruser= rhost=206.123.145.70 
Mar 29 06:01:41 cls sshd[650233]: Failed password for invalid user jane from 206.123.145.70 port 26696 ssh2
Mar 29 06:01:43 cls sshd[650233]: Connection closed by invalid user jane 206.123.145.70 port 26696 [preauth]
Mar 29 06:01:46 cls sshd[650236]: pam_unix(sshd:auth): authentication failure; logname= uid=0 euid=0 tty=ssh ruser= rhost=130.12.181.109  user=root
Mar 29 06:01:46 cls sshd[650235]: pam_unix(sshd:auth): authentication failure; logname= uid=0 euid=0 tty=ssh ruser= rhost=130.12.181.102  user=root
Mar 29 06:01:48 cls sshd[650236]: Failed password for root from 130.12.181.109 port 16254 ssh2
Mar 29 06:01:49 cls sshd[650235]: Failed password for root from 130.12.181.102 port 11330 ssh2
Mar 29 06:01:51 cls sshd[650235]: Connection closed by authenticating user root 130.12.181.102 port 11330 [preauth]
Mar 29 06:01:51 cls sshd[650236]: Connection closed by authenticating user root 130.12.181.109 port 16254 [preauth]
Mar 29 06:02:08 cls sshd[650250]: Invalid user coder from 206.123.145.71 port 24408
Mar 29 06:02:09 cls sshd[650250]: pam_unix(sshd:auth): check pass; user unknown
Mar 29 06:02:09 cls sshd[650250]: pam_unix(sshd:auth): authentication failure; logname= uid=0 euid=0 tty=ssh ruser= rhost=206.123.145.71 
Mar 29 06:02:12 cls sshd[650250]: Failed password for invalid user coder from 206.123.145.71 port 24408 ssh2
Mar 29 06:02:15 cls sshd[650250]: Connection closed by invalid user coder 206.123.145.71 port 24408 [preauth]
Mar 29 06:02:16 cls sshd[650252]: Invalid user lenovo from 206.123.145.72 port 59390
Mar 29 06:02:18 cls sshd[650252]: pam_unix(sshd:auth): check pass; user unknown
Mar 29 06:02:18 cls sshd[650252]: pam_unix(sshd:auth): authentication failure; logname= uid=0 euid=0 tty=ssh ruser= rhost=206.123.145.72 
Mar 29 06:02:20 cls sshd[650252]: Failed password for invalid user lenovo from 206.123.145.72 port 59390 ssh2
Mar 29 06:02:31 cls sshd[650252]: Connection closed by invalid user lenovo 206.123.145.72 port 59390 [preauth]
Mar 29 06:02:45 cls sshd[650256]: Invalid user yanjy from 130.12.181.100 port 61810
Mar 29 06:02:47 cls sshd[650256]: pam_unix(sshd:auth): check pass; user unknown
Mar 29 06:02:47 cls sshd[650256]: pam_unix(sshd:auth): authentication failure; logname= uid=0 euid=0 tty=ssh ruser= rhost=130.12.181.100 
Mar 29 06:02:49 cls sshd[650256]: Failed password for invalid user yanjy from 130.12.181.100 port 61810 ssh2
Mar 29 06:02:51 cls sshd[650262]: pam_unix(sshd:auth): authentication failure; logname= uid=0 euid=0 tty=ssh ruser= rhost=89.218.69.66  user=root
Mar 29 06:02:53 cls sshd[650262]: Failed password for root from 89.218.69.66 port 28385 ssh2
Mar 29 06:02:53 cls sshd[650256]: Connection closed by invalid user yanjy 130.12.181.100 port 61810 [preauth]
Mar 29 06:02:54 cls sshd[650262]: Received disconnect from 89.218.69.66 port 28385:11: Bye Bye [preauth]
Mar 29 06:02:54 cls sshd[650262]: Disconnected from authenticating user root 89.218.69.66 port 28385 [preauth]
Mar 29 06:03:04 cls sshd[650278]: pam_unix(sshd:auth): authentication failure; logname= uid=0 euid=0 tty=ssh ruser= rhost=38.114.121.110  user=root
Mar 29 06:03:05 cls sshd[650278]: Failed password for root from 38.114.121.110 port 63281 ssh2
Mar 29 06:03:06 cls sshd[650278]: Received disconnect from 38.114.121.110 port 63281:11: Bye Bye [preauth]
Mar 29 06:03:06 cls sshd[650278]: Disconnected from authenticating user root 38.114.121.110 port 63281 [preauth]
Mar 29 06:03:34 cls sshd[650288]: Invalid user mteg from 130.12.181.99 port 12040
Mar 29 06:03:36 cls sshd[650288]: pam_unix(sshd:auth): check pass; user unknown
Mar 29 06:03:36 cls sshd[650288]: pam_unix(sshd:auth): authentication failure; logname= uid=0 euid=0 tty=ssh ruser= rhost=130.12.181.99 
Mar 29 06:03:38 cls sshd[650288]: Failed password for invalid user mteg from 130.12.181.99 port 12040 ssh2
Mar 29 06:03:40 cls sshd[650288]: Connection closed by invalid user mteg 130.12.181.99 port 12040 [preauth]
Mar 29 06:04:09 cls sshd[650325]: pam_unix(sshd:auth): authentication failure; logname= uid=0 euid=0 tty=ssh ruser= rhost=103.179.56.44  user=root
Mar 29 06:04:11 cls sshd[650325]: Failed password for root from 103.179.56.44 port 59274 ssh2
Mar 29 06:04:12 cls sshd[650325]: Received disconnect from 103.179.56.44 port 59274:11: Bye Bye [preauth]
Mar 29 06:04:12 cls sshd[650325]: Disconnected from authenticating user root 103.179.56.44 port 59274 [preauth]
Mar 29 06:04:17 cls sshd[650324]: pam_unix(sshd:auth): authentication failure; logname= uid=0 euid=0 tty=ssh ruser= rhost=206.123.145.78  user=ubuntu
Mar 29 06:04:19 cls sshd[650324]: Failed password for ubuntu from 206.123.145.78 port 31478 ssh2
Mar 29 06:04:22 cls sshd[650329]: Invalid user limm from 206.123.145.57 port 48822
Mar 29 06:04:23 cls sshd[650324]: Connection closed by authenticating user ubuntu 206.123.145.78 port 31478 [preauth]
Mar 29 06:04:25 cls sshd[650329]: pam_unix(sshd:auth): check pass; user unknown
Mar 29 06:04:25 cls sshd[650329]: pam_unix(sshd:auth): authentication failure; logname= uid=0 euid=0 tty=ssh ruser= rhost=206.123.145.57 
Mar 29 06:04:27 cls sshd[650329]: Failed password for invalid user limm from 206.123.145.57 port 48822 ssh2
Mar 29 06:04:27 cls sshd[650328]: Invalid user hardik from 206.123.145.73 port 53780
Mar 29 06:04:27 cls sshd[650332]: Invalid user jmWang0 from 206.123.145.20 port 33404
Mar 29 06:04:29 cls sshd[650332]: pam_unix(sshd:auth): check pass; user unknown
Mar 29 06:04:29 cls sshd[650332]: pam_unix(sshd:auth): authentication failure; logname= uid=0 euid=0 tty=ssh ruser= rhost=206.123.145.20 
Mar 29 06:04:29 cls sshd[650329]: Connection closed by invalid user limm 206.123.145.57 port 48822 [preauth]
Mar 29 06:04:29 cls sshd[650328]: pam_unix(sshd:auth): check pass; user unknown
Mar 29 06:04:29 cls sshd[650328]: pam_unix(sshd:auth): authentication failure; logname= uid=0 euid=0 tty=ssh ruser= rhost=206.123.145.73 
Mar 29 06:04:31 cls sshd[650332]: Failed password for invalid user jmWang0 from 206.123.145.20 port 33404 ssh2
Mar 29 06:04:32 cls sshd[650328]: Failed password for invalid user hardik from 206.123.145.73 port 53780 ssh2
Mar 29 06:04:34 cls sshd[650332]: Connection closed by invalid user jmWang0 206.123.145.20 port 33404 [preauth]
Mar 29 06:04:37 cls sshd[650342]: Invalid user aaa from 206.123.145.50 port 11272
Mar 29 06:04:38 cls sshd[650328]: Connection closed by invalid user hardik 206.123.145.73 port 53780 [preauth]
Mar 29 06:04:40 cls sshd[650342]: pam_unix(sshd:auth): check pass; user unknown
Mar 29 06:04:40 cls sshd[650342]: pam_unix(sshd:auth): authentication failure; logname= uid=0 euid=0 tty=ssh ruser= rhost=206.123.145.50 
Mar 29 06:04:42 cls sshd[650342]: Failed password for invalid user aaa from 206.123.145.50 port 11272 ssh2
Mar 29 06:04:46 cls sshd[650342]: Connection closed by invalid user aaa 206.123.145.50 port 11272 [preauth]
Mar 29 06:04:51 cls sshd[650359]: Invalid user test from 206.123.145.79 port 4836
Mar 29 06:04:54 cls sshd[650359]: pam_unix(sshd:auth): check pass; user unknown
Mar 29 06:04:54 cls sshd[650359]: pam_unix(sshd:auth): authentication failure; logname= uid=0 euid=0 tty=ssh ruser= rhost=206.123.145.79 
Mar 29 06:04:57 cls sshd[650359]: Failed password for invalid user test from 206.123.145.79 port 4836 ssh2
Mar 29 06:04:59 cls sshd[650359]: Connection closed by invalid user test 206.123.145.79 port 4836 [preauth]
Mar 29 06:05:28 cls sshd[650373]: pam_unix(sshd:auth): authentication failure; logname= uid=0 euid=0 tty=ssh ruser= rhost=206.123.145.55  user=root
Mar 29 06:05:30 cls sshd[650373]: Failed password for root from 206.123.145.55 port 24108 ssh2
Mar 29 06:05:31 cls sshd[650379]: Invalid user zxl from 206.123.145.49 port 27954
Mar 29 06:05:32 cls sshd[650373]: Connection closed by authenticating user root 206.123.145.55 port 24108 [preauth]
Mar 29 06:05:33 cls sshd[650379]: pam_unix(sshd:auth): check pass; user unknown
Mar 29 06:05:33 cls sshd[650379]: pam_unix(sshd:auth): authentication failure; logname= uid=0 euid=0 tty=ssh ruser= rhost=206.123.145.49 
Mar 29 06:05:35 cls sshd[650379]: Failed password for invalid user zxl from 206.123.145.49 port 27954 ssh2
Mar 29 06:05:38 cls sshd[650379]: Connection closed by invalid user zxl 206.123.145.49 port 27954 [preauth]
Mar 29 06:05:50 cls sshd[650395]: pam_unix(sshd:auth): authentication failure; logname= uid=0 euid=0 tty=ssh ruser= rhost=89.218.69.66  user=root
Mar 29 06:05:52 cls sshd[650395]: Failed password for root from 89.218.69.66 port 26281 ssh2
Mar 29 06:05:53 cls sshd[650395]: Received disconnect from 89.218.69.66 port 26281:11: Bye Bye [preauth]
Mar 29 06:05:53 cls sshd[650395]: Disconnected from authenticating user root 89.218.69.66 port 26281 [preauth]
Mar 29 06:06:03 cls sshd[650411]: pam_unix(sshd:auth): authentication failure; logname= uid=0 euid=0 tty=ssh ruser= rhost=38.114.121.110  user=root
Mar 29 06:06:05 cls sshd[650411]: Failed password for root from 38.114.121.110 port 62861 ssh2
Mar 29 06:06:06 cls sshd[650411]: Received disconnect from 38.114.121.110 port 62861:11: Bye Bye [preauth]
Mar 29 06:06:06 cls sshd[650411]: Disconnected from authenticating user root 38.114.121.110 port 62861 [preauth]
Mar 29 06:06:12 cls sshd[650413]: Invalid user wangdong from 130.12.181.98 port 11100
Mar 29 06:06:14 cls sshd[650413]: pam_unix(sshd:auth): check pass; user unknown
Mar 29 06:06:14 cls sshd[650413]: pam_unix(sshd:auth): authentication failure; logname= uid=0 euid=0 tty=ssh ruser= rhost=130.12.181.98 
Mar 29 06:06:16 cls sshd[650413]: Failed password for invalid user wangdong from 130.12.181.98 port 11100 ssh2
Mar 29 06:06:18 cls sshd[650413]: Connection closed by invalid user wangdong 130.12.181.98 port 11100 [preauth]
Mar 29 06:06:25 cls sshd[650425]: pam_unix(sshd:auth): authentication failure; logname= uid=0 euid=0 tty=ssh ruser= rhost=130.12.181.101  user=root
Mar 29 06:06:27 cls sshd[650425]: Failed password for root from 130.12.181.101 port 56660 ssh2
Mar 29 06:06:27 cls sshd[650427]: Invalid user dipens from 206.123.145.69 port 43552
Mar 29 06:06:28 cls sshd[650427]: pam_unix(sshd:auth): check pass; user unknown
Mar 29 06:06:28 cls sshd[650427]: pam_unix(sshd:auth): authentication failure; logname= uid=0 euid=0 tty=ssh ruser= rhost=206.123.145.69 
Mar 29 06:06:29 cls sshd[650425]: Connection closed by authenticating user root 130.12.181.101 port 56660 [preauth]
Mar 29 06:06:30 cls sshd[650427]: Failed password for invalid user dipens from 206.123.145.69 port 43552 ssh2
Mar 29 06:06:34 cls sshd[650427]: Connection closed by invalid user dipens 206.123.145.69 port 43552 [preauth]
Mar 29 06:06:54 cls sshd[650444]: Invalid user hanchg from 130.12.181.97 port 50016
Mar 29 06:06:57 cls sshd[650444]: pam_unix(sshd:auth): check pass; user unknown
Mar 29 06:06:57 cls sshd[650444]: pam_unix(sshd:auth): authentication failure; logname= uid=0 euid=0 tty=ssh ruser= rhost=130.12.181.97 
Mar 29 06:06:59 cls sshd[650444]: Failed password for invalid user hanchg from 130.12.181.97 port 50016 ssh2
Mar 29 06:07:01 cls sshd[650444]: Connection closed by invalid user hanchg 130.12.181.97 port 50016 [preauth]
Mar 29 06:07:41 cls sshd[650466]: Invalid user beibit from 130.12.181.105 port 2924
Mar 29 06:07:43 cls sshd[650467]: Invalid user lizhg from 206.123.145.56 port 11930
Mar 29 06:07:43 cls sshd[650466]: pam_unix(sshd:auth): check pass; user unknown
Mar 29 06:07:43 cls sshd[650466]: pam_unix(sshd:auth): authentication failure; logname= uid=0 euid=0 tty=ssh ruser= rhost=130.12.181.105 
Mar 29 06:07:43 cls sshd[650470]: Invalid user chengjingwen from 130.12.181.107 port 64592
Mar 29 06:07:44 cls sshd[650470]: pam_unix(sshd:auth): check pass; user unknown
Mar 29 06:07:44 cls sshd[650470]: pam_unix(sshd:auth): authentication failure; logname= uid=0 euid=0 tty=ssh ruser= rhost=130.12.181.107 
Mar 29 06:07:45 cls sshd[650467]: pam_unix(sshd:auth): check pass; user unknown
Mar 29 06:07:45 cls sshd[650467]: pam_unix(sshd:auth): authentication failure; logname= uid=0 euid=0 tty=ssh ruser= rhost=206.123.145.56 
Mar 29 06:07:45 cls sshd[650466]: Failed password for invalid user beibit from 130.12.181.105 port 2924 ssh2
Mar 29 06:07:46 cls sshd[650467]: Failed password for invalid user lizhg from 206.123.145.56 port 11930 ssh2
Mar 29 06:07:47 cls sshd[650470]: Failed password for invalid user chengjingwen from 130.12.181.107 port 64592 ssh2
Mar 29 06:07:47 cls sshd[650471]: Invalid user liuyang from 130.12.181.104 port 50192
Mar 29 06:07:49 cls sshd[650471]: pam_unix(sshd:auth): check pass; user unknown
Mar 29 06:07:49 cls sshd[650471]: pam_unix(sshd:auth): authentication failure; logname= uid=0 euid=0 tty=ssh ruser= rhost=130.12.181.104 
Mar 29 06:07:49 cls sshd[650466]: Connection closed by invalid user beibit 130.12.181.105 port 2924 [preauth]
Mar 29 06:07:49 cls sshd[650470]: Connection closed by invalid user chengjingwen 130.12.181.107 port 64592 [preauth]
Mar 29 06:07:49 cls sshd[650467]: Connection closed by invalid user lizhg 206.123.145.56 port 11930 [preauth]
Mar 29 06:07:51 cls sshd[650471]: Failed password for invalid user liuyang from 130.12.181.104 port 50192 ssh2
Mar 29 06:07:55 cls sshd[650471]: Connection closed by invalid user liuyang 130.12.181.104 port 50192 [preauth]
Mar 29 06:07:57 cls sshd[650474]: Invalid user control from 130.12.181.103 port 9854
Mar 29 06:07:59 cls sshd[650474]: pam_unix(sshd:auth): check pass; user unknown
Mar 29 06:07:59 cls sshd[650474]: pam_unix(sshd:auth): authentication failure; logname= uid=0 euid=0 tty=ssh ruser= rhost=130.12.181.103 
Mar 29 06:08:01 cls sshd[650474]: Failed password for invalid user control from 130.12.181.103 port 9854 ssh2
Mar 29 06:08:04 cls sshd[650474]: Connection closed by invalid user control 130.12.181.103 port 9854 [preauth]
Mar 29 06:08:47 cls sshd[650482]: Invalid user kris from 206.123.145.77 port 5690
Mar 29 06:08:48 cls sshd[650482]: pam_unix(sshd:auth): check pass; user unknown
Mar 29 06:08:48 cls sshd[650482]: pam_unix(sshd:auth): authentication failure; logname= uid=0 euid=0 tty=ssh ruser= rhost=206.123.145.77 
Mar 29 06:08:50 cls sshd[650482]: Failed password for invalid user kris from 206.123.145.77 port 5690 ssh2
Mar 29 06:08:54 cls sshd[650482]: Connection closed by invalid user kris 206.123.145.77 port 5690 [preauth]
Mar 29 06:08:59 cls sshd[650486]: pam_unix(sshd:auth): authentication failure; logname= uid=0 euid=0 tty=ssh ruser= rhost=89.218.69.66  user=root
Mar 29 06:09:01 cls sshd[650486]: Failed password for root from 89.218.69.66 port 65202 ssh2
Mar 29 06:09:01 cls CRON[650544]: pam_unix(cron:session): session opened for user root by (uid=0)
Mar 29 06:09:01 cls CRON[650544]: pam_unix(cron:session): session closed for user root
Mar 29 06:09:02 cls sshd[650486]: Received disconnect from 89.218.69.66 port 65202:11: Bye Bye [preauth]
Mar 29 06:09:02 cls sshd[650486]: Disconnected from authenticating user root 89.218.69.66 port 65202 [preauth]
Mar 29 06:09:18 cls sshd[650884]: pam_unix(sshd:auth): authentication failure; logname= uid=0 euid=0 tty=ssh ruser= rhost=103.179.56.44  user=root
Mar 29 06:09:20 cls sshd[650884]: Failed password for root from 103.179.56.44 port 41310 ssh2
Mar 29 06:09:21 cls sshd[650884]: Received disconnect from 103.179.56.44 port 41310:11: Bye Bye [preauth]
