Mar 29 09:14:47 cls sshd[660143]: pam_unix(sshd:auth): check pass; user unknown
Mar 29 09:14:47 cls sshd[660143]: pam_unix(sshd:auth): authentication failure; logname= uid=0 euid=0 tty=ssh ruser= rhost=206.123.145.74 
Mar 29 09:14:48 cls sshd[660149]: pam_unix(sshd:auth): check pass; user unknown
Mar 29 09:14:48 cls sshd[660149]: pam_unix(sshd:auth): authentication failure; logname= uid=0 euid=0 tty=ssh ruser= rhost=130.12.181.107 
Mar 29 09:14:49 cls sshd[660143]: Failed password for invalid user wangqian from 206.123.145.74 port 15536 ssh2
Mar 29 09:14:51 cls sshd[660149]: Failed password for invalid user mira from 130.12.181.107 port 53532 ssh2
Mar 29 09:14:52 cls sshd[660157]: Invalid user yhx from 206.123.145.49 port 56592
Mar 29 09:14:53 cls sshd[660143]: Connection closed by invalid user wangqian 206.123.145.74 port 15536 [preauth]
Mar 29 09:14:54 cls sshd[660157]: pam_unix(sshd:auth): check pass; user unknown
Mar 29 09:14:54 cls sshd[660157]: pam_unix(sshd:auth): authentication failure; logname= uid=0 euid=0 tty=ssh ruser= rhost=206.123.145.49 
Mar 29 09:14:56 cls sshd[660149]: Connection closed by invalid user mira 130.12.181.107 port 53532 [preauth]
Mar 29 09:14:56 cls sshd[660157]: Failed password for invalid user yhx from 206.123.145.49 port 56592 ssh2
Mar 29 09:15:01 cls sshd[660157]: Connection closed by invalid user yhx 206.123.145.49 port 56592 [preauth]
Mar 29 09:15:01 cls sshd[660159]: Invalid user yxk from 206.123.145.50 port 1592
Mar 29 09:15:04 cls sshd[660159]: pam_unix(sshd:auth): check pass; user unknown
Mar 29 09:15:04 cls sshd[660159]: pam_unix(sshd:auth): authentication failure; logname= uid=0 euid=0 tty=ssh ruser= rhost=206.123.145.50 
Mar 29 09:15:06 cls sshd[660159]: Failed password for invalid user yxk from 206.123.145.50 port 1592 ssh2
Mar 29 09:15:09 cls sshd[660159]: Connection closed by invalid user yxk 206.123.145.50 port 1592 [preauth]
Mar 29 09:15:20 cls sshd[660175]: Invalid user ca from 206.123.145.55 port 10498
Mar 29 09:15:21 cls sshd[660175]: pam_unix(sshd:auth): check pass; user unknown
Mar 29 09:15:21 cls sshd[660175]: pam_unix(sshd:auth): authentication failure; logname= uid=0 euid=0 tty=ssh ruser= rhost=206.123.145.55 
Mar 29 09:15:23 cls sshd[660175]: Failed password for invalid user ca from 206.123.145.55 port 10498 ssh2
Mar 29 09:15:29 cls sshd[660175]: Connection closed by invalid user ca 206.123.145.55 port 10498 [preauth]
Mar 29 09:15:54 cls sshd[660177]: pam_unix(sshd:auth): authentication failure; logname= uid=0 euid=0 tty=ssh ruser= rhost=130.12.181.97  user=root
Mar 29 09:15:56 cls sshd[660177]: Failed password for root from 130.12.181.97 port 28436 ssh2
Mar 29 09:15:59 cls sshd[660177]: Connection closed by authenticating user root 130.12.181.97 port 28436 [preauth]
Mar 29 09:16:06 cls sshd[660181]: Invalid user zhouyaoying from 130.12.181.105 port 62130
Mar 29 09:16:08 cls sshd[660181]: pam_unix(sshd:auth): check pass; user unknown
Mar 29 09:16:08 cls sshd[660181]: pam_unix(sshd:auth): authentication failure; logname= uid=0 euid=0 tty=ssh ruser= rhost=130.12.181.105 
Mar 29 09:16:10 cls sshd[660181]: Failed password for invalid user zhouyaoying from 130.12.181.105 port 62130 ssh2
Mar 29 09:16:14 cls sshd[660181]: Connection closed by invalid user zhouyaoying 130.12.181.105 port 62130 [preauth]
Mar 29 09:16:59 cls sshd[660207]: Invalid user daiwei from 130.12.181.103 port 22616
Mar 29 09:17:01 cls sshd[660207]: pam_unix(sshd:auth): check pass; user unknown
Mar 29 09:17:01 cls sshd[660207]: pam_unix(sshd:auth): authentication failure; logname= uid=0 euid=0 tty=ssh ruser= rhost=130.12.181.103 
Mar 29 09:17:01 cls CRON[660212]: pam_unix(cron:session): session opened for user root by (uid=0)
Mar 29 09:17:01 cls CRON[660212]: pam_unix(cron:session): session closed for user root
Mar 29 09:17:03 cls sshd[660207]: Failed password for invalid user daiwei from 130.12.181.103 port 22616 ssh2
Mar 29 09:17:05 cls sshd[660207]: Connection closed by invalid user daiwei 130.12.181.103 port 22616 [preauth]
Mar 29 09:17:36 cls sshd[660234]: Invalid user liuc from 130.12.181.106 port 59604
Mar 29 09:17:37 cls sshd[660233]: Invalid user user from 206.123.145.53 port 2900
Mar 29 09:17:39 cls sshd[660234]: pam_unix(sshd:auth): check pass; user unknown
Mar 29 09:17:39 cls sshd[660234]: pam_unix(sshd:auth): authentication failure; logname= uid=0 euid=0 tty=ssh ruser= rhost=130.12.181.106 
Mar 29 09:17:39 cls sshd[660233]: pam_unix(sshd:auth): check pass; user unknown
Mar 29 09:17:39 cls sshd[660233]: pam_unix(sshd:auth): authentication failure; logname= uid=0 euid=0 tty=ssh ruser= rhost=206.123.145.53 
Mar 29 09:17:41 cls sshd[660234]: Failed password for invalid user liuc from 130.12.181.106 port 59604 ssh2
Mar 29 09:17:41 cls sshd[660233]: Failed password for invalid user user from 206.123.145.53 port 2900 ssh2
Mar 29 09:17:44 cls sshd[660234]: Connection closed by invalid user liuc 130.12.181.106 port 59604 [preauth]
Mar 29 09:17:46 cls sshd[660233]: Connection closed by invalid user user 206.123.145.53 port 2900 [preauth]
Mar 29 09:17:48 cls sshd[660237]: Invalid user test from 206.123.145.56 port 46214
Mar 29 09:17:51 cls sshd[660237]: pam_unix(sshd:auth): check pass; user unknown
Mar 29 09:17:51 cls sshd[660237]: pam_unix(sshd:auth): authentication failure; logname= uid=0 euid=0 tty=ssh ruser= rhost=206.123.145.56 
Mar 29 09:17:53 cls sshd[660237]: Failed password for invalid user test from 206.123.145.56 port 46214 ssh2
Mar 29 09:17:58 cls sshd[660237]: Connection closed by invalid user test 206.123.145.56 port 46214 [preauth]
Mar 29 09:18:04 cls sshd[660239]: Invalid user ywj from 130.12.181.109 port 49848
Mar 29 09:18:05 cls sshd[660239]: pam_unix(sshd:auth): check pass; user unknown
Mar 29 09:18:05 cls sshd[660239]: pam_unix(sshd:auth): authentication failure; logname= uid=0 euid=0 tty=ssh ruser= rhost=130.12.181.109 
Mar 29 09:18:07 cls sshd[660239]: Failed password for invalid user ywj from 130.12.181.109 port 49848 ssh2
Mar 29 09:18:09 cls sshd[660241]: Invalid user lyhe from 206.123.145.73 port 30364
Mar 29 09:18:10 cls sshd[660239]: Connection closed by invalid user ywj 130.12.181.109 port 49848 [preauth]
Mar 29 09:18:11 cls sshd[660241]: pam_unix(sshd:auth): check pass; user unknown
Mar 29 09:18:11 cls sshd[660241]: pam_unix(sshd:auth): authentication failure; logname= uid=0 euid=0 tty=ssh ruser= rhost=206.123.145.73 
Mar 29 09:18:13 cls sshd[660241]: Failed password for invalid user lyhe from 206.123.145.73 port 30364 ssh2
Mar 29 09:18:15 cls sshd[660241]: Connection closed by invalid user lyhe 206.123.145.73 port 30364 [preauth]
Mar 29 09:18:57 cls sshd[660263]: Invalid user work from 130.12.181.108 port 55932
Mar 29 09:18:59 cls sshd[660263]: pam_unix(sshd:auth): check pass; user unknown
Mar 29 09:18:59 cls sshd[660263]: pam_unix(sshd:auth): authentication failure; logname= uid=0 euid=0 tty=ssh ruser= rhost=130.12.181.108 
Mar 29 09:19:01 cls sshd[660265]: Invalid user deep from 206.123.145.54 port 1196
Mar 29 09:19:01 cls sshd[660263]: Failed password for invalid user work from 130.12.181.108 port 55932 ssh2
Mar 29 09:19:03 cls sshd[660265]: pam_unix(sshd:auth): check pass; user unknown
Mar 29 09:19:03 cls sshd[660265]: pam_unix(sshd:auth): authentication failure; logname= uid=0 euid=0 tty=ssh ruser= rhost=206.123.145.54 
Mar 29 09:19:04 cls sshd[660263]: Connection closed by invalid user work 130.12.181.108 port 55932 [preauth]
Mar 29 09:19:05 cls sshd[660265]: Failed password for invalid user deep from 206.123.145.54 port 1196 ssh2
Mar 29 09:19:07 cls sshd[660265]: Connection closed by invalid user deep 206.123.145.54 port 1196 [preauth]
Mar 29 09:19:13 cls sshd[660281]: Invalid user lujie from 130.12.181.99 port 59254
Mar 29 09:19:14 cls sshd[660282]: Invalid user kevingu from 206.123.145.48 port 26180
Mar 29 09:19:15 cls sshd[660281]: pam_unix(sshd:auth): check pass; user unknown
Mar 29 09:19:15 cls sshd[660281]: pam_unix(sshd:auth): authentication failure; logname= uid=0 euid=0 tty=ssh ruser= rhost=130.12.181.99 
Mar 29 09:19:17 cls sshd[660281]: Failed password for invalid user lujie from 130.12.181.99 port 59254 ssh2
Mar 29 09:19:17 cls sshd[660285]: Invalid user dasharathm from 130.12.181.102 port 55716
Mar 29 09:19:18 cls sshd[660282]: pam_unix(sshd:auth): check pass; user unknown
Mar 29 09:19:18 cls sshd[660282]: pam_unix(sshd:auth): authentication failure; logname= uid=0 euid=0 tty=ssh ruser= rhost=206.123.145.48 
Mar 29 09:19:19 cls sshd[660285]: pam_unix(sshd:auth): check pass; user unknown
Mar 29 09:19:19 cls sshd[660285]: pam_unix(sshd:auth): authentication failure; logname= uid=0 euid=0 tty=ssh ruser= rhost=130.12.181.102 
Mar 29 09:19:19 cls sshd[660288]: Invalid user linhl from 206.123.145.70 port 47028
Mar 29 09:19:20 cls sshd[660281]: Connection closed by invalid user lujie 130.12.181.99 port 59254 [preauth]
Mar 29 09:19:20 cls sshd[660282]: Failed password for invalid user kevingu from 206.123.145.48 port 26180 ssh2
Mar 29 09:19:21 cls sshd[660288]: pam_unix(sshd:auth): check pass; user unknown
Mar 29 09:19:21 cls sshd[660288]: pam_unix(sshd:auth): authentication failure; logname= uid=0 euid=0 tty=ssh ruser= rhost=206.123.145.70 
Mar 29 09:19:21 cls sshd[660285]: Failed password for invalid user dasharathm from 130.12.181.102 port 55716 ssh2
Mar 29 09:19:22 cls sshd[660293]: Invalid user wenhao from 130.12.181.100 port 58664
Mar 29 09:19:23 cls sshd[660288]: Failed password for invalid user linhl from 206.123.145.70 port 47028 ssh2
Mar 29 09:19:24 cls sshd[660282]: Connection closed by invalid user kevingu 206.123.145.48 port 26180 [preauth]
Mar 29 09:19:24 cls sshd[660293]: pam_unix(sshd:auth): check pass; user unknown
Mar 29 09:19:24 cls sshd[660293]: pam_unix(sshd:auth): authentication failure; logname= uid=0 euid=0 tty=ssh ruser= rhost=130.12.181.100 
Mar 29 09:19:25 cls sshd[660285]: Connection closed by invalid user dasharathm 130.12.181.102 port 55716 [preauth]
Mar 29 09:19:26 cls sshd[660293]: Failed password for invalid user wenhao from 130.12.181.100 port 58664 ssh2
Mar 29 09:19:27 cls sshd[660288]: Connection closed by invalid user linhl 206.123.145.70 port 47028 [preauth]
Mar 29 09:19:29 cls sshd[660293]: Connection closed by invalid user wenhao 130.12.181.100 port 58664 [preauth]
Mar 29 09:19:35 cls sshd[660297]: pam_unix(sshd:auth): authentication failure; logname= uid=0 euid=0 tty=ssh ruser= rhost=130.12.181.98  user=root
Mar 29 09:19:37 cls sshd[660297]: Failed password for root from 130.12.181.98 port 47054 ssh2
Mar 29 09:19:39 cls sshd[660297]: Connection closed by authenticating user root 130.12.181.98 port 47054 [preauth]
Mar 29 09:19:40 cls sshd[660299]: Invalid user postgres from 206.123.145.46 port 42084
Mar 29 09:19:43 cls sshd[660299]: pam_unix(sshd:auth): check pass; user unknown
Mar 29 09:19:43 cls sshd[660299]: pam_unix(sshd:auth): authentication failure; logname= uid=0 euid=0 tty=ssh ruser= rhost=206.123.145.46 
Mar 29 09:19:45 cls sshd[660299]: Failed password for invalid user postgres from 206.123.145.46 port 42084 ssh2
Mar 29 09:19:51 cls sshd[660299]: Connection closed by invalid user postgres 206.123.145.46 port 42084 [preauth]
Mar 29 09:19:53 cls sshd[660301]: Invalid user user5 from 206.123.145.52 port 1196
Mar 29 09:19:55 cls sshd[660301]: pam_unix(sshd:auth): check pass; user unknown
Mar 29 09:19:55 cls sshd[660301]: pam_unix(sshd:auth): authentication failure; logname= uid=0 euid=0 tty=ssh ruser= rhost=206.123.145.52 
Mar 29 09:19:57 cls sshd[660301]: Failed password for invalid user user5 from 206.123.145.52 port 1196 ssh2
Mar 29 09:20:00 cls sshd[660301]: Connection closed by invalid user user5 206.123.145.52 port 1196 [preauth]
Mar 29 09:20:16 cls sshd[660317]: Invalid user frappe from 206.123.145.79 port 12272
Mar 29 09:20:19 cls sshd[660315]: pam_unix(sshd:auth): authentication failure; logname= uid=0 euid=0 tty=ssh ruser= rhost=206.123.145.51  user=ubuntu
Mar 29 09:20:19 cls sshd[660317]: pam_unix(sshd:auth): check pass; user unknown
Mar 29 09:20:19 cls sshd[660317]: pam_unix(sshd:auth): authentication failure; logname= uid=0 euid=0 tty=ssh ruser= rhost=206.123.145.79 
Mar 29 09:20:21 cls sshd[660315]: Failed password for ubuntu from 206.123.145.51 port 3646 ssh2
Mar 29 09:20:22 cls sshd[660317]: Failed password for invalid user frappe from 206.123.145.79 port 12272 ssh2
Mar 29 09:20:25 cls sshd[660317]: Connection closed by invalid user frappe 206.123.145.79 port 12272 [preauth]
Mar 29 09:20:26 cls sshd[660315]: Connection closed by authenticating user ubuntu 206.123.145.51 port 3646 [preauth]
Mar 29 09:20:53 cls sshd[660344]: Invalid user jialiang from 206.123.145.75 port 54622
Mar 29 09:20:55 cls sshd[660344]: pam_unix(sshd:auth): check pass; user unknown
Mar 29 09:20:55 cls sshd[660344]: pam_unix(sshd:auth): authentication failure; logname= uid=0 euid=0 tty=ssh ruser= rhost=206.123.145.75 
Mar 29 09:20:57 cls sshd[660344]: Failed password for invalid user jialiang from 206.123.145.75 port 54622 ssh2
Mar 29 09:21:01 cls sshd[660344]: Connection closed by invalid user jialiang 206.123.145.75 port 54622 [preauth]
Mar 29 09:21:01 cls sshd[660347]: Invalid user test from 206.123.145.71 port 18152
Mar 29 09:21:02 cls sshd[660347]: pam_unix(sshd:auth): check pass; user unknown
Mar 29 09:21:02 cls sshd[660347]: pam_unix(sshd:auth): authentication failure; logname= uid=0 euid=0 tty=ssh ruser= rhost=206.123.145.71 
Mar 29 09:21:04 cls sshd[660347]: Failed password for invalid user test from 206.123.145.71 port 18152 ssh2
Mar 29 09:21:08 cls sshd[660347]: Connection closed by invalid user test 206.123.145.71 port 18152 [preauth]
Mar 29 09:21:27 cls sshd[660371]: Invalid user reza from 206.123.145.77 port 64894
Mar 29 09:21:30 cls sshd[660371]: pam_unix(sshd:auth): check pass; user unknown
Mar 29 09:21:30 cls sshd[660371]: pam_unix(sshd:auth): authentication failure; logname= uid=0 euid=0 tty=ssh ruser= rhost=206.123.145.77 
Mar 29 09:21:32 cls sshd[660371]: Failed password for invalid user reza from 206.123.145.77 port 64894 ssh2
Mar 29 09:21:35 cls sshd[660371]: Connection closed by invalid user reza 206.123.145.77 port 64894 [preauth]
Mar 29 09:21:51 cls sshd[660385]: Invalid user gauss from 130.12.181.101 port 17458
Mar 29 09:21:53 cls sshd[660385]: pam_unix(sshd:auth): check pass; user unknown
Mar 29 09:21:53 cls sshd[660385]: pam_unix(sshd:auth): authentication failure; logname= uid=0 euid=0 tty=ssh ruser= rhost=130.12.181.101 
Mar 29 09:21:55 cls sshd[660385]: Failed password for invalid user gauss from 130.12.181.101 port 17458 ssh2
Mar 29 09:21:57 cls sshd[660385]: Connection closed by invalid user gauss 130.12.181.101 port 17458 [preauth]
Mar 29 09:22:09 cls sshd[660402]: Invalid user radiolog from 130.12.181.104 port 33286
Mar 29 09:22:10 cls sshd[660402]: pam_unix(sshd:auth): check pass; user unknown
Mar 29 09:22:10 cls sshd[660402]: pam_unix(sshd:auth): authentication failure; logname= uid=0 euid=0 tty=ssh ruser= rhost=130.12.181.104 
Mar 29 09:22:12 cls sshd[660402]: Failed password for invalid user radiolog from 130.12.181.104 port 33286 ssh2
Mar 29 09:22:15 cls sshd[660402]: Connection closed by invalid user radiolog 130.12.181.104 port 33286 [preauth]
Mar 29 09:22:48 cls sshd[660432]: Invalid user linuxadmin from 206.123.145.69 port 59758
Mar 29 09:22:50 cls sshd[660432]: pam_unix(sshd:auth): check pass; user unknown
Mar 29 09:22:50 cls sshd[660432]: pam_unix(sshd:auth): authentication failure; logname= uid=0 euid=0 tty=ssh ruser= rhost=206.123.145.69 
Mar 29 09:22:53 cls sshd[660440]: pam_unix(sshd:auth): authentication failure; logname= uid=0 euid=0 tty=ssh ruser= rhost=206.123.145.76  user=ubuntu
Mar 29 09:22:53 cls sshd[660432]: Failed password for invalid user linuxadmin from 206.123.145.69 port 59758 ssh2
Mar 29 09:22:55 cls sshd[660440]: Failed password for ubuntu from 206.123.145.76 port 30286 ssh2
Mar 29 09:22:56 cls sshd[660432]: Connection closed by invalid user linuxadmin 206.123.145.69 port 59758 [preauth]
Mar 29 09:22:58 cls sshd[660440]: Connection closed by authenticating user ubuntu 206.123.145.76 port 30286 [preauth]
Mar 29 09:23:26 cls sshd[660471]: Invalid user liuyh from 130.12.181.107 port 31596
Mar 29 09:23:29 cls sshd[660471]: pam_unix(sshd:auth): check pass; user unknown
Mar 29 09:23:29 cls sshd[660471]: pam_unix(sshd:auth): authentication failure; logname= uid=0 euid=0 tty=ssh ruser= rhost=130.12.181.107 
Mar 29 09:23:30 cls sshd[660471]: Failed password for invalid user liuyh from 130.12.181.107 port 31596 ssh2
Mar 29 09:23:32 cls sshd[660471]: Connection closed by invalid user liuyh 130.12.181.107 port 31596 [preauth]
Mar 29 09:23:42 cls sshd[660475]: pam_unix(sshd:auth): authentication failure; logname= uid=0 euid=0 tty=ssh ruser= rhost=206.123.145.72  user=root
Mar 29 09:23:45 cls sshd[660475]: Failed password for root from 206.123.145.72 port 35962 ssh2
Mar 29 09:23:48 cls sshd[660475]: Connection closed by authenticating user root 206.123.145.72 port 35962 [preauth]
Mar 29 09:24:41 cls sshd[660510]: Invalid user db2fenc from 206.123.145.57 port 18650
Mar 29 09:24:42 cls sshd[660513]: Invalid user dipens from 130.12.181.97 port 37306
Mar 29 09:24:43 cls sshd[660513]: pam_unix(sshd:auth): check pass; user unknown
Mar 29 09:24:43 cls sshd[660513]: pam_unix(sshd:auth): authentication failure; logname= uid=0 euid=0 tty=ssh ruser= rhost=130.12.181.97 
Mar 29 09:24:44 cls sshd[660509]: Invalid user khj from 206.123.145.20 port 47340
Mar 29 09:24:46 cls sshd[660510]: pam_unix(sshd:auth): check pass; user unknown
Mar 29 09:24:46 cls sshd[660510]: pam_unix(sshd:auth): authentication failure; logname= uid=0 euid=0 tty=ssh ruser= rhost=206.123.145.57 
Mar 29 09:24:46 cls sshd[660513]: Failed password for invalid user dipens from 130.12.181.97 port 37306 ssh2
Mar 29 09:24:46 cls sshd[660509]: pam_unix(sshd:auth): check pass; user unknown
Mar 29 09:24:46 cls sshd[660509]: pam_unix(sshd:auth): authentication failure; logname= uid=0 euid=0 tty=ssh ruser= rhost=206.123.145.20 
Mar 29 09:24:47 cls sshd[660510]: Failed password for invalid user db2fenc from 206.123.145.57 port 18650 ssh2
Mar 29 09:24:48 cls sshd[660509]: Failed password for invalid user khj from 206.123.145.20 port 47340 ssh2
Mar 29 09:24:48 cls sshd[660513]: Connection closed by invalid user dipens 130.12.181.97 port 37306 [preauth]
Mar 29 09:24:49 cls sshd[660509]: Connection closed by invalid user khj 206.123.145.20 port 47340 [preauth]
Mar 29 09:24:51 cls sshd[660510]: Connection closed by invalid user db2fenc 206.123.145.57 port 18650 [preauth]
Mar 29 09:25:04 cls sshd[660517]: Invalid user lty from 130.12.181.105 port 19716
Mar 29 09:25:06 cls sshd[660517]: pam_unix(sshd:auth): check pass; user unknown
Mar 29 09:25:06 cls sshd[660517]: pam_unix(sshd:auth): authentication failure; logname= uid=0 euid=0 tty=ssh ruser= rhost=130.12.181.105 
Mar 29 09:25:08 cls sshd[660517]: Failed password for invalid user lty from 130.12.181.105 port 19716 ssh2
Mar 29 09:25:11 cls sshd[660517]: Connection closed by invalid user lty 130.12.181.105 port 19716 [preauth]
Mar 29 09:25:21 cls sshd[660536]: pam_unix(sshd:auth): authentication failure; logname= uid=0 euid=0 tty=ssh ruser= rhost=61.222.211.114  user=root
Mar 29 09:25:21 cls sshd[660529]: Invalid user asuka from 206.123.145.78 port 45798
Mar 29 09:25:22 cls sshd[660531]: Invalid user zhouxy from 206.123.145.74 port 26460
Mar 29 09:25:22 cls sshd[660530]: pam_unix(sshd:auth): authentication failure; logname= uid=0 euid=0 tty=ssh ruser= rhost=206.123.145.50  user=root
Mar 29 09:25:23 cls sshd[660529]: pam_unix(sshd:auth): check pass; user unknown
Mar 29 09:25:23 cls sshd[660529]: pam_unix(sshd:auth): authentication failure; logname= uid=0 euid=0 tty=ssh ruser= rhost=206.123.145.78 
Mar 29 09:25:23 cls sshd[660536]: Failed password for root from 61.222.211.114 port 47496 ssh2
Mar 29 09:25:24 cls sshd[660531]: pam_unix(sshd:auth): check pass; user unknown
Mar 29 09:25:24 cls sshd[660531]: pam_unix(sshd:auth): authentication failure; logname= uid=0 euid=0 tty=ssh ruser= rhost=206.123.145.74 
Mar 29 09:25:24 cls sshd[660530]: Failed password for root from 206.123.145.50 port 28622 ssh2
Mar 29 09:25:24 cls sshd[660536]: Received disconnect from 61.222.211.114 port 47496:11: Bye Bye [preauth]
Mar 29 09:25:24 cls sshd[660536]: Disconnected from authenticating user root 61.222.211.114 port 47496 [preauth]
Mar 29 09:25:25 cls sshd[660529]: Failed password for invalid user asuka from 206.123.145.78 port 45798 ssh2
Mar 29 09:25:26 cls sshd[660531]: Failed password for invalid user zhouxy from 206.123.145.74 port 26460 ssh2
Mar 29 09:25:27 cls sshd[660531]: Connection closed by invalid user zhouxy 206.123.145.74 port 26460 [preauth]
Mar 29 09:25:28 cls sshd[660530]: Connection closed by authenticating user root 206.123.145.50 port 28622 [preauth]
Mar 29 09:25:29 cls sshd[660529]: Connection closed by invalid user asuka 206.123.145.78 port 45798 [preauth]
Mar 29 09:25:34 cls sshd[660538]: pam_unix(sshd:auth): authentication failure; logname= uid=0 euid=0 tty=ssh ruser= rhost=206.123.145.55  user=root
Mar 29 09:25:36 cls sshd[660538]: Failed password for root from 206.123.145.55 port 19174 ssh2
Mar 29 09:25:38 cls sshd[660540]: Invalid user wuchao from 206.123.145.49 port 38150
Mar 29 09:25:39 cls sshd[660538]: Connection closed by authenticating user root 206.123.145.55 port 19174 [preauth]
Mar 29 09:25:40 cls sshd[660540]: pam_unix(sshd:auth): check pass; user unknown
Mar 29 09:25:40 cls sshd[660540]: pam_unix(sshd:auth): authentication failure; logname= uid=0 euid=0 tty=ssh ruser= rhost=206.123.145.49 
Mar 29 09:25:42 cls sshd[660540]: Failed password for invalid user wuchao from 206.123.145.49 port 38150 ssh2
Mar 29 09:25:51 cls sshd[660544]: Invalid user ai from 130.12.181.103 port 61860
Mar 29 09:25:53 cls sshd[660544]: pam_unix(sshd:auth): check pass; user unknown
Mar 29 09:25:53 cls sshd[660544]: pam_unix(sshd:auth): authentication failure; logname= uid=0 euid=0 tty=ssh ruser= rhost=130.12.181.103 
Mar 29 09:25:54 cls sshd[660540]: Connection closed by invalid user wuchao 206.123.145.49 port 38150 [preauth]
Mar 29 09:25:55 cls sshd[660544]: Failed password for invalid user ai from 130.12.181.103 port 61860 ssh2
Mar 29 09:25:57 cls sshd[660544]: Connection closed by invalid user ai 130.12.181.103 port 61860 [preauth]
Mar 29 09:26:34 cls sshd[660566]: Invalid user apache from 130.12.181.106 port 63244
Mar 29 09:26:36 cls sshd[660566]: pam_unix(sshd:auth): check pass; user unknown
Mar 29 09:26:36 cls sshd[660566]: pam_unix(sshd:auth): authentication failure; logname= uid=0 euid=0 tty=ssh ruser= rhost=130.12.181.106 
Mar 29 09:26:36 cls sshd[660568]: Invalid user wenx from 130.12.181.109 port 41748
Mar 29 09:26:37 cls sshd[660568]: pam_unix(sshd:auth): check pass; user unknown
Mar 29 09:26:37 cls sshd[660568]: pam_unix(sshd:auth): authentication failure; logname= uid=0 euid=0 tty=ssh ruser= rhost=130.12.181.109 
Mar 29 09:26:38 cls sshd[660566]: Failed password for invalid user apache from 130.12.181.106 port 63244 ssh2
Mar 29 09:26:39 cls sshd[660568]: Failed password for invalid user wenx from 130.12.181.109 port 41748 ssh2
Mar 29 09:26:41 cls sshd[660566]: Connection closed by invalid user apache 130.12.181.106 port 63244 [preauth]
Mar 29 09:26:43 cls sshd[660568]: Connection closed by invalid user wenx 130.12.181.109 port 41748 [preauth]
Mar 29 09:26:56 cls sshd[660576]: Invalid user zxh from 130.12.181.98 port 61622
Mar 29 09:26:58 cls sshd[660576]: pam_unix(sshd:auth): check pass; user unknown
Mar 29 09:26:58 cls sshd[660576]: pam_unix(sshd:auth): authentication failure; logname= uid=0 euid=0 tty=ssh ruser= rhost=130.12.181.98 
Mar 29 09:27:00 cls sshd[660576]: Failed password for invalid user zxh from 130.12.181.98 port 61622 ssh2
Mar 29 09:27:02 cls sshd[660576]: Connection closed by invalid user zxh 130.12.181.98 port 61622 [preauth]
Mar 29 09:27:17 cls sshd[660591]: pam_unix(sshd:auth): authentication failure; logname= uid=0 euid=0 tty=ssh ruser= rhost=103.183.75.204  user=root
Mar 29 09:27:20 cls sshd[660591]: Failed password for root from 103.183.75.204 port 43564 ssh2
Mar 29 09:27:20 cls sshd[660591]: Received disconnect from 103.183.75.204 port 43564:11: Bye Bye [preauth]
Mar 29 09:27:20 cls sshd[660591]: Disconnected from authenticating user root 103.183.75.204 port 43564 [preauth]
Mar 29 09:27:49 cls sshd[660598]: Invalid user akgit from 130.12.181.99 port 23324
Mar 29 09:27:51 cls sshd[660598]: pam_unix(sshd:auth): check pass; user unknown
Mar 29 09:27:51 cls sshd[660598]: pam_unix(sshd:auth): authentication failure; logname= uid=0 euid=0 tty=ssh ruser= rhost=130.12.181.99 
Mar 29 09:27:52 cls sshd[660598]: Failed password for invalid user akgit from 130.12.181.99 port 23324 ssh2
Mar 29 09:27:52 cls sshd[660600]: Invalid user lgq from 130.12.181.108 port 9812
Mar 29 09:27:53 cls sshd[660600]: pam_unix(sshd:auth): check pass; user unknown
Mar 29 09:27:53 cls sshd[660600]: pam_unix(sshd:auth): authentication failure; logname= uid=0 euid=0 tty=ssh ruser= rhost=130.12.181.108 
Mar 29 09:27:54 cls sshd[660598]: Connection closed by invalid user akgit 130.12.181.99 port 23324 [preauth]
Mar 29 09:27:55 cls sshd[660600]: Failed password for invalid user lgq from 130.12.181.108 port 9812 ssh2
Mar 29 09:27:59 cls sshd[660600]: Connection closed by invalid user lgq 130.12.181.108 port 9812 [preauth]
Mar 29 09:28:01 cls sshd[660602]: Invalid user yexiangmin from 130.12.181.100 port 55898
Mar 29 09:28:02 cls sshd[660602]: pam_unix(sshd:auth): check pass; user unknown
Mar 29 09:28:02 cls sshd[660602]: pam_unix(sshd:auth): authentication failure; logname= uid=0 euid=0 tty=ssh ruser= rhost=130.12.181.100 
Mar 29 09:28:04 cls sshd[660602]: Failed password for invalid user yexiangmin from 130.12.181.100 port 55898 ssh2
Mar 29 09:28:08 cls sshd[660602]: Connection closed by invalid user yexiangmin 130.12.181.100 port 55898 [preauth]
Mar 29 09:28:08 cls sshd[660604]: Invalid user prueba from 206.123.145.53 port 52478
Mar 29 09:28:09 cls sshd[660604]: pam_unix(sshd:auth): check pass; user unknown
Mar 29 09:28:09 cls sshd[660604]: pam_unix(sshd:auth): authentication failure; logname= uid=0 euid=0 tty=ssh ruser= rhost=206.123.145.53 
Mar 29 09:28:10 cls sshd[660606]: Invalid user sangkun from 206.123.145.56 port 38684
Mar 29 09:28:11 cls sshd[660604]: Failed password for invalid user prueba from 206.123.145.53 port 52478 ssh2
Mar 29 09:28:12 cls sshd[660608]: Invalid user zhujz from 130.12.181.102 port 62070
Mar 29 09:28:12 cls sshd[660606]: pam_unix(sshd:auth): check pass; user unknown
Mar 29 09:28:12 cls sshd[660606]: pam_unix(sshd:auth): authentication failure; logname= uid=0 euid=0 tty=ssh ruser= rhost=206.123.145.56 
Mar 29 09:28:14 cls sshd[660604]: Connection closed by invalid user prueba 206.123.145.53 port 52478 [preauth]
Mar 29 09:28:14 cls sshd[660606]: Failed password for invalid user sangkun from 206.123.145.56 port 38684 ssh2
Mar 29 09:28:15 cls sshd[660608]: pam_unix(sshd:auth): check pass; user unknown
Mar 29 09:28:15 cls sshd[660608]: pam_unix(sshd:auth): authentication failure; logname= uid=0 euid=0 tty=ssh ruser= rhost=130.12.181.102 
Mar 29 09:28:16 cls sshd[660606]: Connection closed by invalid user sangkun 206.123.145.56 port 38684 [preauth]
Mar 29 09:28:17 cls sshd[660608]: Failed password for invalid user zhujz from 130.12.181.102 port 62070 ssh2
Mar 29 09:28:21 cls sshd[660608]: Connection closed by invalid user zhujz 130.12.181.102 port 62070 [preauth]
Mar 29 09:28:54 cls sshd[660638]: Invalid user fzsui from 206.123.145.73 port 9808
Mar 29 09:28:56 cls sshd[660640]: pam_unix(sshd:auth): authentication failure; logname= uid=0 euid=0 tty=ssh ruser= rhost=61.222.211.114  user=root
Mar 29 09:28:56 cls sshd[660638]: pam_unix(sshd:auth): check pass; user unknown
Mar 29 09:28:56 cls sshd[660638]: pam_unix(sshd:auth): authentication failure; logname= uid=0 euid=0 tty=ssh ruser= rhost=206.123.145.73 
Mar 29 09:28:57 cls sshd[660640]: Failed password for root from 61.222.211.114 port 59512 ssh2
Mar 29 09:28:58 cls sshd[660638]: Failed password for invalid user fzsui from 206.123.145.73 port 9808 ssh2
Mar 29 09:28:58 cls sshd[660640]: Received disconnect from 61.222.211.114 port 59512:11: Bye Bye [preauth]
Mar 29 09:28:58 cls sshd[660640]: Disconnected from authenticating user root 61.222.211.114 port 59512 [preauth]
Mar 29 09:29:01 cls sshd[660638]: Connection closed by invalid user fzsui 206.123.145.73 port 9808 [preauth]
Mar 29 09:29:20 cls sshd[660658]: pam_unix(sshd:auth): authentication failure; logname= uid=0 euid=0 tty=ssh ruser= rhost=101.52.130.122  user=root
Mar 29 09:29:22 cls sshd[660658]: Failed password for root from 101.52.130.122 port 51840 ssh2
Mar 29 09:29:29 cls sshd[660660]: Invalid user dell from 206.123.145.54 port 41078
Mar 29 09:29:31 cls sshd[660660]: pam_unix(sshd:auth): check pass; user unknown
Mar 29 09:29:31 cls sshd[660660]: pam_unix(sshd:auth): authentication failure; logname= uid=0 euid=0 tty=ssh ruser= rhost=206.123.145.54 
Mar 29 09:29:31 cls sshd[660662]: Invalid user lmr from 206.123.145.46 port 56942
Mar 29 09:29:33 cls sshd[660662]: pam_unix(sshd:auth): check pass; user unknown
Mar 29 09:29:33 cls sshd[660662]: pam_unix(sshd:auth): authentication failure; logname= uid=0 euid=0 tty=ssh ruser= rhost=206.123.145.46 
Mar 29 09:29:33 cls sshd[660660]: Failed password for invalid user dell from 206.123.145.54 port 41078 ssh2
Mar 29 09:29:35 cls sshd[660662]: Failed password for invalid user lmr from 206.123.145.46 port 56942 ssh2
Mar 29 09:29:38 cls sshd[660662]: Connection closed by invalid user lmr 206.123.145.46 port 56942 [preauth]
Mar 29 09:29:38 cls sshd[660660]: Connection closed by invalid user dell 206.123.145.54 port 41078 [preauth]
Mar 29 09:29:44 cls sshd[660670]: pam_unix(sshd:auth): authentication failure; logname= uid=0 euid=0 tty=ssh ruser= rhost=206.123.145.48  user=root
Mar 29 09:29:46 cls sshd[660670]: Failed password for root from 206.123.145.48 port 39302 ssh2
Mar 29 09:29:48 cls sshd[660670]: Connection closed by authenticating user root 206.123.145.48 port 39302 [preauth]
Mar 29 09:29:59 cls sshd[660680]: pam_unix(sshd:auth): authentication failure; logname= uid=0 euid=0 tty=ssh ruser= rhost=206.123.145.52  user=root
Mar 29 09:30:01 cls sshd[660680]: Failed password for root from 206.123.145.52 port 52124 ssh2
Mar 29 09:30:03 cls sshd[660680]: Connection closed by authenticating user root 206.123.145.52 port 52124 [preauth]
Mar 29 09:30:20 cls sshd[660692]: Invalid user ycys from 206.123.145.70 port 36030
Mar 29 09:30:21 cls sshd[660694]: Invalid user kingbase from 206.123.145.51 port 31498
Mar 29 09:30:23 cls sshd[660692]: pam_unix(sshd:auth): check pass; user unknown
Mar 29 09:30:23 cls sshd[660692]: pam_unix(sshd:auth): authentication failure; logname= uid=0 euid=0 tty=ssh ruser= rhost=206.123.145.70 
Mar 29 09:30:24 cls sshd[660694]: pam_unix(sshd:auth): check pass; user unknown
Mar 29 09:30:24 cls sshd[660694]: pam_unix(sshd:auth): authentication failure; logname= uid=0 euid=0 tty=ssh ruser= rhost=206.123.145.51 
Mar 29 09:30:25 cls sshd[660692]: Failed password for invalid user ycys from 206.123.145.70 port 36030 ssh2
Mar 29 09:30:26 cls sshd[660694]: Failed password for invalid user kingbase from 206.123.145.51 port 31498 ssh2
Mar 29 09:30:28 cls sshd[660694]: Connection closed by invalid user kingbase 206.123.145.51 port 31498 [preauth]
Mar 29 09:30:31 cls sshd[660692]: Connection closed by invalid user ycys 206.123.145.70 port 36030 [preauth]
Mar 29 09:30:46 cls sshd[660718]: Invalid user liangqf from 130.12.181.101 port 37222
Mar 29 09:30:48 cls sshd[660718]: pam_unix(sshd:auth): check pass; user unknown
Mar 29 09:30:48 cls sshd[660718]: pam_unix(sshd:auth): authentication failure; logname= uid=0 euid=0 tty=ssh ruser= rhost=130.12.181.101 
Mar 29 09:30:48 cls sshd[660719]: pam_unix(sshd:auth): authentication failure; logname= uid=0 euid=0 tty=ssh ruser= rhost=206.123.145.79  user=root
Mar 29 09:30:50 cls sshd[660724]: Invalid user dxy from 130.12.181.104 port 17994
Mar 29 09:30:50 cls sshd[660718]: Failed password for invalid user liangqf from 130.12.181.101 port 37222 ssh2
Mar 29 09:30:50 cls sshd[660719]: Failed password for root from 206.123.145.79 port 3166 ssh2
Mar 29 09:30:51 cls sshd[660724]: pam_unix(sshd:auth): check pass; user unknown
Mar 29 09:30:51 cls sshd[660724]: pam_unix(sshd:auth): authentication failure; logname= uid=0 euid=0 tty=ssh ruser= rhost=130.12.181.104 
Mar 29 09:30:52 cls sshd[660736]: pam_unix(sshd:auth): authentication failure; logname= uid=0 euid=0 tty=ssh ruser= rhost=61.222.211.114  user=root
Mar 29 09:30:52 cls sshd[660718]: Connection closed by invalid user liangqf 130.12.181.101 port 37222 [preauth]
Mar 29 09:30:53 cls sshd[660724]: Failed password for invalid user dxy from 130.12.181.104 port 17994 ssh2
Mar 29 09:30:54 cls sshd[660719]: Connection closed by authenticating user root 206.123.145.79 port 3166 [preauth]
Mar 29 09:30:54 cls sshd[660736]: Failed password for root from 61.222.211.114 port 53728 ssh2
Mar 29 09:30:55 cls sshd[660736]: Received disconnect from 61.222.211.114 port 53728:11: Bye Bye [preauth]
Mar 29 09:30:55 cls sshd[660736]: Disconnected from authenticating user root 61.222.211.114 port 53728 [preauth]
Mar 29 09:30:56 cls sshd[660724]: Connection closed by invalid user dxy 130.12.181.104 port 17994 [preauth]
Mar 29 09:31:13 cls sshd[660750]: Invalid user dipens from 206.123.145.75 port 33240
Mar 29 09:31:16 cls sshd[660750]: pam_unix(sshd:auth): check pass; user unknown
Mar 29 09:31:16 cls sshd[660750]: pam_unix(sshd:auth): authentication failure; logname= uid=0 euid=0 tty=ssh ruser= rhost=206.123.145.75 
Mar 29 09:31:18 cls sshd[660750]: Failed password for invalid user dipens from 206.123.145.75 port 33240 ssh2
Mar 29 09:31:24 cls sshd[660750]: Connection closed by invalid user dipens 206.123.145.75 port 33240 [preauth]
Mar 29 09:31:38 cls sshd[660794]: pam_unix(sshd:auth): authentication failure; logname= uid=0 euid=0 tty=ssh ruser= rhost=49.49.231.154  user=root
Mar 29 09:31:40 cls sshd[660794]: Failed password for root from 49.49.231.154 port 54096 ssh2
Mar 29 09:31:43 cls sshd[660794]: Received disconnect from 49.49.231.154 port 54096:11: Bye Bye [preauth]
Mar 29 09:31:43 cls sshd[660794]: Disconnected from authenticating user root 49.49.231.154 port 54096 [preauth]
Mar 29 09:31:52 cls sshd[660800]: Invalid user nagios from 206.123.145.71 port 50936
Mar 29 09:31:53 cls sshd[660800]: pam_unix(sshd:auth): check pass; user unknown
Mar 29 09:31:53 cls sshd[660800]: pam_unix(sshd:auth): authentication failure; logname= uid=0 euid=0 tty=ssh ruser= rhost=206.123.145.71 
Mar 29 09:31:55 cls sshd[660800]: Failed password for invalid user nagios from 206.123.145.71 port 50936 ssh2
Mar 29 09:31:59 cls sshd[660800]: Connection closed by invalid user nagios 206.123.145.71 port 50936 [preauth]
Mar 29 09:32:09 cls sshd[660812]: pam_unix(sshd:auth): authentication failure; logname= uid=0 euid=0 tty=ssh ruser= rhost=130.12.181.107  user=root
Mar 29 09:32:11 cls sshd[660812]: Failed password for root from 130.12.181.107 port 7640 ssh2
Mar 29 09:32:14 cls sshd[660812]: Connection closed by authenticating user root 130.12.181.107 port 7640 [preauth]
Mar 29 09:32:18 cls sshd[660822]: Invalid user zhaoxiaomeng from 206.123.145.77 port 25426
Mar 29 09:32:19 cls sshd[660822]: pam_unix(sshd:auth): check pass; user unknown
Mar 29 09:32:19 cls sshd[660822]: pam_unix(sshd:auth): authentication failure; logname= uid=0 euid=0 tty=ssh ruser= rhost=206.123.145.77 
Mar 29 09:32:21 cls sshd[660822]: Failed password for invalid user zhaoxiaomeng from 206.123.145.77 port 25426 ssh2
Mar 29 09:32:25 cls sshd[660822]: Connection closed by invalid user zhaoxiaomeng 206.123.145.77 port 25426 [preauth]
Mar 29 09:32:50 cls sshd[660841]: pam_unix(sshd:auth): authentication failure; logname= uid=0 euid=0 tty=ssh ruser= rhost=61.222.211.114  user=root
Mar 29 09:32:53 cls sshd[660841]: Failed password for root from 61.222.211.114 port 44542 ssh2
Mar 29 09:32:53 cls sshd[660841]: Received disconnect from 61.222.211.114 port 44542:11: Bye Bye [preauth]
Mar 29 09:32:53 cls sshd[660841]: Disconnected from authenticating user root 61.222.211.114 port 44542 [preauth]
Mar 29 09:33:23 cls sshd[660847]: Invalid user alex from 206.123.145.69 port 35690
Mar 29 09:33:26 cls sshd[660847]: pam_unix(sshd:auth): check pass; user unknown
Mar 29 09:33:26 cls sshd[660847]: pam_unix(sshd:auth): authentication failure; logname= uid=0 euid=0 tty=ssh ruser= rhost=206.123.145.69 
Mar 29 09:33:28 cls sshd[660847]: Failed password for invalid user alex from 206.123.145.69 port 35690 ssh2
Mar 29 09:33:32 cls sshd[660847]: Connection closed by invalid user alex 206.123.145.69 port 35690 [preauth]
Mar 29 09:33:33 cls sshd[660864]: Invalid user jasa2201 from 206.123.145.76 port 54776
Mar 29 09:33:34 cls sshd[660863]: Invalid user linaro from 130.12.181.97 port 10240
Mar 29 09:33:35 cls sshd[660864]: pam_unix(sshd:auth): check pass; user unknown
Mar 29 09:33:35 cls sshd[660864]: pam_unix(sshd:auth): authentication failure; logname= uid=0 euid=0 tty=ssh ruser= rhost=206.123.145.76 
Mar 29 09:33:35 cls sshd[660863]: pam_unix(sshd:auth): check pass; user unknown
Mar 29 09:33:35 cls sshd[660863]: pam_unix(sshd:auth): authentication failure; logname= uid=0 euid=0 tty=ssh ruser= rhost=130.12.181.97 
Mar 29 09:33:37 cls sshd[660864]: Failed password for invalid user jasa2201 from 206.123.145.76 port 54776 ssh2
Mar 29 09:33:37 cls sshd[660863]: Failed password for invalid user linaro from 130.12.181.97 port 10240 ssh2
Mar 29 09:33:40 cls sshd[660864]: Connection closed by invalid user jasa2201 206.123.145.76 port 54776 [preauth]
Mar 29 09:33:41 cls sshd[660863]: Connection closed by invalid user linaro 130.12.181.97 port 10240 [preauth]
Mar 29 09:34:04 cls sshd[660873]: Invalid user svradmin from 130.12.181.105 port 18864
Mar 29 09:34:06 cls sshd[660873]: pam_unix(sshd:auth): check pass; user unknown
Mar 29 09:34:06 cls sshd[660873]: pam_unix(sshd:auth): authentication failure; logname= uid=0 euid=0 tty=ssh ruser= rhost=130.12.181.105 
Mar 29 09:34:08 cls sshd[660873]: Failed password for invalid user svradmin from 130.12.181.105 port 18864 ssh2
Mar 29 09:34:11 cls sshd[660875]: Invalid user fengyuan from 130.12.181.98 port 50242
Mar 29 09:34:12 cls sshd[660873]: Connection closed by invalid user svradmin 130.12.181.105 port 18864 [preauth]
Mar 29 09:34:13 cls sshd[660875]: pam_unix(sshd:auth): check pass; user unknown
Mar 29 09:34:13 cls sshd[660875]: pam_unix(sshd:auth): authentication failure; logname= uid=0 euid=0 tty=ssh ruser= rhost=130.12.181.98 
Mar 29 09:34:15 cls sshd[660875]: Failed password for invalid user fengyuan from 130.12.181.98 port 50242 ssh2
Mar 29 09:34:19 cls sshd[660875]: Connection closed by invalid user fengyuan 130.12.181.98 port 50242 [preauth]
Mar 29 09:34:39 cls sshd[660891]: pam_unix(sshd:auth): authentication failure; logname= uid=0 euid=0 tty=ssh ruser= rhost=206.123.145.72  user=root
Mar 29 09:34:39 cls sshd[660893]: Invalid user pi from 130.12.181.103 port 6680
Mar 29 09:34:41 cls sshd[660893]: pam_unix(sshd:auth): check pass; user unknown
Mar 29 09:34:41 cls sshd[660893]: pam_unix(sshd:auth): authentication failure; logname= uid=0 euid=0 tty=ssh ruser= rhost=130.12.181.103 
Mar 29 09:34:41 cls sshd[660891]: Failed password for root from 206.123.145.72 port 59762 ssh2
Mar 29 09:34:43 cls sshd[660891]: Connection closed by authenticating user root 206.123.145.72 port 59762 [preauth]
Mar 29 09:34:43 cls sshd[660893]: Failed password for invalid user pi from 130.12.181.103 port 6680 ssh2
Mar 29 09:34:45 cls sshd[660895]: pam_unix(sshd:auth): authentication failure; logname= uid=0 euid=0 tty=ssh ruser= rhost=61.222.211.114  user=root
Mar 29 09:34:46 cls sshd[660893]: Connection closed by invalid user pi 130.12.181.103 port 6680 [preauth]
Mar 29 09:34:47 cls sshd[660895]: Failed password for root from 61.222.211.114 port 41494 ssh2
Mar 29 09:34:48 cls sshd[660895]: Received disconnect from 61.222.211.114 port 41494:11: Bye Bye [preauth]
Mar 29 09:34:48 cls sshd[660895]: Disconnected from authenticating user root 61.222.211.114 port 41494 [preauth]
Mar 29 09:35:01 cls sshd[660902]: Invalid user liangwd from 206.123.145.20 port 1114
Mar 29 09:35:02 cls sshd[660903]: Invalid user mythtv from 206.123.145.57 port 62592
Mar 29 09:35:03 cls sshd[660902]: pam_unix(sshd:auth): check pass; user unknown
Mar 29 09:35:03 cls sshd[660902]: pam_unix(sshd:auth): authentication failure; logname= uid=0 euid=0 tty=ssh ruser= rhost=206.123.145.20 
Mar 29 09:35:03 cls sshd[660903]: pam_unix(sshd:auth): check pass; user unknown
Mar 29 09:35:03 cls sshd[660903]: pam_unix(sshd:auth): authentication failure; logname= uid=0 euid=0 tty=ssh ruser= rhost=206.123.145.57 
Mar 29 09:35:05 cls sshd[660902]: Failed password for invalid user liangwd from 206.123.145.20 port 1114 ssh2
Mar 29 09:35:05 cls sshd[660903]: Failed password for invalid user mythtv from 206.123.145.57 port 62592 ssh2
Mar 29 09:35:08 cls sshd[660903]: Connection closed by invalid user mythtv 206.123.145.57 port 62592 [preauth]
Mar 29 09:35:09 cls sshd[660902]: Connection closed by invalid user liangwd 206.123.145.20 port 1114 [preauth]
Mar 29 09:35:11 cls sshd[660906]: pam_unix(sshd:auth): authentication failure; logname= uid=0 euid=0 tty=ssh ruser= rhost=103.183.75.204  user=root
Mar 29 09:35:12 cls sshd[660906]: Failed password for root from 103.183.75.204 port 33318 ssh2
Mar 29 09:35:13 cls sshd[660906]: Received disconnect from 103.183.75.204 port 33318:11: Bye Bye [preauth]
Mar 29 09:35:13 cls sshd[660906]: Disconnected from authenticating user root 103.183.75.204 port 33318 [preauth]
Mar 29 09:35:26 cls sshd[660916]: Invalid user yx from 130.12.181.109 port 28694
Mar 29 09:35:28 cls sshd[660916]: pam_unix(sshd:auth): check pass; user unknown
Mar 29 09:35:28 cls sshd[660916]: pam_unix(sshd:auth): authentication failure; logname= uid=0 euid=0 tty=ssh ruser= rhost=130.12.181.109 
Mar 29 09:35:30 cls sshd[660916]: Failed password for invalid user yx from 130.12.181.109 port 28694 ssh2
Mar 29 09:35:31 cls sshd[660917]: Invalid user darshb from 206.123.145.50 port 39912
Mar 29 09:35:34 cls sshd[660916]: Connection closed by invalid user yx 130.12.181.109 port 28694 [preauth]
Mar 29 09:35:35 cls sshd[660917]: pam_unix(sshd:auth): check pass; user unknown
Mar 29 09:35:35 cls sshd[660917]: pam_unix(sshd:auth): authentication failure; logname= uid=0 euid=0 tty=ssh ruser= rhost=206.123.145.50 
Mar 29 09:35:36 cls sshd[660917]: Failed password for invalid user darshb from 206.123.145.50 port 39912 ssh2
Mar 29 09:35:38 cls sshd[660917]: Connection closed by invalid user darshb 206.123.145.50 port 39912 [preauth]
Mar 29 09:35:40 cls sshd[660920]: pam_unix(sshd:auth): authentication failure; logname= uid=0 euid=0 tty=ssh ruser= rhost=130.12.181.106  user=root
Mar 29 09:35:41 cls sshd[660920]: Failed password for root from 130.12.181.106 port 2860 ssh2
Mar 29 09:35:44 cls sshd[660920]: Connection closed by authenticating user root 130.12.181.106 port 2860 [preauth]
Mar 29 09:35:50 cls sshd[660923]: Invalid user cm from 206.123.145.78 port 5470
Mar 29 09:35:52 cls sshd[660923]: pam_unix(sshd:auth): check pass; user unknown
Mar 29 09:35:52 cls sshd[660923]: pam_unix(sshd:auth): authentication failure; logname= uid=0 euid=0 tty=ssh ruser= rhost=206.123.145.78 
Mar 29 09:35:54 cls sshd[660922]: pam_unix(sshd:auth): authentication failure; logname= uid=0 euid=0 tty=ssh ruser= rhost=206.123.145.49  user=root
Mar 29 09:35:54 cls sshd[660923]: Failed password for invalid user cm from 206.123.145.78 port 5470 ssh2
Mar 29 09:35:56 cls sshd[660922]: Failed password for root from 206.123.145.49 port 25334 ssh2
Mar 29 09:35:56 cls sshd[660925]: Invalid user baobao from 206.123.145.55 port 56068
Mar 29 09:35:58 cls sshd[660923]: Connection closed by invalid user cm 206.123.145.78 port 5470 [preauth]
Mar 29 09:35:59 cls sshd[660925]: pam_unix(sshd:auth): check pass; user unknown
Mar 29 09:35:59 cls sshd[660925]: pam_unix(sshd:auth): authentication failure; logname= uid=0 euid=0 tty=ssh ruser= rhost=206.123.145.55 
Mar 29 09:36:01 cls sshd[660925]: Failed password for invalid user baobao from 206.123.145.55 port 56068 ssh2
Mar 29 09:36:03 cls sshd[660925]: Connection closed by invalid user baobao 206.123.145.55 port 56068 [preauth]
Mar 29 09:36:04 cls sshd[660922]: Connection closed by authenticating user root 206.123.145.49 port 25334 [preauth]
Mar 29 09:36:06 cls sshd[660933]: pam_unix(sshd:auth): authentication failure; logname= uid=0 euid=0 tty=ssh ruser= rhost=49.49.231.154  user=root
Mar 29 09:36:08 cls sshd[660933]: Failed password for root from 49.49.231.154 port 36444 ssh2
Mar 29 09:36:09 cls sshd[660933]: Received disconnect from 49.49.231.154 port 36444:11: Bye Bye [preauth]
Mar 29 09:36:09 cls sshd[660933]: Disconnected from authenticating user root 49.49.231.154 port 36444 [preauth]
Mar 29 09:36:10 cls sshd[660931]: pam_unix(sshd:auth): authentication failure; logname= uid=0 euid=0 tty=ssh ruser= rhost=206.123.145.74  user=ubuntu
Mar 29 09:36:11 cls sshd[660931]: Failed password for ubuntu from 206.123.145.74 port 59614 ssh2
Mar 29 09:36:13 cls sshd[660931]: Connection closed by authenticating user ubuntu 206.123.145.74 port 59614 [preauth]
Mar 29 09:36:28 cls sshd[660943]: Invalid user yangwc from 130.12.181.99 port 58998
Mar 29 09:36:31 cls sshd[660943]: pam_unix(sshd:auth): check pass; user unknown
Mar 29 09:36:31 cls sshd[660943]: pam_unix(sshd:auth): authentication failure; logname= uid=0 euid=0 tty=ssh ruser= rhost=130.12.181.99 
Mar 29 09:36:33 cls sshd[660943]: Failed password for invalid user yangwc from 130.12.181.99 port 58998 ssh2
Mar 29 09:36:37 cls sshd[660943]: Connection closed by invalid user yangwc 130.12.181.99 port 58998 [preauth]
Mar 29 09:36:42 cls sshd[660964]: pam_unix(sshd:auth): authentication failure; logname= uid=0 euid=0 tty=ssh ruser= rhost=61.222.211.114  user=root
Mar 29 09:36:44 cls sshd[660964]: Failed password for root from 61.222.211.114 port 53352 ssh2
Mar 29 09:36:44 cls sshd[660964]: Received disconnect from 61.222.211.114 port 53352:11: Bye Bye [preauth]
Mar 29 09:36:44 cls sshd[660964]: Disconnected from authenticating user root 61.222.211.114 port 53352 [preauth]
Mar 29 09:36:50 cls sshd[660963]: pam_unix(sshd:auth): authentication failure; logname= uid=0 euid=0 tty=ssh ruser= rhost=130.12.181.108  user=root
Mar 29 09:36:51 cls sshd[660963]: Failed password for root from 130.12.181.108 port 17058 ssh2
Mar 29 09:36:54 cls sshd[660963]: Connection closed by authenticating user root 130.12.181.108 port 17058 [preauth]
Mar 29 09:36:58 cls sshd[660968]: Invalid user library from 130.12.181.100 port 64910
Mar 29 09:37:00 cls sshd[660968]: pam_unix(sshd:auth): check pass; user unknown
Mar 29 09:37:00 cls sshd[660968]: pam_unix(sshd:auth): authentication failure; logname= uid=0 euid=0 tty=ssh ruser= rhost=130.12.181.100 
Mar 29 09:37:02 cls sshd[660968]: Failed password for invalid user library from 130.12.181.100 port 64910 ssh2
Mar 29 09:37:04 cls sshd[660970]: Invalid user liuyx from 130.12.181.102 port 27614
Mar 29 09:37:05 cls sshd[660968]: Connection closed by invalid user library 130.12.181.100 port 64910 [preauth]
Mar 29 09:37:06 cls sshd[660970]: pam_unix(sshd:auth): check pass; user unknown
Mar 29 09:37:06 cls sshd[660970]: pam_unix(sshd:auth): authentication failure; logname= uid=0 euid=0 tty=ssh ruser= rhost=130.12.181.102 
Mar 29 09:37:08 cls sshd[660970]: Failed password for invalid user liuyx from 130.12.181.102 port 27614 ssh2
Mar 29 09:37:11 cls sshd[660970]: Connection closed by invalid user liuyx 130.12.181.102 port 27614 [preauth]
Mar 29 09:38:26 cls sshd[661007]: Invalid user sangwzh from 206.123.145.53 port 65530
Mar 29 09:38:29 cls sshd[661007]: pam_unix(sshd:auth): check pass; user unknown
Mar 29 09:38:29 cls sshd[661007]: pam_unix(sshd:auth): authentication failure; logname= uid=0 euid=0 tty=ssh ruser= rhost=206.123.145.53 
Mar 29 09:38:31 cls sshd[661007]: Failed password for invalid user sangwzh from 206.123.145.53 port 65530 ssh2
Mar 29 09:38:35 cls sshd[661007]: Connection closed by invalid user sangwzh 206.123.145.53 port 65530 [preauth]
Mar 29 09:38:35 cls sshd[661023]: Invalid user alpha from 206.123.145.56 port 13872
Mar 29 09:38:38 cls sshd[661023]: pam_unix(sshd:auth): check pass; user unknown
Mar 29 09:38:38 cls sshd[661023]: pam_unix(sshd:auth): authentication failure; logname= uid=0 euid=0 tty=ssh ruser= rhost=206.123.145.56 
Mar 29 09:38:39 cls sshd[661033]: pam_unix(sshd:auth): authentication failure; logname= uid=0 euid=0 tty=ssh ruser= rhost=103.183.75.204  user=root
Mar 29 09:38:41 cls sshd[661023]: Failed password for invalid user alpha from 206.123.145.56 port 13872 ssh2
Mar 29 09:38:42 cls sshd[661033]: Failed password for root from 103.183.75.204 port 55910 ssh2
Mar 29 09:38:42 cls sshd[661033]: Received disconnect from 103.183.75.204 port 55910:11: Bye Bye [preauth]
Mar 29 09:38:42 cls sshd[661033]: Disconnected from authenticating user root 103.183.75.204 port 55910 [preauth]
Mar 29 09:38:46 cls sshd[661023]: Connection closed by invalid user alpha 206.123.145.56 port 13872 [preauth]
Mar 29 09:38:47 cls sshd[661041]: pam_unix(sshd:auth): authentication failure; logname= uid=0 euid=0 tty=ssh ruser= rhost=61.222.211.114  user=root
Mar 29 09:38:49 cls sshd[661041]: Failed password for root from 61.222.211.114 port 52510 ssh2
Mar 29 09:38:50 cls sshd[661041]: Received disconnect from 61.222.211.114 port 52510:11: Bye Bye [preauth]
Mar 29 09:38:50 cls sshd[661041]: Disconnected from authenticating user root 61.222.211.114 port 52510 [preauth]
Mar 29 09:39:01 cls CRON[661234]: pam_unix(cron:session): session opened for user root by (uid=0)
Mar 29 09:39:01 cls CRON[661234]: pam_unix(cron:session): session closed for user root
Mar 29 09:39:33 cls sshd[661476]: pam_unix(sshd:auth): authentication failure; logname= uid=0 euid=0 tty=ssh ruser= rhost=49.49.231.154  user=root
