Mar 29 04:51:16 cls sshd[647358]: Connection closed by authenticating user root 130.12.181.98 port 61342 [preauth]
Mar 29 04:51:19 cls sshd[647360]: pam_unix(sshd:auth): authentication failure; logname= uid=0 euid=0 tty=ssh ruser= rhost=206.123.145.20  user=root
Mar 29 04:51:20 cls sshd[647360]: Failed password for root from 206.123.145.20 port 64608 ssh2
Mar 29 04:51:24 cls sshd[647360]: Connection closed by authenticating user root 206.123.145.20 port 64608 [preauth]
Mar 29 04:51:30 cls sshd[647374]: Invalid user wqf from 206.123.145.69 port 36954
Mar 29 04:51:32 cls sshd[647374]: pam_unix(sshd:auth): check pass; user unknown
Mar 29 04:51:32 cls sshd[647374]: pam_unix(sshd:auth): authentication failure; logname= uid=0 euid=0 tty=ssh ruser= rhost=206.123.145.69 
Mar 29 04:51:34 cls sshd[647376]: Invalid user sysdeploy from 130.12.181.99 port 55978
Mar 29 04:51:34 cls sshd[647374]: Failed password for invalid user wqf from 206.123.145.69 port 36954 ssh2
Mar 29 04:51:35 cls sshd[647376]: pam_unix(sshd:auth): check pass; user unknown
Mar 29 04:51:35 cls sshd[647376]: pam_unix(sshd:auth): authentication failure; logname= uid=0 euid=0 tty=ssh ruser= rhost=130.12.181.99 
Mar 29 04:51:37 cls sshd[647374]: Connection closed by invalid user wqf 206.123.145.69 port 36954 [preauth]
Mar 29 04:51:38 cls sshd[647376]: Failed password for invalid user sysdeploy from 130.12.181.99 port 55978 ssh2
Mar 29 04:51:42 cls sshd[647384]: pam_unix(sshd:auth): authentication failure; logname= uid=0 euid=0 tty=ssh ruser= rhost=123.58.219.234  user=root
Mar 29 04:51:43 cls sshd[647376]: Connection closed by invalid user sysdeploy 130.12.181.99 port 55978 [preauth]
Mar 29 04:51:44 cls sshd[647384]: Failed password for root from 123.58.219.234 port 34216 ssh2
Mar 29 04:51:45 cls sshd[647384]: Received disconnect from 123.58.219.234 port 34216:11: Bye Bye [preauth]
Mar 29 04:51:45 cls sshd[647384]: Disconnected from authenticating user root 123.58.219.234 port 34216 [preauth]
Mar 29 04:51:57 cls sshd[647396]: Invalid user zabbix from 206.123.145.57 port 45232
Mar 29 04:52:01 cls sshd[647396]: pam_unix(sshd:auth): check pass; user unknown
Mar 29 04:52:01 cls sshd[647396]: pam_unix(sshd:auth): authentication failure; logname= uid=0 euid=0 tty=ssh ruser= rhost=206.123.145.57 
Mar 29 04:52:04 cls sshd[647396]: Failed password for invalid user zabbix from 206.123.145.57 port 45232 ssh2
Mar 29 04:52:08 cls sshd[647396]: Connection closed by invalid user zabbix 206.123.145.57 port 45232 [preauth]
Mar 29 04:52:28 cls sshd[647408]: Invalid user bhwang from 206.123.145.78 port 48508
Mar 29 04:52:28 cls sshd[647408]: pam_unix(sshd:auth): check pass; user unknown
Mar 29 04:52:28 cls sshd[647408]: pam_unix(sshd:auth): authentication failure; logname= uid=0 euid=0 tty=ssh ruser= rhost=206.123.145.78 
Mar 29 04:52:30 cls sshd[647408]: Failed password for invalid user bhwang from 206.123.145.78 port 48508 ssh2
Mar 29 04:52:33 cls sshd[647408]: Connection closed by invalid user bhwang 206.123.145.78 port 48508 [preauth]
Mar 29 04:52:58 cls sshd[647442]: pam_unix(sshd:auth): authentication failure; logname= uid=0 euid=0 tty=ssh ruser= rhost=152.32.163.183  user=root
Mar 29 04:53:01 cls sshd[647444]: pam_unix(sshd:auth): authentication failure; logname= uid=0 euid=0 tty=ssh ruser= rhost=103.179.56.44  user=root
Mar 29 04:53:01 cls sshd[647442]: Failed password for root from 152.32.163.183 port 54080 ssh2
Mar 29 04:53:03 cls sshd[647444]: Failed password for root from 103.179.56.44 port 40288 ssh2
Mar 29 04:53:04 cls sshd[647444]: Received disconnect from 103.179.56.44 port 40288:11: Bye Bye [preauth]
Mar 29 04:53:04 cls sshd[647444]: Disconnected from authenticating user root 103.179.56.44 port 40288 [preauth]
Mar 29 04:53:04 cls sshd[647442]: Received disconnect from 152.32.163.183 port 54080:11: Bye Bye [preauth]
Mar 29 04:53:04 cls sshd[647442]: Disconnected from authenticating user root 152.32.163.183 port 54080 [preauth]
Mar 29 04:53:10 cls sshd[647446]: Invalid user orange from 206.123.145.49 port 20640
Mar 29 04:53:11 cls sshd[647446]: pam_unix(sshd:auth): check pass; user unknown
Mar 29 04:53:11 cls sshd[647446]: pam_unix(sshd:auth): authentication failure; logname= uid=0 euid=0 tty=ssh ruser= rhost=206.123.145.49 
Mar 29 04:53:12 cls sshd[647448]: Invalid user zxs from 206.123.145.55 port 54900
Mar 29 04:53:14 cls sshd[647446]: Failed password for invalid user orange from 206.123.145.49 port 20640 ssh2
Mar 29 04:53:17 cls sshd[647448]: pam_unix(sshd:auth): check pass; user unknown
Mar 29 04:53:17 cls sshd[647448]: pam_unix(sshd:auth): authentication failure; logname= uid=0 euid=0 tty=ssh ruser= rhost=206.123.145.55 
Mar 29 04:53:19 cls sshd[647446]: Connection closed by invalid user orange 206.123.145.49 port 20640 [preauth]
Mar 29 04:53:20 cls sshd[647448]: Failed password for invalid user zxs from 206.123.145.55 port 54900 ssh2
Mar 29 04:53:21 cls sshd[647456]: Invalid user roo from 206.123.145.50 port 56564
Mar 29 04:53:24 cls sshd[647456]: pam_unix(sshd:auth): check pass; user unknown
Mar 29 04:53:24 cls sshd[647456]: pam_unix(sshd:auth): authentication failure; logname= uid=0 euid=0 tty=ssh ruser= rhost=206.123.145.50 
Mar 29 04:53:24 cls sshd[647448]: Connection closed by invalid user zxs 206.123.145.55 port 54900 [preauth]
Mar 29 04:53:25 cls sshd[647456]: Failed password for invalid user roo from 206.123.145.50 port 56564 ssh2
Mar 29 04:53:29 cls sshd[647456]: Connection closed by invalid user roo 206.123.145.50 port 56564 [preauth]
Mar 29 04:53:51 cls sshd[647486]: pam_unix(sshd:auth): authentication failure; logname= uid=0 euid=0 tty=ssh ruser= rhost=103.91.246.101  user=root
Mar 29 04:53:53 cls sshd[647486]: Failed password for root from 103.91.246.101 port 36262 ssh2
Mar 29 04:53:54 cls sshd[647476]: Invalid user men from 130.12.181.97 port 34504
Mar 29 04:53:54 cls sshd[647486]: Received disconnect from 103.91.246.101 port 36262:11: Bye Bye [preauth]
Mar 29 04:53:54 cls sshd[647486]: Disconnected from authenticating user root 103.91.246.101 port 36262 [preauth]
Mar 29 04:53:56 cls sshd[647476]: pam_unix(sshd:auth): check pass; user unknown
Mar 29 04:53:56 cls sshd[647476]: pam_unix(sshd:auth): authentication failure; logname= uid=0 euid=0 tty=ssh ruser= rhost=130.12.181.97 
Mar 29 04:53:57 cls sshd[647476]: Failed password for invalid user men from 130.12.181.97 port 34504 ssh2
Mar 29 04:54:01 cls sshd[647476]: Connection closed by invalid user men 130.12.181.97 port 34504 [preauth]
Mar 29 04:54:03 cls sshd[647488]: Invalid user suvojit from 130.12.181.101 port 46554
Mar 29 04:54:05 cls sshd[647488]: pam_unix(sshd:auth): check pass; user unknown
Mar 29 04:54:05 cls sshd[647488]: pam_unix(sshd:auth): authentication failure; logname= uid=0 euid=0 tty=ssh ruser= rhost=130.12.181.101 
Mar 29 04:54:07 cls sshd[647488]: Failed password for invalid user suvojit from 130.12.181.101 port 46554 ssh2
Mar 29 04:54:09 cls sshd[647490]: pam_unix(sshd:auth): authentication failure; logname= uid=0 euid=0 tty=ssh ruser= rhost=57.128.223.80  user=root
Mar 29 04:54:10 cls sshd[647488]: Connection closed by invalid user suvojit 130.12.181.101 port 46554 [preauth]
Mar 29 04:54:10 cls sshd[647490]: Failed password for root from 57.128.223.80 port 55914 ssh2
Mar 29 04:54:11 cls sshd[647490]: Received disconnect from 57.128.223.80 port 55914:11: Bye Bye [preauth]
Mar 29 04:54:11 cls sshd[647490]: Disconnected from authenticating user root 57.128.223.80 port 55914 [preauth]
Mar 29 04:54:31 cls sshd[647501]: Invalid user dinghongyu from 206.123.145.74 port 12580
Mar 29 04:54:33 cls sshd[647501]: pam_unix(sshd:auth): check pass; user unknown
Mar 29 04:54:33 cls sshd[647501]: pam_unix(sshd:auth): authentication failure; logname= uid=0 euid=0 tty=ssh ruser= rhost=206.123.145.74 
Mar 29 04:54:35 cls sshd[647501]: Failed password for invalid user dinghongyu from 206.123.145.74 port 12580 ssh2
Mar 29 04:54:38 cls sshd[647501]: Connection closed by invalid user dinghongyu 206.123.145.74 port 12580 [preauth]
Mar 29 04:54:45 cls sshd[647507]: Invalid user yuelx from 206.123.145.56 port 24520
Mar 29 04:54:47 cls sshd[647507]: pam_unix(sshd:auth): check pass; user unknown
Mar 29 04:54:47 cls sshd[647507]: pam_unix(sshd:auth): authentication failure; logname= uid=0 euid=0 tty=ssh ruser= rhost=206.123.145.56 
Mar 29 04:54:48 cls sshd[647510]: pam_unix(sshd:auth): authentication failure; logname= uid=0 euid=0 tty=ssh ruser= rhost=41.59.86.232  user=root
Mar 29 04:54:49 cls sshd[647507]: Failed password for invalid user yuelx from 206.123.145.56 port 24520 ssh2
Mar 29 04:54:49 cls sshd[647510]: Failed password for root from 41.59.86.232 port 45104 ssh2
Mar 29 04:54:50 cls sshd[647510]: Received disconnect from 41.59.86.232 port 45104:11: Bye Bye [preauth]
Mar 29 04:54:50 cls sshd[647510]: Disconnected from authenticating user root 41.59.86.232 port 45104 [preauth]
Mar 29 04:54:52 cls sshd[647525]: pam_unix(sshd:auth): authentication failure; logname= uid=0 euid=0 tty=ssh ruser= rhost=123.58.219.234  user=root
Mar 29 04:54:52 cls sshd[647527]: pam_unix(sshd:auth): authentication failure; logname= uid=0 euid=0 tty=ssh ruser= rhost=43.132.227.251  user=root
Mar 29 04:54:52 cls sshd[647507]: Connection closed by invalid user yuelx 206.123.145.56 port 24520 [preauth]
Mar 29 04:54:54 cls sshd[647509]: Invalid user pi from 130.12.181.105 port 19192
Mar 29 04:54:54 cls sshd[647525]: Failed password for root from 123.58.219.234 port 50882 ssh2
Mar 29 04:54:54 cls sshd[647527]: Failed password for root from 43.132.227.251 port 52886 ssh2
Mar 29 04:54:57 cls sshd[647509]: pam_unix(sshd:auth): check pass; user unknown
Mar 29 04:54:57 cls sshd[647509]: pam_unix(sshd:auth): authentication failure; logname= uid=0 euid=0 tty=ssh ruser= rhost=130.12.181.105 
Mar 29 04:54:57 cls sshd[647527]: Received disconnect from 43.132.227.251 port 52886:11: Bye Bye [preauth]
Mar 29 04:54:57 cls sshd[647527]: Disconnected from authenticating user root 43.132.227.251 port 52886 [preauth]
Mar 29 04:54:57 cls sshd[647525]: Received disconnect from 123.58.219.234 port 50882:11: Bye Bye [preauth]
Mar 29 04:54:57 cls sshd[647525]: Disconnected from authenticating user root 123.58.219.234 port 50882 [preauth]
Mar 29 04:54:59 cls sshd[647509]: Failed password for invalid user pi from 130.12.181.105 port 19192 ssh2
Mar 29 04:55:02 cls sshd[647509]: Connection closed by invalid user pi 130.12.181.105 port 19192 [preauth]
Mar 29 04:55:06 cls sshd[647529]: pam_unix(sshd:auth): authentication failure; logname= uid=0 euid=0 tty=ssh ruser= rhost=130.12.181.103  user=root
Mar 29 04:55:07 cls sshd[647529]: Failed password for root from 130.12.181.103 port 65010 ssh2
Mar 29 04:55:10 cls sshd[647529]: Connection closed by authenticating user root 130.12.181.103 port 65010 [preauth]
Mar 29 04:55:22 cls sshd[647537]: Invalid user gmt from 206.123.145.77 port 32870
Mar 29 04:55:24 cls sshd[647537]: pam_unix(sshd:auth): check pass; user unknown
Mar 29 04:55:24 cls sshd[647537]: pam_unix(sshd:auth): authentication failure; logname= uid=0 euid=0 tty=ssh ruser= rhost=206.123.145.77 
Mar 29 04:55:26 cls sshd[647537]: Failed password for invalid user gmt from 206.123.145.77 port 32870 ssh2
Mar 29 04:55:29 cls sshd[647537]: Connection closed by invalid user gmt 206.123.145.77 port 32870 [preauth]
Mar 29 04:55:32 cls sshd[647541]: pam_unix(sshd:auth): authentication failure; logname= uid=0 euid=0 tty=ssh ruser= rhost=45.119.84.54  user=root
Mar 29 04:55:34 cls sshd[647541]: Failed password for root from 45.119.84.54 port 51540 ssh2
Mar 29 04:55:34 cls sshd[647539]: Invalid user oracle from 130.12.181.104 port 17894
Mar 29 04:55:34 cls sshd[647541]: Received disconnect from 45.119.84.54 port 51540:11: Bye Bye [preauth]
Mar 29 04:55:34 cls sshd[647541]: Disconnected from authenticating user root 45.119.84.54 port 51540 [preauth]
Mar 29 04:55:35 cls sshd[647539]: pam_unix(sshd:auth): check pass; user unknown
Mar 29 04:55:35 cls sshd[647539]: pam_unix(sshd:auth): authentication failure; logname= uid=0 euid=0 tty=ssh ruser= rhost=130.12.181.104 
Mar 29 04:55:38 cls sshd[647539]: Failed password for invalid user oracle from 130.12.181.104 port 17894 ssh2
Mar 29 04:55:40 cls sshd[647539]: Connection closed by invalid user oracle 130.12.181.104 port 17894 [preauth]
Mar 29 04:55:49 cls sshd[647543]: Invalid user wangying from 130.12.181.107 port 14662
Mar 29 04:55:51 cls sshd[647543]: pam_unix(sshd:auth): check pass; user unknown
Mar 29 04:55:51 cls sshd[647543]: pam_unix(sshd:auth): authentication failure; logname= uid=0 euid=0 tty=ssh ruser= rhost=130.12.181.107 
Mar 29 04:55:53 cls sshd[647543]: Failed password for invalid user wangying from 130.12.181.107 port 14662 ssh2
Mar 29 04:55:56 cls sshd[647543]: Connection closed by invalid user wangying 130.12.181.107 port 14662 [preauth]
Mar 29 04:56:01 cls sshd[647566]: pam_unix(sshd:auth): authentication failure; logname= uid=0 euid=0 tty=ssh ruser= rhost=185.236.25.178  user=root
Mar 29 04:56:03 cls sshd[647566]: Failed password for root from 185.236.25.178 port 36492 ssh2
Mar 29 04:56:03 cls sshd[647563]: Invalid user hzw from 206.123.145.71 port 48232
Mar 29 04:56:03 cls sshd[647559]: pam_unix(sshd:auth): authentication failure; logname= uid=0 euid=0 tty=ssh ruser= rhost=206.123.145.70  user=root
Mar 29 04:56:04 cls sshd[647566]: Received disconnect from 185.236.25.178 port 36492:11: Bye Bye [preauth]
Mar 29 04:56:04 cls sshd[647566]: Disconnected from authenticating user root 185.236.25.178 port 36492 [preauth]
Mar 29 04:56:04 cls sshd[647563]: pam_unix(sshd:auth): check pass; user unknown
Mar 29 04:56:04 cls sshd[647563]: pam_unix(sshd:auth): authentication failure; logname= uid=0 euid=0 tty=ssh ruser= rhost=206.123.145.71 
Mar 29 04:56:05 cls sshd[647559]: Failed password for root from 206.123.145.70 port 40518 ssh2
Mar 29 04:56:06 cls sshd[647563]: Failed password for invalid user hzw from 206.123.145.71 port 48232 ssh2
Mar 29 04:56:08 cls sshd[647559]: Connection closed by authenticating user root 206.123.145.70 port 40518 [preauth]
Mar 29 04:56:09 cls sshd[647568]: Invalid user zhangqianchuan from 206.123.145.72 port 49402
Mar 29 04:56:09 cls sshd[647563]: Connection closed by invalid user hzw 206.123.145.71 port 48232 [preauth]
Mar 29 04:56:11 cls sshd[647568]: pam_unix(sshd:auth): check pass; user unknown
Mar 29 04:56:11 cls sshd[647568]: pam_unix(sshd:auth): authentication failure; logname= uid=0 euid=0 tty=ssh ruser= rhost=206.123.145.72 
Mar 29 04:56:13 cls sshd[647568]: Failed password for invalid user zhangqianchuan from 206.123.145.72 port 49402 ssh2
Mar 29 04:56:17 cls sshd[647568]: Connection closed by invalid user zhangqianchuan 206.123.145.72 port 49402 [preauth]
Mar 29 04:56:20 cls sshd[647576]: Invalid user ftpserver from 206.123.145.75 port 31734
Mar 29 04:56:21 cls sshd[647576]: pam_unix(sshd:auth): check pass; user unknown
Mar 29 04:56:21 cls sshd[647576]: pam_unix(sshd:auth): authentication failure; logname= uid=0 euid=0 tty=ssh ruser= rhost=206.123.145.75 
Mar 29 04:56:23 cls sshd[647576]: Failed password for invalid user ftpserver from 206.123.145.75 port 31734 ssh2
Mar 29 04:56:28 cls sshd[647576]: Connection closed by invalid user ftpserver 206.123.145.75 port 31734 [preauth]
Mar 29 04:57:06 cls sshd[647595]: pam_unix(sshd:auth): authentication failure; logname= uid=0 euid=0 tty=ssh ruser= rhost=103.91.246.101  user=root
Mar 29 04:57:08 cls sshd[647595]: Failed password for root from 103.91.246.101 port 47146 ssh2
Mar 29 04:57:08 cls sshd[647591]: Invalid user librenms from 206.123.145.53 port 43218
Mar 29 04:57:09 cls sshd[647595]: Received disconnect from 103.91.246.101 port 47146:11: Bye Bye [preauth]
Mar 29 04:57:09 cls sshd[647595]: Disconnected from authenticating user root 103.91.246.101 port 47146 [preauth]
Mar 29 04:57:11 cls sshd[647591]: pam_unix(sshd:auth): check pass; user unknown
Mar 29 04:57:11 cls sshd[647591]: pam_unix(sshd:auth): authentication failure; logname= uid=0 euid=0 tty=ssh ruser= rhost=206.123.145.53 
Mar 29 04:57:13 cls sshd[647591]: Failed password for invalid user librenms from 206.123.145.53 port 43218 ssh2
Mar 29 04:57:17 cls sshd[647597]: Invalid user infra from 130.12.181.108 port 36546
Mar 29 04:57:17 cls sshd[647601]: pam_unix(sshd:auth): authentication failure; logname= uid=0 euid=0 tty=ssh ruser= rhost=57.128.223.80  user=root
Mar 29 04:57:18 cls sshd[647591]: Connection closed by invalid user librenms 206.123.145.53 port 43218 [preauth]
Mar 29 04:57:19 cls sshd[647597]: pam_unix(sshd:auth): check pass; user unknown
Mar 29 04:57:19 cls sshd[647597]: pam_unix(sshd:auth): authentication failure; logname= uid=0 euid=0 tty=ssh ruser= rhost=130.12.181.108 
Mar 29 04:57:20 cls sshd[647601]: Failed password for root from 57.128.223.80 port 34624 ssh2
Mar 29 04:57:20 cls sshd[647601]: Received disconnect from 57.128.223.80 port 34624:11: Bye Bye [preauth]
Mar 29 04:57:20 cls sshd[647601]: Disconnected from authenticating user root 57.128.223.80 port 34624 [preauth]
Mar 29 04:57:21 cls sshd[647597]: Failed password for invalid user infra from 130.12.181.108 port 36546 ssh2
Mar 29 04:57:23 cls sshd[647599]: Invalid user hanliutong from 206.123.145.48 port 30938
Mar 29 04:57:25 cls sshd[647597]: Connection closed by invalid user infra 130.12.181.108 port 36546 [preauth]
Mar 29 04:57:25 cls sshd[647599]: pam_unix(sshd:auth): check pass; user unknown
Mar 29 04:57:25 cls sshd[647599]: pam_unix(sshd:auth): authentication failure; logname= uid=0 euid=0 tty=ssh ruser= rhost=206.123.145.48 
Mar 29 04:57:27 cls sshd[647599]: Failed password for invalid user hanliutong from 206.123.145.48 port 30938 ssh2
Mar 29 04:57:33 cls sshd[647599]: Connection closed by invalid user hanliutong 206.123.145.48 port 30938 [preauth]
Mar 29 04:57:45 cls sshd[647603]: Invalid user yanrupeng from 130.12.181.106 port 39344
Mar 29 04:57:47 cls sshd[647603]: pam_unix(sshd:auth): check pass; user unknown
Mar 29 04:57:47 cls sshd[647603]: pam_unix(sshd:auth): authentication failure; logname= uid=0 euid=0 tty=ssh ruser= rhost=130.12.181.106 
Mar 29 04:57:50 cls sshd[647603]: Failed password for invalid user yanrupeng from 130.12.181.106 port 39344 ssh2
Mar 29 04:57:53 cls sshd[647603]: Connection closed by invalid user yanrupeng 130.12.181.106 port 39344 [preauth]
Mar 29 04:57:56 cls sshd[647621]: pam_unix(sshd:auth): authentication failure; logname= uid=0 euid=0 tty=ssh ruser= rhost=123.58.219.234  user=root
Mar 29 04:57:58 cls sshd[647621]: Failed password for root from 123.58.219.234 port 35406 ssh2
Mar 29 04:57:58 cls sshd[647621]: Received disconnect from 123.58.219.234 port 35406:11: Bye Bye [preauth]
Mar 29 04:57:58 cls sshd[647621]: Disconnected from authenticating user root 123.58.219.234 port 35406 [preauth]
Mar 29 04:58:12 cls sshd[647625]: pam_unix(sshd:auth): authentication failure; logname= uid=0 euid=0 tty=ssh ruser= rhost=103.179.56.44  user=root
Mar 29 04:58:12 cls sshd[647627]: pam_unix(sshd:auth): authentication failure; logname= uid=0 euid=0 tty=ssh ruser= rhost=43.132.227.251  user=root
Mar 29 04:58:12 cls sshd[647623]: pam_unix(sshd:auth): authentication failure; logname= uid=0 euid=0 tty=ssh ruser= rhost=206.123.145.51  user=root
Mar 29 04:58:14 cls sshd[647625]: Failed password for root from 103.179.56.44 port 34586 ssh2
Mar 29 04:58:14 cls sshd[647627]: Failed password for root from 43.132.227.251 port 59452 ssh2
Mar 29 04:58:14 cls sshd[647625]: Received disconnect from 103.179.56.44 port 34586:11: Bye Bye [preauth]
Mar 29 04:58:14 cls sshd[647625]: Disconnected from authenticating user root 103.179.56.44 port 34586 [preauth]
Mar 29 04:58:14 cls sshd[647623]: Failed password for root from 206.123.145.51 port 53510 ssh2
Mar 29 04:58:14 cls sshd[647627]: Received disconnect from 43.132.227.251 port 59452:11: Bye Bye [preauth]
Mar 29 04:58:14 cls sshd[647627]: Disconnected from authenticating user root 43.132.227.251 port 59452 [preauth]
Mar 29 04:58:16 cls sshd[647623]: Connection closed by authenticating user root 206.123.145.51 port 53510 [preauth]
Mar 29 04:58:30 cls sshd[647631]: pam_unix(sshd:auth): authentication failure; logname= uid=0 euid=0 tty=ssh ruser= rhost=41.59.86.232  user=root
Mar 29 04:58:31 cls sshd[647633]: pam_unix(sshd:auth): authentication failure; logname= uid=0 euid=0 tty=ssh ruser= rhost=152.32.163.183  user=root
Mar 29 04:58:31 cls sshd[647629]: Invalid user yfzhang from 206.123.145.76 port 61564
Mar 29 04:58:32 cls sshd[647631]: Failed password for root from 41.59.86.232 port 33328 ssh2
Mar 29 04:58:32 cls sshd[647633]: Failed password for root from 152.32.163.183 port 62426 ssh2
Mar 29 04:58:33 cls sshd[647631]: Received disconnect from 41.59.86.232 port 33328:11: Bye Bye [preauth]
Mar 29 04:58:33 cls sshd[647631]: Disconnected from authenticating user root 41.59.86.232 port 33328 [preauth]
Mar 29 04:58:34 cls sshd[647629]: pam_unix(sshd:auth): check pass; user unknown
Mar 29 04:58:34 cls sshd[647629]: pam_unix(sshd:auth): authentication failure; logname= uid=0 euid=0 tty=ssh ruser= rhost=206.123.145.76 
Mar 29 04:58:34 cls sshd[647633]: Received disconnect from 152.32.163.183 port 62426:11: Bye Bye [preauth]
Mar 29 04:58:34 cls sshd[647633]: Disconnected from authenticating user root 152.32.163.183 port 62426 [preauth]
Mar 29 04:58:36 cls sshd[647629]: Failed password for invalid user yfzhang from 206.123.145.76 port 61564 ssh2
Mar 29 04:58:39 cls sshd[647629]: Connection closed by invalid user yfzhang 206.123.145.76 port 61564 [preauth]
Mar 29 04:58:40 cls sshd[647638]: Invalid user njust from 130.12.181.98 port 9050
Mar 29 04:58:42 cls sshd[647638]: pam_unix(sshd:auth): check pass; user unknown
Mar 29 04:58:42 cls sshd[647638]: pam_unix(sshd:auth): authentication failure; logname= uid=0 euid=0 tty=ssh ruser= rhost=130.12.181.98 
Mar 29 04:58:42 cls sshd[647635]: pam_unix(sshd:auth): authentication failure; logname= uid=0 euid=0 tty=ssh ruser= rhost=130.12.181.102  user=root
Mar 29 04:58:43 cls sshd[647637]: Invalid user tk from 206.123.145.46 port 42990
Mar 29 04:58:43 cls sshd[647639]: pam_unix(sshd:auth): authentication failure; logname= uid=0 euid=0 tty=ssh ruser= rhost=130.12.181.109  user=root
Mar 29 04:58:43 cls sshd[647638]: Failed password for invalid user njust from 130.12.181.98 port 9050 ssh2
Mar 29 04:58:44 cls sshd[647635]: Failed password for root from 130.12.181.102 port 64386 ssh2
Mar 29 04:58:45 cls sshd[647637]: pam_unix(sshd:auth): check pass; user unknown
Mar 29 04:58:45 cls sshd[647637]: pam_unix(sshd:auth): authentication failure; logname= uid=0 euid=0 tty=ssh ruser= rhost=206.123.145.46 
Mar 29 04:58:45 cls sshd[647643]: pam_unix(sshd:auth): authentication failure; logname= uid=0 euid=0 tty=ssh ruser= rhost=206.123.145.54  user=root
Mar 29 04:58:45 cls sshd[647639]: Failed password for root from 130.12.181.109 port 19040 ssh2
Mar 29 04:58:46 cls sshd[647638]: Connection closed by invalid user njust 130.12.181.98 port 9050 [preauth]
Mar 29 04:58:47 cls sshd[647635]: Connection closed by authenticating user root 130.12.181.102 port 64386 [preauth]
Mar 29 04:58:47 cls sshd[647637]: Failed password for invalid user tk from 206.123.145.46 port 42990 ssh2
Mar 29 04:58:48 cls sshd[647643]: Failed password for root from 206.123.145.54 port 1106 ssh2
Mar 29 04:58:48 cls sshd[647639]: Connection closed by authenticating user root 130.12.181.109 port 19040 [preauth]
Mar 29 04:58:49 cls sshd[647643]: Connection closed by authenticating user root 206.123.145.54 port 1106 [preauth]
Mar 29 04:58:51 cls sshd[647637]: Connection closed by invalid user tk 206.123.145.46 port 42990 [preauth]
Mar 29 04:59:09 cls sshd[647657]: Invalid user lwt from 130.12.181.100 port 9602
Mar 29 04:59:11 cls sshd[647657]: pam_unix(sshd:auth): check pass; user unknown
Mar 29 04:59:11 cls sshd[647657]: pam_unix(sshd:auth): authentication failure; logname= uid=0 euid=0 tty=ssh ruser= rhost=130.12.181.100 
Mar 29 04:59:13 cls sshd[647657]: Failed password for invalid user lwt from 130.12.181.100 port 9602 ssh2
Mar 29 04:59:17 cls sshd[647657]: Connection closed by invalid user lwt 130.12.181.100 port 9602 [preauth]
Mar 29 04:59:17 cls sshd[647659]: Invalid user gao from 206.123.145.52 port 33892
Mar 29 04:59:18 cls sshd[647659]: pam_unix(sshd:auth): check pass; user unknown
Mar 29 04:59:18 cls sshd[647659]: pam_unix(sshd:auth): authentication failure; logname= uid=0 euid=0 tty=ssh ruser= rhost=206.123.145.52 
Mar 29 04:59:20 cls sshd[647659]: Failed password for invalid user gao from 206.123.145.52 port 33892 ssh2
Mar 29 04:59:22 cls sshd[647659]: Connection closed by invalid user gao 206.123.145.52 port 33892 [preauth]
Mar 29 04:59:35 cls sshd[647661]: Invalid user zfh from 206.123.145.73 port 54776
Mar 29 04:59:36 cls sshd[647661]: pam_unix(sshd:auth): check pass; user unknown
Mar 29 04:59:36 cls sshd[647661]: pam_unix(sshd:auth): authentication failure; logname= uid=0 euid=0 tty=ssh ruser= rhost=206.123.145.73 
Mar 29 04:59:38 cls sshd[647661]: Failed password for invalid user zfh from 206.123.145.73 port 54776 ssh2
Mar 29 04:59:42 cls sshd[647661]: Connection closed by invalid user zfh 206.123.145.73 port 54776 [preauth]
Mar 29 05:00:01 cls CRON[647679]: pam_unix(cron:session): session opened for user akriveia by (uid=0)
Mar 29 05:00:01 cls CRON[647681]: pam_unix(cron:session): session opened for user akriveia by (uid=0)
Mar 29 05:00:01 cls CRON[647680]: pam_unix(cron:session): session opened for user akriveia by (uid=0)
Mar 29 05:00:01 cls CRON[647680]: pam_unix(cron:session): session closed for user akriveia
Mar 29 05:00:01 cls sshd[647677]: pam_unix(sshd:auth): authentication failure; logname= uid=0 euid=0 tty=ssh ruser= rhost=45.119.84.54  user=root
Mar 29 05:00:01 cls CRON[647679]: pam_unix(cron:session): session closed for user akriveia
Mar 29 05:00:01 cls CRON[647681]: pam_unix(cron:session): session closed for user akriveia
Mar 29 05:00:03 cls sshd[647677]: Failed password for root from 45.119.84.54 port 34046 ssh2
Mar 29 05:00:04 cls sshd[647677]: Received disconnect from 45.119.84.54 port 34046:11: Bye Bye [preauth]
Mar 29 05:00:04 cls sshd[647677]: Disconnected from authenticating user root 45.119.84.54 port 34046 [preauth]
Mar 29 05:00:30 cls sshd[647703]: pam_unix(sshd:auth): authentication failure; logname= uid=0 euid=0 tty=ssh ruser= rhost=103.91.246.101  user=root
Mar 29 05:00:31 cls sshd[647705]: pam_unix(sshd:auth): authentication failure; logname= uid=0 euid=0 tty=ssh ruser= rhost=57.128.223.80  user=root
Mar 29 05:00:32 cls sshd[647703]: Failed password for root from 103.91.246.101 port 39732 ssh2
Mar 29 05:00:33 cls sshd[647703]: Received disconnect from 103.91.246.101 port 39732:11: Bye Bye [preauth]
Mar 29 05:00:33 cls sshd[647703]: Disconnected from authenticating user root 103.91.246.101 port 39732 [preauth]
Mar 29 05:00:33 cls sshd[647705]: Failed password for root from 57.128.223.80 port 41926 ssh2
Mar 29 05:00:34 cls sshd[647705]: Received disconnect from 57.128.223.80 port 41926:11: Bye Bye [preauth]
Mar 29 05:00:34 cls sshd[647705]: Disconnected from authenticating user root 57.128.223.80 port 41926 [preauth]
Mar 29 05:00:35 cls sshd[647701]: Invalid user vasup from 130.12.181.99 port 56530
Mar 29 05:00:37 cls sshd[647701]: pam_unix(sshd:auth): check pass; user unknown
Mar 29 05:00:37 cls sshd[647701]: pam_unix(sshd:auth): authentication failure; logname= uid=0 euid=0 tty=ssh ruser= rhost=130.12.181.99 
Mar 29 05:00:38 cls sshd[647701]: Failed password for invalid user vasup from 130.12.181.99 port 56530 ssh2
Mar 29 05:00:41 cls sshd[647701]: Connection closed by invalid user vasup 130.12.181.99 port 56530 [preauth]
Mar 29 05:01:04 cls sshd[647734]: pam_unix(sshd:auth): authentication failure; logname= uid=0 euid=0 tty=ssh ruser= rhost=123.58.219.234  user=root
Mar 29 05:01:05 cls sshd[647734]: Failed password for root from 123.58.219.234 port 34992 ssh2
Mar 29 05:01:06 cls sshd[647734]: Received disconnect from 123.58.219.234 port 34992:11: Bye Bye [preauth]
Mar 29 05:01:06 cls sshd[647734]: Disconnected from authenticating user root 123.58.219.234 port 34992 [preauth]
Mar 29 05:01:10 cls sshd[647729]: Invalid user sunxx from 206.123.145.20 port 20474
Mar 29 05:01:12 cls sshd[647729]: pam_unix(sshd:auth): check pass; user unknown
Mar 29 05:01:12 cls sshd[647729]: pam_unix(sshd:auth): authentication failure; logname= uid=0 euid=0 tty=ssh ruser= rhost=206.123.145.20 
Mar 29 05:01:13 cls sshd[647729]: Failed password for invalid user sunxx from 206.123.145.20 port 20474 ssh2
Mar 29 05:01:14 cls sshd[647736]: Invalid user linhongyu from 206.123.145.79 port 47214
Mar 29 05:01:16 cls sshd[647736]: pam_unix(sshd:auth): check pass; user unknown
Mar 29 05:01:16 cls sshd[647736]: pam_unix(sshd:auth): authentication failure; logname= uid=0 euid=0 tty=ssh ruser= rhost=206.123.145.79 
Mar 29 05:01:16 cls sshd[647729]: Connection closed by invalid user sunxx 206.123.145.20 port 20474 [preauth]
Mar 29 05:01:17 cls sshd[647736]: Failed password for invalid user linhongyu from 206.123.145.79 port 47214 ssh2
Mar 29 05:01:20 cls sshd[647736]: Connection closed by invalid user linhongyu 206.123.145.79 port 47214 [preauth]
Mar 29 05:01:33 cls sshd[647762]: pam_unix(sshd:auth): authentication failure; logname= uid=0 euid=0 tty=ssh ruser= rhost=43.132.227.251  user=root
Mar 29 05:01:36 cls sshd[647762]: Failed password for root from 43.132.227.251 port 37802 ssh2
Mar 29 05:01:36 cls sshd[647762]: Received disconnect from 43.132.227.251 port 37802:11: Bye Bye [preauth]
Mar 29 05:01:36 cls sshd[647762]: Disconnected from authenticating user root 43.132.227.251 port 37802 [preauth]
Mar 29 05:01:48 cls sshd[647766]: Invalid user lhp from 206.123.145.69 port 34504
Mar 29 05:01:52 cls sshd[647766]: pam_unix(sshd:auth): check pass; user unknown
Mar 29 05:01:52 cls sshd[647766]: pam_unix(sshd:auth): authentication failure; logname= uid=0 euid=0 tty=ssh ruser= rhost=206.123.145.69 
Mar 29 05:01:55 cls sshd[647766]: Failed password for invalid user lhp from 206.123.145.69 port 34504 ssh2
Mar 29 05:02:00 cls sshd[647766]: Connection closed by invalid user lhp 206.123.145.69 port 34504 [preauth]
Mar 29 05:02:02 cls sshd[647778]: pam_unix(sshd:auth): authentication failure; logname= uid=0 euid=0 tty=ssh ruser= rhost=206.123.145.57  user=root
Mar 29 05:02:03 cls sshd[647778]: Failed password for root from 206.123.145.57 port 62894 ssh2
Mar 29 05:02:06 cls sshd[647778]: Connection closed by authenticating user root 206.123.145.57 port 62894 [preauth]
Mar 29 05:02:14 cls sshd[647794]: pam_unix(sshd:auth): authentication failure; logname= uid=0 euid=0 tty=ssh ruser= rhost=41.59.86.232  user=root
Mar 29 05:02:16 cls sshd[647794]: Failed password for root from 41.59.86.232 port 50640 ssh2
Mar 29 05:02:17 cls sshd[647794]: Received disconnect from 41.59.86.232 port 50640:11: Bye Bye [preauth]
Mar 29 05:02:17 cls sshd[647794]: Disconnected from authenticating user root 41.59.86.232 port 50640 [preauth]
Mar 29 05:02:27 cls sshd[647796]: Invalid user zyh from 206.123.145.78 port 52276
Mar 29 05:02:29 cls sshd[647796]: pam_unix(sshd:auth): check pass; user unknown
Mar 29 05:02:29 cls sshd[647796]: pam_unix(sshd:auth): authentication failure; logname= uid=0 euid=0 tty=ssh ruser= rhost=206.123.145.78 
Mar 29 05:02:31 cls sshd[647796]: Failed password for invalid user zyh from 206.123.145.78 port 52276 ssh2
Mar 29 05:02:33 cls sshd[647796]: Connection closed by invalid user zyh 206.123.145.78 port 52276 [preauth]
Mar 29 05:02:55 cls sshd[647822]: Invalid user nginx from 130.12.181.101 port 9252
Mar 29 05:02:57 cls sshd[647823]: Invalid user wa from 206.123.145.50 port 6004
Mar 29 05:02:57 cls sshd[647822]: pam_unix(sshd:auth): check pass; user unknown
Mar 29 05:02:57 cls sshd[647822]: pam_unix(sshd:auth): authentication failure; logname= uid=0 euid=0 tty=ssh ruser= rhost=130.12.181.101 
Mar 29 05:02:59 cls sshd[647822]: Failed password for invalid user nginx from 130.12.181.101 port 9252 ssh2
Mar 29 05:02:59 cls sshd[647823]: pam_unix(sshd:auth): check pass; user unknown
Mar 29 05:02:59 cls sshd[647823]: pam_unix(sshd:auth): authentication failure; logname= uid=0 euid=0 tty=ssh ruser= rhost=206.123.145.50 
Mar 29 05:03:01 cls sshd[647823]: Failed password for invalid user wa from 206.123.145.50 port 6004 ssh2
Mar 29 05:03:03 cls sshd[647822]: Connection closed by invalid user nginx 130.12.181.101 port 9252 [preauth]
Mar 29 05:03:05 cls sshd[647823]: Connection closed by invalid user wa 206.123.145.50 port 6004 [preauth]
Mar 29 05:03:08 cls sshd[647830]: pam_unix(sshd:auth): authentication failure; logname= uid=0 euid=0 tty=ssh ruser= rhost=130.12.181.97  user=root
Mar 29 05:03:10 cls sshd[647830]: Failed password for root from 130.12.181.97 port 13430 ssh2
Mar 29 05:03:13 cls sshd[647830]: Connection closed by authenticating user root 130.12.181.97 port 13430 [preauth]
Mar 29 05:03:17 cls sshd[647853]: pam_unix(sshd:auth): authentication failure; logname= uid=0 euid=0 tty=ssh ruser= rhost=103.179.56.44  user=root
Mar 29 05:03:18 cls sshd[647846]: pam_unix(sshd:auth): authentication failure; logname= uid=0 euid=0 tty=ssh ruser= rhost=206.123.145.55  user=root
Mar 29 05:03:20 cls sshd[647853]: Failed password for root from 103.179.56.44 port 44772 ssh2
Mar 29 05:03:20 cls sshd[647853]: Received disconnect from 103.179.56.44 port 44772:11: Bye Bye [preauth]
Mar 29 05:03:20 cls sshd[647853]: Disconnected from authenticating user root 103.179.56.44 port 44772 [preauth]
Mar 29 05:03:20 cls sshd[647846]: Failed password for root from 206.123.145.55 port 2758 ssh2
Mar 29 05:03:22 cls sshd[647846]: Connection closed by authenticating user root 206.123.145.55 port 2758 [preauth]
Mar 29 05:03:25 cls sshd[647858]: pam_unix(sshd:auth): authentication failure; logname= uid=0 euid=0 tty=ssh ruser= rhost=14.103.247.214  user=root
Mar 29 05:03:26 cls sshd[647858]: Failed password for root from 14.103.247.214 port 12466 ssh2
Mar 29 05:03:27 cls sshd[647852]: Invalid user keith from 206.123.145.49 port 16802
Mar 29 05:03:27 cls sshd[647858]: Received disconnect from 14.103.247.214 port 12466:11: Bye Bye [preauth]
Mar 29 05:03:27 cls sshd[647858]: Disconnected from authenticating user root 14.103.247.214 port 12466 [preauth]
Mar 29 05:03:28 cls sshd[647852]: pam_unix(sshd:auth): check pass; user unknown
Mar 29 05:03:28 cls sshd[647852]: pam_unix(sshd:auth): authentication failure; logname= uid=0 euid=0 tty=ssh ruser= rhost=206.123.145.49 
Mar 29 05:03:31 cls sshd[647852]: Failed password for invalid user keith from 206.123.145.49 port 16802 ssh2
Mar 29 05:03:34 cls sshd[647852]: Connection closed by invalid user keith 206.123.145.49 port 16802 [preauth]
Mar 29 05:03:41 cls sshd[647866]: pam_unix(sshd:auth): authentication failure; logname= uid=0 euid=0 tty=ssh ruser= rhost=57.128.223.80  user=root
Mar 29 05:03:43 cls sshd[647866]: Failed password for root from 57.128.223.80 port 39506 ssh2
Mar 29 05:03:44 cls sshd[647866]: Received disconnect from 57.128.223.80 port 39506:11: Bye Bye [preauth]
Mar 29 05:03:44 cls sshd[647866]: Disconnected from authenticating user root 57.128.223.80 port 39506 [preauth]
Mar 29 05:03:45 cls sshd[647868]: pam_unix(sshd:auth): authentication failure; logname= uid=0 euid=0 tty=ssh ruser= rhost=103.91.246.101  user=root
Mar 29 05:03:48 cls sshd[647868]: Failed password for root from 103.91.246.101 port 45952 ssh2
Mar 29 05:03:48 cls sshd[647868]: Received disconnect from 103.91.246.101 port 45952:11: Bye Bye [preauth]
Mar 29 05:03:48 cls sshd[647868]: Disconnected from authenticating user root 103.91.246.101 port 45952 [preauth]
Mar 29 05:04:06 cls sshd[647884]: pam_unix(sshd:auth): authentication failure; logname= uid=0 euid=0 tty=ssh ruser= rhost=152.32.163.183  user=root
Mar 29 05:04:07 cls sshd[647876]: Invalid user toor from 130.12.181.105 port 18076
Mar 29 05:04:08 cls sshd[647884]: Failed password for root from 152.32.163.183 port 15772 ssh2
Mar 29 05:04:10 cls sshd[647876]: pam_unix(sshd:auth): check pass; user unknown
Mar 29 05:04:10 cls sshd[647876]: pam_unix(sshd:auth): authentication failure; logname= uid=0 euid=0 tty=ssh ruser= rhost=130.12.181.105 
Mar 29 05:04:11 cls sshd[647882]: Invalid user roo from 130.12.181.103 port 14540
Mar 29 05:04:11 cls sshd[647884]: Received disconnect from 152.32.163.183 port 15772:11: Bye Bye [preauth]
Mar 29 05:04:11 cls sshd[647884]: Disconnected from authenticating user root 152.32.163.183 port 15772 [preauth]
Mar 29 05:04:12 cls sshd[647876]: Failed password for invalid user toor from 130.12.181.105 port 18076 ssh2
Mar 29 05:04:13 cls sshd[647882]: pam_unix(sshd:auth): check pass; user unknown
Mar 29 05:04:13 cls sshd[647882]: pam_unix(sshd:auth): authentication failure; logname= uid=0 euid=0 tty=ssh ruser= rhost=130.12.181.103 
Mar 29 05:04:14 cls sshd[647876]: Connection closed by invalid user toor 130.12.181.105 port 18076 [preauth]
Mar 29 05:04:14 cls sshd[647888]: pam_unix(sshd:auth): authentication failure; logname= uid=0 euid=0 tty=ssh ruser= rhost=123.58.219.234  user=root
Mar 29 05:04:15 cls sshd[647882]: Failed password for invalid user roo from 130.12.181.103 port 14540 ssh2
Mar 29 05:04:16 cls sshd[647888]: Failed password for root from 123.58.219.234 port 47508 ssh2
Mar 29 05:04:17 cls sshd[647882]: Connection closed by invalid user roo 130.12.181.103 port 14540 [preauth]
Mar 29 05:04:17 cls sshd[647888]: Received disconnect from 123.58.219.234 port 47508:11: Bye Bye [preauth]
Mar 29 05:04:17 cls sshd[647888]: Disconnected from authenticating user root 123.58.219.234 port 47508 [preauth]
Mar 29 05:04:29 cls sshd[647896]: pam_unix(sshd:auth): authentication failure; logname= uid=0 euid=0 tty=ssh ruser= rhost=45.119.84.54  user=root
Mar 29 05:04:32 cls sshd[647896]: Failed password for root from 45.119.84.54 port 36894 ssh2
Mar 29 05:04:32 cls sshd[647896]: Received disconnect from 45.119.84.54 port 36894:11: Bye Bye [preauth]
Mar 29 05:04:32 cls sshd[647896]: Disconnected from authenticating user root 45.119.84.54 port 36894 [preauth]
Mar 29 05:04:32 cls sshd[647894]: Invalid user zhangqian from 130.12.181.104 port 9984
Mar 29 05:04:34 cls sshd[647894]: pam_unix(sshd:auth): check pass; user unknown
Mar 29 05:04:34 cls sshd[647894]: pam_unix(sshd:auth): authentication failure; logname= uid=0 euid=0 tty=ssh ruser= rhost=130.12.181.104 
Mar 29 05:04:36 cls sshd[647894]: Failed password for invalid user zhangqian from 130.12.181.104 port 9984 ssh2
Mar 29 05:04:39 cls sshd[647894]: Connection closed by invalid user zhangqian 130.12.181.104 port 9984 [preauth]
Mar 29 05:04:45 cls sshd[647898]: Invalid user elasticsearch from 206.123.145.56 port 37444
Mar 29 05:04:46 cls sshd[647898]: pam_unix(sshd:auth): check pass; user unknown
Mar 29 05:04:46 cls sshd[647898]: pam_unix(sshd:auth): authentication failure; logname= uid=0 euid=0 tty=ssh ruser= rhost=206.123.145.56 
Mar 29 05:04:47 cls sshd[647900]: Invalid user hanieh from 130.12.181.107 port 40052
Mar 29 05:04:48 cls sshd[647898]: Failed password for invalid user elasticsearch from 206.123.145.56 port 37444 ssh2
Mar 29 05:04:48 cls sshd[647900]: pam_unix(sshd:auth): check pass; user unknown
Mar 29 05:04:48 cls sshd[647900]: pam_unix(sshd:auth): authentication failure; logname= uid=0 euid=0 tty=ssh ruser= rhost=130.12.181.107 
Mar 29 05:04:51 cls sshd[647900]: Failed password for invalid user hanieh from 130.12.181.107 port 40052 ssh2
Mar 29 05:04:53 cls sshd[647898]: Connection closed by invalid user elasticsearch 206.123.145.56 port 37444 [preauth]
Mar 29 05:04:54 cls sshd[647900]: Connection closed by invalid user hanieh 130.12.181.107 port 40052 [preauth]
Mar 29 05:05:04 cls sshd[647902]: pam_unix(sshd:auth): authentication failure; logname= uid=0 euid=0 tty=ssh ruser= rhost=206.123.145.74  user=root
Mar 29 05:05:07 cls sshd[647924]: pam_unix(sshd:auth): authentication failure; logname= uid=0 euid=0 tty=ssh ruser= rhost=43.132.227.251  user=root
Mar 29 05:05:07 cls sshd[647902]: Failed password for root from 206.123.145.74 port 41418 ssh2
Mar 29 05:05:09 cls sshd[647924]: Failed password for root from 43.132.227.251 port 44412 ssh2
Mar 29 05:05:09 cls sshd[647924]: Received disconnect from 43.132.227.251 port 44412:11: Bye Bye [preauth]
Mar 29 05:05:09 cls sshd[647924]: Disconnected from authenticating user root 43.132.227.251 port 44412 [preauth]
Mar 29 05:05:10 cls sshd[647902]: Connection closed by authenticating user root 206.123.145.74 port 41418 [preauth]
Mar 29 05:05:32 cls sshd[647928]: Invalid user sunfang from 206.123.145.77 port 37264
Mar 29 05:05:34 cls sshd[647928]: pam_unix(sshd:auth): check pass; user unknown
Mar 29 05:05:34 cls sshd[647928]: pam_unix(sshd:auth): authentication failure; logname= uid=0 euid=0 tty=ssh ruser= rhost=206.123.145.77 
Mar 29 05:05:35 cls sshd[647928]: Failed password for invalid user sunfang from 206.123.145.77 port 37264 ssh2
Mar 29 05:05:37 cls sshd[647928]: Connection closed by invalid user sunfang 206.123.145.77 port 37264 [preauth]
Mar 29 05:06:01 cls sshd[647936]: pam_unix(sshd:auth): authentication failure; logname= uid=0 euid=0 tty=ssh ruser= rhost=41.59.86.232  user=root
Mar 29 05:06:03 cls sshd[647936]: Failed password for root from 41.59.86.232 port 35702 ssh2
Mar 29 05:06:04 cls sshd[647936]: Received disconnect from 41.59.86.232 port 35702:11: Bye Bye [preauth]
Mar 29 05:06:04 cls sshd[647936]: Disconnected from authenticating user root 41.59.86.232 port 35702 [preauth]
Mar 29 05:06:07 cls sshd[647949]: pam_unix(sshd:auth): authentication failure; logname= uid=0 euid=0 tty=ssh ruser= rhost=185.236.25.178  user=root
Mar 29 05:06:09 cls sshd[647949]: Failed password for root from 185.236.25.178 port 56730 ssh2
Mar 29 05:06:10 cls sshd[647949]: Received disconnect from 185.236.25.178 port 56730:11: Bye Bye [preauth]
Mar 29 05:06:10 cls sshd[647949]: Disconnected from authenticating user root 185.236.25.178 port 56730 [preauth]
Mar 29 05:06:10 cls sshd[647947]: Invalid user oracle from 130.12.181.98 port 3780
Mar 29 05:06:12 cls sshd[647947]: pam_unix(sshd:auth): check pass; user unknown
Mar 29 05:06:12 cls sshd[647947]: pam_unix(sshd:auth): authentication failure; logname= uid=0 euid=0 tty=ssh ruser= rhost=130.12.181.98 
Mar 29 05:06:15 cls sshd[647947]: Failed password for invalid user oracle from 130.12.181.98 port 3780 ssh2
Mar 29 05:06:16 cls sshd[647947]: Connection closed by invalid user oracle 130.12.181.98 port 3780 [preauth]
Mar 29 05:06:31 cls sshd[647953]: Invalid user yutanqi from 130.12.181.108 port 42314
Mar 29 05:06:32 cls sshd[647953]: pam_unix(sshd:auth): check pass; user unknown
Mar 29 05:06:32 cls sshd[647953]: pam_unix(sshd:auth): authentication failure; logname= uid=0 euid=0 tty=ssh ruser= rhost=130.12.181.108 
Mar 29 05:06:34 cls sshd[647953]: Failed password for invalid user yutanqi from 130.12.181.108 port 42314 ssh2
Mar 29 05:06:35 cls sshd[647954]: Invalid user usr from 206.123.145.75 port 26860
Mar 29 05:06:36 cls sshd[647953]: Connection closed by invalid user yutanqi 130.12.181.108 port 42314 [preauth]
Mar 29 05:06:36 cls sshd[647954]: pam_unix(sshd:auth): check pass; user unknown
Mar 29 05:06:36 cls sshd[647954]: pam_unix(sshd:auth): authentication failure; logname= uid=0 euid=0 tty=ssh ruser= rhost=206.123.145.75 
Mar 29 05:06:38 cls sshd[647957]: Invalid user ansible from 206.123.145.72 port 55392
Mar 29 05:06:39 cls sshd[647954]: Failed password for invalid user usr from 206.123.145.75 port 26860 ssh2
Mar 29 05:06:40 cls sshd[647957]: pam_unix(sshd:auth): check pass; user unknown
Mar 29 05:06:40 cls sshd[647957]: pam_unix(sshd:auth): authentication failure; logname= uid=0 euid=0 tty=ssh ruser= rhost=206.123.145.72 
Mar 29 05:06:41 cls sshd[647957]: Failed password for invalid user ansible from 206.123.145.72 port 55392 ssh2
Mar 29 05:06:42 cls sshd[647977]: pam_unix(sshd:auth): authentication failure; logname= uid=0 euid=0 tty=ssh ruser= rhost=206.123.145.70  user=root
Mar 29 05:06:42 cls sshd[647954]: Connection closed by invalid user usr 206.123.145.75 port 26860 [preauth]
Mar 29 05:06:43 cls sshd[647957]: Connection closed by invalid user ansible 206.123.145.72 port 55392 [preauth]
Mar 29 05:06:44 cls sshd[647977]: Failed password for root from 206.123.145.70 port 44190 ssh2
Mar 29 05:06:44 cls sshd[647982]: pam_unix(sshd:auth): authentication failure; logname= uid=0 euid=0 tty=ssh ruser= rhost=38.114.121.110  user=root
Mar 29 05:06:46 cls sshd[647982]: Failed password for root from 38.114.121.110 port 63829 ssh2
Mar 29 05:06:47 cls sshd[647979]: Invalid user boss from 206.123.145.71 port 2408
Mar 29 05:06:47 cls sshd[647982]: Received disconnect from 38.114.121.110 port 63829:11: Bye Bye [preauth]
Mar 29 05:06:47 cls sshd[647982]: Disconnected from authenticating user root 38.114.121.110 port 63829 [preauth]
Mar 29 05:06:48 cls sshd[647977]: Connection closed by authenticating user root 206.123.145.70 port 44190 [preauth]
Mar 29 05:06:48 cls sshd[647979]: pam_unix(sshd:auth): check pass; user unknown
Mar 29 05:06:48 cls sshd[647979]: pam_unix(sshd:auth): authentication failure; logname= uid=0 euid=0 tty=ssh ruser= rhost=206.123.145.71 
Mar 29 05:06:51 cls sshd[647979]: Failed password for invalid user boss from 206.123.145.71 port 2408 ssh2
Mar 29 05:06:54 cls sshd[647979]: Connection closed by invalid user boss 206.123.145.71 port 2408 [preauth]
Mar 29 05:06:55 cls sshd[647986]: pam_unix(sshd:auth): authentication failure; logname= uid=0 euid=0 tty=ssh ruser= rhost=14.103.247.214  user=root
Mar 29 05:06:56 cls sshd[647986]: Failed password for root from 14.103.247.214 port 45764 ssh2
Mar 29 05:06:57 cls sshd[647988]: pam_unix(sshd:auth): authentication failure; logname= uid=0 euid=0 tty=ssh ruser= rhost=57.128.223.80  user=root
Mar 29 05:06:58 cls sshd[647986]: Received disconnect from 14.103.247.214 port 45764:11: Bye Bye [preauth]
Mar 29 05:06:58 cls sshd[647986]: Disconnected from authenticating user root 14.103.247.214 port 45764 [preauth]
Mar 29 05:06:59 cls sshd[647984]: Invalid user yangql1 from 130.12.181.106 port 48614
Mar 29 05:07:00 cls sshd[647988]: Failed password for root from 57.128.223.80 port 40288 ssh2
Mar 29 05:07:00 cls sshd[647988]: Received disconnect from 57.128.223.80 port 40288:11: Bye Bye [preauth]
Mar 29 05:07:00 cls sshd[647988]: Disconnected from authenticating user root 57.128.223.80 port 40288 [preauth]
Mar 29 05:07:00 cls sshd[647984]: pam_unix(sshd:auth): check pass; user unknown
Mar 29 05:07:00 cls sshd[647984]: pam_unix(sshd:auth): authentication failure; logname= uid=0 euid=0 tty=ssh ruser= rhost=130.12.181.106 
Mar 29 05:07:03 cls sshd[647984]: Failed password for invalid user yangql1 from 130.12.181.106 port 48614 ssh2
Mar 29 05:07:05 cls sshd[647984]: Connection closed by invalid user yangql1 130.12.181.106 port 48614 [preauth]
Mar 29 05:07:08 cls sshd[648006]: pam_unix(sshd:auth): authentication failure; logname= uid=0 euid=0 tty=ssh ruser= rhost=103.91.246.101  user=root
Mar 29 05:07:10 cls sshd[648006]: Failed password for root from 103.91.246.101 port 50748 ssh2
Mar 29 05:07:10 cls sshd[648006]: Received disconnect from 103.91.246.101 port 50748:11: Bye Bye [preauth]
Mar 29 05:07:10 cls sshd[648006]: Disconnected from authenticating user root 103.91.246.101 port 50748 [preauth]
Mar 29 05:07:13 cls sshd[647994]: Invalid user hzb from 206.123.145.53 port 41658
Mar 29 05:07:16 cls sshd[647994]: pam_unix(sshd:auth): check pass; user unknown
Mar 29 05:07:16 cls sshd[647994]: pam_unix(sshd:auth): authentication failure; logname= uid=0 euid=0 tty=ssh ruser= rhost=206.123.145.53 
Mar 29 05:07:18 cls sshd[647994]: Failed password for invalid user hzb from 206.123.145.53 port 41658 ssh2
Mar 29 05:07:21 cls sshd[647994]: Connection closed by invalid user hzb 206.123.145.53 port 41658 [preauth]
Mar 29 05:07:39 cls sshd[648008]: Invalid user chennichen from 130.12.181.102 port 62502
Mar 29 05:07:40 cls sshd[648008]: pam_unix(sshd:auth): check pass; user unknown
Mar 29 05:07:40 cls sshd[648008]: pam_unix(sshd:auth): authentication failure; logname= uid=0 euid=0 tty=ssh ruser= rhost=130.12.181.102 
Mar 29 05:07:42 cls sshd[648008]: Failed password for invalid user chennichen from 130.12.181.102 port 62502 ssh2
Mar 29 05:07:45 cls sshd[648008]: Connection closed by invalid user chennichen 130.12.181.102 port 62502 [preauth]
Mar 29 05:07:46 cls sshd[648010]: Invalid user git from 130.12.181.109 port 21134
Mar 29 05:07:47 cls sshd[648011]: pam_unix(sshd:auth): authentication failure; logname= uid=0 euid=0 tty=ssh ruser= rhost=206.123.145.48  user=root
Mar 29 05:07:48 cls sshd[648010]: pam_unix(sshd:auth): check pass; user unknown
Mar 29 05:07:48 cls sshd[648010]: pam_unix(sshd:auth): authentication failure; logname= uid=0 euid=0 tty=ssh ruser= rhost=130.12.181.109 
Mar 29 05:07:49 cls sshd[648011]: Failed password for root from 206.123.145.48 port 10716 ssh2
Mar 29 05:07:50 cls sshd[648010]: Failed password for invalid user git from 130.12.181.109 port 21134 ssh2
Mar 29 05:07:53 cls sshd[648011]: Connection closed by authenticating user root 206.123.145.48 port 10716 [preauth]
Mar 29 05:07:53 cls sshd[648010]: Connection closed by invalid user git 130.12.181.109 port 21134 [preauth]
Mar 29 05:08:04 cls sshd[648016]: Invalid user xujingyao from 206.123.145.51 port 58846
Mar 29 05:08:05 cls sshd[648016]: pam_unix(sshd:auth): check pass; user unknown
Mar 29 05:08:05 cls sshd[648016]: pam_unix(sshd:auth): authentication failure; logname= uid=0 euid=0 tty=ssh ruser= rhost=206.123.145.51 
Mar 29 05:08:06 cls sshd[648016]: Failed password for invalid user xujingyao from 206.123.145.51 port 58846 ssh2
Mar 29 05:08:12 cls sshd[648016]: Connection closed by invalid user xujingyao 206.123.145.51 port 58846 [preauth]
Mar 29 05:08:15 cls sshd[648028]: Invalid user samba_user from 130.12.181.100 port 19248
Mar 29 05:08:17 cls sshd[648028]: pam_unix(sshd:auth): check pass; user unknown
Mar 29 05:08:17 cls sshd[648028]: pam_unix(sshd:auth): authentication failure; logname= uid=0 euid=0 tty=ssh ruser= rhost=130.12.181.100 
Mar 29 05:08:19 cls sshd[648028]: Failed password for invalid user samba_user from 130.12.181.100 port 19248 ssh2
