Mar 29 05:27:59 cls sshd[649019]: Received disconnect from 38.114.121.110 port 63673:11: Bye Bye [preauth]
Mar 29 05:27:59 cls sshd[649019]: Disconnected from authenticating user root 38.114.121.110 port 63673 [preauth]
Mar 29 05:28:04 cls sshd[649017]: Invalid user gpadmin from 206.123.145.53 port 25580
Mar 29 05:28:05 cls sshd[649017]: pam_unix(sshd:auth): check pass; user unknown
Mar 29 05:28:05 cls sshd[649017]: pam_unix(sshd:auth): authentication failure; logname= uid=0 euid=0 tty=ssh ruser= rhost=206.123.145.53 
Mar 29 05:28:07 cls sshd[649017]: Failed password for invalid user gpadmin from 206.123.145.53 port 25580 ssh2
Mar 29 05:28:09 cls sshd[649017]: Connection closed by invalid user gpadmin 206.123.145.53 port 25580 [preauth]
Mar 29 05:28:12 cls sshd[649028]: pam_unix(sshd:auth): authentication failure; logname= uid=0 euid=0 tty=ssh ruser= rhost=41.59.86.232  user=root
Mar 29 05:28:14 cls sshd[649028]: Failed password for root from 41.59.86.232 port 53898 ssh2
Mar 29 05:28:14 cls sshd[649028]: Received disconnect from 41.59.86.232 port 53898:11: Bye Bye [preauth]
Mar 29 05:28:14 cls sshd[649028]: Disconnected from authenticating user root 41.59.86.232 port 53898 [preauth]
Mar 29 05:28:17 cls sshd[649030]: pam_unix(sshd:auth): authentication failure; logname= uid=0 euid=0 tty=ssh ruser= rhost=89.218.69.66  user=root
Mar 29 05:28:19 cls sshd[649030]: Failed password for root from 89.218.69.66 port 14891 ssh2
Mar 29 05:28:20 cls sshd[649030]: Received disconnect from 89.218.69.66 port 14891:11: Bye Bye [preauth]
Mar 29 05:28:20 cls sshd[649030]: Disconnected from authenticating user root 89.218.69.66 port 14891 [preauth]
Mar 29 05:28:34 cls sshd[649033]: Invalid user kannel from 206.123.145.72 port 52732
Mar 29 05:28:36 cls sshd[649032]: Invalid user yb from 206.123.145.70 port 19910
Mar 29 05:28:38 cls sshd[649036]: Invalid user operations from 130.12.181.98 port 25914
Mar 29 05:28:39 cls sshd[649033]: pam_unix(sshd:auth): check pass; user unknown
Mar 29 05:28:39 cls sshd[649033]: pam_unix(sshd:auth): authentication failure; logname= uid=0 euid=0 tty=ssh ruser= rhost=206.123.145.72 
Mar 29 05:28:39 cls sshd[649032]: pam_unix(sshd:auth): check pass; user unknown
Mar 29 05:28:39 cls sshd[649032]: pam_unix(sshd:auth): authentication failure; logname= uid=0 euid=0 tty=ssh ruser= rhost=206.123.145.70 
Mar 29 05:28:39 cls sshd[649036]: pam_unix(sshd:auth): check pass; user unknown
Mar 29 05:28:39 cls sshd[649036]: pam_unix(sshd:auth): authentication failure; logname= uid=0 euid=0 tty=ssh ruser= rhost=130.12.181.98 
Mar 29 05:28:41 cls sshd[649033]: Failed password for invalid user kannel from 206.123.145.72 port 52732 ssh2
Mar 29 05:28:41 cls sshd[649032]: Failed password for invalid user yb from 206.123.145.70 port 19910 ssh2
Mar 29 05:28:41 cls sshd[649040]: pam_unix(sshd:auth): authentication failure; logname= uid=0 euid=0 tty=ssh ruser= rhost=103.179.56.44  user=root
Mar 29 05:28:41 cls sshd[649036]: Failed password for invalid user operations from 130.12.181.98 port 25914 ssh2
Mar 29 05:28:43 cls sshd[649040]: Failed password for root from 103.179.56.44 port 54020 ssh2
Mar 29 05:28:43 cls sshd[649036]: Connection closed by invalid user operations 130.12.181.98 port 25914 [preauth]
Mar 29 05:28:44 cls sshd[649032]: Connection closed by invalid user yb 206.123.145.70 port 19910 [preauth]
Mar 29 05:28:44 cls sshd[649033]: Connection closed by invalid user kannel 206.123.145.72 port 52732 [preauth]
Mar 29 05:28:44 cls sshd[649040]: Received disconnect from 103.179.56.44 port 54020:11: Bye Bye [preauth]
Mar 29 05:28:44 cls sshd[649040]: Disconnected from authenticating user root 103.179.56.44 port 54020 [preauth]
Mar 29 05:28:48 cls sshd[649038]: Invalid user tapon from 206.123.145.71 port 9394
Mar 29 05:28:50 cls sshd[649038]: pam_unix(sshd:auth): check pass; user unknown
Mar 29 05:28:50 cls sshd[649038]: pam_unix(sshd:auth): authentication failure; logname= uid=0 euid=0 tty=ssh ruser= rhost=206.123.145.71 
Mar 29 05:28:53 cls sshd[649038]: Failed password for invalid user tapon from 206.123.145.71 port 9394 ssh2
Mar 29 05:28:56 cls sshd[649042]: pam_unix(sshd:auth): authentication failure; logname= uid=0 euid=0 tty=ssh ruser= rhost=206.123.145.51  user=root
Mar 29 05:28:57 cls sshd[649038]: Connection closed by invalid user tapon 206.123.145.71 port 9394 [preauth]
Mar 29 05:28:58 cls sshd[649043]: Invalid user wujj from 206.123.145.48 port 30324
Mar 29 05:28:59 cls sshd[649042]: Failed password for root from 206.123.145.51 port 4454 ssh2
Mar 29 05:28:59 cls sshd[649043]: pam_unix(sshd:auth): check pass; user unknown
Mar 29 05:28:59 cls sshd[649043]: pam_unix(sshd:auth): authentication failure; logname= uid=0 euid=0 tty=ssh ruser= rhost=206.123.145.48 
Mar 29 05:29:01 cls sshd[649042]: Connection closed by authenticating user root 206.123.145.51 port 4454 [preauth]
Mar 29 05:29:01 cls sshd[649043]: Failed password for invalid user wujj from 206.123.145.48 port 30324 ssh2
Mar 29 05:29:04 cls sshd[649043]: Connection closed by invalid user wujj 206.123.145.48 port 30324 [preauth]
Mar 29 05:29:12 cls sshd[649053]: Invalid user lujiongjia from 206.123.145.46 port 1864
Mar 29 05:29:13 cls sshd[649053]: pam_unix(sshd:auth): check pass; user unknown
Mar 29 05:29:13 cls sshd[649053]: pam_unix(sshd:auth): authentication failure; logname= uid=0 euid=0 tty=ssh ruser= rhost=206.123.145.46 
Mar 29 05:29:15 cls sshd[649053]: Failed password for invalid user lujiongjia from 206.123.145.46 port 1864 ssh2
Mar 29 05:29:16 cls sshd[649055]: pam_unix(sshd:auth): authentication failure; logname= uid=0 euid=0 tty=ssh ruser= rhost=57.128.223.80  user=root
Mar 29 05:29:18 cls sshd[649055]: Failed password for root from 57.128.223.80 port 53588 ssh2
Mar 29 05:29:19 cls sshd[649055]: Received disconnect from 57.128.223.80 port 53588:11: Bye Bye [preauth]
Mar 29 05:29:19 cls sshd[649055]: Disconnected from authenticating user root 57.128.223.80 port 53588 [preauth]
Mar 29 05:29:19 cls sshd[649053]: Connection closed by invalid user lujiongjia 206.123.145.46 port 1864 [preauth]
Mar 29 05:29:28 cls sshd[649057]: Invalid user ckan from 206.123.145.54 port 28464
Mar 29 05:29:30 cls sshd[649057]: pam_unix(sshd:auth): check pass; user unknown
Mar 29 05:29:30 cls sshd[649057]: pam_unix(sshd:auth): authentication failure; logname= uid=0 euid=0 tty=ssh ruser= rhost=206.123.145.54 
Mar 29 05:29:32 cls sshd[649057]: Failed password for invalid user ckan from 206.123.145.54 port 28464 ssh2
Mar 29 05:29:36 cls sshd[649057]: Connection closed by invalid user ckan 206.123.145.54 port 28464 [preauth]
Mar 29 05:29:49 cls sshd[649059]: Invalid user coremail from 206.123.145.76 port 8906
Mar 29 05:29:51 cls sshd[649059]: pam_unix(sshd:auth): check pass; user unknown
Mar 29 05:29:51 cls sshd[649059]: pam_unix(sshd:auth): authentication failure; logname= uid=0 euid=0 tty=ssh ruser= rhost=206.123.145.76 
Mar 29 05:29:53 cls sshd[649059]: Failed password for invalid user coremail from 206.123.145.76 port 8906 ssh2
Mar 29 05:29:56 cls sshd[649060]: pam_unix(sshd:auth): authentication failure; logname= uid=0 euid=0 tty=ssh ruser= rhost=206.123.145.52  user=root
Mar 29 05:29:58 cls sshd[649060]: Failed password for root from 206.123.145.52 port 31572 ssh2
Mar 29 05:30:00 cls sshd[649059]: Connection closed by invalid user coremail 206.123.145.76 port 8906 [preauth]
Mar 29 05:30:00 cls sshd[649060]: Connection closed by authenticating user root 206.123.145.52 port 31572 [preauth]
Mar 29 05:30:03 cls sshd[649065]: Invalid user testuser1 from 130.12.181.101 port 20788
Mar 29 05:30:04 cls sshd[649065]: pam_unix(sshd:auth): check pass; user unknown
Mar 29 05:30:04 cls sshd[649065]: pam_unix(sshd:auth): authentication failure; logname= uid=0 euid=0 tty=ssh ruser= rhost=130.12.181.101 
Mar 29 05:30:06 cls sshd[649065]: Failed password for invalid user testuser1 from 130.12.181.101 port 20788 ssh2
Mar 29 05:30:10 cls sshd[649065]: Connection closed by invalid user testuser1 130.12.181.101 port 20788 [preauth]
Mar 29 05:30:20 cls sshd[649091]: pam_unix(sshd:auth): authentication failure; logname= uid=0 euid=0 tty=ssh ruser= rhost=103.91.246.101  user=root
Mar 29 05:30:22 cls sshd[649091]: Failed password for root from 103.91.246.101 port 35958 ssh2
Mar 29 05:30:22 cls sshd[649091]: Received disconnect from 103.91.246.101 port 35958:11: Bye Bye [preauth]
Mar 29 05:30:22 cls sshd[649091]: Disconnected from authenticating user root 103.91.246.101 port 35958 [preauth]
Mar 29 05:30:35 cls sshd[649101]: Invalid user mobile from 130.12.181.97 port 6036
Mar 29 05:30:37 cls sshd[649101]: pam_unix(sshd:auth): check pass; user unknown
Mar 29 05:30:37 cls sshd[649101]: pam_unix(sshd:auth): authentication failure; logname= uid=0 euid=0 tty=ssh ruser= rhost=130.12.181.97 
Mar 29 05:30:40 cls sshd[649101]: Failed password for invalid user mobile from 130.12.181.97 port 6036 ssh2
Mar 29 05:30:43 cls sshd[649101]: Connection closed by invalid user mobile 130.12.181.97 port 6036 [preauth]
Mar 29 05:31:03 cls sshd[649139]: pam_unix(sshd:auth): authentication failure; logname= uid=0 euid=0 tty=ssh ruser= rhost=45.119.84.54  user=root
Mar 29 05:31:05 cls sshd[649139]: Failed password for root from 45.119.84.54 port 58046 ssh2
Mar 29 05:31:06 cls sshd[649139]: Received disconnect from 45.119.84.54 port 58046:11: Bye Bye [preauth]
Mar 29 05:31:06 cls sshd[649139]: Disconnected from authenticating user root 45.119.84.54 port 58046 [preauth]
Mar 29 05:31:12 cls sshd[649141]: Invalid user brian from 130.12.181.105 port 28566
Mar 29 05:31:15 cls sshd[649141]: pam_unix(sshd:auth): check pass; user unknown
Mar 29 05:31:15 cls sshd[649141]: pam_unix(sshd:auth): authentication failure; logname= uid=0 euid=0 tty=ssh ruser= rhost=130.12.181.105 
Mar 29 05:31:16 cls sshd[649151]: pam_unix(sshd:auth): authentication failure; logname= uid=0 euid=0 tty=ssh ruser= rhost=38.114.121.110  user=root
Mar 29 05:31:16 cls sshd[649141]: Failed password for invalid user brian from 130.12.181.105 port 28566 ssh2
Mar 29 05:31:18 cls sshd[649151]: Failed password for root from 38.114.121.110 port 63256 ssh2
Mar 29 05:31:19 cls sshd[649151]: Received disconnect from 38.114.121.110 port 63256:11: Bye Bye [preauth]
Mar 29 05:31:19 cls sshd[649151]: Disconnected from authenticating user root 38.114.121.110 port 63256 [preauth]
Mar 29 05:31:19 cls sshd[649141]: Connection closed by invalid user brian 130.12.181.105 port 28566 [preauth]
Mar 29 05:31:27 cls sshd[649157]: pam_unix(sshd:auth): authentication failure; logname= uid=0 euid=0 tty=ssh ruser= rhost=89.218.69.66  user=root
Mar 29 05:31:28 cls sshd[649155]: Invalid user wym from 130.12.181.103 port 9630
Mar 29 05:31:29 cls sshd[649157]: Failed password for root from 89.218.69.66 port 16472 ssh2
Mar 29 05:31:30 cls sshd[649157]: Received disconnect from 89.218.69.66 port 16472:11: Bye Bye [preauth]
Mar 29 05:31:30 cls sshd[649157]: Disconnected from authenticating user root 89.218.69.66 port 16472 [preauth]
Mar 29 05:31:31 cls sshd[649155]: pam_unix(sshd:auth): check pass; user unknown
Mar 29 05:31:31 cls sshd[649155]: pam_unix(sshd:auth): authentication failure; logname= uid=0 euid=0 tty=ssh ruser= rhost=130.12.181.103 
Mar 29 05:31:33 cls sshd[649155]: Failed password for invalid user wym from 130.12.181.103 port 9630 ssh2
Mar 29 05:31:38 cls sshd[649155]: Connection closed by invalid user wym 130.12.181.103 port 9630 [preauth]
Mar 29 05:31:46 cls sshd[649165]: Invalid user p2pdata from 130.12.181.107 port 36068
Mar 29 05:31:48 cls sshd[649165]: pam_unix(sshd:auth): check pass; user unknown
Mar 29 05:31:48 cls sshd[649165]: pam_unix(sshd:auth): authentication failure; logname= uid=0 euid=0 tty=ssh ruser= rhost=130.12.181.107 
Mar 29 05:31:50 cls sshd[649165]: Failed password for invalid user p2pdata from 130.12.181.107 port 36068 ssh2
Mar 29 05:31:52 cls sshd[649173]: Invalid user hdu from 206.123.145.73 port 7750
Mar 29 05:31:52 cls sshd[649165]: Connection closed by invalid user p2pdata 130.12.181.107 port 36068 [preauth]
Mar 29 05:31:54 cls sshd[649173]: pam_unix(sshd:auth): check pass; user unknown
Mar 29 05:31:54 cls sshd[649173]: pam_unix(sshd:auth): authentication failure; logname= uid=0 euid=0 tty=ssh ruser= rhost=206.123.145.73 
Mar 29 05:31:55 cls sshd[649174]: Invalid user user from 130.12.181.104 port 45932
Mar 29 05:31:56 cls sshd[649173]: Failed password for invalid user hdu from 206.123.145.73 port 7750 ssh2
Mar 29 05:31:57 cls sshd[649174]: pam_unix(sshd:auth): check pass; user unknown
Mar 29 05:31:57 cls sshd[649174]: pam_unix(sshd:auth): authentication failure; logname= uid=0 euid=0 tty=ssh ruser= rhost=130.12.181.104 
Mar 29 05:31:58 cls sshd[649178]: pam_unix(sshd:auth): authentication failure; logname= uid=0 euid=0 tty=ssh ruser= rhost=41.59.86.232  user=root
Mar 29 05:31:59 cls sshd[649174]: Failed password for invalid user user from 130.12.181.104 port 45932 ssh2
Mar 29 05:32:00 cls sshd[649173]: Connection closed by invalid user hdu 206.123.145.73 port 7750 [preauth]
Mar 29 05:32:00 cls sshd[649178]: Failed password for root from 41.59.86.232 port 51412 ssh2
Mar 29 05:32:02 cls sshd[649174]: Connection closed by invalid user user 130.12.181.104 port 45932 [preauth]
Mar 29 05:32:03 cls sshd[649178]: Received disconnect from 41.59.86.232 port 51412:11: Bye Bye [preauth]
Mar 29 05:32:03 cls sshd[649178]: Disconnected from authenticating user root 41.59.86.232 port 51412 [preauth]
Mar 29 05:32:23 cls sshd[649180]: Invalid user group4 from 206.123.145.79 port 41424
Mar 29 05:32:25 cls sshd[649180]: pam_unix(sshd:auth): check pass; user unknown
Mar 29 05:32:25 cls sshd[649180]: pam_unix(sshd:auth): authentication failure; logname= uid=0 euid=0 tty=ssh ruser= rhost=206.123.145.79 
Mar 29 05:32:26 cls sshd[649180]: Failed password for invalid user group4 from 206.123.145.79 port 41424 ssh2
Mar 29 05:32:29 cls sshd[649180]: Connection closed by invalid user group4 206.123.145.79 port 41424 [preauth]
Mar 29 05:32:33 cls sshd[649182]: pam_unix(sshd:auth): authentication failure; logname= uid=0 euid=0 tty=ssh ruser= rhost=57.128.223.80  user=root
Mar 29 05:32:36 cls sshd[649182]: Failed password for root from 57.128.223.80 port 48398 ssh2
Mar 29 05:32:36 cls sshd[649182]: Received disconnect from 57.128.223.80 port 48398:11: Bye Bye [preauth]
Mar 29 05:32:36 cls sshd[649182]: Disconnected from authenticating user root 57.128.223.80 port 48398 [preauth]
Mar 29 05:32:44 cls sshd[649184]: Invalid user vhpadmin from 206.123.145.57 port 34980
Mar 29 05:32:46 cls sshd[649184]: pam_unix(sshd:auth): check pass; user unknown
Mar 29 05:32:46 cls sshd[649184]: pam_unix(sshd:auth): authentication failure; logname= uid=0 euid=0 tty=ssh ruser= rhost=206.123.145.57 
Mar 29 05:32:48 cls sshd[649184]: Failed password for invalid user vhpadmin from 206.123.145.57 port 34980 ssh2
Mar 29 05:32:50 cls sshd[649184]: Connection closed by invalid user vhpadmin 206.123.145.57 port 34980 [preauth]
Mar 29 05:32:59 cls sshd[649190]: pam_unix(sshd:auth): authentication failure; logname= uid=0 euid=0 tty=ssh ruser= rhost=206.123.145.20  user=root
Mar 29 05:33:01 cls sshd[649190]: Failed password for root from 206.123.145.20 port 43764 ssh2
Mar 29 05:33:03 cls sshd[649190]: Connection closed by authenticating user root 206.123.145.20 port 43764 [preauth]
Mar 29 05:33:14 cls sshd[649194]: pam_unix(sshd:auth): authentication failure; logname= uid=0 euid=0 tty=ssh ruser= rhost=206.123.145.78  user=root
Mar 29 05:33:15 cls sshd[649194]: Failed password for root from 206.123.145.78 port 2792 ssh2
Mar 29 05:33:19 cls sshd[649194]: Connection closed by authenticating user root 206.123.145.78 port 2792 [preauth]
Mar 29 05:33:34 cls sshd[649204]: pam_unix(sshd:auth): authentication failure; logname= uid=0 euid=0 tty=ssh ruser= rhost=103.179.56.44  user=root
Mar 29 05:33:35 cls sshd[649204]: Failed password for root from 103.179.56.44 port 59978 ssh2
Mar 29 05:33:36 cls sshd[649198]: Invalid user quyetvk from 130.12.181.108 port 50992
Mar 29 05:33:36 cls sshd[649204]: Received disconnect from 103.179.56.44 port 59978:11: Bye Bye [preauth]
Mar 29 05:33:36 cls sshd[649204]: Disconnected from authenticating user root 103.179.56.44 port 59978 [preauth]
Mar 29 05:33:38 cls sshd[649198]: pam_unix(sshd:auth): check pass; user unknown
Mar 29 05:33:38 cls sshd[649198]: pam_unix(sshd:auth): authentication failure; logname= uid=0 euid=0 tty=ssh ruser= rhost=130.12.181.108 
Mar 29 05:33:38 cls sshd[649202]: pam_unix(sshd:auth): authentication failure; logname= uid=0 euid=0 tty=ssh ruser= rhost=14.103.118.74  user=root
Mar 29 05:33:38 cls sshd[649200]: Invalid user hpp from 206.123.145.50 port 18482
Mar 29 05:33:39 cls sshd[649198]: Failed password for invalid user quyetvk from 130.12.181.108 port 50992 ssh2
Mar 29 05:33:40 cls sshd[649202]: Failed password for root from 14.103.118.74 port 22972 ssh2
Mar 29 05:33:41 cls sshd[649200]: pam_unix(sshd:auth): check pass; user unknown
Mar 29 05:33:41 cls sshd[649200]: pam_unix(sshd:auth): authentication failure; logname= uid=0 euid=0 tty=ssh ruser= rhost=206.123.145.50 
Mar 29 05:33:42 cls sshd[649198]: Connection closed by invalid user quyetvk 130.12.181.108 port 50992 [preauth]
Mar 29 05:33:43 cls sshd[649200]: Failed password for invalid user hpp from 206.123.145.50 port 18482 ssh2
Mar 29 05:33:46 cls sshd[649206]: pam_unix(sshd:auth): authentication failure; logname= uid=0 euid=0 tty=ssh ruser= rhost=103.91.246.101  user=root
Mar 29 05:33:47 cls sshd[649200]: Connection closed by invalid user hpp 206.123.145.50 port 18482 [preauth]
Mar 29 05:33:48 cls sshd[649206]: Failed password for root from 103.91.246.101 port 39814 ssh2
Mar 29 05:33:49 cls sshd[649206]: Received disconnect from 103.91.246.101 port 39814:11: Bye Bye [preauth]
Mar 29 05:33:49 cls sshd[649206]: Disconnected from authenticating user root 103.91.246.101 port 39814 [preauth]
Mar 29 05:34:01 cls sshd[649208]: Invalid user hm from 206.123.145.69 port 22864
Mar 29 05:34:03 cls sshd[649208]: pam_unix(sshd:auth): check pass; user unknown
Mar 29 05:34:03 cls sshd[649208]: pam_unix(sshd:auth): authentication failure; logname= uid=0 euid=0 tty=ssh ruser= rhost=206.123.145.69 
Mar 29 05:34:04 cls sshd[649210]: Invalid user jenkins from 206.123.145.55 port 15022
Mar 29 05:34:05 cls sshd[649209]: pam_unix(sshd:auth): authentication failure; logname= uid=0 euid=0 tty=ssh ruser= rhost=130.12.181.106  user=root
Mar 29 05:34:05 cls sshd[649208]: Failed password for invalid user hm from 206.123.145.69 port 22864 ssh2
Mar 29 05:34:06 cls sshd[649210]: pam_unix(sshd:auth): check pass; user unknown
Mar 29 05:34:06 cls sshd[649210]: pam_unix(sshd:auth): authentication failure; logname= uid=0 euid=0 tty=ssh ruser= rhost=206.123.145.55 
Mar 29 05:34:07 cls sshd[649209]: Failed password for root from 130.12.181.106 port 5796 ssh2
Mar 29 05:34:08 cls sshd[649210]: Failed password for invalid user jenkins from 206.123.145.55 port 15022 ssh2
Mar 29 05:34:10 cls sshd[649208]: Connection closed by invalid user hm 206.123.145.69 port 22864 [preauth]
Mar 29 05:34:10 cls sshd[649209]: Connection closed by authenticating user root 130.12.181.106 port 5796 [preauth]
Mar 29 05:34:10 cls sshd[649210]: Connection closed by invalid user jenkins 206.123.145.55 port 15022 [preauth]
Mar 29 05:34:25 cls sshd[649214]: Invalid user hzh1admin from 206.123.145.49 port 35906
Mar 29 05:34:27 cls sshd[649214]: pam_unix(sshd:auth): check pass; user unknown
Mar 29 05:34:27 cls sshd[649214]: pam_unix(sshd:auth): authentication failure; logname= uid=0 euid=0 tty=ssh ruser= rhost=206.123.145.49 
Mar 29 05:34:27 cls sshd[649216]: pam_unix(sshd:auth): authentication failure; logname= uid=0 euid=0 tty=ssh ruser= rhost=38.114.121.110  user=root
Mar 29 05:34:28 cls sshd[649214]: Failed password for invalid user hzh1admin from 206.123.145.49 port 35906 ssh2
Mar 29 05:34:29 cls sshd[649216]: Failed password for root from 38.114.121.110 port 63383 ssh2
Mar 29 05:34:30 cls sshd[649214]: Connection closed by invalid user hzh1admin 206.123.145.49 port 35906 [preauth]
Mar 29 05:34:30 cls sshd[649216]: Received disconnect from 38.114.121.110 port 63383:11: Bye Bye [preauth]
Mar 29 05:34:30 cls sshd[649216]: Disconnected from authenticating user root 38.114.121.110 port 63383 [preauth]
Mar 29 05:34:32 cls sshd[649221]: pam_unix(sshd:auth): authentication failure; logname= uid=0 euid=0 tty=ssh ruser= rhost=89.218.69.66  user=root
Mar 29 05:34:34 cls sshd[649221]: Failed password for root from 89.218.69.66 port 53627 ssh2
Mar 29 05:34:35 cls sshd[649221]: Received disconnect from 89.218.69.66 port 53627:11: Bye Bye [preauth]
Mar 29 05:34:35 cls sshd[649221]: Disconnected from authenticating user root 89.218.69.66 port 53627 [preauth]
Mar 29 05:34:39 cls sshd[649220]: Invalid user test1 from 130.12.181.109 port 46950
Mar 29 05:34:41 cls sshd[649220]: pam_unix(sshd:auth): check pass; user unknown
Mar 29 05:34:41 cls sshd[649220]: pam_unix(sshd:auth): authentication failure; logname= uid=0 euid=0 tty=ssh ruser= rhost=130.12.181.109 
Mar 29 05:34:43 cls sshd[649220]: Failed password for invalid user test1 from 130.12.181.109 port 46950 ssh2
Mar 29 05:34:44 cls sshd[649224]: Invalid user intel from 130.12.181.102 port 26270
Mar 29 05:34:45 cls sshd[649224]: pam_unix(sshd:auth): check pass; user unknown
Mar 29 05:34:45 cls sshd[649224]: pam_unix(sshd:auth): authentication failure; logname= uid=0 euid=0 tty=ssh ruser= rhost=130.12.181.102 
Mar 29 05:34:46 cls sshd[649220]: Connection closed by invalid user test1 130.12.181.109 port 46950 [preauth]
Mar 29 05:34:48 cls sshd[649224]: Failed password for invalid user intel from 130.12.181.102 port 26270 ssh2
Mar 29 05:34:52 cls sshd[649224]: Connection closed by invalid user intel 130.12.181.102 port 26270 [preauth]
Mar 29 05:35:23 cls sshd[649230]: Invalid user administrator from 130.12.181.100 port 18060
Mar 29 05:35:23 cls sshd[649232]: pam_unix(sshd:auth): authentication failure; logname= uid=0 euid=0 tty=ssh ruser= rhost=45.119.84.54  user=root
Mar 29 05:35:25 cls sshd[649230]: pam_unix(sshd:auth): check pass; user unknown
Mar 29 05:35:25 cls sshd[649230]: pam_unix(sshd:auth): authentication failure; logname= uid=0 euid=0 tty=ssh ruser= rhost=130.12.181.100 
Mar 29 05:35:26 cls sshd[649232]: Failed password for root from 45.119.84.54 port 59972 ssh2
Mar 29 05:35:26 cls sshd[649232]: Received disconnect from 45.119.84.54 port 59972:11: Bye Bye [preauth]
Mar 29 05:35:26 cls sshd[649232]: Disconnected from authenticating user root 45.119.84.54 port 59972 [preauth]
Mar 29 05:35:27 cls sshd[649230]: Failed password for invalid user administrator from 130.12.181.100 port 18060 ssh2
Mar 29 05:35:29 cls sshd[649230]: Connection closed by invalid user administrator 130.12.181.100 port 18060 [preauth]
Mar 29 05:35:37 cls sshd[649236]: pam_unix(sshd:auth): authentication failure; logname= uid=0 euid=0 tty=ssh ruser= rhost=41.59.86.232  user=root
Mar 29 05:35:39 cls sshd[649236]: Failed password for root from 41.59.86.232 port 33698 ssh2
Mar 29 05:35:40 cls sshd[649236]: Received disconnect from 41.59.86.232 port 33698:11: Bye Bye [preauth]
Mar 29 05:35:40 cls sshd[649236]: Disconnected from authenticating user root 41.59.86.232 port 33698 [preauth]
Mar 29 05:35:50 cls sshd[649238]: Invalid user nine from 206.123.145.56 port 51096
Mar 29 05:35:53 cls sshd[649238]: pam_unix(sshd:auth): check pass; user unknown
Mar 29 05:35:53 cls sshd[649238]: pam_unix(sshd:auth): authentication failure; logname= uid=0 euid=0 tty=ssh ruser= rhost=206.123.145.56 
Mar 29 05:35:56 cls sshd[649238]: Failed password for invalid user nine from 206.123.145.56 port 51096 ssh2
Mar 29 05:36:00 cls sshd[649238]: Connection closed by invalid user nine 206.123.145.56 port 51096 [preauth]
Mar 29 05:36:12 cls sshd[649242]: pam_unix(sshd:auth): authentication failure; logname= uid=0 euid=0 tty=ssh ruser= rhost=130.12.181.98  user=root
Mar 29 05:36:14 cls sshd[649242]: Failed password for root from 130.12.181.98 port 23564 ssh2
Mar 29 05:36:16 cls sshd[649242]: Connection closed by authenticating user root 130.12.181.98 port 23564 [preauth]
Mar 29 05:36:30 cls sshd[649251]: Invalid user gongzhenni from 130.12.181.99 port 32980
Mar 29 05:36:32 cls sshd[649251]: pam_unix(sshd:auth): check pass; user unknown
Mar 29 05:36:32 cls sshd[649251]: pam_unix(sshd:auth): authentication failure; logname= uid=0 euid=0 tty=ssh ruser= rhost=130.12.181.99 
Mar 29 05:36:34 cls sshd[649251]: Failed password for invalid user gongzhenni from 130.12.181.99 port 32980 ssh2
Mar 29 05:36:37 cls sshd[649251]: Connection closed by invalid user gongzhenni 130.12.181.99 port 32980 [preauth]
Mar 29 05:37:06 cls sshd[649259]: Invalid user student from 206.123.145.74 port 14124
Mar 29 05:37:08 cls sshd[649259]: pam_unix(sshd:auth): check pass; user unknown
Mar 29 05:37:08 cls sshd[649259]: pam_unix(sshd:auth): authentication failure; logname= uid=0 euid=0 tty=ssh ruser= rhost=206.123.145.74 
Mar 29 05:37:10 cls sshd[649259]: Failed password for invalid user student from 206.123.145.74 port 14124 ssh2
Mar 29 05:37:13 cls sshd[649259]: Connection closed by invalid user student 206.123.145.74 port 14124 [preauth]
Mar 29 05:37:20 cls sshd[649261]: Invalid user hjj from 206.123.145.77 port 50856
Mar 29 05:37:21 cls sshd[649261]: pam_unix(sshd:auth): check pass; user unknown
Mar 29 05:37:21 cls sshd[649261]: pam_unix(sshd:auth): authentication failure; logname= uid=0 euid=0 tty=ssh ruser= rhost=206.123.145.77 
Mar 29 05:37:23 cls sshd[649261]: Failed password for invalid user hjj from 206.123.145.77 port 50856 ssh2
Mar 29 05:37:26 cls sshd[649261]: Connection closed by invalid user hjj 206.123.145.77 port 50856 [preauth]
Mar 29 05:37:40 cls sshd[649265]: Invalid user posco from 206.123.145.75 port 10818
Mar 29 05:37:41 cls sshd[649265]: pam_unix(sshd:auth): check pass; user unknown
Mar 29 05:37:41 cls sshd[649265]: pam_unix(sshd:auth): authentication failure; logname= uid=0 euid=0 tty=ssh ruser= rhost=206.123.145.75 
Mar 29 05:37:43 cls sshd[649265]: Failed password for invalid user posco from 206.123.145.75 port 10818 ssh2
Mar 29 05:37:46 cls sshd[649267]: pam_unix(sshd:auth): authentication failure; logname= uid=0 euid=0 tty=ssh ruser= rhost=38.114.121.110  user=root
Mar 29 05:37:47 cls sshd[649265]: Connection closed by invalid user posco 206.123.145.75 port 10818 [preauth]
Mar 29 05:37:48 cls sshd[649267]: Failed password for root from 38.114.121.110 port 63246 ssh2
Mar 29 05:37:48 cls sshd[649267]: Received disconnect from 38.114.121.110 port 63246:11: Bye Bye [preauth]
Mar 29 05:37:48 cls sshd[649267]: Disconnected from authenticating user root 38.114.121.110 port 63246 [preauth]
Mar 29 05:37:52 cls sshd[649271]: pam_unix(sshd:auth): authentication failure; logname= uid=0 euid=0 tty=ssh ruser= rhost=89.218.69.66  user=root
Mar 29 05:37:55 cls sshd[649271]: Failed password for root from 89.218.69.66 port 49374 ssh2
Mar 29 05:37:55 cls sshd[649271]: Received disconnect from 89.218.69.66 port 49374:11: Bye Bye [preauth]
Mar 29 05:37:55 cls sshd[649271]: Disconnected from authenticating user root 89.218.69.66 port 49374 [preauth]
Mar 29 05:38:00 cls sshd[649269]: Invalid user jbx from 206.123.145.53 port 23178
Mar 29 05:38:02 cls sshd[649269]: pam_unix(sshd:auth): check pass; user unknown
Mar 29 05:38:02 cls sshd[649269]: pam_unix(sshd:auth): authentication failure; logname= uid=0 euid=0 tty=ssh ruser= rhost=206.123.145.53 
Mar 29 05:38:04 cls sshd[649269]: Failed password for invalid user jbx from 206.123.145.53 port 23178 ssh2
Mar 29 05:38:09 cls sshd[649269]: Connection closed by invalid user jbx 206.123.145.53 port 23178 [preauth]
Mar 29 05:38:36 cls sshd[649273]: pam_unix(sshd:auth): authentication failure; logname= uid=0 euid=0 tty=ssh ruser= rhost=103.179.56.44  user=root
Mar 29 05:38:38 cls sshd[649273]: Failed password for root from 103.179.56.44 port 33676 ssh2
Mar 29 05:38:39 cls sshd[649273]: Received disconnect from 103.179.56.44 port 33676:11: Bye Bye [preauth]
Mar 29 05:38:39 cls sshd[649273]: Disconnected from authenticating user root 103.179.56.44 port 33676 [preauth]
Mar 29 05:39:01 cls CRON[649275]: pam_unix(cron:session): session opened for user root by (uid=0)
Mar 29 05:39:01 cls CRON[649275]: pam_unix(cron:session): session closed for user root
Mar 29 05:39:10 cls sshd[649277]: Invalid user felix from 206.123.145.48 port 61482
Mar 29 05:39:13 cls sshd[649277]: pam_unix(sshd:auth): check pass; user unknown
Mar 29 05:39:13 cls sshd[649277]: pam_unix(sshd:auth): authentication failure; logname= uid=0 euid=0 tty=ssh ruser= rhost=206.123.145.48 
Mar 29 05:39:15 cls sshd[649277]: Failed password for invalid user felix from 206.123.145.48 port 61482 ssh2
Mar 29 05:39:17 cls sshd[649280]: Invalid user test1 from 130.12.181.101 port 48604
Mar 29 05:39:19 cls sshd[649277]: Connection closed by invalid user felix 206.123.145.48 port 61482 [preauth]
Mar 29 05:39:20 cls sshd[649280]: pam_unix(sshd:auth): check pass; user unknown
Mar 29 05:39:20 cls sshd[649280]: pam_unix(sshd:auth): authentication failure; logname= uid=0 euid=0 tty=ssh ruser= rhost=130.12.181.101 
Mar 29 05:39:20 cls sshd[649279]: pam_unix(sshd:auth): authentication failure; logname= uid=0 euid=0 tty=ssh ruser= rhost=206.123.145.51  user=root
Mar 29 05:39:21 cls sshd[649664]: Invalid user itump from 206.123.145.70 port 11456
Mar 29 05:39:21 cls sshd[649678]: pam_unix(sshd:auth): authentication failure; logname= uid=0 euid=0 tty=ssh ruser= rhost=41.59.86.232  user=root
Mar 29 05:39:22 cls sshd[649280]: Failed password for invalid user test1 from 130.12.181.101 port 48604 ssh2
Mar 29 05:39:22 cls sshd[649279]: Failed password for root from 206.123.145.51 port 2502 ssh2
Mar 29 05:39:22 cls sshd[649664]: pam_unix(sshd:auth): check pass; user unknown
Mar 29 05:39:22 cls sshd[649664]: pam_unix(sshd:auth): authentication failure; logname= uid=0 euid=0 tty=ssh ruser= rhost=206.123.145.70 
Mar 29 05:39:23 cls sshd[649678]: Failed password for root from 41.59.86.232 port 58060 ssh2
Mar 29 05:39:24 cls sshd[649678]: Received disconnect from 41.59.86.232 port 58060:11: Bye Bye [preauth]
Mar 29 05:39:24 cls sshd[649678]: Disconnected from authenticating user root 41.59.86.232 port 58060 [preauth]
Mar 29 05:39:24 cls sshd[649664]: Failed password for invalid user itump from 206.123.145.70 port 11456 ssh2
Mar 29 05:39:25 cls sshd[649280]: Connection closed by invalid user test1 130.12.181.101 port 48604 [preauth]
Mar 29 05:39:26 cls sshd[649279]: Connection closed by authenticating user root 206.123.145.51 port 2502 [preauth]
Mar 29 05:39:28 cls sshd[649664]: Connection closed by invalid user itump 206.123.145.70 port 11456 [preauth]
Mar 29 05:39:31 cls sshd[649681]: Invalid user sy from 206.123.145.46 port 37774
Mar 29 05:39:32 cls sshd[649681]: pam_unix(sshd:auth): check pass; user unknown
Mar 29 05:39:32 cls sshd[649681]: pam_unix(sshd:auth): authentication failure; logname= uid=0 euid=0 tty=ssh ruser= rhost=206.123.145.46 
Mar 29 05:39:33 cls sshd[649680]: Invalid user jenkins from 206.123.145.54 port 5916
Mar 29 05:39:34 cls sshd[649681]: Failed password for invalid user sy from 206.123.145.46 port 37774 ssh2
Mar 29 05:39:35 cls sshd[649680]: pam_unix(sshd:auth): check pass; user unknown
Mar 29 05:39:35 cls sshd[649680]: pam_unix(sshd:auth): authentication failure; logname= uid=0 euid=0 tty=ssh ruser= rhost=206.123.145.54 
Mar 29 05:39:36 cls sshd[649688]: Invalid user sim from 130.12.181.97 port 8198
Mar 29 05:39:37 cls sshd[649680]: Failed password for invalid user jenkins from 206.123.145.54 port 5916 ssh2
Mar 29 05:39:38 cls sshd[649688]: pam_unix(sshd:auth): check pass; user unknown
Mar 29 05:39:38 cls sshd[649688]: pam_unix(sshd:auth): authentication failure; logname= uid=0 euid=0 tty=ssh ruser= rhost=130.12.181.97 
Mar 29 05:39:38 cls sshd[649681]: Connection closed by invalid user sy 206.123.145.46 port 37774 [preauth]
Mar 29 05:39:39 cls sshd[649689]: Invalid user test from 206.123.145.72 port 44428
Mar 29 05:39:39 cls sshd[649688]: Failed password for invalid user sim from 130.12.181.97 port 8198 ssh2
Mar 29 05:39:40 cls sshd[649689]: pam_unix(sshd:auth): check pass; user unknown
Mar 29 05:39:40 cls sshd[649689]: pam_unix(sshd:auth): authentication failure; logname= uid=0 euid=0 tty=ssh ruser= rhost=206.123.145.72 
Mar 29 05:39:41 cls sshd[649688]: Connection closed by invalid user sim 130.12.181.97 port 8198 [preauth]
Mar 29 05:39:42 cls sshd[649680]: Connection closed by invalid user jenkins 206.123.145.54 port 5916 [preauth]
Mar 29 05:39:42 cls sshd[649689]: Failed password for invalid user test from 206.123.145.72 port 44428 ssh2
Mar 29 05:39:46 cls sshd[649692]: Invalid user zjy from 206.123.145.71 port 24038
Mar 29 05:39:47 cls sshd[649689]: Connection closed by invalid user test 206.123.145.72 port 44428 [preauth]
Mar 29 05:39:49 cls sshd[649692]: pam_unix(sshd:auth): check pass; user unknown
Mar 29 05:39:49 cls sshd[649692]: pam_unix(sshd:auth): authentication failure; logname= uid=0 euid=0 tty=ssh ruser= rhost=206.123.145.71 
Mar 29 05:39:50 cls sshd[649692]: Failed password for invalid user zjy from 206.123.145.71 port 24038 ssh2
Mar 29 05:39:53 cls sshd[649696]: pam_unix(sshd:auth): authentication failure; logname= uid=0 euid=0 tty=ssh ruser= rhost=45.119.84.54  user=root
Mar 29 05:39:54 cls sshd[649692]: Connection closed by invalid user zjy 206.123.145.71 port 24038 [preauth]
Mar 29 05:39:54 cls sshd[649694]: Invalid user niujw from 206.123.145.52 port 30368
Mar 29 05:39:55 cls sshd[649696]: Failed password for root from 45.119.84.54 port 55782 ssh2
Mar 29 05:39:55 cls sshd[649696]: Received disconnect from 45.119.84.54 port 55782:11: Bye Bye [preauth]
Mar 29 05:39:55 cls sshd[649696]: Disconnected from authenticating user root 45.119.84.54 port 55782 [preauth]
Mar 29 05:39:57 cls sshd[649694]: pam_unix(sshd:auth): check pass; user unknown
Mar 29 05:39:57 cls sshd[649694]: pam_unix(sshd:auth): authentication failure; logname= uid=0 euid=0 tty=ssh ruser= rhost=206.123.145.52 
Mar 29 05:39:58 cls sshd[649694]: Failed password for invalid user niujw from 206.123.145.52 port 30368 ssh2
Mar 29 05:40:02 cls sshd[649694]: Connection closed by invalid user niujw 206.123.145.52 port 30368 [preauth]
Mar 29 05:40:04 cls sshd[649698]: Invalid user xiaoth from 206.123.145.76 port 11388
Mar 29 05:40:07 cls sshd[649698]: pam_unix(sshd:auth): check pass; user unknown
Mar 29 05:40:07 cls sshd[649698]: pam_unix(sshd:auth): authentication failure; logname= uid=0 euid=0 tty=ssh ruser= rhost=206.123.145.76 
Mar 29 05:40:08 cls sshd[649698]: Failed password for invalid user xiaoth from 206.123.145.76 port 11388 ssh2
Mar 29 05:40:09 cls sshd[649698]: Connection closed by invalid user xiaoth 206.123.145.76 port 11388 [preauth]
Mar 29 05:40:31 cls sshd[649700]: Invalid user samsat6 from 130.12.181.105 port 1824
Mar 29 05:40:34 cls sshd[649700]: pam_unix(sshd:auth): check pass; user unknown
Mar 29 05:40:34 cls sshd[649700]: pam_unix(sshd:auth): authentication failure; logname= uid=0 euid=0 tty=ssh ruser= rhost=130.12.181.105 
Mar 29 05:40:35 cls sshd[649702]: Invalid user test2 from 130.12.181.103 port 31680
Mar 29 05:40:36 cls sshd[649700]: Failed password for invalid user samsat6 from 130.12.181.105 port 1824 ssh2
Mar 29 05:40:37 cls sshd[649702]: pam_unix(sshd:auth): check pass; user unknown
Mar 29 05:40:37 cls sshd[649702]: pam_unix(sshd:auth): authentication failure; logname= uid=0 euid=0 tty=ssh ruser= rhost=130.12.181.103 
Mar 29 05:40:39 cls sshd[649702]: Failed password for invalid user test2 from 130.12.181.103 port 31680 ssh2
Mar 29 05:40:39 cls sshd[649700]: Connection closed by invalid user samsat6 130.12.181.105 port 1824 [preauth]
Mar 29 05:40:43 cls sshd[649702]: Connection closed by invalid user test2 130.12.181.103 port 31680 [preauth]
Mar 29 05:40:45 cls sshd[649712]: Invalid user renqian1 from 130.12.181.104 port 11434
Mar 29 05:40:47 cls sshd[649712]: pam_unix(sshd:auth): check pass; user unknown
Mar 29 05:40:47 cls sshd[649712]: pam_unix(sshd:auth): authentication failure; logname= uid=0 euid=0 tty=ssh ruser= rhost=130.12.181.104 
Mar 29 05:40:49 cls sshd[649713]: pam_unix(sshd:auth): authentication failure; logname= uid=0 euid=0 tty=ssh ruser= rhost=130.12.181.107  user=root
Mar 29 05:40:49 cls sshd[649712]: Failed password for invalid user renqian1 from 130.12.181.104 port 11434 ssh2
Mar 29 05:40:51 cls sshd[649712]: Connection closed by invalid user renqian1 130.12.181.104 port 11434 [preauth]
Mar 29 05:40:51 cls sshd[649713]: Failed password for root from 130.12.181.107 port 48902 ssh2
Mar 29 05:40:54 cls sshd[649713]: Connection closed by authenticating user root 130.12.181.107 port 48902 [preauth]
Mar 29 05:41:02 cls sshd[649716]: pam_unix(sshd:auth): authentication failure; logname= uid=0 euid=0 tty=ssh ruser= rhost=38.114.121.110  user=root
Mar 29 05:41:02 cls sshd[649718]: pam_unix(sshd:auth): authentication failure; logname= uid=0 euid=0 tty=ssh ruser= rhost=89.218.69.66  user=root
Mar 29 05:41:04 cls sshd[649716]: Failed password for root from 38.114.121.110 port 62809 ssh2
Mar 29 05:41:04 cls sshd[649718]: Failed password for root from 89.218.69.66 port 57682 ssh2
Mar 29 05:41:04 cls sshd[649716]: Received disconnect from 38.114.121.110 port 62809:11: Bye Bye [preauth]
Mar 29 05:41:04 cls sshd[649716]: Disconnected from authenticating user root 38.114.121.110 port 62809 [preauth]
Mar 29 05:41:05 cls sshd[649718]: Received disconnect from 89.218.69.66 port 57682:11: Bye Bye [preauth]
Mar 29 05:41:05 cls sshd[649718]: Disconnected from authenticating user root 89.218.69.66 port 57682 [preauth]
Mar 29 05:42:38 cls sshd[649738]: Invalid user administrator from 206.123.145.73 port 49150
Mar 29 05:42:40 cls sshd[649746]: Invalid user lvna from 130.12.181.108 port 25338
Mar 29 05:42:40 cls sshd[649738]: pam_unix(sshd:auth): check pass; user unknown
Mar 29 05:42:40 cls sshd[649738]: pam_unix(sshd:auth): authentication failure; logname= uid=0 euid=0 tty=ssh ruser= rhost=206.123.145.73 
Mar 29 05:42:41 cls sshd[649746]: pam_unix(sshd:auth): check pass; user unknown
Mar 29 05:42:41 cls sshd[649746]: pam_unix(sshd:auth): authentication failure; logname= uid=0 euid=0 tty=ssh ruser= rhost=130.12.181.108 
Mar 29 05:42:42 cls sshd[649738]: Failed password for invalid user administrator from 206.123.145.73 port 49150 ssh2
Mar 29 05:42:44 cls sshd[649746]: Failed password for invalid user lvna from 130.12.181.108 port 25338 ssh2
Mar 29 05:42:45 cls sshd[649738]: Connection closed by invalid user administrator 206.123.145.73 port 49150 [preauth]
Mar 29 05:42:47 cls sshd[649746]: Connection closed by invalid user lvna 130.12.181.108 port 25338 [preauth]
Mar 29 05:42:55 cls sshd[649752]: Invalid user support from 206.123.145.79 port 4558
Mar 29 05:42:58 cls sshd[649752]: pam_unix(sshd:auth): check pass; user unknown
Mar 29 05:42:58 cls sshd[649752]: pam_unix(sshd:auth): authentication failure; logname= uid=0 euid=0 tty=ssh ruser= rhost=206.123.145.79 
Mar 29 05:43:00 cls sshd[649752]: Failed password for invalid user support from 206.123.145.79 port 4558 ssh2
Mar 29 05:43:04 cls sshd[649752]: Connection closed by invalid user support 206.123.145.79 port 4558 [preauth]
Mar 29 05:43:04 cls sshd[649757]: pam_unix(sshd:auth): authentication failure; logname= uid=0 euid=0 tty=ssh ruser= rhost=41.59.86.232  user=root
Mar 29 05:43:05 cls sshd[649754]: Invalid user rajan from 130.12.181.106 port 2712
Mar 29 05:43:06 cls sshd[649757]: Failed password for root from 41.59.86.232 port 40626 ssh2
Mar 29 05:43:07 cls sshd[649757]: Received disconnect from 41.59.86.232 port 40626:11: Bye Bye [preauth]
Mar 29 05:43:07 cls sshd[649757]: Disconnected from authenticating user root 41.59.86.232 port 40626 [preauth]
Mar 29 05:43:07 cls sshd[649754]: pam_unix(sshd:auth): check pass; user unknown
Mar 29 05:43:07 cls sshd[649754]: pam_unix(sshd:auth): authentication failure; logname= uid=0 euid=0 tty=ssh ruser= rhost=130.12.181.106 
Mar 29 05:43:08 cls sshd[649756]: Invalid user sunhaojie from 206.123.145.78 port 10686
Mar 29 05:43:09 cls sshd[649754]: Failed password for invalid user rajan from 130.12.181.106 port 2712 ssh2
Mar 29 05:43:10 cls sshd[649756]: pam_unix(sshd:auth): check pass; user unknown
Mar 29 05:43:10 cls sshd[649756]: pam_unix(sshd:auth): authentication failure; logname= uid=0 euid=0 tty=ssh ruser= rhost=206.123.145.78 
Mar 29 05:43:12 cls sshd[649756]: Failed password for invalid user sunhaojie from 206.123.145.78 port 10686 ssh2
Mar 29 05:43:13 cls sshd[649754]: Connection closed by invalid user rajan 130.12.181.106 port 2712 [preauth]
Mar 29 05:43:15 cls sshd[649756]: Connection closed by invalid user sunhaojie 206.123.145.78 port 10686 [preauth]
Mar 29 05:43:21 cls sshd[649760]: Invalid user support from 206.123.145.20 port 58472
Mar 29 05:43:23 cls sshd[649760]: pam_unix(sshd:auth): check pass; user unknown
Mar 29 05:43:23 cls sshd[649760]: pam_unix(sshd:auth): authentication failure; logname= uid=0 euid=0 tty=ssh ruser= rhost=206.123.145.20 
Mar 29 05:43:26 cls sshd[649760]: Failed password for invalid user support from 206.123.145.20 port 58472 ssh2
Mar 29 05:43:30 cls sshd[649760]: Connection closed by invalid user support 206.123.145.20 port 58472 [preauth]
Mar 29 05:43:30 cls sshd[649762]: Invalid user db2inst from 206.123.145.57 port 8174
Mar 29 05:43:32 cls sshd[649763]: Invalid user guizhh from 130.12.181.109 port 32210
Mar 29 05:43:32 cls sshd[649762]: pam_unix(sshd:auth): check pass; user unknown
Mar 29 05:43:32 cls sshd[649762]: pam_unix(sshd:auth): authentication failure; logname= uid=0 euid=0 tty=ssh ruser= rhost=206.123.145.57 
Mar 29 05:43:34 cls sshd[649763]: pam_unix(sshd:auth): check pass; user unknown
Mar 29 05:43:34 cls sshd[649763]: pam_unix(sshd:auth): authentication failure; logname= uid=0 euid=0 tty=ssh ruser= rhost=130.12.181.109 
Mar 29 05:43:34 cls sshd[649762]: Failed password for invalid user db2inst from 206.123.145.57 port 8174 ssh2
Mar 29 05:43:35 cls sshd[649763]: Failed password for invalid user guizhh from 130.12.181.109 port 32210 ssh2
Mar 29 05:43:37 cls sshd[649762]: Connection closed by invalid user db2inst 206.123.145.57 port 8174 [preauth]
Mar 29 05:43:38 cls sshd[649763]: Connection closed by invalid user guizhh 130.12.181.109 port 32210 [preauth]
Mar 29 05:43:39 cls sshd[649766]: Invalid user user from 130.12.181.98 port 57820
Mar 29 05:43:41 cls sshd[649766]: pam_unix(sshd:auth): check pass; user unknown
Mar 29 05:43:41 cls sshd[649766]: pam_unix(sshd:auth): authentication failure; logname= uid=0 euid=0 tty=ssh ruser= rhost=130.12.181.98 
Mar 29 05:43:41 cls sshd[649768]: Invalid user dbus from 206.123.145.50 port 4862
Mar 29 05:43:44 cls sshd[649766]: Failed password for invalid user user from 130.12.181.98 port 57820 ssh2
Mar 29 05:43:44 cls sshd[649768]: pam_unix(sshd:auth): check pass; user unknown
Mar 29 05:43:44 cls sshd[649768]: pam_unix(sshd:auth): authentication failure; logname= uid=0 euid=0 tty=ssh ruser= rhost=206.123.145.50 
Mar 29 05:43:45 cls sshd[649771]: pam_unix(sshd:auth): authentication failure; logname= uid=0 euid=0 tty=ssh ruser= rhost=103.179.56.44  user=root
Mar 29 05:43:45 cls sshd[649768]: Failed password for invalid user dbus from 206.123.145.50 port 4862 ssh2
Mar 29 05:43:46 cls sshd[649766]: Connection closed by invalid user user 130.12.181.98 port 57820 [preauth]
Mar 29 05:43:47 cls sshd[649771]: Failed password for root from 103.179.56.44 port 43972 ssh2
Mar 29 05:43:48 cls sshd[649768]: Connection closed by invalid user dbus 206.123.145.50 port 4862 [preauth]
Mar 29 05:43:48 cls sshd[649771]: Received disconnect from 103.179.56.44 port 43972:11: Bye Bye [preauth]
Mar 29 05:43:48 cls sshd[649771]: Disconnected from authenticating user root 103.179.56.44 port 43972 [preauth]
Mar 29 05:43:52 cls sshd[649770]: Invalid user guest1 from 130.12.181.102 port 64362
Mar 29 05:43:54 cls sshd[649770]: pam_unix(sshd:auth): check pass; user unknown
Mar 29 05:43:54 cls sshd[649770]: pam_unix(sshd:auth): authentication failure; logname= uid=0 euid=0 tty=ssh ruser= rhost=130.12.181.102 
Mar 29 05:43:57 cls sshd[649770]: Failed password for invalid user guest1 from 130.12.181.102 port 64362 ssh2
Mar 29 05:44:00 cls sshd[649770]: Connection closed by invalid user guest1 130.12.181.102 port 64362 [preauth]
Mar 29 05:44:16 cls sshd[649774]: pam_unix(sshd:auth): authentication failure; logname= uid=0 euid=0 tty=ssh ruser= rhost=89.218.69.66  user=root
Mar 29 05:44:18 cls sshd[649774]: Failed password for root from 89.218.69.66 port 35835 ssh2
Mar 29 05:44:19 cls sshd[649774]: Received disconnect from 89.218.69.66 port 35835:11: Bye Bye [preauth]
Mar 29 05:44:19 cls sshd[649774]: Disconnected from authenticating user root 89.218.69.66 port 35835 [preauth]
Mar 29 05:44:19 cls sshd[649776]: pam_unix(sshd:auth): authentication failure; logname= uid=0 euid=0 tty=ssh ruser= rhost=38.114.121.110  user=root
Mar 29 05:44:20 cls sshd[649776]: Failed password for root from 38.114.121.110 port 62445 ssh2
Mar 29 05:44:22 cls sshd[649776]: Received disconnect from 38.114.121.110 port 62445:11: Bye Bye [preauth]
Mar 29 05:44:22 cls sshd[649776]: Disconnected from authenticating user root 38.114.121.110 port 62445 [preauth]
Mar 29 05:44:31 cls sshd[649783]: pam_unix(sshd:auth): authentication failure; logname= uid=0 euid=0 tty=ssh ruser= rhost=45.119.84.54  user=root
Mar 29 05:44:32 cls sshd[649778]: Invalid user liusuyu from 206.123.145.55 port 51934
Mar 29 05:44:33 cls sshd[649783]: Failed password for root from 45.119.84.54 port 42410 ssh2
Mar 29 05:44:34 cls sshd[649778]: pam_unix(sshd:auth): check pass; user unknown
Mar 29 05:44:34 cls sshd[649778]: pam_unix(sshd:auth): authentication failure; logname= uid=0 euid=0 tty=ssh ruser= rhost=206.123.145.55 
Mar 29 05:44:34 cls sshd[649783]: Received disconnect from 45.119.84.54 port 42410:11: Bye Bye [preauth]
Mar 29 05:44:34 cls sshd[649783]: Disconnected from authenticating user root 45.119.84.54 port 42410 [preauth]
Mar 29 05:44:36 cls sshd[649778]: Failed password for invalid user liusuyu from 206.123.145.55 port 51934 ssh2
Mar 29 05:44:36 cls sshd[649780]: Invalid user bianch from 206.123.145.49 port 30982
Mar 29 05:44:37 cls sshd[649780]: pam_unix(sshd:auth): check pass; user unknown
Mar 29 05:44:37 cls sshd[649780]: pam_unix(sshd:auth): authentication failure; logname= uid=0 euid=0 tty=ssh ruser= rhost=206.123.145.49 
Mar 29 05:44:38 cls sshd[649782]: Invalid user gitlab-runner from 130.12.181.100 port 24734
Mar 29 05:44:40 cls sshd[649780]: Failed password for invalid user bianch from 206.123.145.49 port 30982 ssh2
Mar 29 05:44:40 cls sshd[649782]: pam_unix(sshd:auth): check pass; user unknown
Mar 29 05:44:40 cls sshd[649782]: pam_unix(sshd:auth): authentication failure; logname= uid=0 euid=0 tty=ssh ruser= rhost=130.12.181.100 
Mar 29 05:44:40 cls sshd[649778]: Connection closed by invalid user liusuyu 206.123.145.55 port 51934 [preauth]
Mar 29 05:44:43 cls sshd[649780]: Connection closed by invalid user bianch 206.123.145.49 port 30982 [preauth]
Mar 29 05:44:43 cls sshd[649782]: Failed password for invalid user gitlab-runner from 130.12.181.100 port 24734 ssh2
Mar 29 05:44:47 cls sshd[649782]: Connection closed by invalid user gitlab-runner 130.12.181.100 port 24734 [preauth]
Mar 29 05:44:48 cls sshd[649786]: Invalid user ctf from 206.123.145.69 port 61902
Mar 29 05:44:50 cls sshd[649786]: pam_unix(sshd:auth): check pass; user unknown
Mar 29 05:44:50 cls sshd[649786]: pam_unix(sshd:auth): authentication failure; logname= uid=0 euid=0 tty=ssh ruser= rhost=206.123.145.69 
Mar 29 05:44:52 cls sshd[649786]: Failed password for invalid user ctf from 206.123.145.69 port 61902 ssh2
Mar 29 05:44:56 cls sshd[649786]: Connection closed by invalid user ctf 206.123.145.69 port 61902 [preauth]
Mar 29 05:45:28 cls sshd[649788]: Invalid user pc from 130.12.181.99 port 29608
Mar 29 05:45:30 cls sshd[649788]: pam_unix(sshd:auth): check pass; user unknown
Mar 29 05:45:30 cls sshd[649788]: pam_unix(sshd:auth): authentication failure; logname= uid=0 euid=0 tty=ssh ruser= rhost=130.12.181.99 
Mar 29 05:45:32 cls sshd[649788]: Failed password for invalid user pc from 130.12.181.99 port 29608 ssh2
Mar 29 05:45:36 cls sshd[649788]: Connection closed by invalid user pc 130.12.181.99 port 29608 [preauth]
Mar 29 05:46:24 cls sshd[649795]: Invalid user yshong from 206.123.145.56 port 58342
Mar 29 05:46:25 cls sshd[649795]: pam_unix(sshd:auth): check pass; user unknown
Mar 29 05:46:25 cls sshd[649795]: pam_unix(sshd:auth): authentication failure; logname= uid=0 euid=0 tty=ssh ruser= rhost=206.123.145.56 
Mar 29 05:46:27 cls sshd[649795]: Failed password for invalid user yshong from 206.123.145.56 port 58342 ssh2
Mar 29 05:46:30 cls sshd[649795]: Connection closed by invalid user yshong 206.123.145.56 port 58342 [preauth]
Mar 29 05:47:20 cls sshd[649803]: pam_unix(sshd:auth): authentication failure; logname= uid=0 euid=0 tty=ssh ruser= rhost=89.218.69.66  user=root
Mar 29 05:47:22 cls sshd[649803]: Failed password for root from 89.218.69.66 port 23081 ssh2
Mar 29 05:47:23 cls sshd[649803]: Received disconnect from 89.218.69.66 port 23081:11: Bye Bye [preauth]
Mar 29 05:47:23 cls sshd[649803]: Disconnected from authenticating user root 89.218.69.66 port 23081 [preauth]
Mar 29 05:47:29 cls sshd[649806]: pam_unix(sshd:auth): authentication failure; logname= uid=0 euid=0 tty=ssh ruser= rhost=38.114.121.110  user=root
Mar 29 05:47:31 cls sshd[649806]: Failed password for root from 38.114.121.110 port 64107 ssh2
Mar 29 05:47:32 cls sshd[649806]: Received disconnect from 38.114.121.110 port 64107:11: Bye Bye [preauth]
Mar 29 05:47:32 cls sshd[649806]: Disconnected from authenticating user root 38.114.121.110 port 64107 [preauth]
Mar 29 05:47:33 cls sshd[649805]: Invalid user dipens from 206.123.145.77 port 60574
Mar 29 05:47:36 cls sshd[649805]: pam_unix(sshd:auth): check pass; user unknown
Mar 29 05:47:36 cls sshd[649805]: pam_unix(sshd:auth): authentication failure; logname= uid=0 euid=0 tty=ssh ruser= rhost=206.123.145.77 
