Mar 29 02:02:24 cls sshd[639508]: Invalid user gr from 206.123.145.70 port 43746
Mar 29 02:02:24 cls sshd[639508]: pam_unix(sshd:auth): check pass; user unknown
Mar 29 02:02:24 cls sshd[639508]: pam_unix(sshd:auth): authentication failure; logname= uid=0 euid=0 tty=ssh ruser= rhost=206.123.145.70 
Mar 29 02:02:26 cls sshd[639508]: Failed password for invalid user gr from 206.123.145.70 port 43746 ssh2
Mar 29 02:02:26 cls sshd[639508]: Connection closed by invalid user gr 206.123.145.70 port 43746 [preauth]
Mar 29 02:02:38 cls sshd[639510]: Invalid user study from 206.123.145.79 port 45544
Mar 29 02:02:40 cls sshd[639510]: pam_unix(sshd:auth): check pass; user unknown
Mar 29 02:02:40 cls sshd[639510]: pam_unix(sshd:auth): authentication failure; logname= uid=0 euid=0 tty=ssh ruser= rhost=206.123.145.79 
Mar 29 02:02:41 cls sshd[639513]: Invalid user d from 206.123.145.76 port 21318
Mar 29 02:02:42 cls sshd[639510]: Failed password for invalid user study from 206.123.145.79 port 45544 ssh2
Mar 29 02:02:42 cls sshd[639513]: pam_unix(sshd:auth): check pass; user unknown
Mar 29 02:02:42 cls sshd[639513]: pam_unix(sshd:auth): authentication failure; logname= uid=0 euid=0 tty=ssh ruser= rhost=206.123.145.76 
Mar 29 02:02:44 cls sshd[639513]: Failed password for invalid user d from 206.123.145.76 port 21318 ssh2
Mar 29 02:02:45 cls sshd[639510]: Connection closed by invalid user study 206.123.145.79 port 45544 [preauth]
Mar 29 02:02:46 cls sshd[639513]: Connection closed by invalid user d 206.123.145.76 port 21318 [preauth]
Mar 29 02:02:52 cls sshd[639517]: pam_unix(sshd:auth): authentication failure; logname= uid=0 euid=0 tty=ssh ruser= rhost=27.112.78.170  user=root
Mar 29 02:02:54 cls sshd[639517]: Failed password for root from 27.112.78.170 port 57374 ssh2
Mar 29 02:02:54 cls sshd[639517]: Received disconnect from 27.112.78.170 port 57374:11: Bye Bye [preauth]
Mar 29 02:02:54 cls sshd[639517]: Disconnected from authenticating user root 27.112.78.170 port 57374 [preauth]
Mar 29 02:03:38 cls sshd[639537]: Invalid user krit from 206.123.145.71 port 37752
Mar 29 02:03:38 cls sshd[639533]: Invalid user darshb from 130.12.181.109 port 21356
Mar 29 02:03:38 cls sshd[639539]: Invalid user jimmy from 206.123.145.72 port 13452
Mar 29 02:03:39 cls sshd[639537]: pam_unix(sshd:auth): check pass; user unknown
Mar 29 02:03:39 cls sshd[639537]: pam_unix(sshd:auth): authentication failure; logname= uid=0 euid=0 tty=ssh ruser= rhost=206.123.145.71 
Mar 29 02:03:40 cls sshd[639539]: pam_unix(sshd:auth): check pass; user unknown
Mar 29 02:03:40 cls sshd[639539]: pam_unix(sshd:auth): authentication failure; logname= uid=0 euid=0 tty=ssh ruser= rhost=206.123.145.72 
Mar 29 02:03:40 cls sshd[639533]: pam_unix(sshd:auth): check pass; user unknown
Mar 29 02:03:40 cls sshd[639533]: pam_unix(sshd:auth): authentication failure; logname= uid=0 euid=0 tty=ssh ruser= rhost=130.12.181.109 
Mar 29 02:03:41 cls sshd[639537]: Failed password for invalid user krit from 206.123.145.71 port 37752 ssh2
Mar 29 02:03:42 cls sshd[639541]: Invalid user clark from 206.123.145.48 port 44584
Mar 29 02:03:42 cls sshd[639539]: Failed password for invalid user jimmy from 206.123.145.72 port 13452 ssh2
Mar 29 02:03:43 cls sshd[639533]: Failed password for invalid user darshb from 130.12.181.109 port 21356 ssh2
Mar 29 02:03:43 cls sshd[639541]: pam_unix(sshd:auth): check pass; user unknown
Mar 29 02:03:43 cls sshd[639541]: pam_unix(sshd:auth): authentication failure; logname= uid=0 euid=0 tty=ssh ruser= rhost=206.123.145.48 
Mar 29 02:03:44 cls sshd[639537]: Connection closed by invalid user krit 206.123.145.71 port 37752 [preauth]
Mar 29 02:03:45 cls sshd[639533]: Connection closed by invalid user darshb 130.12.181.109 port 21356 [preauth]
Mar 29 02:03:45 cls sshd[639541]: Failed password for invalid user clark from 206.123.145.48 port 44584 ssh2
Mar 29 02:03:46 cls sshd[639539]: Connection closed by invalid user jimmy 206.123.145.72 port 13452 [preauth]
Mar 29 02:03:48 cls sshd[639541]: Connection closed by invalid user clark 206.123.145.48 port 44584 [preauth]
Mar 29 02:03:53 cls sshd[639543]: pam_unix(sshd:auth): authentication failure; logname= uid=0 euid=0 tty=ssh ruser= rhost=206.123.145.53  user=root
Mar 29 02:03:55 cls sshd[639543]: Failed password for root from 206.123.145.53 port 58466 ssh2
Mar 29 02:03:57 cls sshd[639543]: Connection closed by authenticating user root 206.123.145.53 port 58466 [preauth]
Mar 29 02:04:11 cls sshd[639559]: Invalid user aaa from 130.12.181.97 port 1692
Mar 29 02:04:13 cls sshd[639559]: pam_unix(sshd:auth): check pass; user unknown
Mar 29 02:04:13 cls sshd[639559]: pam_unix(sshd:auth): authentication failure; logname= uid=0 euid=0 tty=ssh ruser= rhost=130.12.181.97 
Mar 29 02:04:15 cls sshd[639559]: Failed password for invalid user aaa from 130.12.181.97 port 1692 ssh2
Mar 29 02:04:18 cls sshd[639559]: Connection closed by invalid user aaa 130.12.181.97 port 1692 [preauth]
Mar 29 02:04:43 cls sshd[639563]: Invalid user dipens from 130.12.181.99 port 47442
Mar 29 02:04:43 cls sshd[639563]: pam_unix(sshd:auth): check pass; user unknown
Mar 29 02:04:43 cls sshd[639563]: pam_unix(sshd:auth): authentication failure; logname= uid=0 euid=0 tty=ssh ruser= rhost=130.12.181.99 
Mar 29 02:04:45 cls sshd[639563]: Failed password for invalid user dipens from 130.12.181.99 port 47442 ssh2
Mar 29 02:04:46 cls sshd[639563]: Connection closed by invalid user dipens 130.12.181.99 port 47442 [preauth]
Mar 29 02:05:12 cls sshd[639581]: Invalid user deploy from 206.123.145.46 port 60576
Mar 29 02:05:12 cls sshd[639583]: Invalid user lzs from 206.123.145.51 port 31438
Mar 29 02:05:13 cls sshd[639583]: pam_unix(sshd:auth): check pass; user unknown
Mar 29 02:05:13 cls sshd[639583]: pam_unix(sshd:auth): authentication failure; logname= uid=0 euid=0 tty=ssh ruser= rhost=206.123.145.51 
Mar 29 02:05:13 cls sshd[639581]: pam_unix(sshd:auth): check pass; user unknown
Mar 29 02:05:13 cls sshd[639581]: pam_unix(sshd:auth): authentication failure; logname= uid=0 euid=0 tty=ssh ruser= rhost=206.123.145.46 
Mar 29 02:05:14 cls sshd[639583]: Failed password for invalid user lzs from 206.123.145.51 port 31438 ssh2
Mar 29 02:05:14 cls sshd[639581]: Failed password for invalid user deploy from 206.123.145.46 port 60576 ssh2
Mar 29 02:05:17 cls sshd[639583]: Connection closed by invalid user lzs 206.123.145.51 port 31438 [preauth]
Mar 29 02:05:17 cls sshd[639581]: Connection closed by invalid user deploy 206.123.145.46 port 60576 [preauth]
Mar 29 02:05:26 cls sshd[639585]: Invalid user zdliang from 206.123.145.54 port 33720
Mar 29 02:05:27 cls sshd[639585]: pam_unix(sshd:auth): check pass; user unknown
Mar 29 02:05:27 cls sshd[639585]: pam_unix(sshd:auth): authentication failure; logname= uid=0 euid=0 tty=ssh ruser= rhost=206.123.145.54 
Mar 29 02:05:29 cls sshd[639585]: Failed password for invalid user zdliang from 206.123.145.54 port 33720 ssh2
Mar 29 02:05:30 cls sshd[639588]: pam_unix(sshd:auth): authentication failure; logname= uid=0 euid=0 tty=ssh ruser= rhost=155.4.244.107  user=root
Mar 29 02:05:32 cls sshd[639588]: Failed password for root from 155.4.244.107 port 17356 ssh2
Mar 29 02:05:32 cls sshd[639585]: Connection closed by invalid user zdliang 206.123.145.54 port 33720 [preauth]
Mar 29 02:05:33 cls sshd[639588]: Received disconnect from 155.4.244.107 port 17356:11: Bye Bye [preauth]
Mar 29 02:05:33 cls sshd[639588]: Disconnected from authenticating user root 155.4.244.107 port 17356 [preauth]
Mar 29 02:05:36 cls sshd[639587]: pam_unix(sshd:auth): authentication failure; logname= uid=0 euid=0 tty=ssh ruser= rhost=130.12.181.105  user=root
Mar 29 02:05:38 cls sshd[639587]: Failed password for root from 130.12.181.105 port 20016 ssh2
Mar 29 02:05:41 cls sshd[639587]: Connection closed by authenticating user root 130.12.181.105 port 20016 [preauth]
Mar 29 02:05:42 cls sshd[639591]: Invalid user liyh from 130.12.181.101 port 63794
Mar 29 02:05:42 cls sshd[639593]: Invalid user devops from 130.12.181.103 port 23376
Mar 29 02:05:44 cls sshd[639591]: pam_unix(sshd:auth): check pass; user unknown
Mar 29 02:05:44 cls sshd[639591]: pam_unix(sshd:auth): authentication failure; logname= uid=0 euid=0 tty=ssh ruser= rhost=130.12.181.101 
Mar 29 02:05:44 cls sshd[639593]: pam_unix(sshd:auth): check pass; user unknown
Mar 29 02:05:44 cls sshd[639593]: pam_unix(sshd:auth): authentication failure; logname= uid=0 euid=0 tty=ssh ruser= rhost=130.12.181.103 
Mar 29 02:05:46 cls sshd[639591]: Failed password for invalid user liyh from 130.12.181.101 port 63794 ssh2
Mar 29 02:05:46 cls sshd[639593]: Failed password for invalid user devops from 130.12.181.103 port 23376 ssh2
Mar 29 02:05:49 cls sshd[639591]: Connection closed by invalid user liyh 130.12.181.101 port 63794 [preauth]
Mar 29 02:05:49 cls sshd[639593]: Connection closed by invalid user devops 130.12.181.103 port 23376 [preauth]
Mar 29 02:05:50 cls sshd[639595]: Invalid user zb from 206.123.145.74 port 16184
Mar 29 02:05:51 cls sshd[639595]: pam_unix(sshd:auth): check pass; user unknown
Mar 29 02:05:51 cls sshd[639595]: pam_unix(sshd:auth): authentication failure; logname= uid=0 euid=0 tty=ssh ruser= rhost=206.123.145.74 
Mar 29 02:05:53 cls sshd[639595]: Failed password for invalid user zb from 206.123.145.74 port 16184 ssh2
Mar 29 02:05:55 cls sshd[639595]: Connection closed by invalid user zb 206.123.145.74 port 16184 [preauth]
Mar 29 02:05:55 cls sshd[639597]: Invalid user rain from 130.12.181.98 port 24482
Mar 29 02:05:56 cls sshd[639597]: pam_unix(sshd:auth): check pass; user unknown
Mar 29 02:05:56 cls sshd[639597]: pam_unix(sshd:auth): authentication failure; logname= uid=0 euid=0 tty=ssh ruser= rhost=130.12.181.98 
Mar 29 02:05:58 cls sshd[639597]: Failed password for invalid user rain from 130.12.181.98 port 24482 ssh2
Mar 29 02:06:01 cls sshd[639597]: Connection closed by invalid user rain 130.12.181.98 port 24482 [preauth]
Mar 29 02:06:47 cls sshd[639621]: Invalid user liubing from 206.123.145.20 port 17212
Mar 29 02:06:49 cls sshd[639621]: pam_unix(sshd:auth): check pass; user unknown
Mar 29 02:06:49 cls sshd[639621]: pam_unix(sshd:auth): authentication failure; logname= uid=0 euid=0 tty=ssh ruser= rhost=206.123.145.20 
Mar 29 02:06:50 cls sshd[639621]: Failed password for invalid user liubing from 206.123.145.20 port 17212 ssh2
Mar 29 02:06:54 cls sshd[639621]: Connection closed by invalid user liubing 206.123.145.20 port 17212 [preauth]
Mar 29 02:07:09 cls sshd[639639]: pam_unix(sshd:auth): authentication failure; logname= uid=0 euid=0 tty=ssh ruser= rhost=45.55.97.44  user=root
Mar 29 02:07:11 cls sshd[639637]: pam_unix(sshd:auth): authentication failure; logname= uid=0 euid=0 tty=ssh ruser= rhost=206.123.145.52  user=root
Mar 29 02:07:12 cls sshd[639639]: Failed password for root from 45.55.97.44 port 62452 ssh2
Mar 29 02:07:12 cls sshd[639639]: Received disconnect from 45.55.97.44 port 62452:11: Bye Bye [preauth]
Mar 29 02:07:12 cls sshd[639639]: Disconnected from authenticating user root 45.55.97.44 port 62452 [preauth]
Mar 29 02:07:13 cls sshd[639637]: Failed password for root from 206.123.145.52 port 44986 ssh2
Mar 29 02:07:14 cls sshd[639637]: Connection closed by authenticating user root 206.123.145.52 port 44986 [preauth]
Mar 29 02:07:21 cls sshd[639647]: Invalid user ccc from 130.12.181.107 port 3850
Mar 29 02:07:22 cls sshd[639647]: pam_unix(sshd:auth): check pass; user unknown
Mar 29 02:07:22 cls sshd[639647]: pam_unix(sshd:auth): authentication failure; logname= uid=0 euid=0 tty=ssh ruser= rhost=130.12.181.107 
Mar 29 02:07:25 cls sshd[639647]: Failed password for invalid user ccc from 130.12.181.107 port 3850 ssh2
Mar 29 02:07:27 cls sshd[639647]: Connection closed by invalid user ccc 130.12.181.107 port 3850 [preauth]
Mar 29 02:08:00 cls sshd[639686]: Invalid user test from 130.12.181.108 port 38684
Mar 29 02:08:01 cls sshd[639686]: pam_unix(sshd:auth): check pass; user unknown
Mar 29 02:08:01 cls sshd[639686]: pam_unix(sshd:auth): authentication failure; logname= uid=0 euid=0 tty=ssh ruser= rhost=130.12.181.108 
Mar 29 02:08:03 cls sshd[639686]: Failed password for invalid user test from 130.12.181.108 port 38684 ssh2
Mar 29 02:08:05 cls sshd[639690]: Invalid user python from 130.12.181.104 port 41834
Mar 29 02:08:06 cls sshd[639699]: pam_unix(sshd:auth): authentication failure; logname= uid=0 euid=0 tty=ssh ruser= rhost=206.123.145.78  user=backup
Mar 29 02:08:06 cls sshd[639686]: Connection closed by invalid user test 130.12.181.108 port 38684 [preauth]
Mar 29 02:08:07 cls sshd[639699]: Failed password for backup from 206.123.145.78 port 37470 ssh2
Mar 29 02:08:07 cls sshd[639690]: pam_unix(sshd:auth): check pass; user unknown
Mar 29 02:08:07 cls sshd[639690]: pam_unix(sshd:auth): authentication failure; logname= uid=0 euid=0 tty=ssh ruser= rhost=130.12.181.104 
Mar 29 02:08:09 cls sshd[639708]: Invalid user zhangxiao from 130.12.181.106 port 40900
Mar 29 02:08:10 cls sshd[639699]: Connection closed by authenticating user backup 206.123.145.78 port 37470 [preauth]
Mar 29 02:08:10 cls sshd[639690]: Failed password for invalid user python from 130.12.181.104 port 41834 ssh2
Mar 29 02:08:10 cls sshd[639698]: Invalid user vnc from 206.123.145.77 port 56636
Mar 29 02:08:10 cls sshd[639708]: pam_unix(sshd:auth): check pass; user unknown
Mar 29 02:08:10 cls sshd[639708]: pam_unix(sshd:auth): authentication failure; logname= uid=0 euid=0 tty=ssh ruser= rhost=130.12.181.106 
Mar 29 02:08:12 cls sshd[639698]: pam_unix(sshd:auth): check pass; user unknown
Mar 29 02:08:12 cls sshd[639698]: pam_unix(sshd:auth): authentication failure; logname= uid=0 euid=0 tty=ssh ruser= rhost=206.123.145.77 
Mar 29 02:08:12 cls sshd[639708]: Failed password for invalid user zhangxiao from 130.12.181.106 port 40900 ssh2
Mar 29 02:08:13 cls sshd[639690]: Connection closed by invalid user python 130.12.181.104 port 41834 [preauth]
Mar 29 02:08:14 cls sshd[639698]: Failed password for invalid user vnc from 206.123.145.77 port 56636 ssh2
Mar 29 02:08:14 cls sshd[639708]: Connection closed by invalid user zhangxiao 130.12.181.106 port 40900 [preauth]
Mar 29 02:08:15 cls sshd[639698]: Connection closed by invalid user vnc 206.123.145.77 port 56636 [preauth]
Mar 29 02:08:34 cls sshd[639725]: Invalid user darshb from 206.123.145.50 port 53608
Mar 29 02:08:36 cls sshd[639725]: pam_unix(sshd:auth): check pass; user unknown
Mar 29 02:08:36 cls sshd[639725]: pam_unix(sshd:auth): authentication failure; logname= uid=0 euid=0 tty=ssh ruser= rhost=206.123.145.50 
Mar 29 02:08:37 cls sshd[639725]: Failed password for invalid user darshb from 206.123.145.50 port 53608 ssh2
Mar 29 02:08:39 cls sshd[639725]: Connection closed by invalid user darshb 206.123.145.50 port 53608 [preauth]
Mar 29 02:09:01 cls CRON[640148]: pam_unix(cron:session): session opened for user root by (uid=0)
Mar 29 02:09:01 cls CRON[640148]: pam_unix(cron:session): session closed for user root
Mar 29 02:09:36 cls sshd[640167]: pam_unix(sshd:auth): authentication failure; logname= uid=0 euid=0 tty=ssh ruser= rhost=155.4.244.107  user=root
Mar 29 02:09:38 cls sshd[640167]: Failed password for root from 155.4.244.107 port 56186 ssh2
Mar 29 02:09:39 cls sshd[640167]: Received disconnect from 155.4.244.107 port 56186:11: Bye Bye [preauth]
Mar 29 02:09:39 cls sshd[640167]: Disconnected from authenticating user root 155.4.244.107 port 56186 [preauth]
Mar 29 02:09:42 cls sshd[640169]: Invalid user devops from 130.12.181.102 port 22420
Mar 29 02:09:42 cls sshd[640169]: pam_unix(sshd:auth): check pass; user unknown
Mar 29 02:09:42 cls sshd[640169]: pam_unix(sshd:auth): authentication failure; logname= uid=0 euid=0 tty=ssh ruser= rhost=130.12.181.102 
Mar 29 02:09:44 cls sshd[640169]: Failed password for invalid user devops from 130.12.181.102 port 22420 ssh2
Mar 29 02:09:46 cls sshd[640169]: Connection closed by invalid user devops 130.12.181.102 port 22420 [preauth]
Mar 29 02:09:53 cls sshd[640180]: pam_unix(sshd:auth): authentication failure; logname= uid=0 euid=0 tty=ssh ruser= rhost=27.112.78.170  user=root
Mar 29 02:09:54 cls sshd[640180]: Failed password for root from 27.112.78.170 port 41108 ssh2
Mar 29 02:09:56 cls sshd[640180]: Received disconnect from 27.112.78.170 port 41108:11: Bye Bye [preauth]
Mar 29 02:09:56 cls sshd[640180]: Disconnected from authenticating user root 27.112.78.170 port 41108 [preauth]
Mar 29 02:09:58 cls sshd[640179]: pam_unix(sshd:auth): authentication failure; logname= uid=0 euid=0 tty=ssh ruser= rhost=206.123.145.55  user=root
Mar 29 02:10:00 cls sshd[640179]: Failed password for root from 206.123.145.55 port 17656 ssh2
Mar 29 02:10:03 cls sshd[640179]: Connection closed by authenticating user root 206.123.145.55 port 17656 [preauth]
Mar 29 02:10:09 cls sshd[640203]: Invalid user smbguest from 206.123.145.57 port 17606
Mar 29 02:10:10 cls sshd[640203]: pam_unix(sshd:auth): check pass; user unknown
Mar 29 02:10:10 cls sshd[640203]: pam_unix(sshd:auth): authentication failure; logname= uid=0 euid=0 tty=ssh ruser= rhost=206.123.145.57 
Mar 29 02:10:12 cls sshd[640203]: Failed password for invalid user smbguest from 206.123.145.57 port 17606 ssh2
Mar 29 02:10:13 cls sshd[640203]: Connection closed by invalid user smbguest 206.123.145.57 port 17606 [preauth]
Mar 29 02:10:16 cls sshd[640205]: Invalid user dmai from 206.123.145.49 port 10222
Mar 29 02:10:17 cls sshd[640205]: pam_unix(sshd:auth): check pass; user unknown
Mar 29 02:10:17 cls sshd[640205]: pam_unix(sshd:auth): authentication failure; logname= uid=0 euid=0 tty=ssh ruser= rhost=206.123.145.49 
Mar 29 02:10:18 cls sshd[640205]: Failed password for invalid user dmai from 206.123.145.49 port 10222 ssh2
Mar 29 02:10:20 cls sshd[640205]: Connection closed by invalid user dmai 206.123.145.49 port 10222 [preauth]
Mar 29 02:10:45 cls sshd[640221]: Invalid user user2 from 130.12.181.100 port 13904
Mar 29 02:10:47 cls sshd[640221]: pam_unix(sshd:auth): check pass; user unknown
Mar 29 02:10:47 cls sshd[640221]: pam_unix(sshd:auth): authentication failure; logname= uid=0 euid=0 tty=ssh ruser= rhost=130.12.181.100 
Mar 29 02:10:48 cls sshd[640221]: Failed password for invalid user user2 from 130.12.181.100 port 13904 ssh2
Mar 29 02:10:51 cls sshd[640221]: Connection closed by invalid user user2 130.12.181.100 port 13904 [preauth]
Mar 29 02:11:25 cls sshd[640248]: Invalid user clay from 206.123.145.56 port 5416
Mar 29 02:11:26 cls sshd[640248]: pam_unix(sshd:auth): check pass; user unknown
Mar 29 02:11:26 cls sshd[640248]: pam_unix(sshd:auth): authentication failure; logname= uid=0 euid=0 tty=ssh ruser= rhost=206.123.145.56 
Mar 29 02:11:28 cls sshd[640248]: Failed password for invalid user clay from 206.123.145.56 port 5416 ssh2
Mar 29 02:11:30 cls sshd[640248]: Connection closed by invalid user clay 206.123.145.56 port 5416 [preauth]
Mar 29 02:11:31 cls sshd[640250]: pam_unix(sshd:auth): authentication failure; logname= uid=0 euid=0 tty=ssh ruser= rhost=45.55.97.44  user=root
Mar 29 02:11:33 cls sshd[640250]: Failed password for root from 45.55.97.44 port 12236 ssh2
Mar 29 02:11:34 cls sshd[640250]: Received disconnect from 45.55.97.44 port 12236:11: Bye Bye [preauth]
Mar 29 02:11:34 cls sshd[640250]: Disconnected from authenticating user root 45.55.97.44 port 12236 [preauth]
Mar 29 02:12:24 cls sshd[640269]: Invalid user sina from 206.123.145.73 port 56698
Mar 29 02:12:25 cls sshd[640269]: pam_unix(sshd:auth): check pass; user unknown
Mar 29 02:12:25 cls sshd[640269]: pam_unix(sshd:auth): authentication failure; logname= uid=0 euid=0 tty=ssh ruser= rhost=206.123.145.73 
Mar 29 02:12:25 cls sshd[640271]: Invalid user ivan from 206.123.145.75 port 27642
Mar 29 02:12:26 cls sshd[640271]: pam_unix(sshd:auth): check pass; user unknown
Mar 29 02:12:26 cls sshd[640271]: pam_unix(sshd:auth): authentication failure; logname= uid=0 euid=0 tty=ssh ruser= rhost=206.123.145.75 
Mar 29 02:12:27 cls sshd[640269]: Failed password for invalid user sina from 206.123.145.73 port 56698 ssh2
Mar 29 02:12:28 cls sshd[640271]: Failed password for invalid user ivan from 206.123.145.75 port 27642 ssh2
Mar 29 02:12:29 cls sshd[640271]: Connection closed by invalid user ivan 206.123.145.75 port 27642 [preauth]
Mar 29 02:12:30 cls sshd[640269]: Connection closed by invalid user sina 206.123.145.73 port 56698 [preauth]
Mar 29 02:12:47 cls sshd[640273]: Invalid user username from 130.12.181.109 port 1526
Mar 29 02:12:48 cls sshd[640275]: Invalid user lxh from 206.123.145.69 port 34360
Mar 29 02:12:49 cls sshd[640273]: pam_unix(sshd:auth): check pass; user unknown
Mar 29 02:12:49 cls sshd[640273]: pam_unix(sshd:auth): authentication failure; logname= uid=0 euid=0 tty=ssh ruser= rhost=130.12.181.109 
Mar 29 02:12:49 cls sshd[640275]: pam_unix(sshd:auth): check pass; user unknown
Mar 29 02:12:49 cls sshd[640275]: pam_unix(sshd:auth): authentication failure; logname= uid=0 euid=0 tty=ssh ruser= rhost=206.123.145.69 
Mar 29 02:12:51 cls sshd[640273]: Failed password for invalid user username from 130.12.181.109 port 1526 ssh2
Mar 29 02:12:51 cls sshd[640275]: Failed password for invalid user lxh from 206.123.145.69 port 34360 ssh2
Mar 29 02:12:54 cls sshd[640275]: Connection closed by invalid user lxh 206.123.145.69 port 34360 [preauth]
Mar 29 02:12:55 cls sshd[640273]: Connection closed by invalid user username 130.12.181.109 port 1526 [preauth]
Mar 29 02:13:01 cls sshd[640277]: pam_unix(sshd:auth): authentication failure; logname= uid=0 euid=0 tty=ssh ruser= rhost=206.123.145.76  user=mysql
Mar 29 02:13:04 cls sshd[640277]: Failed password for mysql from 206.123.145.76 port 15214 ssh2
Mar 29 02:13:07 cls sshd[640277]: Connection closed by authenticating user mysql 206.123.145.76 port 15214 [preauth]
Mar 29 02:13:22 cls sshd[640294]: Invalid user oracle from 206.123.145.79 port 45644
Mar 29 02:13:23 cls sshd[640296]: Invalid user max from 130.12.181.97 port 30608
Mar 29 02:13:23 cls sshd[640294]: pam_unix(sshd:auth): check pass; user unknown
Mar 29 02:13:23 cls sshd[640294]: pam_unix(sshd:auth): authentication failure; logname= uid=0 euid=0 tty=ssh ruser= rhost=206.123.145.79 
Mar 29 02:13:24 cls sshd[640296]: pam_unix(sshd:auth): check pass; user unknown
Mar 29 02:13:24 cls sshd[640296]: pam_unix(sshd:auth): authentication failure; logname= uid=0 euid=0 tty=ssh ruser= rhost=130.12.181.97 
Mar 29 02:13:26 cls sshd[640294]: Failed password for invalid user oracle from 206.123.145.79 port 45644 ssh2
Mar 29 02:13:27 cls sshd[640296]: Failed password for invalid user max from 130.12.181.97 port 30608 ssh2
Mar 29 02:13:29 cls sshd[640296]: Connection closed by invalid user max 130.12.181.97 port 30608 [preauth]
Mar 29 02:13:30 cls sshd[640294]: Connection closed by invalid user oracle 206.123.145.79 port 45644 [preauth]
Mar 29 02:13:40 cls sshd[640300]: pam_unix(sshd:auth): authentication failure; logname= uid=0 euid=0 tty=ssh ruser= rhost=155.4.244.107  user=root
Mar 29 02:13:42 cls sshd[640298]: pam_unix(sshd:auth): authentication failure; logname= uid=0 euid=0 tty=ssh ruser= rhost=130.12.181.98  user=root
Mar 29 02:13:42 cls sshd[640300]: Failed password for root from 155.4.244.107 port 12386 ssh2
Mar 29 02:13:43 cls sshd[640300]: Received disconnect from 155.4.244.107 port 12386:11: Bye Bye [preauth]
Mar 29 02:13:43 cls sshd[640300]: Disconnected from authenticating user root 155.4.244.107 port 12386 [preauth]
Mar 29 02:13:44 cls sshd[640298]: Failed password for root from 130.12.181.98 port 24662 ssh2
Mar 29 02:13:46 cls sshd[640298]: Connection closed by authenticating user root 130.12.181.98 port 24662 [preauth]
Mar 29 02:13:47 cls sshd[640302]: Invalid user ft from 206.123.145.48 port 41334
Mar 29 02:13:48 cls sshd[640302]: pam_unix(sshd:auth): check pass; user unknown
Mar 29 02:13:48 cls sshd[640302]: pam_unix(sshd:auth): authentication failure; logname= uid=0 euid=0 tty=ssh ruser= rhost=206.123.145.48 
Mar 29 02:13:50 cls sshd[640302]: Failed password for invalid user ft from 206.123.145.48 port 41334 ssh2
Mar 29 02:13:51 cls sshd[640302]: Connection closed by invalid user ft 206.123.145.48 port 41334 [preauth]
Mar 29 02:14:00 cls sshd[640306]: pam_unix(sshd:auth): authentication failure; logname= uid=0 euid=0 tty=ssh ruser= rhost=130.12.181.99  user=root
Mar 29 02:14:02 cls sshd[640306]: Failed password for root from 130.12.181.99 port 44430 ssh2
Mar 29 02:14:05 cls sshd[640306]: Connection closed by authenticating user root 130.12.181.99 port 44430 [preauth]
Mar 29 02:14:18 cls sshd[640322]: Invalid user cti from 206.123.145.53 port 39930
Mar 29 02:14:19 cls sshd[640322]: pam_unix(sshd:auth): check pass; user unknown
Mar 29 02:14:19 cls sshd[640322]: pam_unix(sshd:auth): authentication failure; logname= uid=0 euid=0 tty=ssh ruser= rhost=206.123.145.53 
Mar 29 02:14:21 cls sshd[640322]: Failed password for invalid user cti from 206.123.145.53 port 39930 ssh2
Mar 29 02:14:23 cls sshd[640322]: Connection closed by invalid user cti 206.123.145.53 port 39930 [preauth]
Mar 29 02:14:34 cls sshd[640324]: Invalid user zhaokeyu from 206.123.145.72 port 23908
Mar 29 02:14:36 cls sshd[640324]: pam_unix(sshd:auth): check pass; user unknown
Mar 29 02:14:36 cls sshd[640324]: pam_unix(sshd:auth): authentication failure; logname= uid=0 euid=0 tty=ssh ruser= rhost=206.123.145.72 
Mar 29 02:14:39 cls sshd[640324]: Failed password for invalid user zhaokeyu from 206.123.145.72 port 23908 ssh2
Mar 29 02:14:40 cls sshd[640326]: Invalid user maylina from 206.123.145.71 port 46082
Mar 29 02:14:42 cls sshd[640326]: pam_unix(sshd:auth): check pass; user unknown
Mar 29 02:14:42 cls sshd[640326]: pam_unix(sshd:auth): authentication failure; logname= uid=0 euid=0 tty=ssh ruser= rhost=206.123.145.71 
Mar 29 02:14:43 cls sshd[640326]: Failed password for invalid user maylina from 206.123.145.71 port 46082 ssh2
Mar 29 02:14:43 cls sshd[640324]: Connection closed by invalid user zhaokeyu 206.123.145.72 port 23908 [preauth]
Mar 29 02:14:43 cls sshd[640328]: Invalid user tzy from 206.123.145.70 port 36126
Mar 29 02:14:44 cls sshd[640328]: pam_unix(sshd:auth): check pass; user unknown
Mar 29 02:14:44 cls sshd[640328]: pam_unix(sshd:auth): authentication failure; logname= uid=0 euid=0 tty=ssh ruser= rhost=206.123.145.70 
Mar 29 02:14:45 cls sshd[640326]: Connection closed by invalid user maylina 206.123.145.71 port 46082 [preauth]
Mar 29 02:14:46 cls sshd[640328]: Failed password for invalid user tzy from 206.123.145.70 port 36126 ssh2
Mar 29 02:14:47 cls sshd[640329]: Invalid user emt from 130.12.181.101 port 42080
Mar 29 02:14:48 cls sshd[640328]: Connection closed by invalid user tzy 206.123.145.70 port 36126 [preauth]
Mar 29 02:14:49 cls sshd[640329]: pam_unix(sshd:auth): check pass; user unknown
Mar 29 02:14:49 cls sshd[640329]: pam_unix(sshd:auth): authentication failure; logname= uid=0 euid=0 tty=ssh ruser= rhost=130.12.181.101 
Mar 29 02:14:51 cls sshd[640333]: Invalid user leona from 130.12.181.103 port 57958
Mar 29 02:14:51 cls sshd[640329]: Failed password for invalid user emt from 130.12.181.101 port 42080 ssh2
Mar 29 02:14:52 cls sshd[640333]: pam_unix(sshd:auth): check pass; user unknown
Mar 29 02:14:52 cls sshd[640333]: pam_unix(sshd:auth): authentication failure; logname= uid=0 euid=0 tty=ssh ruser= rhost=130.12.181.103 
Mar 29 02:14:54 cls sshd[640333]: Failed password for invalid user leona from 130.12.181.103 port 57958 ssh2
Mar 29 02:14:55 cls sshd[640329]: Connection closed by invalid user emt 130.12.181.101 port 42080 [preauth]
Mar 29 02:14:57 cls sshd[640333]: Connection closed by invalid user leona 130.12.181.103 port 57958 [preauth]
Mar 29 02:14:57 cls sshd[640337]: Invalid user hswang from 130.12.181.105 port 1410
Mar 29 02:14:59 cls sshd[640337]: pam_unix(sshd:auth): check pass; user unknown
Mar 29 02:14:59 cls sshd[640337]: pam_unix(sshd:auth): authentication failure; logname= uid=0 euid=0 tty=ssh ruser= rhost=130.12.181.105 
Mar 29 02:15:02 cls sshd[640337]: Failed password for invalid user hswang from 130.12.181.105 port 1410 ssh2
Mar 29 02:15:04 cls sshd[640337]: Connection closed by invalid user hswang 130.12.181.105 port 1410 [preauth]
Mar 29 02:15:29 cls sshd[640355]: pam_unix(sshd:auth): authentication failure; logname= uid=0 euid=0 tty=ssh ruser= rhost=206.123.145.51  user=root
Mar 29 02:15:32 cls sshd[640355]: Failed password for root from 206.123.145.51 port 60578 ssh2
Mar 29 02:15:33 cls sshd[640355]: Connection closed by authenticating user root 206.123.145.51 port 60578 [preauth]
Mar 29 02:15:39 cls sshd[640357]: Invalid user vikas from 206.123.145.46 port 2192
Mar 29 02:15:40 cls sshd[640357]: pam_unix(sshd:auth): check pass; user unknown
Mar 29 02:15:40 cls sshd[640357]: pam_unix(sshd:auth): authentication failure; logname= uid=0 euid=0 tty=ssh ruser= rhost=206.123.145.46 
Mar 29 02:15:41 cls sshd[640357]: Failed password for invalid user vikas from 206.123.145.46 port 2192 ssh2
Mar 29 02:15:44 cls sshd[640357]: Connection closed by invalid user vikas 206.123.145.46 port 2192 [preauth]
Mar 29 02:15:50 cls sshd[640359]: Invalid user ali from 206.123.145.54 port 5610
Mar 29 02:15:51 cls sshd[640359]: pam_unix(sshd:auth): check pass; user unknown
Mar 29 02:15:51 cls sshd[640359]: pam_unix(sshd:auth): authentication failure; logname= uid=0 euid=0 tty=ssh ruser= rhost=206.123.145.54 
Mar 29 02:15:52 cls sshd[640359]: Failed password for invalid user ali from 206.123.145.54 port 5610 ssh2
Mar 29 02:15:54 cls sshd[640359]: Connection closed by invalid user ali 206.123.145.54 port 5610 [preauth]
Mar 29 02:16:20 cls sshd[640378]: Invalid user etop from 206.123.145.74 port 23560
Mar 29 02:16:21 cls sshd[640378]: pam_unix(sshd:auth): check pass; user unknown
Mar 29 02:16:21 cls sshd[640378]: pam_unix(sshd:auth): authentication failure; logname= uid=0 euid=0 tty=ssh ruser= rhost=206.123.145.74 
Mar 29 02:16:23 cls sshd[640378]: Failed password for invalid user etop from 206.123.145.74 port 23560 ssh2
Mar 29 02:16:24 cls sshd[640378]: Connection closed by invalid user etop 206.123.145.74 port 23560 [preauth]
Mar 29 02:16:36 cls sshd[640386]: Invalid user dongchy from 130.12.181.107 port 65382
Mar 29 02:16:37 cls sshd[640386]: pam_unix(sshd:auth): check pass; user unknown
Mar 29 02:16:37 cls sshd[640386]: pam_unix(sshd:auth): authentication failure; logname= uid=0 euid=0 tty=ssh ruser= rhost=130.12.181.107 
Mar 29 02:16:39 cls sshd[640386]: Failed password for invalid user dongchy from 130.12.181.107 port 65382 ssh2
Mar 29 02:16:40 cls sshd[640386]: Connection closed by invalid user dongchy 130.12.181.107 port 65382 [preauth]
Mar 29 02:16:40 cls sshd[640395]: pam_unix(sshd:auth): authentication failure; logname= uid=0 euid=0 tty=ssh ruser= rhost=27.112.78.170  user=root
Mar 29 02:16:42 cls sshd[640395]: Failed password for root from 27.112.78.170 port 33286 ssh2
Mar 29 02:16:43 cls sshd[640395]: Received disconnect from 27.112.78.170 port 33286:11: Bye Bye [preauth]
Mar 29 02:16:43 cls sshd[640395]: Disconnected from authenticating user root 27.112.78.170 port 33286 [preauth]
Mar 29 02:17:01 cls sshd[640409]: pam_unix(sshd:auth): authentication failure; logname= uid=0 euid=0 tty=ssh ruser= rhost=130.12.181.108  user=root
Mar 29 02:17:01 cls CRON[640421]: pam_unix(cron:session): session opened for user root by (uid=0)
Mar 29 02:17:01 cls CRON[640421]: pam_unix(cron:session): session closed for user root
Mar 29 02:17:03 cls sshd[640409]: Failed password for root from 130.12.181.108 port 3658 ssh2
Mar 29 02:17:06 cls sshd[640409]: Connection closed by authenticating user root 130.12.181.108 port 3658 [preauth]
Mar 29 02:17:13 cls sshd[640436]: Invalid user thangtm from 206.123.145.20 port 4916
Mar 29 02:17:15 cls sshd[640436]: pam_unix(sshd:auth): check pass; user unknown
Mar 29 02:17:15 cls sshd[640436]: pam_unix(sshd:auth): authentication failure; logname= uid=0 euid=0 tty=ssh ruser= rhost=206.123.145.20 
Mar 29 02:17:18 cls sshd[640436]: Failed password for invalid user thangtm from 206.123.145.20 port 4916 ssh2
Mar 29 02:17:18 cls sshd[640438]: pam_unix(sshd:auth): authentication failure; logname= uid=0 euid=0 tty=ssh ruser= rhost=130.12.181.106  user=root
Mar 29 02:17:20 cls sshd[640436]: Connection closed by invalid user thangtm 206.123.145.20 port 4916 [preauth]
Mar 29 02:17:20 cls sshd[640438]: Failed password for root from 130.12.181.106 port 64466 ssh2
Mar 29 02:17:22 cls sshd[640439]: Invalid user cuiyouxin from 130.12.181.104 port 46694
Mar 29 02:17:22 cls sshd[640438]: Connection closed by authenticating user root 130.12.181.106 port 64466 [preauth]
Mar 29 02:17:24 cls sshd[640439]: pam_unix(sshd:auth): check pass; user unknown
Mar 29 02:17:24 cls sshd[640439]: pam_unix(sshd:auth): authentication failure; logname= uid=0 euid=0 tty=ssh ruser= rhost=130.12.181.104 
Mar 29 02:17:25 cls sshd[640444]: Invalid user kirany from 206.123.145.52 port 17498
Mar 29 02:17:25 cls sshd[640439]: Failed password for invalid user cuiyouxin from 130.12.181.104 port 46694 ssh2
Mar 29 02:17:26 cls sshd[640444]: pam_unix(sshd:auth): check pass; user unknown
Mar 29 02:17:26 cls sshd[640444]: pam_unix(sshd:auth): authentication failure; logname= uid=0 euid=0 tty=ssh ruser= rhost=206.123.145.52 
Mar 29 02:17:28 cls sshd[640439]: Connection closed by invalid user cuiyouxin 130.12.181.104 port 46694 [preauth]
Mar 29 02:17:28 cls sshd[640444]: Failed password for invalid user kirany from 206.123.145.52 port 17498 ssh2
Mar 29 02:17:29 cls sshd[640444]: Connection closed by invalid user kirany 206.123.145.52 port 17498 [preauth]
Mar 29 02:17:42 cls sshd[640458]: pam_unix(sshd:auth): authentication failure; logname= uid=0 euid=0 tty=ssh ruser= rhost=155.4.244.107  user=root
Mar 29 02:17:43 cls sshd[640458]: Failed password for root from 155.4.244.107 port 54433 ssh2
Mar 29 02:17:45 cls sshd[640458]: Received disconnect from 155.4.244.107 port 54433:11: Bye Bye [preauth]
Mar 29 02:17:45 cls sshd[640458]: Disconnected from authenticating user root 155.4.244.107 port 54433 [preauth]
Mar 29 02:17:51 cls sshd[640470]: Invalid user anban from 206.123.145.78 port 56218
Mar 29 02:17:52 cls sshd[640470]: pam_unix(sshd:auth): check pass; user unknown
Mar 29 02:17:52 cls sshd[640470]: pam_unix(sshd:auth): authentication failure; logname= uid=0 euid=0 tty=ssh ruser= rhost=206.123.145.78 
Mar 29 02:17:54 cls sshd[640470]: Failed password for invalid user anban from 206.123.145.78 port 56218 ssh2
Mar 29 02:17:56 cls sshd[640470]: Connection closed by invalid user anban 206.123.145.78 port 56218 [preauth]
Mar 29 02:18:42 cls sshd[640508]: pam_unix(sshd:auth): authentication failure; logname= uid=0 euid=0 tty=ssh ruser= rhost=130.12.181.102  user=root
Mar 29 02:18:44 cls sshd[640508]: Failed password for root from 130.12.181.102 port 36604 ssh2
Mar 29 02:18:46 cls sshd[640508]: Connection closed by authenticating user root 130.12.181.102 port 36604 [preauth]
Mar 29 02:18:52 cls sshd[640514]: pam_unix(sshd:auth): authentication failure; logname= uid=0 euid=0 tty=ssh ruser= rhost=206.123.145.50  user=root
Mar 29 02:18:53 cls sshd[640516]: Invalid user ych from 206.123.145.77 port 38828
Mar 29 02:18:55 cls sshd[640514]: Failed password for root from 206.123.145.50 port 64256 ssh2
Mar 29 02:18:55 cls sshd[640516]: pam_unix(sshd:auth): check pass; user unknown
Mar 29 02:18:55 cls sshd[640516]: pam_unix(sshd:auth): authentication failure; logname= uid=0 euid=0 tty=ssh ruser= rhost=206.123.145.77 
Mar 29 02:18:57 cls sshd[640516]: Failed password for invalid user ych from 206.123.145.77 port 38828 ssh2
Mar 29 02:18:58 cls sshd[640514]: Connection closed by authenticating user root 206.123.145.50 port 64256 [preauth]
Mar 29 02:19:01 cls sshd[640516]: Connection closed by invalid user ych 206.123.145.77 port 38828 [preauth]
Mar 29 02:19:47 cls sshd[640548]: Invalid user gitlab-runner from 130.12.181.100 port 48536
Mar 29 02:19:48 cls sshd[640548]: pam_unix(sshd:auth): check pass; user unknown
Mar 29 02:19:48 cls sshd[640548]: pam_unix(sshd:auth): authentication failure; logname= uid=0 euid=0 tty=ssh ruser= rhost=130.12.181.100 
Mar 29 02:19:50 cls sshd[640548]: Failed password for invalid user gitlab-runner from 130.12.181.100 port 48536 ssh2
Mar 29 02:19:53 cls sshd[640548]: Connection closed by invalid user gitlab-runner 130.12.181.100 port 48536 [preauth]
Mar 29 02:20:09 cls sshd[640558]: Invalid user sdb from 206.123.145.55 port 62944
Mar 29 02:20:12 cls sshd[640558]: pam_unix(sshd:auth): check pass; user unknown
Mar 29 02:20:12 cls sshd[640558]: pam_unix(sshd:auth): authentication failure; logname= uid=0 euid=0 tty=ssh ruser= rhost=206.123.145.55 
Mar 29 02:20:14 cls sshd[640558]: Failed password for invalid user sdb from 206.123.145.55 port 62944 ssh2
Mar 29 02:20:15 cls sshd[640564]: Invalid user user from 206.123.145.49 port 61070
Mar 29 02:20:16 cls sshd[640558]: Connection closed by invalid user sdb 206.123.145.55 port 62944 [preauth]
Mar 29 02:20:16 cls sshd[640564]: pam_unix(sshd:auth): check pass; user unknown
Mar 29 02:20:16 cls sshd[640564]: pam_unix(sshd:auth): authentication failure; logname= uid=0 euid=0 tty=ssh ruser= rhost=206.123.145.49 
Mar 29 02:20:19 cls sshd[640564]: Failed password for invalid user user from 206.123.145.49 port 61070 ssh2
Mar 29 02:20:21 cls sshd[640564]: Connection closed by invalid user user 206.123.145.49 port 61070 [preauth]
Mar 29 02:20:24 cls sshd[640568]: Invalid user jiajun from 206.123.145.57 port 53462
Mar 29 02:20:24 cls sshd[640568]: pam_unix(sshd:auth): check pass; user unknown
Mar 29 02:20:24 cls sshd[640568]: pam_unix(sshd:auth): authentication failure; logname= uid=0 euid=0 tty=ssh ruser= rhost=206.123.145.57 
Mar 29 02:20:27 cls sshd[640568]: Failed password for invalid user jiajun from 206.123.145.57 port 53462 ssh2
Mar 29 02:20:28 cls sshd[640568]: Connection closed by invalid user jiajun 206.123.145.57 port 53462 [preauth]
Mar 29 02:21:24 cls sshd[640588]: Invalid user simplon from 130.12.181.98 port 1688
Mar 29 02:21:26 cls sshd[640588]: pam_unix(sshd:auth): check pass; user unknown
Mar 29 02:21:26 cls sshd[640588]: pam_unix(sshd:auth): authentication failure; logname= uid=0 euid=0 tty=ssh ruser= rhost=130.12.181.98 
Mar 29 02:21:28 cls sshd[640588]: Failed password for invalid user simplon from 130.12.181.98 port 1688 ssh2
Mar 29 02:21:37 cls sshd[640592]: Invalid user test from 206.123.145.56 port 2384
Mar 29 02:21:38 cls sshd[640592]: pam_unix(sshd:auth): check pass; user unknown
Mar 29 02:21:38 cls sshd[640592]: pam_unix(sshd:auth): authentication failure; logname= uid=0 euid=0 tty=ssh ruser= rhost=206.123.145.56 
Mar 29 02:21:40 cls sshd[640592]: Failed password for invalid user test from 206.123.145.56 port 2384 ssh2
Mar 29 02:21:41 cls sshd[640592]: Connection closed by invalid user test 206.123.145.56 port 2384 [preauth]
Mar 29 02:21:45 cls sshd[640594]: pam_unix(sshd:auth): authentication failure; logname= uid=0 euid=0 tty=ssh ruser= rhost=155.4.244.107  user=root
Mar 29 02:21:46 cls sshd[640594]: Failed password for root from 155.4.244.107 port 19281 ssh2
Mar 29 02:21:48 cls sshd[640594]: Received disconnect from 155.4.244.107 port 19281:11: Bye Bye [preauth]
Mar 29 02:21:48 cls sshd[640594]: Disconnected from authenticating user root 155.4.244.107 port 19281 [preauth]
Mar 29 02:21:49 cls sshd[640588]: Connection closed by invalid user simplon 130.12.181.98 port 1688 [preauth]
Mar 29 02:21:52 cls sshd[640590]: Connection closed by 130.12.181.109 port 20930 [preauth]
Mar 29 02:22:42 cls sshd[640612]: Invalid user dipens from 206.123.145.75 port 51786
Mar 29 02:22:43 cls sshd[640612]: pam_unix(sshd:auth): check pass; user unknown
Mar 29 02:22:43 cls sshd[640612]: pam_unix(sshd:auth): authentication failure; logname= uid=0 euid=0 tty=ssh ruser= rhost=206.123.145.75 
Mar 29 02:22:45 cls sshd[640612]: Failed password for invalid user dipens from 206.123.145.75 port 51786 ssh2
Mar 29 02:22:47 cls sshd[640612]: Connection closed by invalid user dipens 206.123.145.75 port 51786 [preauth]
Mar 29 02:23:15 cls sshd[640616]: Invalid user herb from 206.123.145.76 port 24918
Mar 29 02:23:16 cls sshd[640616]: pam_unix(sshd:auth): check pass; user unknown
Mar 29 02:23:16 cls sshd[640616]: pam_unix(sshd:auth): authentication failure; logname= uid=0 euid=0 tty=ssh ruser= rhost=206.123.145.76 
Mar 29 02:23:18 cls sshd[640616]: Failed password for invalid user herb from 206.123.145.76 port 24918 ssh2
Mar 29 02:23:19 cls sshd[640617]: Invalid user spider from 206.123.145.73 port 29132
Mar 29 02:23:20 cls sshd[640616]: Connection closed by invalid user herb 206.123.145.76 port 24918 [preauth]
Mar 29 02:23:21 cls sshd[640617]: pam_unix(sshd:auth): check pass; user unknown
Mar 29 02:23:21 cls sshd[640617]: pam_unix(sshd:auth): authentication failure; logname= uid=0 euid=0 tty=ssh ruser= rhost=206.123.145.73 
Mar 29 02:23:23 cls sshd[640617]: Failed password for invalid user spider from 206.123.145.73 port 29132 ssh2
Mar 29 02:23:24 cls sshd[640617]: Connection closed by invalid user spider 206.123.145.73 port 29132 [preauth]
Mar 29 02:23:29 cls sshd[640632]: pam_unix(sshd:auth): authentication failure; logname= uid=0 euid=0 tty=ssh ruser= rhost=27.112.78.170  user=root
Mar 29 02:23:31 cls sshd[640632]: Failed password for root from 27.112.78.170 port 42264 ssh2
Mar 29 02:23:31 cls sshd[640632]: Received disconnect from 27.112.78.170 port 42264:11: Bye Bye [preauth]
Mar 29 02:23:31 cls sshd[640632]: Disconnected from authenticating user root 27.112.78.170 port 42264 [preauth]
Mar 29 02:23:35 cls sshd[640636]: Invalid user admin from 206.123.145.69 port 28468
Mar 29 02:23:36 cls sshd[640636]: pam_unix(sshd:auth): check pass; user unknown
Mar 29 02:23:36 cls sshd[640636]: pam_unix(sshd:auth): authentication failure; logname= uid=0 euid=0 tty=ssh ruser= rhost=206.123.145.69 
Mar 29 02:23:37 cls sshd[640636]: Failed password for invalid user admin from 206.123.145.69 port 28468 ssh2
Mar 29 02:23:39 cls sshd[640636]: Connection closed by invalid user admin 206.123.145.69 port 28468 [preauth]
Mar 29 02:23:40 cls sshd[640638]: Invalid user shunchi from 130.12.181.97 port 25972
Mar 29 02:23:41 cls sshd[640638]: pam_unix(sshd:auth): check pass; user unknown
Mar 29 02:23:41 cls sshd[640638]: pam_unix(sshd:auth): authentication failure; logname= uid=0 euid=0 tty=ssh ruser= rhost=130.12.181.97 
Mar 29 02:23:44 cls sshd[640638]: Failed password for invalid user shunchi from 130.12.181.97 port 25972 ssh2
Mar 29 02:23:47 cls sshd[640638]: Connection closed by invalid user shunchi 130.12.181.97 port 25972 [preauth]
Mar 29 02:23:58 cls sshd[640643]: Invalid user wangxj from 206.123.145.79 port 29430
Mar 29 02:24:01 cls sshd[640643]: pam_unix(sshd:auth): check pass; user unknown
Mar 29 02:24:01 cls sshd[640643]: pam_unix(sshd:auth): authentication failure; logname= uid=0 euid=0 tty=ssh ruser= rhost=206.123.145.79 
Mar 29 02:24:02 cls sshd[640643]: Failed password for invalid user wangxj from 206.123.145.79 port 29430 ssh2
Mar 29 02:24:05 cls sshd[640645]: Invalid user joey from 206.123.145.48 port 56070
Mar 29 02:24:06 cls sshd[640643]: Connection closed by invalid user wangxj 206.123.145.79 port 29430 [preauth]
Mar 29 02:24:06 cls sshd[640645]: pam_unix(sshd:auth): check pass; user unknown
Mar 29 02:24:06 cls sshd[640645]: pam_unix(sshd:auth): authentication failure; logname= uid=0 euid=0 tty=ssh ruser= rhost=206.123.145.48 
Mar 29 02:24:08 cls sshd[640645]: Failed password for invalid user joey from 206.123.145.48 port 56070 ssh2
Mar 29 02:24:09 cls sshd[640647]: Invalid user cyh from 130.12.181.99 port 37970
Mar 29 02:24:09 cls sshd[640645]: Connection closed by invalid user joey 206.123.145.48 port 56070 [preauth]
Mar 29 02:24:11 cls sshd[640647]: pam_unix(sshd:auth): check pass; user unknown
Mar 29 02:24:11 cls sshd[640647]: pam_unix(sshd:auth): authentication failure; logname= uid=0 euid=0 tty=ssh ruser= rhost=130.12.181.99 
Mar 29 02:24:13 cls sshd[640647]: Failed password for invalid user cyh from 130.12.181.99 port 37970 ssh2
Mar 29 02:24:16 cls sshd[640647]: Connection closed by invalid user cyh 130.12.181.99 port 37970 [preauth]
Mar 29 02:24:35 cls sshd[640665]: Invalid user ywd from 206.123.145.53 port 46884
Mar 29 02:24:37 cls sshd[640665]: pam_unix(sshd:auth): check pass; user unknown
Mar 29 02:24:37 cls sshd[640665]: pam_unix(sshd:auth): authentication failure; logname= uid=0 euid=0 tty=ssh ruser= rhost=206.123.145.53 
Mar 29 02:24:39 cls sshd[640665]: Failed password for invalid user ywd from 206.123.145.53 port 46884 ssh2
Mar 29 02:24:41 cls sshd[640665]: Connection closed by invalid user ywd 206.123.145.53 port 46884 [preauth]
Mar 29 02:24:55 cls sshd[640675]: pam_unix(sshd:auth): authentication failure; logname= uid=0 euid=0 tty=ssh ruser= rhost=130.12.181.101  user=root
Mar 29 02:24:57 cls sshd[640675]: Failed password for root from 130.12.181.101 port 14316 ssh2
Mar 29 02:25:00 cls sshd[640675]: Connection closed by authenticating user root 130.12.181.101 port 14316 [preauth]
Mar 29 02:25:03 cls sshd[640685]: Invalid user sya from 130.12.181.105 port 59664
Mar 29 02:25:04 cls sshd[640685]: pam_unix(sshd:auth): check pass; user unknown
Mar 29 02:25:04 cls sshd[640685]: pam_unix(sshd:auth): authentication failure; logname= uid=0 euid=0 tty=ssh ruser= rhost=130.12.181.105 
Mar 29 02:25:06 cls sshd[640685]: Failed password for invalid user sya from 130.12.181.105 port 59664 ssh2
Mar 29 02:25:07 cls sshd[640685]: Connection closed by invalid user sya 130.12.181.105 port 59664 [preauth]
Mar 29 02:25:11 cls sshd[640693]: Invalid user yangyy from 130.12.181.103 port 62254
Mar 29 02:25:12 cls sshd[640693]: pam_unix(sshd:auth): check pass; user unknown
Mar 29 02:25:12 cls sshd[640693]: pam_unix(sshd:auth): authentication failure; logname= uid=0 euid=0 tty=ssh ruser= rhost=130.12.181.103 
Mar 29 02:25:13 cls sshd[640695]: pam_unix(sshd:auth): authentication failure; logname= uid=0 euid=0 tty=ssh ruser= rhost=172.185.24.228  user=root
Mar 29 02:25:15 cls sshd[640693]: Failed password for invalid user yangyy from 130.12.181.103 port 62254 ssh2
Mar 29 02:25:15 cls sshd[640695]: Failed password for root from 172.185.24.228 port 53970 ssh2
Mar 29 02:25:16 cls sshd[640695]: Received disconnect from 172.185.24.228 port 53970:11: Bye Bye [preauth]
Mar 29 02:25:16 cls sshd[640695]: Disconnected from authenticating user root 172.185.24.228 port 53970 [preauth]
Mar 29 02:25:17 cls sshd[640693]: Connection closed by invalid user yangyy 130.12.181.103 port 62254 [preauth]
Mar 29 02:25:34 cls sshd[640707]: pam_unix(sshd:auth): authentication failure; logname= uid=0 euid=0 tty=ssh ruser= rhost=206.123.145.72  user=root
Mar 29 02:25:36 cls sshd[640709]: Invalid user user from 206.123.145.71 port 3908
Mar 29 02:25:36 cls sshd[640707]: Failed password for root from 206.123.145.72 port 54918 ssh2
Mar 29 02:25:37 cls sshd[640709]: pam_unix(sshd:auth): check pass; user unknown
Mar 29 02:25:37 cls sshd[640709]: pam_unix(sshd:auth): authentication failure; logname= uid=0 euid=0 tty=ssh ruser= rhost=206.123.145.71 
Mar 29 02:25:37 cls sshd[640711]: pam_unix(sshd:auth): authentication failure; logname= uid=0 euid=0 tty=ssh ruser= rhost=155.4.244.107  user=root
Mar 29 02:25:39 cls sshd[640707]: Connection closed by authenticating user root 206.123.145.72 port 54918 [preauth]
Mar 29 02:25:39 cls sshd[640709]: Failed password for invalid user user from 206.123.145.71 port 3908 ssh2
Mar 29 02:25:39 cls sshd[640711]: Failed password for root from 155.4.244.107 port 56504 ssh2
Mar 29 02:25:39 cls sshd[640713]: Invalid user weideng from 206.123.145.51 port 16072
Mar 29 02:25:40 cls sshd[640711]: Received disconnect from 155.4.244.107 port 56504:11: Bye Bye [preauth]
Mar 29 02:25:40 cls sshd[640711]: Disconnected from authenticating user root 155.4.244.107 port 56504 [preauth]
Mar 29 02:25:40 cls sshd[640713]: pam_unix(sshd:auth): check pass; user unknown
Mar 29 02:25:40 cls sshd[640713]: pam_unix(sshd:auth): authentication failure; logname= uid=0 euid=0 tty=ssh ruser= rhost=206.123.145.51 
Mar 29 02:25:40 cls sshd[640709]: Connection closed by invalid user user 206.123.145.71 port 3908 [preauth]
Mar 29 02:25:42 cls sshd[640713]: Failed password for invalid user weideng from 206.123.145.51 port 16072 ssh2
Mar 29 02:25:44 cls sshd[640713]: Connection closed by invalid user weideng 206.123.145.51 port 16072 [preauth]
Mar 29 02:26:03 cls sshd[640715]: Invalid user michael from 206.123.145.46 port 60984
Mar 29 02:26:04 cls sshd[640715]: pam_unix(sshd:auth): check pass; user unknown
Mar 29 02:26:04 cls sshd[640715]: pam_unix(sshd:auth): authentication failure; logname= uid=0 euid=0 tty=ssh ruser= rhost=206.123.145.46 
Mar 29 02:26:07 cls sshd[640715]: Failed password for invalid user michael from 206.123.145.46 port 60984 ssh2
Mar 29 02:26:09 cls sshd[640715]: Connection closed by invalid user michael 206.123.145.46 port 60984 [preauth]
Mar 29 02:26:12 cls sshd[640735]: Invalid user ricky from 206.123.145.54 port 45408
Mar 29 02:26:12 cls sshd[640735]: pam_unix(sshd:auth): check pass; user unknown
Mar 29 02:26:12 cls sshd[640735]: pam_unix(sshd:auth): authentication failure; logname= uid=0 euid=0 tty=ssh ruser= rhost=206.123.145.54 
Mar 29 02:26:13 cls sshd[640739]: pam_unix(sshd:auth): authentication failure; logname= uid=0 euid=0 tty=ssh ruser= rhost=202.165.17.230  user=root
Mar 29 02:26:14 cls sshd[640736]: Invalid user test from 206.123.145.70 port 34042
Mar 29 02:26:14 cls sshd[640736]: pam_unix(sshd:auth): check pass; user unknown
Mar 29 02:26:14 cls sshd[640736]: pam_unix(sshd:auth): authentication failure; logname= uid=0 euid=0 tty=ssh ruser= rhost=206.123.145.70 
Mar 29 02:26:15 cls sshd[640739]: Failed password for root from 202.165.17.230 port 47270 ssh2
Mar 29 02:26:15 cls sshd[640735]: Failed password for invalid user ricky from 206.123.145.54 port 45408 ssh2
Mar 29 02:26:16 cls sshd[640736]: Failed password for invalid user test from 206.123.145.70 port 34042 ssh2
Mar 29 02:26:16 cls sshd[640739]: Received disconnect from 202.165.17.230 port 47270:11: Bye Bye [preauth]
