Shadow-Here


Server : Apache/2.4.41 (Ubuntu)
System : Linux cls 5.4.0-216-generic #236-Ubuntu SMP Fri Apr 11 19:53:21 UTC 2025 x86_64
User : iscuser ( 1001)
PHP Version : 7.4.12
Disable Function : shell_exec,pcntl_alarm,pcntl_fork,pcntl_waitpid,pcntl_wait,pcntl_wifexited,pcntl_wifstopped,pcntl_wifsignaled,pcntl_wifcontinued,pcntl_wexitstatus,pcntl_wtermsig,pcntl_wstopsig,pcntl_signal,pcntl_signal_get_handler,pcntl_signal_dispatch,pcntl_get_last_error,pcntl_strerror,pcntl_sigprocmask,pcntl_sigwaitinfo,pcntl_sigtimedwait,pcntl_exec,pcntl_getpriority,pcntl_setpriority,pcntl_async_signals,pcntl_unshare,
Directory :  /proc/216834/task/216834/root/var/log/

Upload File :
current_dir [ Writeable ] document_root [ Writeable ]

 

Command :
Current File : //proc/216834/task/216834/root/var/log/auth.log.1
Mar 29 00:00:05 cls sshd[630304]: Received disconnect from 81.192.46.45 port 33010:11: Bye Bye [preauth]
Mar 29 00:00:05 cls sshd[630304]: Disconnected from authenticating user root 81.192.46.45 port 33010 [preauth]
Mar 29 00:00:58 cls sshd[630354]: Connection closed by 147.135.251.134 port 13150 [preauth]
Mar 29 00:00:58 cls sshd[630365]: Connection closed by 57.128.223.80 port 47680 [preauth]
Mar 29 00:00:58 cls sshd[630360]: Invalid user lzy from 206.123.145.71 port 1850
Mar 29 00:00:58 cls sshd[630360]: Connection closed by invalid user lzy 206.123.145.71 port 1850 [preauth]
Mar 29 00:00:58 cls sshd[630367]: Invalid user kl from 206.123.145.51 port 61484
Mar 29 00:00:58 cls sshd[630367]: pam_unix(sshd:auth): check pass; user unknown
Mar 29 00:00:58 cls sshd[630367]: pam_unix(sshd:auth): authentication failure; logname= uid=0 euid=0 tty=ssh ruser= rhost=206.123.145.51 
Mar 29 00:00:58 cls sshd[630367]: Failed password for invalid user kl from 206.123.145.51 port 61484 ssh2
Mar 29 00:00:59 cls sshd[630371]: Invalid user test01 from 206.123.145.57 port 29206
Mar 29 00:01:00 cls sshd[630371]: pam_unix(sshd:auth): check pass; user unknown
Mar 29 00:01:00 cls sshd[630371]: pam_unix(sshd:auth): authentication failure; logname= uid=0 euid=0 tty=ssh ruser= rhost=206.123.145.57 
Mar 29 00:01:01 cls sshd[630367]: Connection closed by invalid user kl 206.123.145.51 port 61484 [preauth]
Mar 29 00:01:03 cls sshd[630371]: Failed password for invalid user test01 from 206.123.145.57 port 29206 ssh2
Mar 29 00:01:05 cls sshd[630371]: Connection closed by invalid user test01 206.123.145.57 port 29206 [preauth]
Mar 29 00:01:06 cls sshd[630457]: Invalid user kenno from 130.12.181.103 port 23936
Mar 29 00:01:07 cls sshd[630457]: pam_unix(sshd:auth): check pass; user unknown
Mar 29 00:01:07 cls sshd[630457]: pam_unix(sshd:auth): authentication failure; logname= uid=0 euid=0 tty=ssh ruser= rhost=130.12.181.103 
Mar 29 00:01:09 cls sshd[630457]: Failed password for invalid user kenno from 130.12.181.103 port 23936 ssh2
Mar 29 00:01:11 cls sshd[630457]: Connection closed by invalid user kenno 130.12.181.103 port 23936 [preauth]
Mar 29 00:01:19 cls sshd[630510]: Invalid user hamrah from 130.12.181.99 port 27700
Mar 29 00:01:21 cls sshd[630510]: pam_unix(sshd:auth): check pass; user unknown
Mar 29 00:01:21 cls sshd[630510]: pam_unix(sshd:auth): authentication failure; logname= uid=0 euid=0 tty=ssh ruser= rhost=130.12.181.99 
Mar 29 00:01:23 cls sshd[630510]: Failed password for invalid user hamrah from 130.12.181.99 port 27700 ssh2
Mar 29 00:01:23 cls sshd[630587]: pam_unix(sshd:auth): authentication failure; logname= uid=0 euid=0 tty=ssh ruser= rhost=130.12.181.109  user=root
Mar 29 00:01:25 cls sshd[630510]: Connection closed by invalid user hamrah 130.12.181.99 port 27700 [preauth]
Mar 29 00:01:25 cls sshd[630587]: Failed password for root from 130.12.181.109 port 34936 ssh2
Mar 29 00:01:27 cls sshd[630587]: Connection closed by authenticating user root 130.12.181.109 port 34936 [preauth]
Mar 29 00:01:28 cls sshd[630752]: Invalid user wangqi from 206.123.145.54 port 18006
Mar 29 00:01:30 cls sshd[630752]: pam_unix(sshd:auth): check pass; user unknown
Mar 29 00:01:30 cls sshd[630752]: pam_unix(sshd:auth): authentication failure; logname= uid=0 euid=0 tty=ssh ruser= rhost=206.123.145.54 
Mar 29 00:01:31 cls sshd[630752]: Failed password for invalid user wangqi from 206.123.145.54 port 18006 ssh2
Mar 29 00:01:34 cls sshd[630754]: Invalid user wpx from 130.12.181.97 port 35122
Mar 29 00:01:35 cls sshd[630752]: Connection closed by invalid user wangqi 206.123.145.54 port 18006 [preauth]
Mar 29 00:01:36 cls sshd[630754]: pam_unix(sshd:auth): check pass; user unknown
Mar 29 00:01:36 cls sshd[630754]: pam_unix(sshd:auth): authentication failure; logname= uid=0 euid=0 tty=ssh ruser= rhost=130.12.181.97 
Mar 29 00:01:36 cls sshd[630755]: Invalid user huawen from 206.123.145.69 port 38020
Mar 29 00:01:37 cls sshd[630755]: pam_unix(sshd:auth): check pass; user unknown
Mar 29 00:01:37 cls sshd[630755]: pam_unix(sshd:auth): authentication failure; logname= uid=0 euid=0 tty=ssh ruser= rhost=206.123.145.69 
Mar 29 00:01:38 cls sshd[630758]: Invalid user lzw from 206.123.145.46 port 65226
Mar 29 00:01:38 cls sshd[630754]: Failed password for invalid user wpx from 130.12.181.97 port 35122 ssh2
Mar 29 00:01:39 cls sshd[630755]: Failed password for invalid user huawen from 206.123.145.69 port 38020 ssh2
Mar 29 00:01:39 cls sshd[630754]: Connection closed by invalid user wpx 130.12.181.97 port 35122 [preauth]
Mar 29 00:01:39 cls sshd[630758]: pam_unix(sshd:auth): check pass; user unknown
Mar 29 00:01:39 cls sshd[630758]: pam_unix(sshd:auth): authentication failure; logname= uid=0 euid=0 tty=ssh ruser= rhost=206.123.145.46 
Mar 29 00:01:41 cls sshd[630755]: Connection closed by invalid user huawen 206.123.145.69 port 38020 [preauth]
Mar 29 00:01:41 cls sshd[630758]: Failed password for invalid user lzw from 206.123.145.46 port 65226 ssh2
Mar 29 00:01:46 cls sshd[630758]: Connection closed by invalid user lzw 206.123.145.46 port 65226 [preauth]
Mar 29 00:01:57 cls sshd[630763]: Invalid user dipens from 206.123.145.75 port 20840
Mar 29 00:01:57 cls sshd[630763]: pam_unix(sshd:auth): check pass; user unknown
Mar 29 00:01:57 cls sshd[630763]: pam_unix(sshd:auth): authentication failure; logname= uid=0 euid=0 tty=ssh ruser= rhost=206.123.145.75 
Mar 29 00:02:00 cls sshd[630763]: Failed password for invalid user dipens from 206.123.145.75 port 20840 ssh2
Mar 29 00:02:02 cls sshd[630763]: Connection closed by invalid user dipens 206.123.145.75 port 20840 [preauth]
Mar 29 00:02:03 cls sshd[630765]: pam_unix(sshd:auth): authentication failure; logname= uid=0 euid=0 tty=ssh ruser= rhost=181.23.38.190  user=root
Mar 29 00:02:05 cls sshd[630765]: Failed password for root from 181.23.38.190 port 35533 ssh2
Mar 29 00:02:06 cls sshd[630765]: Received disconnect from 181.23.38.190 port 35533:11: Bye Bye [preauth]
Mar 29 00:02:06 cls sshd[630765]: Disconnected from authenticating user root 181.23.38.190 port 35533 [preauth]
Mar 29 00:02:30 cls sshd[630767]: Invalid user freddy from 130.12.181.105 port 52328
Mar 29 00:02:31 cls sshd[630767]: pam_unix(sshd:auth): check pass; user unknown
Mar 29 00:02:31 cls sshd[630767]: pam_unix(sshd:auth): authentication failure; logname= uid=0 euid=0 tty=ssh ruser= rhost=130.12.181.105 
Mar 29 00:02:33 cls sshd[630767]: Failed password for invalid user freddy from 130.12.181.105 port 52328 ssh2
Mar 29 00:02:35 cls sshd[630767]: Connection closed by invalid user freddy 130.12.181.105 port 52328 [preauth]
Mar 29 00:03:08 cls sshd[630769]: Invalid user chenhao from 206.123.145.55 port 40936
Mar 29 00:03:09 cls sshd[630769]: pam_unix(sshd:auth): check pass; user unknown
Mar 29 00:03:09 cls sshd[630769]: pam_unix(sshd:auth): authentication failure; logname= uid=0 euid=0 tty=ssh ruser= rhost=206.123.145.55 
Mar 29 00:03:11 cls sshd[630769]: Failed password for invalid user chenhao from 206.123.145.55 port 40936 ssh2
Mar 29 00:03:13 cls sshd[630769]: Connection closed by invalid user chenhao 206.123.145.55 port 40936 [preauth]
Mar 29 00:03:20 cls sshd[630771]: Invalid user aa from 206.123.145.76 port 26246
Mar 29 00:03:22 cls sshd[630771]: pam_unix(sshd:auth): check pass; user unknown
Mar 29 00:03:22 cls sshd[630771]: pam_unix(sshd:auth): authentication failure; logname= uid=0 euid=0 tty=ssh ruser= rhost=206.123.145.76 
Mar 29 00:03:24 cls sshd[630771]: Failed password for invalid user aa from 206.123.145.76 port 26246 ssh2
Mar 29 00:03:25 cls sshd[630771]: Connection closed by invalid user aa 206.123.145.76 port 26246 [preauth]
Mar 29 00:03:27 cls sshd[630773]: Invalid user liwenfeng from 206.123.145.74 port 21996
Mar 29 00:03:29 cls sshd[630773]: pam_unix(sshd:auth): check pass; user unknown
Mar 29 00:03:29 cls sshd[630773]: pam_unix(sshd:auth): authentication failure; logname= uid=0 euid=0 tty=ssh ruser= rhost=206.123.145.74 
Mar 29 00:03:30 cls sshd[630773]: Failed password for invalid user liwenfeng from 206.123.145.74 port 21996 ssh2
Mar 29 00:03:32 cls sshd[630773]: Connection closed by invalid user liwenfeng 206.123.145.74 port 21996 [preauth]
Mar 29 00:03:36 cls sshd[630775]: Invalid user xieziyu from 130.12.181.102 port 19376
Mar 29 00:03:37 cls sshd[630775]: pam_unix(sshd:auth): check pass; user unknown
Mar 29 00:03:37 cls sshd[630775]: pam_unix(sshd:auth): authentication failure; logname= uid=0 euid=0 tty=ssh ruser= rhost=130.12.181.102 
Mar 29 00:03:39 cls sshd[630775]: Failed password for invalid user xieziyu from 130.12.181.102 port 19376 ssh2
Mar 29 00:03:40 cls sshd[630775]: Connection closed by invalid user xieziyu 130.12.181.102 port 19376 [preauth]
Mar 29 00:04:11 cls sshd[630779]: Invalid user dell from 206.123.145.70 port 47278
Mar 29 00:04:12 cls sshd[630779]: pam_unix(sshd:auth): check pass; user unknown
Mar 29 00:04:12 cls sshd[630779]: pam_unix(sshd:auth): authentication failure; logname= uid=0 euid=0 tty=ssh ruser= rhost=206.123.145.70 
Mar 29 00:04:14 cls sshd[630779]: Failed password for invalid user dell from 206.123.145.70 port 47278 ssh2
Mar 29 00:04:16 cls sshd[630779]: Connection closed by invalid user dell 206.123.145.70 port 47278 [preauth]
Mar 29 00:04:18 cls sshd[630783]: pam_unix(sshd:auth): authentication failure; logname= uid=0 euid=0 tty=ssh ruser= rhost=147.135.251.134  user=root
Mar 29 00:04:18 cls sshd[630781]: pam_unix(sshd:auth): authentication failure; logname= uid=0 euid=0 tty=ssh ruser= rhost=130.12.181.108  user=root
Mar 29 00:04:20 cls sshd[630783]: Failed password for root from 147.135.251.134 port 19452 ssh2
Mar 29 00:04:20 cls sshd[630781]: Failed password for root from 130.12.181.108 port 11810 ssh2
Mar 29 00:04:21 cls sshd[630783]: Received disconnect from 147.135.251.134 port 19452:11: Bye Bye [preauth]
Mar 29 00:04:21 cls sshd[630783]: Disconnected from authenticating user root 147.135.251.134 port 19452 [preauth]
Mar 29 00:04:22 cls sshd[630781]: Connection closed by authenticating user root 130.12.181.108 port 11810 [preauth]
Mar 29 00:04:37 cls sshd[630785]: pam_unix(sshd:auth): authentication failure; logname= uid=0 euid=0 tty=ssh ruser= rhost=206.123.145.48  user=root
Mar 29 00:04:39 cls sshd[630785]: Failed password for root from 206.123.145.48 port 16038 ssh2
Mar 29 00:04:40 cls sshd[630785]: Connection closed by authenticating user root 206.123.145.48 port 16038 [preauth]
Mar 29 00:05:00 cls sshd[630787]: Invalid user rftest1 from 130.12.181.107 port 27550
Mar 29 00:05:01 cls sshd[630787]: pam_unix(sshd:auth): check pass; user unknown
Mar 29 00:05:01 cls sshd[630787]: pam_unix(sshd:auth): authentication failure; logname= uid=0 euid=0 tty=ssh ruser= rhost=130.12.181.107 
Mar 29 00:05:03 cls sshd[630787]: Failed password for invalid user rftest1 from 130.12.181.107 port 27550 ssh2
Mar 29 00:05:05 cls sshd[630787]: Connection closed by invalid user rftest1 130.12.181.107 port 27550 [preauth]
Mar 29 00:05:06 cls sshd[630792]: pam_unix(sshd:auth): authentication failure; logname= uid=0 euid=0 tty=ssh ruser= rhost=81.192.46.45  user=root
Mar 29 00:05:08 cls sshd[630792]: Failed password for root from 81.192.46.45 port 57672 ssh2
Mar 29 00:05:09 cls sshd[630792]: Received disconnect from 81.192.46.45 port 57672:11: Bye Bye [preauth]
Mar 29 00:05:09 cls sshd[630792]: Disconnected from authenticating user root 81.192.46.45 port 57672 [preauth]
Mar 29 00:05:16 cls sshd[630794]: pam_unix(sshd:auth): authentication failure; logname= uid=0 euid=0 tty=ssh ruser= rhost=57.128.223.80  user=root
Mar 29 00:05:18 cls sshd[630794]: Failed password for root from 57.128.223.80 port 56292 ssh2
Mar 29 00:05:18 cls sshd[630794]: Received disconnect from 57.128.223.80 port 56292:11: Bye Bye [preauth]
Mar 29 00:05:18 cls sshd[630794]: Disconnected from authenticating user root 57.128.223.80 port 56292 [preauth]
Mar 29 00:05:46 cls sshd[630796]: Invalid user dcadmin from 206.123.145.56 port 63934
Mar 29 00:05:47 cls sshd[630796]: pam_unix(sshd:auth): check pass; user unknown
Mar 29 00:05:47 cls sshd[630796]: pam_unix(sshd:auth): authentication failure; logname= uid=0 euid=0 tty=ssh ruser= rhost=206.123.145.56 
Mar 29 00:05:48 cls sshd[630796]: Failed password for invalid user dcadmin from 206.123.145.56 port 63934 ssh2
Mar 29 00:05:52 cls sshd[630796]: Connection closed by invalid user dcadmin 206.123.145.56 port 63934 [preauth]
Mar 29 00:05:56 cls sshd[630804]: Invalid user administrator from 130.12.181.106 port 12844
Mar 29 00:05:57 cls sshd[630804]: pam_unix(sshd:auth): check pass; user unknown
Mar 29 00:05:57 cls sshd[630804]: pam_unix(sshd:auth): authentication failure; logname= uid=0 euid=0 tty=ssh ruser= rhost=130.12.181.106 
Mar 29 00:06:00 cls sshd[630804]: Failed password for invalid user administrator from 130.12.181.106 port 12844 ssh2
Mar 29 00:06:03 cls sshd[630804]: Connection closed by invalid user administrator 130.12.181.106 port 12844 [preauth]
Mar 29 00:06:35 cls sshd[630826]: Invalid user kibana from 130.12.181.98 port 39416
Mar 29 00:06:36 cls sshd[630826]: pam_unix(sshd:auth): check pass; user unknown
Mar 29 00:06:36 cls sshd[630826]: pam_unix(sshd:auth): authentication failure; logname= uid=0 euid=0 tty=ssh ruser= rhost=130.12.181.98 
Mar 29 00:06:38 cls sshd[630826]: Failed password for invalid user kibana from 130.12.181.98 port 39416 ssh2
Mar 29 00:06:39 cls sshd[630826]: Connection closed by invalid user kibana 130.12.181.98 port 39416 [preauth]
Mar 29 00:06:49 cls sshd[630832]: pam_unix(sshd:auth): authentication failure; logname= uid=0 euid=0 tty=ssh ruser= rhost=206.123.145.53  user=root
Mar 29 00:06:51 cls sshd[630832]: Failed password for root from 206.123.145.53 port 24926 ssh2
Mar 29 00:06:54 cls sshd[630832]: Connection closed by authenticating user root 206.123.145.53 port 24926 [preauth]
Mar 29 00:07:31 cls sshd[630847]: Invalid user rf from 130.12.181.104 port 48874
Mar 29 00:07:32 cls sshd[630847]: pam_unix(sshd:auth): check pass; user unknown
Mar 29 00:07:32 cls sshd[630847]: pam_unix(sshd:auth): authentication failure; logname= uid=0 euid=0 tty=ssh ruser= rhost=130.12.181.104 
Mar 29 00:07:34 cls sshd[630846]: Invalid user jxs from 206.123.145.52 port 60326
Mar 29 00:07:34 cls sshd[630847]: Failed password for invalid user rf from 130.12.181.104 port 48874 ssh2
Mar 29 00:07:34 cls sshd[630846]: pam_unix(sshd:auth): check pass; user unknown
Mar 29 00:07:34 cls sshd[630846]: pam_unix(sshd:auth): authentication failure; logname= uid=0 euid=0 tty=ssh ruser= rhost=206.123.145.52 
Mar 29 00:07:36 cls sshd[630846]: Failed password for invalid user jxs from 206.123.145.52 port 60326 ssh2
Mar 29 00:07:36 cls sshd[630847]: Connection closed by invalid user rf 130.12.181.104 port 48874 [preauth]
Mar 29 00:07:38 cls sshd[630846]: Connection closed by invalid user jxs 206.123.145.52 port 60326 [preauth]
Mar 29 00:07:46 cls sshd[630862]: Invalid user ll from 130.12.181.100 port 25266
Mar 29 00:07:48 cls sshd[630862]: pam_unix(sshd:auth): check pass; user unknown
Mar 29 00:07:48 cls sshd[630862]: pam_unix(sshd:auth): authentication failure; logname= uid=0 euid=0 tty=ssh ruser= rhost=130.12.181.100 
Mar 29 00:07:50 cls sshd[630862]: Failed password for invalid user ll from 130.12.181.100 port 25266 ssh2
Mar 29 00:07:54 cls sshd[630862]: Connection closed by invalid user ll 130.12.181.100 port 25266 [preauth]
Mar 29 00:08:24 cls sshd[630890]: Invalid user fdq from 206.123.145.49 port 27254
Mar 29 00:08:26 cls sshd[630890]: pam_unix(sshd:auth): check pass; user unknown
Mar 29 00:08:26 cls sshd[630890]: pam_unix(sshd:auth): authentication failure; logname= uid=0 euid=0 tty=ssh ruser= rhost=206.123.145.49 
Mar 29 00:08:27 cls sshd[630890]: Failed password for invalid user fdq from 206.123.145.49 port 27254 ssh2
Mar 29 00:08:29 cls sshd[630895]: Invalid user dengjb from 206.123.145.50 port 1144
Mar 29 00:08:30 cls sshd[630895]: pam_unix(sshd:auth): check pass; user unknown
Mar 29 00:08:30 cls sshd[630895]: pam_unix(sshd:auth): authentication failure; logname= uid=0 euid=0 tty=ssh ruser= rhost=206.123.145.50 
Mar 29 00:08:30 cls sshd[630890]: Connection closed by invalid user fdq 206.123.145.49 port 27254 [preauth]
Mar 29 00:08:30 cls sshd[630894]: pam_unix(sshd:auth): authentication failure; logname= uid=0 euid=0 tty=ssh ruser= rhost=206.123.145.20  user=root
Mar 29 00:08:32 cls sshd[630895]: Failed password for invalid user dengjb from 206.123.145.50 port 1144 ssh2
Mar 29 00:08:32 cls sshd[630894]: Failed password for root from 206.123.145.20 port 63010 ssh2
Mar 29 00:08:35 cls sshd[630894]: Connection closed by authenticating user root 206.123.145.20 port 63010 [preauth]
Mar 29 00:08:35 cls sshd[630895]: Connection closed by invalid user dengjb 206.123.145.50 port 1144 [preauth]
Mar 29 00:08:40 cls sshd[630900]: Invalid user lgl from 206.123.145.79 port 8220
Mar 29 00:08:41 cls sshd[630898]: Invalid user default from 206.123.145.77 port 47020
Mar 29 00:08:42 cls sshd[630900]: pam_unix(sshd:auth): check pass; user unknown
Mar 29 00:08:42 cls sshd[630900]: pam_unix(sshd:auth): authentication failure; logname= uid=0 euid=0 tty=ssh ruser= rhost=206.123.145.79 
Mar 29 00:08:42 cls sshd[630898]: pam_unix(sshd:auth): check pass; user unknown
Mar 29 00:08:42 cls sshd[630898]: pam_unix(sshd:auth): authentication failure; logname= uid=0 euid=0 tty=ssh ruser= rhost=206.123.145.77 
Mar 29 00:08:44 cls sshd[630900]: Failed password for invalid user lgl from 206.123.145.79 port 8220 ssh2
Mar 29 00:08:44 cls sshd[630898]: Failed password for invalid user default from 206.123.145.77 port 47020 ssh2
Mar 29 00:08:46 cls sshd[630900]: Connection closed by invalid user lgl 206.123.145.79 port 8220 [preauth]
Mar 29 00:08:48 cls sshd[630898]: Connection closed by invalid user default 206.123.145.77 port 47020 [preauth]
Mar 29 00:09:00 cls sshd[630902]: pam_unix(sshd:auth): authentication failure; logname= uid=0 euid=0 tty=ssh ruser= rhost=147.135.251.134  user=root
Mar 29 00:09:01 cls CRON[630915]: pam_unix(cron:session): session opened for user root by (uid=0)
Mar 29 00:09:01 cls CRON[630915]: pam_unix(cron:session): session closed for user root
Mar 29 00:09:02 cls sshd[630902]: Failed password for root from 147.135.251.134 port 28182 ssh2
Mar 29 00:09:03 cls sshd[630902]: Received disconnect from 147.135.251.134 port 28182:11: Bye Bye [preauth]
Mar 29 00:09:03 cls sshd[630902]: Disconnected from authenticating user root 147.135.251.134 port 28182 [preauth]
Mar 29 00:09:31 cls sshd[631303]: Invalid user devops from 206.123.145.78 port 65352
Mar 29 00:09:33 cls sshd[631303]: pam_unix(sshd:auth): check pass; user unknown
Mar 29 00:09:33 cls sshd[631303]: pam_unix(sshd:auth): authentication failure; logname= uid=0 euid=0 tty=ssh ruser= rhost=206.123.145.78 
Mar 29 00:09:35 cls sshd[631303]: Failed password for invalid user devops from 206.123.145.78 port 65352 ssh2
Mar 29 00:09:38 cls sshd[631303]: Connection closed by invalid user devops 206.123.145.78 port 65352 [preauth]
Mar 29 00:09:43 cls sshd[631307]: pam_unix(sshd:auth): authentication failure; logname= uid=0 euid=0 tty=ssh ruser= rhost=57.128.223.80  user=root
Mar 29 00:09:46 cls sshd[631307]: Failed password for root from 57.128.223.80 port 43934 ssh2
Mar 29 00:09:46 cls sshd[631307]: Received disconnect from 57.128.223.80 port 43934:11: Bye Bye [preauth]
Mar 29 00:09:46 cls sshd[631307]: Disconnected from authenticating user root 57.128.223.80 port 43934 [preauth]
Mar 29 00:09:47 cls sshd[631305]: Invalid user harshal from 130.12.181.101 port 16894
Mar 29 00:09:48 cls sshd[631305]: pam_unix(sshd:auth): check pass; user unknown
Mar 29 00:09:48 cls sshd[631305]: pam_unix(sshd:auth): authentication failure; logname= uid=0 euid=0 tty=ssh ruser= rhost=130.12.181.101 
Mar 29 00:09:50 cls sshd[631305]: Failed password for invalid user harshal from 130.12.181.101 port 16894 ssh2
Mar 29 00:09:54 cls sshd[631305]: Connection closed by invalid user harshal 130.12.181.101 port 16894 [preauth]
Mar 29 00:10:12 cls sshd[631316]: pam_unix(sshd:auth): authentication failure; logname= uid=0 euid=0 tty=ssh ruser= rhost=81.192.46.45  user=root
Mar 29 00:10:13 cls sshd[631316]: Failed password for root from 81.192.46.45 port 46106 ssh2
Mar 29 00:10:14 cls sshd[631316]: Received disconnect from 81.192.46.45 port 46106:11: Bye Bye [preauth]
Mar 29 00:10:14 cls sshd[631316]: Disconnected from authenticating user root 81.192.46.45 port 46106 [preauth]
Mar 29 00:10:22 cls sshd[631318]: Invalid user glzjin from 206.123.145.72 port 50380
Mar 29 00:10:24 cls sshd[631318]: pam_unix(sshd:auth): check pass; user unknown
Mar 29 00:10:24 cls sshd[631318]: pam_unix(sshd:auth): authentication failure; logname= uid=0 euid=0 tty=ssh ruser= rhost=206.123.145.72 
Mar 29 00:10:25 cls sshd[631318]: Failed password for invalid user glzjin from 206.123.145.72 port 50380 ssh2
Mar 29 00:10:27 cls sshd[631318]: Connection closed by invalid user glzjin 206.123.145.72 port 50380 [preauth]
Mar 29 00:10:38 cls sshd[631322]: pam_unix(sshd:auth): authentication failure; logname= uid=0 euid=0 tty=ssh ruser= rhost=206.123.145.71  user=root
Mar 29 00:10:40 cls sshd[631322]: Failed password for root from 206.123.145.71 port 49276 ssh2
Mar 29 00:10:42 cls sshd[631322]: Connection closed by authenticating user root 206.123.145.71 port 49276 [preauth]
Mar 29 00:10:47 cls sshd[631325]: Invalid user zimbra from 130.12.181.103 port 28094
Mar 29 00:10:48 cls sshd[631324]: Invalid user itadmin from 206.123.145.73 port 3612
Mar 29 00:10:49 cls sshd[631325]: pam_unix(sshd:auth): check pass; user unknown
Mar 29 00:10:49 cls sshd[631325]: pam_unix(sshd:auth): authentication failure; logname= uid=0 euid=0 tty=ssh ruser= rhost=130.12.181.103 
Mar 29 00:10:49 cls sshd[631328]: Invalid user zj from 130.12.181.99 port 43840
Mar 29 00:10:50 cls sshd[631328]: pam_unix(sshd:auth): check pass; user unknown
Mar 29 00:10:50 cls sshd[631328]: pam_unix(sshd:auth): authentication failure; logname= uid=0 euid=0 tty=ssh ruser= rhost=130.12.181.99 
Mar 29 00:10:51 cls sshd[631324]: pam_unix(sshd:auth): check pass; user unknown
Mar 29 00:10:51 cls sshd[631324]: pam_unix(sshd:auth): authentication failure; logname= uid=0 euid=0 tty=ssh ruser= rhost=206.123.145.73 
Mar 29 00:10:51 cls sshd[631325]: Failed password for invalid user zimbra from 130.12.181.103 port 28094 ssh2
Mar 29 00:10:52 cls sshd[631328]: Failed password for invalid user zj from 130.12.181.99 port 43840 ssh2
Mar 29 00:10:53 cls sshd[631324]: Failed password for invalid user itadmin from 206.123.145.73 port 3612 ssh2
Mar 29 00:10:53 cls sshd[631330]: pam_unix(sshd:auth): authentication failure; logname= uid=0 euid=0 tty=ssh ruser= rhost=181.23.38.190  user=root
Mar 29 00:10:53 cls sshd[631325]: Connection closed by invalid user zimbra 130.12.181.103 port 28094 [preauth]
Mar 29 00:10:54 cls sshd[631328]: Connection closed by invalid user zj 130.12.181.99 port 43840 [preauth]
Mar 29 00:10:55 cls sshd[631330]: Failed password for root from 181.23.38.190 port 52923 ssh2
Mar 29 00:10:56 cls sshd[631324]: Connection closed by invalid user itadmin 206.123.145.73 port 3612 [preauth]
Mar 29 00:10:56 cls sshd[631330]: Received disconnect from 181.23.38.190 port 52923:11: Bye Bye [preauth]
Mar 29 00:10:56 cls sshd[631330]: Disconnected from authenticating user root 181.23.38.190 port 52923 [preauth]
Mar 29 00:11:15 cls sshd[631348]: Invalid user api from 130.12.181.97 port 31728
Mar 29 00:11:17 cls sshd[631348]: pam_unix(sshd:auth): check pass; user unknown
Mar 29 00:11:17 cls sshd[631348]: pam_unix(sshd:auth): authentication failure; logname= uid=0 euid=0 tty=ssh ruser= rhost=130.12.181.97 
Mar 29 00:11:18 cls sshd[631347]: Invalid user chenqun from 206.123.145.51 port 62220
Mar 29 00:11:19 cls sshd[631348]: Failed password for invalid user api from 130.12.181.97 port 31728 ssh2
Mar 29 00:11:20 cls sshd[631347]: pam_unix(sshd:auth): check pass; user unknown
Mar 29 00:11:20 cls sshd[631347]: pam_unix(sshd:auth): authentication failure; logname= uid=0 euid=0 tty=ssh ruser= rhost=206.123.145.51 
Mar 29 00:11:20 cls sshd[631348]: Connection closed by invalid user api 130.12.181.97 port 31728 [preauth]
Mar 29 00:11:22 cls sshd[631347]: Failed password for invalid user chenqun from 206.123.145.51 port 62220 ssh2
Mar 29 00:11:25 cls sshd[631347]: Connection closed by invalid user chenqun 206.123.145.51 port 62220 [preauth]
Mar 29 00:11:26 cls sshd[631351]: pam_unix(sshd:auth): authentication failure; logname= uid=0 euid=0 tty=ssh ruser= rhost=130.12.181.109  user=root
Mar 29 00:11:28 cls sshd[631351]: Failed password for root from 130.12.181.109 port 18508 ssh2
Mar 29 00:11:30 cls sshd[631351]: Connection closed by authenticating user root 130.12.181.109 port 18508 [preauth]
Mar 29 00:11:39 cls sshd[631353]: Invalid user xjq from 206.123.145.57 port 2188
Mar 29 00:11:41 cls sshd[631353]: pam_unix(sshd:auth): check pass; user unknown
Mar 29 00:11:41 cls sshd[631353]: pam_unix(sshd:auth): authentication failure; logname= uid=0 euid=0 tty=ssh ruser= rhost=206.123.145.57 
Mar 29 00:11:43 cls sshd[631353]: Failed password for invalid user xjq from 206.123.145.57 port 2188 ssh2
Mar 29 00:11:45 cls sshd[631353]: Connection closed by invalid user xjq 206.123.145.57 port 2188 [preauth]
Mar 29 00:11:49 cls sshd[631355]: Invalid user k8s from 130.12.181.105 port 27018
Mar 29 00:11:50 cls sshd[631355]: pam_unix(sshd:auth): check pass; user unknown
Mar 29 00:11:50 cls sshd[631355]: pam_unix(sshd:auth): authentication failure; logname= uid=0 euid=0 tty=ssh ruser= rhost=130.12.181.105 
Mar 29 00:11:53 cls sshd[631355]: Failed password for invalid user k8s from 130.12.181.105 port 27018 ssh2
Mar 29 00:11:55 cls sshd[631355]: Connection closed by invalid user k8s 130.12.181.105 port 27018 [preauth]
Mar 29 00:12:10 cls sshd[631359]: Invalid user teramedik from 206.123.145.46 port 53810
Mar 29 00:12:11 cls sshd[631365]: Invalid user dengyajun from 206.123.145.54 port 22082
Mar 29 00:12:12 cls sshd[631359]: pam_unix(sshd:auth): check pass; user unknown
Mar 29 00:12:12 cls sshd[631359]: pam_unix(sshd:auth): authentication failure; logname= uid=0 euid=0 tty=ssh ruser= rhost=206.123.145.46 
Mar 29 00:12:13 cls sshd[631365]: pam_unix(sshd:auth): check pass; user unknown
Mar 29 00:12:13 cls sshd[631365]: pam_unix(sshd:auth): authentication failure; logname= uid=0 euid=0 tty=ssh ruser= rhost=206.123.145.54 
Mar 29 00:12:13 cls sshd[631359]: Failed password for invalid user teramedik from 206.123.145.46 port 53810 ssh2
Mar 29 00:12:15 cls sshd[631365]: Failed password for invalid user dengyajun from 206.123.145.54 port 22082 ssh2
Mar 29 00:12:15 cls sshd[631359]: Connection closed by invalid user teramedik 206.123.145.46 port 53810 [preauth]
Mar 29 00:12:21 cls sshd[631365]: Connection closed by invalid user dengyajun 206.123.145.54 port 22082 [preauth]
Mar 29 00:12:25 cls sshd[631367]: pam_unix(sshd:auth): authentication failure; logname= uid=0 euid=0 tty=ssh ruser= rhost=206.123.145.69  user=root
Mar 29 00:12:27 cls sshd[631367]: Failed password for root from 206.123.145.69 port 13870 ssh2
Mar 29 00:12:28 cls sshd[631367]: Connection closed by authenticating user root 206.123.145.69 port 13870 [preauth]
Mar 29 00:12:47 cls sshd[631369]: pam_unix(sshd:auth): authentication failure; logname= uid=0 euid=0 tty=ssh ruser= rhost=206.123.145.75  user=ubuntu
Mar 29 00:12:48 cls sshd[631369]: Failed password for ubuntu from 206.123.145.75 port 28830 ssh2
Mar 29 00:12:51 cls sshd[631369]: Connection closed by authenticating user ubuntu 206.123.145.75 port 28830 [preauth]
Mar 29 00:13:15 cls sshd[631379]: pam_unix(sshd:auth): authentication failure; logname= uid=0 euid=0 tty=ssh ruser= rhost=206.123.145.55  user=root
Mar 29 00:13:18 cls sshd[631379]: Failed password for root from 206.123.145.55 port 42912 ssh2
Mar 29 00:13:22 cls sshd[631379]: Connection closed by authenticating user root 206.123.145.55 port 42912 [preauth]
Mar 29 00:13:24 cls sshd[631381]: Invalid user dameng from 206.123.145.76 port 54240
Mar 29 00:13:26 cls sshd[631381]: pam_unix(sshd:auth): check pass; user unknown
Mar 29 00:13:26 cls sshd[631381]: pam_unix(sshd:auth): authentication failure; logname= uid=0 euid=0 tty=ssh ruser= rhost=206.123.145.76 
Mar 29 00:13:28 cls sshd[631381]: Failed password for invalid user dameng from 206.123.145.76 port 54240 ssh2
Mar 29 00:13:31 cls sshd[631381]: Connection closed by invalid user dameng 206.123.145.76 port 54240 [preauth]
Mar 29 00:13:39 cls sshd[631383]: Invalid user bj from 130.12.181.102 port 2468
Mar 29 00:13:41 cls sshd[631383]: pam_unix(sshd:auth): check pass; user unknown
Mar 29 00:13:41 cls sshd[631383]: pam_unix(sshd:auth): authentication failure; logname= uid=0 euid=0 tty=ssh ruser= rhost=130.12.181.102 
Mar 29 00:13:43 cls sshd[631383]: Failed password for invalid user bj from 130.12.181.102 port 2468 ssh2
Mar 29 00:13:44 cls sshd[631383]: Connection closed by invalid user bj 130.12.181.102 port 2468 [preauth]
Mar 29 00:13:46 cls sshd[631385]: pam_unix(sshd:auth): authentication failure; logname= uid=0 euid=0 tty=ssh ruser= rhost=147.135.251.134  user=root
Mar 29 00:13:48 cls sshd[631385]: Failed password for root from 147.135.251.134 port 43690 ssh2
Mar 29 00:13:49 cls sshd[631385]: Received disconnect from 147.135.251.134 port 43690:11: Bye Bye [preauth]
Mar 29 00:13:49 cls sshd[631385]: Disconnected from authenticating user root 147.135.251.134 port 43690 [preauth]
Mar 29 00:13:57 cls sshd[631387]: pam_unix(sshd:auth): authentication failure; logname= uid=0 euid=0 tty=ssh ruser= rhost=130.12.181.108  user=root
Mar 29 00:14:00 cls sshd[631387]: Failed password for root from 130.12.181.108 port 17688 ssh2
Mar 29 00:14:01 cls sshd[631387]: Connection closed by authenticating user root 130.12.181.108 port 17688 [preauth]
Mar 29 00:14:15 cls sshd[631395]: pam_unix(sshd:auth): authentication failure; logname= uid=0 euid=0 tty=ssh ruser= rhost=57.128.223.80  user=root
Mar 29 00:14:17 cls sshd[631395]: Failed password for root from 57.128.223.80 port 34326 ssh2
Mar 29 00:14:18 cls sshd[631395]: Received disconnect from 57.128.223.80 port 34326:11: Bye Bye [preauth]
Mar 29 00:14:18 cls sshd[631395]: Disconnected from authenticating user root 57.128.223.80 port 34326 [preauth]
Mar 29 00:14:30 cls sshd[631399]: Invalid user user from 130.12.181.107 port 25168
Mar 29 00:14:31 cls sshd[631399]: pam_unix(sshd:auth): check pass; user unknown
Mar 29 00:14:31 cls sshd[631399]: pam_unix(sshd:auth): authentication failure; logname= uid=0 euid=0 tty=ssh ruser= rhost=130.12.181.107 
Mar 29 00:14:33 cls sshd[631399]: Failed password for invalid user user from 130.12.181.107 port 25168 ssh2
Mar 29 00:14:34 cls sshd[631399]: Connection closed by invalid user user 130.12.181.107 port 25168 [preauth]
Mar 29 00:14:38 cls sshd[631401]: Invalid user duyuefan from 130.12.181.98 port 2584
Mar 29 00:14:40 cls sshd[631401]: pam_unix(sshd:auth): check pass; user unknown
Mar 29 00:14:40 cls sshd[631401]: pam_unix(sshd:auth): authentication failure; logname= uid=0 euid=0 tty=ssh ruser= rhost=130.12.181.98 
Mar 29 00:14:42 cls sshd[631401]: Failed password for invalid user duyuefan from 130.12.181.98 port 2584 ssh2
Mar 29 00:14:43 cls sshd[631401]: Connection closed by invalid user duyuefan 130.12.181.98 port 2584 [preauth]
Mar 29 00:14:50 cls sshd[631403]: pam_unix(sshd:auth): authentication failure; logname= uid=0 euid=0 tty=ssh ruser= rhost=206.123.145.74  user=root
Mar 29 00:14:52 cls sshd[631403]: Failed password for root from 206.123.145.74 port 39848 ssh2
Mar 29 00:14:55 cls sshd[631403]: Connection closed by authenticating user root 206.123.145.74 port 39848 [preauth]
Mar 29 00:15:09 cls sshd[631405]: Invalid user changhao from 206.123.145.48 port 10984
Mar 29 00:15:10 cls sshd[631405]: pam_unix(sshd:auth): check pass; user unknown
Mar 29 00:15:10 cls sshd[631405]: pam_unix(sshd:auth): authentication failure; logname= uid=0 euid=0 tty=ssh ruser= rhost=206.123.145.48 
Mar 29 00:15:12 cls sshd[631405]: Failed password for invalid user changhao from 206.123.145.48 port 10984 ssh2
Mar 29 00:15:15 cls sshd[631405]: Connection closed by invalid user changhao 206.123.145.48 port 10984 [preauth]
Mar 29 00:15:19 cls sshd[631419]: pam_unix(sshd:auth): authentication failure; logname= uid=0 euid=0 tty=ssh ruser= rhost=81.192.46.45  user=root
Mar 29 00:15:21 cls sshd[631419]: Failed password for root from 81.192.46.45 port 54184 ssh2
Mar 29 00:15:22 cls sshd[631419]: Received disconnect from 81.192.46.45 port 54184:11: Bye Bye [preauth]
Mar 29 00:15:22 cls sshd[631419]: Disconnected from authenticating user root 81.192.46.45 port 54184 [preauth]
Mar 29 00:15:25 cls sshd[631418]: Invalid user hf-2023 from 206.123.145.70 port 49686
Mar 29 00:15:26 cls sshd[631418]: pam_unix(sshd:auth): check pass; user unknown
Mar 29 00:15:26 cls sshd[631418]: pam_unix(sshd:auth): authentication failure; logname= uid=0 euid=0 tty=ssh ruser= rhost=206.123.145.70 
Mar 29 00:15:28 cls sshd[631423]: Invalid user zharkyn from 130.12.181.106 port 55578
Mar 29 00:15:28 cls sshd[631418]: Failed password for invalid user hf-2023 from 206.123.145.70 port 49686 ssh2
Mar 29 00:15:29 cls sshd[631423]: pam_unix(sshd:auth): check pass; user unknown
Mar 29 00:15:29 cls sshd[631423]: pam_unix(sshd:auth): authentication failure; logname= uid=0 euid=0 tty=ssh ruser= rhost=130.12.181.106 
Mar 29 00:15:31 cls sshd[631418]: Connection closed by invalid user hf-2023 206.123.145.70 port 49686 [preauth]
Mar 29 00:15:32 cls sshd[631423]: Failed password for invalid user zharkyn from 130.12.181.106 port 55578 ssh2
Mar 29 00:15:35 cls sshd[631423]: Connection closed by invalid user zharkyn 130.12.181.106 port 55578 [preauth]
Mar 29 00:15:41 cls sshd[631425]: Invalid user pi from 206.123.145.56 port 46696
Mar 29 00:15:42 cls sshd[631425]: pam_unix(sshd:auth): check pass; user unknown
Mar 29 00:15:42 cls sshd[631425]: pam_unix(sshd:auth): authentication failure; logname= uid=0 euid=0 tty=ssh ruser= rhost=206.123.145.56 
Mar 29 00:15:44 cls sshd[631425]: Failed password for invalid user pi from 206.123.145.56 port 46696 ssh2
Mar 29 00:15:46 cls sshd[631425]: Connection closed by invalid user pi 206.123.145.56 port 46696 [preauth]
Mar 29 00:16:43 cls sshd[631465]: Invalid user openeuler from 206.123.145.53 port 24990
Mar 29 00:16:44 cls sshd[631465]: pam_unix(sshd:auth): check pass; user unknown
Mar 29 00:16:44 cls sshd[631465]: pam_unix(sshd:auth): authentication failure; logname= uid=0 euid=0 tty=ssh ruser= rhost=206.123.145.53 
Mar 29 00:16:46 cls sshd[631465]: Failed password for invalid user openeuler from 206.123.145.53 port 24990 ssh2
Mar 29 00:16:50 cls sshd[631465]: Connection closed by invalid user openeuler 206.123.145.53 port 24990 [preauth]
Mar 29 00:16:54 cls sshd[631475]: Invalid user steam from 130.12.181.104 port 52266
Mar 29 00:16:55 cls sshd[631475]: pam_unix(sshd:auth): check pass; user unknown
Mar 29 00:16:55 cls sshd[631475]: pam_unix(sshd:auth): authentication failure; logname= uid=0 euid=0 tty=ssh ruser= rhost=130.12.181.104 
Mar 29 00:16:57 cls sshd[631475]: Failed password for invalid user steam from 130.12.181.104 port 52266 ssh2
Mar 29 00:16:59 cls sshd[631475]: Connection closed by invalid user steam 130.12.181.104 port 52266 [preauth]
Mar 29 00:17:01 cls CRON[631485]: pam_unix(cron:session): session opened for user root by (uid=0)
Mar 29 00:17:01 cls CRON[631485]: pam_unix(cron:session): session closed for user root
Mar 29 00:17:20 cls sshd[631494]: Invalid user test from 130.12.181.100 port 32152
Mar 29 00:17:21 cls sshd[631494]: pam_unix(sshd:auth): check pass; user unknown
Mar 29 00:17:21 cls sshd[631494]: pam_unix(sshd:auth): authentication failure; logname= uid=0 euid=0 tty=ssh ruser= rhost=130.12.181.100 
Mar 29 00:17:23 cls sshd[631494]: Failed password for invalid user test from 130.12.181.100 port 32152 ssh2
Mar 29 00:17:25 cls sshd[631494]: Connection closed by invalid user test 130.12.181.100 port 32152 [preauth]
Mar 29 00:17:27 cls sshd[631512]: pam_unix(sshd:auth): authentication failure; logname= uid=0 euid=0 tty=ssh ruser= rhost=118.193.33.3  user=root
Mar 29 00:17:29 cls sshd[631512]: Failed password for root from 118.193.33.3 port 50836 ssh2
Mar 29 00:17:30 cls sshd[631512]: Received disconnect from 118.193.33.3 port 50836:11: Bye Bye [preauth]
Mar 29 00:17:30 cls sshd[631512]: Disconnected from authenticating user root 118.193.33.3 port 50836 [preauth]
Mar 29 00:18:31 cls sshd[631536]: pam_unix(sshd:auth): authentication failure; logname= uid=0 euid=0 tty=ssh ruser= rhost=147.135.251.134  user=root
Mar 29 00:18:32 cls sshd[631534]: pam_unix(sshd:auth): authentication failure; logname= uid=0 euid=0 tty=ssh ruser= rhost=206.123.145.52  user=root
Mar 29 00:18:33 cls sshd[631536]: Failed password for root from 147.135.251.134 port 17320 ssh2
Mar 29 00:18:34 cls sshd[631536]: Received disconnect from 147.135.251.134 port 17320:11: Bye Bye [preauth]
Mar 29 00:18:34 cls sshd[631536]: Disconnected from authenticating user root 147.135.251.134 port 17320 [preauth]
Mar 29 00:18:34 cls sshd[631534]: Failed password for root from 206.123.145.52 port 47604 ssh2
Mar 29 00:18:37 cls sshd[631534]: Connection closed by authenticating user root 206.123.145.52 port 47604 [preauth]
Mar 29 00:18:45 cls sshd[631538]: pam_unix(sshd:auth): authentication failure; logname= uid=0 euid=0 tty=ssh ruser= rhost=57.128.223.80  user=root
Mar 29 00:18:48 cls sshd[631538]: Failed password for root from 57.128.223.80 port 34874 ssh2
Mar 29 00:18:51 cls sshd[631538]: Received disconnect from 57.128.223.80 port 34874:11: Bye Bye [preauth]
Mar 29 00:18:51 cls sshd[631538]: Disconnected from authenticating user root 57.128.223.80 port 34874 [preauth]
Mar 29 00:19:05 cls sshd[631540]: Invalid user web from 206.123.145.77 port 19056
Mar 29 00:19:06 cls sshd[631540]: pam_unix(sshd:auth): check pass; user unknown
Mar 29 00:19:06 cls sshd[631540]: pam_unix(sshd:auth): authentication failure; logname= uid=0 euid=0 tty=ssh ruser= rhost=206.123.145.77 
Mar 29 00:19:08 cls sshd[631540]: Failed password for invalid user web from 206.123.145.77 port 19056 ssh2
Mar 29 00:19:09 cls sshd[631540]: Connection closed by invalid user web 206.123.145.77 port 19056 [preauth]
Mar 29 00:19:20 cls sshd[631542]: Invalid user cjl from 206.123.145.20 port 13172
Mar 29 00:19:22 cls sshd[631542]: pam_unix(sshd:auth): check pass; user unknown
Mar 29 00:19:22 cls sshd[631542]: pam_unix(sshd:auth): authentication failure; logname= uid=0 euid=0 tty=ssh ruser= rhost=206.123.145.20 
Mar 29 00:19:24 cls sshd[631542]: Failed password for invalid user cjl from 206.123.145.20 port 13172 ssh2
Mar 29 00:19:25 cls sshd[631550]: pam_unix(sshd:auth): authentication failure; logname= uid=0 euid=0 tty=ssh ruser= rhost=206.123.145.50  user=root
Mar 29 00:19:27 cls sshd[631550]: Failed password for root from 206.123.145.50 port 31134 ssh2
Mar 29 00:19:28 cls sshd[631542]: Connection closed by invalid user cjl 206.123.145.20 port 13172 [preauth]
Mar 29 00:19:30 cls sshd[631550]: Connection closed by authenticating user root 206.123.145.50 port 31134 [preauth]
Mar 29 00:19:30 cls sshd[631554]: Invalid user user1 from 206.123.145.49 port 12604
Mar 29 00:19:32 cls sshd[631554]: pam_unix(sshd:auth): check pass; user unknown
Mar 29 00:19:32 cls sshd[631554]: pam_unix(sshd:auth): authentication failure; logname= uid=0 euid=0 tty=ssh ruser= rhost=206.123.145.49 
Mar 29 00:19:34 cls sshd[631554]: Failed password for invalid user user1 from 206.123.145.49 port 12604 ssh2
Mar 29 00:19:36 cls sshd[631554]: Connection closed by invalid user user1 206.123.145.49 port 12604 [preauth]
Mar 29 00:19:42 cls sshd[631559]: pam_unix(sshd:auth): authentication failure; logname= uid=0 euid=0 tty=ssh ruser= rhost=206.123.145.78  user=root
Mar 29 00:19:43 cls sshd[631561]: Invalid user wangyuqing from 206.123.145.79 port 61780
Mar 29 00:19:44 cls sshd[631559]: Failed password for root from 206.123.145.78 port 62008 ssh2
Mar 29 00:19:45 cls sshd[631561]: pam_unix(sshd:auth): check pass; user unknown
Mar 29 00:19:45 cls sshd[631561]: pam_unix(sshd:auth): authentication failure; logname= uid=0 euid=0 tty=ssh ruser= rhost=206.123.145.79 
Mar 29 00:19:46 cls sshd[631559]: Connection closed by authenticating user root 206.123.145.78 port 62008 [preauth]
Mar 29 00:19:47 cls sshd[631561]: Failed password for invalid user wangyuqing from 206.123.145.79 port 61780 ssh2
Mar 29 00:19:49 cls sshd[631561]: Connection closed by invalid user wangyuqing 206.123.145.79 port 61780 [preauth]
Mar 29 00:19:51 cls sshd[631563]: pam_unix(sshd:auth): authentication failure; logname= uid=0 euid=0 tty=ssh ruser= rhost=181.23.38.190  user=root
Mar 29 00:19:53 cls sshd[631563]: Failed password for root from 181.23.38.190 port 42385 ssh2
Mar 29 00:19:54 cls sshd[631563]: Received disconnect from 181.23.38.190 port 42385:11: Bye Bye [preauth]
Mar 29 00:19:54 cls sshd[631563]: Disconnected from authenticating user root 181.23.38.190 port 42385 [preauth]
Mar 29 00:20:00 cls sshd[631565]: Invalid user mvamsi from 130.12.181.101 port 3730
Mar 29 00:20:01 cls sshd[631565]: pam_unix(sshd:auth): check pass; user unknown
Mar 29 00:20:01 cls sshd[631565]: pam_unix(sshd:auth): authentication failure; logname= uid=0 euid=0 tty=ssh ruser= rhost=130.12.181.101 
Mar 29 00:20:03 cls sshd[631565]: Failed password for invalid user mvamsi from 130.12.181.101 port 3730 ssh2
Mar 29 00:20:06 cls sshd[631565]: Connection closed by invalid user mvamsi 130.12.181.101 port 3730 [preauth]
Mar 29 00:20:12 cls sshd[631569]: pam_unix(sshd:auth): authentication failure; logname= uid=0 euid=0 tty=ssh ruser= rhost=81.192.46.45  user=root
Mar 29 00:20:14 cls sshd[631569]: Failed password for root from 81.192.46.45 port 35240 ssh2
Mar 29 00:20:14 cls sshd[631569]: Received disconnect from 81.192.46.45 port 35240:11: Bye Bye [preauth]
Mar 29 00:20:14 cls sshd[631569]: Disconnected from authenticating user root 81.192.46.45 port 35240 [preauth]
Mar 29 00:20:28 cls sshd[631580]: pam_unix(sshd:auth): authentication failure; logname= uid=0 euid=0 tty=ssh ruser= rhost=130.12.181.103  user=root
Mar 29 00:20:30 cls sshd[631580]: Failed password for root from 130.12.181.103 port 39972 ssh2
Mar 29 00:20:32 cls sshd[631580]: Connection closed by authenticating user root 130.12.181.103 port 39972 [preauth]
Mar 29 00:20:33 cls sshd[631588]: pam_unix(sshd:auth): authentication failure; logname= uid=0 euid=0 tty=ssh ruser= rhost=130.12.181.99  user=root
Mar 29 00:20:35 cls sshd[631588]: Failed password for root from 130.12.181.99 port 39072 ssh2
Mar 29 00:20:36 cls sshd[631588]: Connection closed by authenticating user root 130.12.181.99 port 39072 [preauth]
Mar 29 00:20:55 cls sshd[631593]: pam_unix(sshd:auth): authentication failure; logname= uid=0 euid=0 tty=ssh ruser= rhost=130.12.181.97  user=root
Mar 29 00:20:57 cls sshd[631593]: Failed password for root from 130.12.181.97 port 13550 ssh2
Mar 29 00:20:59 cls sshd[631593]: Connection closed by authenticating user root 130.12.181.97 port 13550 [preauth]
Mar 29 00:21:03 cls sshd[631599]: Invalid user hainanxiehui from 130.12.181.109 port 36570
Mar 29 00:21:04 cls sshd[631599]: pam_unix(sshd:auth): check pass; user unknown
Mar 29 00:21:04 cls sshd[631599]: pam_unix(sshd:auth): authentication failure; logname= uid=0 euid=0 tty=ssh ruser= rhost=130.12.181.109 
Mar 29 00:21:07 cls sshd[631599]: Failed password for invalid user hainanxiehui from 130.12.181.109 port 36570 ssh2
Mar 29 00:21:10 cls sshd[631599]: Connection closed by invalid user hainanxiehui 130.12.181.109 port 36570 [preauth]
Mar 29 00:21:12 cls sshd[631608]: Invalid user hk from 206.123.145.72 port 40058
Mar 29 00:21:14 cls sshd[631608]: pam_unix(sshd:auth): check pass; user unknown
Mar 29 00:21:14 cls sshd[631608]: pam_unix(sshd:auth): authentication failure; logname= uid=0 euid=0 tty=ssh ruser= rhost=206.123.145.72 
Mar 29 00:21:15 cls sshd[631610]: pam_unix(sshd:auth): authentication failure; logname= uid=0 euid=0 tty=ssh ruser= rhost=206.123.145.71  user=root
Mar 29 00:21:15 cls sshd[631608]: Failed password for invalid user hk from 206.123.145.72 port 40058 ssh2
Mar 29 00:21:17 cls sshd[631610]: Failed password for root from 206.123.145.71 port 65422 ssh2
Mar 29 00:21:18 cls sshd[631608]: Connection closed by invalid user hk 206.123.145.72 port 40058 [preauth]
Mar 29 00:21:19 cls sshd[631610]: Connection closed by authenticating user root 206.123.145.71 port 65422 [preauth]
Mar 29 00:21:27 cls sshd[631614]: pam_unix(sshd:auth): authentication failure; logname= uid=0 euid=0 tty=ssh ruser= rhost=130.12.181.105  user=root
Mar 29 00:21:29 cls sshd[631614]: Failed password for root from 130.12.181.105 port 56536 ssh2
Mar 29 00:21:31 cls sshd[631614]: Connection closed by authenticating user root 130.12.181.105 port 56536 [preauth]
Mar 29 00:21:37 cls sshd[631626]: pam_unix(sshd:auth): authentication failure; logname= uid=0 euid=0 tty=ssh ruser= rhost=206.123.145.73  user=root
Mar 29 00:21:39 cls sshd[631626]: Failed password for root from 206.123.145.73 port 48084 ssh2
Mar 29 00:21:41 cls sshd[631626]: Connection closed by authenticating user root 206.123.145.73 port 48084 [preauth]
Mar 29 00:22:28 cls sshd[631630]: Invalid user devops from 206.123.145.57 port 63048
Mar 29 00:22:30 cls sshd[631630]: pam_unix(sshd:auth): check pass; user unknown
Mar 29 00:22:30 cls sshd[631630]: pam_unix(sshd:auth): authentication failure; logname= uid=0 euid=0 tty=ssh ruser= rhost=206.123.145.57 
Mar 29 00:22:31 cls sshd[631630]: Failed password for invalid user devops from 206.123.145.57 port 63048 ssh2
Mar 29 00:22:33 cls sshd[631630]: Connection closed by invalid user devops 206.123.145.57 port 63048 [preauth]
Mar 29 00:22:46 cls sshd[631648]: Invalid user default from 130.12.181.98 port 37450
Mar 29 00:22:47 cls sshd[631648]: pam_unix(sshd:auth): check pass; user unknown
Mar 29 00:22:47 cls sshd[631648]: pam_unix(sshd:auth): authentication failure; logname= uid=0 euid=0 tty=ssh ruser= rhost=130.12.181.98 
Mar 29 00:22:49 cls sshd[631648]: Failed password for invalid user default from 130.12.181.98 port 37450 ssh2
Mar 29 00:22:51 cls sshd[631648]: Connection closed by invalid user default 130.12.181.98 port 37450 [preauth]
Mar 29 00:22:53 cls sshd[631644]: Connection closed by 206.123.145.51 port 31076 [preauth]
Mar 29 00:23:03 cls sshd[631650]: Invalid user k8s from 206.123.145.46 port 50254
Mar 29 00:23:07 cls sshd[631650]: pam_unix(sshd:auth): check pass; user unknown
Mar 29 00:23:07 cls sshd[631650]: pam_unix(sshd:auth): authentication failure; logname= uid=0 euid=0 tty=ssh ruser= rhost=206.123.145.46 
Mar 29 00:23:09 cls sshd[631650]: Failed password for invalid user k8s from 206.123.145.46 port 50254 ssh2
Mar 29 00:23:11 cls sshd[631650]: Connection closed by invalid user k8s 206.123.145.46 port 50254 [preauth]
Mar 29 00:23:14 cls sshd[631659]: pam_unix(sshd:auth): authentication failure; logname= uid=0 euid=0 tty=ssh ruser= rhost=147.135.251.134  user=root
Mar 29 00:23:15 cls sshd[631661]: pam_unix(sshd:auth): authentication failure; logname= uid=0 euid=0 tty=ssh ruser= rhost=57.128.223.80  user=root
Mar 29 00:23:16 cls sshd[631659]: Failed password for root from 147.135.251.134 port 41482 ssh2
Mar 29 00:23:16 cls sshd[631657]: Invalid user ztabatabaei from 206.123.145.55 port 64322
Mar 29 00:23:17 cls sshd[631659]: Received disconnect from 147.135.251.134 port 41482:11: Bye Bye [preauth]
Mar 29 00:23:17 cls sshd[631659]: Disconnected from authenticating user root 147.135.251.134 port 41482 [preauth]
Mar 29 00:23:17 cls sshd[631657]: pam_unix(sshd:auth): check pass; user unknown
Mar 29 00:23:17 cls sshd[631657]: pam_unix(sshd:auth): authentication failure; logname= uid=0 euid=0 tty=ssh ruser= rhost=206.123.145.55 
Mar 29 00:23:17 cls sshd[631661]: Failed password for root from 57.128.223.80 port 46816 ssh2
Mar 29 00:23:18 cls sshd[631655]: Invalid user anonymous from 206.123.145.69 port 55298
Mar 29 00:23:18 cls sshd[631661]: Received disconnect from 57.128.223.80 port 46816:11: Bye Bye [preauth]
Mar 29 00:23:18 cls sshd[631661]: Disconnected from authenticating user root 57.128.223.80 port 46816 [preauth]
Mar 29 00:23:19 cls sshd[631657]: Failed password for invalid user ztabatabaei from 206.123.145.55 port 64322 ssh2
Mar 29 00:23:19 cls sshd[631655]: pam_unix(sshd:auth): check pass; user unknown
Mar 29 00:23:19 cls sshd[631655]: pam_unix(sshd:auth): authentication failure; logname= uid=0 euid=0 tty=ssh ruser= rhost=206.123.145.69 
Mar 29 00:23:20 cls sshd[631663]: Invalid user wangmx3 from 206.123.145.54 port 51438
Mar 29 00:23:21 cls sshd[631663]: pam_unix(sshd:auth): check pass; user unknown
Mar 29 00:23:21 cls sshd[631663]: pam_unix(sshd:auth): authentication failure; logname= uid=0 euid=0 tty=ssh ruser= rhost=206.123.145.54 
Mar 29 00:23:21 cls sshd[631655]: Failed password for invalid user anonymous from 206.123.145.69 port 55298 ssh2
Mar 29 00:23:22 cls sshd[631657]: Connection closed by invalid user ztabatabaei 206.123.145.55 port 64322 [preauth]
Mar 29 00:23:23 cls sshd[631655]: Connection closed by invalid user anonymous 206.123.145.69 port 55298 [preauth]
Mar 29 00:23:23 cls sshd[631663]: Failed password for invalid user wangmx3 from 206.123.145.54 port 51438 ssh2
